000
CDUS46 KPQR 311145
CLIHIO


CLIMATE REPORT
NATIONAL WEATHER SERVICE PORTLAND OREGON
444 AM PDT MON AUG 31 2015


...................................

...THE HILLSBORO OR CLIMATE SUMMARY FOR AUGUST 30 2015...

CLIMATE NORMAL PERIOD 1981 TO 2010
CLIMATE RECORD PERIOD 1929 TO 2015


WEATHER ITEM   OBSERVED TIME   RECORD YEAR NORMAL DEPARTURE LAST
                VALUE   (LST)  VALUE       VALUE  FROM      YEAR
                                                  NORMAL
..................................................................
TEMPERATURE (F)
 YESTERDAY
  MAXIMUM         73    310 PM  98    1987  80     -7       74
  MINIMUM         58    749 AM  30    1930  49      9       55
  AVERAGE         66                        64      2       65

PRECIPITATION (IN)
  YESTERDAY        0.26          1.29 1983   0.02   0.24
  MONTH TO DATE    0.55                      0.60  -0.05
  SINCE OCT 1     30.35                     38.43  -8.08
  SINCE JAN 1     15.52                     22.04  -6.52

SNOWFALL (IN)
  YESTERDAY       MM
  MONTH TO DATE    0.0
  SINCE JUN 1      0.0
  SINCE JUL 1      0.0
  SNOW DEPTH      MM

DEGREE DAYS
 HEATING
  YESTERDAY        0                         2     -2
  MONTH TO DATE    1                        48    -47
  SINCE JUL 1     13                       104    -91

 COOLING
  YESTERDAY        1                         2     -1
  MONTH TO DATE  137                        78     59
  SINCE JAN 1    478                       179    299
..................................................................


WIND (MPH)
  HIGHEST WIND SPEED    17   HIGHEST WIND DIRECTION     W (270)
  HIGHEST GUST SPEED    22   HIGHEST GUST DIRECTION     W (260)
  AVERAGE WIND SPEED     8.7


SKY COVER
  POSSIBLE SUNSHINE  MM
  AVERAGE SKY COVER 0.9


WEATHER CONDITIONS
 THE FOLLOWING WEATHER WAS RECORDED YESTERDAY.
  RAIN
  LIGHT RAIN
  FOG


RELATIVE HUMIDITY (PERCENT)
 HIGHEST    93           100 AM
 LOWEST     41           200 PM
 AVERAGE    67

..........................................................


THE HILLSBORO OR CLIMATE NORMALS FOR TODAY
                         NORMAL    RECORD    YEAR
 MAXIMUM TEMPERATURE (F)   79       101      1987
 MINIMUM TEMPERATURE (F)   49        34      1930


SUNRISE AND SUNSET
AUGUST 31 2015........SUNRISE   632 AM PDT   SUNSET   752 PM PDT
SEPTEMBER  1 2015.....SUNRISE   633 AM PDT   SUNSET   750 PM PDT


-  INDICATES NEGATIVE NUMBERS.
R  INDICATES RECORD WAS SET OR TIED.
MM INDICATES DATA IS MISSING.
T  INDICATES TRACE AMOUNT.




$$
