000
CDUS46 KPQR 300226
CLIHIO


CLIMATE REPORT
NATIONAL WEATHER SERVICE PORTLAND OREGON
725 PM PDT SAT APR 29 2017


...................................

...THE HILLSBORO OR CLIMATE SUMMARY FOR APRIL 29 2017...
VALID TODAY AS OF 0700 PM LOCAL TIME.

CLIMATE NORMAL PERIOD 1981 TO 2010
CLIMATE RECORD PERIOD 1929 TO 2017


WEATHER ITEM   OBSERVED TIME   RECORD YEAR NORMAL DEPARTURE LAST
                VALUE   (LST)  VALUE       VALUE  FROM      YEAR
                                                  NORMAL
..................................................................
TEMPERATURE (F)
 TODAY
  MAXIMUM         63    432 PM  90    1957  64     -1       64
  MINIMUM         35    456 AM  30    1951  41     -6       48
  AVERAGE         49                        52     -3       56

PRECIPITATION (IN)
  TODAY            0.01                      0.08  -0.07     0.04
  MONTH TO DATE    3.49                      2.93   0.56     1.88
  SINCE OCT 1     44.30                     33.52  10.78    40.70
  SINCE JAN 1     24.62                     17.13   7.49    18.68

DEGREE DAYS
 HEATING
  TODAY           16                                         9
  MONTH TO DATE  453                                       275
  SINCE MAR 1   1005                                       792
  SINCE JUL 1   4534                                      3772

 COOLING
  TODAY            0                                         0
  MONTH TO DATE    0                                         7
  SINCE MAR 1      0                                         7
  SINCE JAN 1      0                                         7
..................................................................


WIND (MPH)
  HIGHEST WIND SPEED    13   HIGHEST WIND DIRECTION     S (170)
  HIGHEST GUST SPEED    15   HIGHEST GUST DIRECTION     S (170)
  AVERAGE WIND SPEED     3.3


SKY COVER
  POSSIBLE SUNSHINE  MM
  AVERAGE SKY COVER 0.3


WEATHER CONDITIONS
 THE FOLLOWING WEATHER WAS RECORDED TODAY.
  LIGHT RAIN


RELATIVE HUMIDITY (PERCENT)
 HIGHEST    80           600 PM
 LOWEST     48           300 PM
 AVERAGE    64

..........................................................


THE HILLSBORO OR CLIMATE NORMALS FOR TOMORROW
                         NORMAL    RECORD    YEAR
 MAXIMUM TEMPERATURE (F)   64        90      1998
 MINIMUM TEMPERATURE (F)   41        28      1949


SUNRISE AND SUNSET
APRIL 29 2017.........SUNRISE   602 AM PDT   SUNSET   817 PM PDT
APRIL 30 2017.........SUNRISE   601 AM PDT   SUNSET   818 PM PDT


-  INDICATES NEGATIVE NUMBERS.
R  INDICATES RECORD WAS SET OR TIED.
MM INDICATES DATA IS MISSING.
T  INDICATES TRACE AMOUNT.




$$
