000
CDUS46 KPQR 301149
CLIHIO


CLIMATE REPORT
NATIONAL WEATHER SERVICE PORTLAND OREGON
448 AM PDT TUE JUN 30 2015


...................................

...THE HILLSBORO OR CLIMATE SUMMARY FOR JUNE 29 2015...

CLIMATE NORMAL PERIOD 1981 TO 2010
CLIMATE RECORD PERIOD 1929 TO 2015


WEATHER ITEM   OBSERVED TIME   RECORD YEAR NORMAL DEPARTURE LAST
                VALUE   (LST)  VALUE       VALUE  FROM      YEAR
                                                  NORMAL
..................................................................
TEMPERATURE (F)
 YESTERDAY
  MAXIMUM         91    521 PM  98    1951  76     15       72
  MINIMUM         59    448 AM  31    1935  50      9       55
  AVERAGE         75                        63     12       64

PRECIPITATION (IN)
  YESTERDAY        0.00          0.63 1984   0.03  -0.03
  MONTH TO DATE    0.54                      1.37  -0.83
  SINCE OCT 1     29.48                     37.25  -7.77
  SINCE JAN 1     14.65                     20.86  -6.21

SNOWFALL (IN)
  YESTERDAY        0.0
  MONTH TO DATE    0.0
  SINCE JUN 1      0.0
  SINCE JUL 1      0.0
  SNOW DEPTH       0

DEGREE DAYS
 HEATING
  YESTERDAY        0                         4     -4
  MONTH TO DATE   46                       153   -107
  SINCE JUL 1   3817                      5003  -1186

 COOLING
  YESTERDAY       10                         1      9
  MONTH TO DATE  116                        15    101
  SINCE JAN 1    129                        21    108
..................................................................


WIND (MPH)
  HIGHEST WIND SPEED    16   HIGHEST WIND DIRECTION    NW (330)
  HIGHEST GUST SPEED    20   HIGHEST GUST DIRECTION    NW (320)
  AVERAGE WIND SPEED     4.0


SKY COVER
  POSSIBLE SUNSHINE  MM
  AVERAGE SKY COVER 0.0


WEATHER CONDITIONS
 THE FOLLOWING WEATHER WAS RECORDED YESTERDAY.
  NO SIGNIFICANT WEATHER WAS OBSERVED.


RELATIVE HUMIDITY (PERCENT)
 HIGHEST    97           500 AM
 LOWEST     38           300 PM
 AVERAGE    68

..........................................................


THE HILLSBORO OR CLIMATE NORMALS FOR TODAY
                         NORMAL    RECORD    YEAR
 MAXIMUM TEMPERATURE (F)   76        99      1942
 MINIMUM TEMPERATURE (F)   50        32      1935


SUNRISE AND SUNSET
JUNE 30 2015..........SUNRISE   526 AM PDT   SUNSET   905 PM PDT
JULY  1 2015..........SUNRISE   527 AM PDT   SUNSET   904 PM PDT


-  INDICATES NEGATIVE NUMBERS.
R  INDICATES RECORD WAS SET OR TIED.
MM INDICATES DATA IS MISSING.
T  INDICATES TRACE AMOUNT.




$$
