000
CDUS46 KHNX 280821
CLIHJO


CLIMATE REPORT
NATIONAL WEATHER SERVICE SAN JOAQUIN VALLEY, CA
1221 AM PST WED JAN 28 2015


...................................

...THE HANFORD CA CLIMATE SUMMARY FOR JANUARY 27 2015...

CLIMATE NORMAL PERIOD 1981 TO 2010
CLIMATE RECORD PERIOD 1998 TO 2015


WEATHER ITEM   OBSERVED TIME   RECORD YEAR NORMAL DEPARTURE
                VALUE   (LST)  VALUE       VALUE  FROM
                                                  NORMAL
...............................................................
TEMPERATURE (F)
 YESTERDAY
  MAXIMUM         67    333 PM  70    2014  56     11
  MINIMUM         49   1152 PM  31    2009  37     12
  AVERAGE         58                        47     11

PRECIPITATION (IN)
  YESTERDAY        0.04          0.27 2008   0.02   0.02
  MONTH TO DATE    0.04                      1.89  -1.85
  SINCE OCT 1      3.16                      5.02  -1.86
  SINCE JAN 1      0.04                      1.89  -1.85

SNOWFALL (IN)
  YESTERDAY        0.0
  MONTH TO DATE    0.0
  SINCE DEC 1      0.0
  SINCE JUL 1      0.0
  SNOW DEPTH       0

DEGREE DAYS
 HEATING
  YESTERDAY        7
  MONTH TO DATE  481
  SINCE DEC 1    918
  SINCE JUL 1   1229

 COOLING
  YESTERDAY        0
  MONTH TO DATE    0
  SINCE DEC 1      0
  SINCE JAN 1      0
...............................................................


WIND (MPH)
  HIGHEST WIND SPEED     9   HIGHEST WIND DIRECTION     S (170)
  HIGHEST GUST SPEED    11   HIGHEST GUST DIRECTION     S (180)
  AVERAGE WIND SPEED     3.4




RELATIVE HUMIDITY (PERCENT)
 HIGHEST    96
 LOWEST     56
 AVERAGE    76

..........................................................


THE HANFORD CA CLIMATE NORMALS FOR TODAY
                         NORMAL    RECORD    YEAR
 MAXIMUM TEMPERATURE (F)   57        71      2014
 MINIMUM TEMPERATURE (F)   37        28      2013
                                             2009


SUNRISE AND SUNSET
JANUARY 28 2015.......SUNRISE   703 AM PST   SUNSET   520 PM PST
JANUARY 29 2015.......SUNRISE   702 AM PST   SUNSET   522 PM PST


-  INDICATES NEGATIVE NUMBERS.
R  INDICATES RECORD WAS SET OR TIED.
MM INDICATES DATA IS MISSING.
T  INDICATES TRACE AMOUNT.




$$
