000
CDUS46 KHNX 210836
CLIHJO


CLIMATE REPORT
NATIONAL WEATHER SERVICE SAN JOAQUIN VALLEY, CA
136 AM PDT SUN SEP 21 2014


...................................

...THE HANFORD CA CLIMATE SUMMARY FOR SEPTEMBER 20 2014...

CLIMATE NORMAL PERIOD 1981 TO 2010
CLIMATE RECORD PERIOD 1998 TO 2014


WEATHER ITEM   OBSERVED TIME   RECORD YEAR NORMAL DEPARTURE
                VALUE   (LST)  VALUE       VALUE  FROM
                                                  NORMAL
...............................................................
TEMPERATURE (F)
 YESTERDAY
  MAXIMUM         93    353 PM 101    2000  89      4
  MINIMUM         65    617 AM  44    2004  55     10
  AVERAGE         79                        72      7

PRECIPITATION (IN)
  YESTERDAY        0.00          0.02 2007   0.01  -0.01
  MONTH TO DATE    T                         0.10  -0.10
  SINCE JUL 1      T                         0.14  -0.14
  SINCE JAN 1      2.43                      6.90  -4.47

SNOWFALL (IN)
  YESTERDAY        0.0
  MONTH TO DATE    0.0
  SINCE SEP 1      0.0
  SINCE JUL 1      0.0
  SNOW DEPTH       0

DEGREE DAYS
 HEATING
  YESTERDAY        0
  MONTH TO DATE    0
  SINCE SEP 1      0
  SINCE JUL 1      0

 COOLING
  YESTERDAY       14
  MONTH TO DATE  309
  SINCE SEP 1    309
  SINCE JAN 1   2066
...............................................................


WIND (MPH)
  HIGHEST WIND SPEED    15   HIGHEST WIND DIRECTION    NW (320)
  HIGHEST GUST SPEED    19   HIGHEST GUST DIRECTION    NW (320)
  AVERAGE WIND SPEED     7.8




RELATIVE HUMIDITY (PERCENT)
 HIGHEST    78
 LOWEST     26
 AVERAGE    52

..........................................................


THE HANFORD CA CLIMATE NORMALS FOR TODAY
                         NORMAL    RECORD    YEAR
 MAXIMUM TEMPERATURE (F)   89       100      2003
 MINIMUM TEMPERATURE (F)   55        42      2004


SUNRISE AND SUNSET
SEPTEMBER 21 2014.....SUNRISE   646 AM PDT   SUNSET   657 PM PDT
SEPTEMBER 22 2014.....SUNRISE   646 AM PDT   SUNSET   655 PM PDT


-  INDICATES NEGATIVE NUMBERS.
R  INDICATES RECORD WAS SET OR TIED.
MM INDICATES DATA IS MISSING.
T  INDICATES TRACE AMOUNT.




$$
