000
CDUS46 KHNX 230021
CLIHJO


CLIMATE REPORT
NATIONAL WEATHER SERVICE SAN JOAQUIN VALLEY, CA
521 PM PDT FRI MAY 22 2015


...................................

...THE HANFORD CA CLIMATE SUMMARY FOR MAY 22 2015...
VALID AS OF 0500 PM LOCAL TIME.

CLIMATE NORMAL PERIOD 1981 TO 2010
CLIMATE RECORD PERIOD 1998 TO 2015


WEATHER ITEM   OBSERVED TIME   RECORD YEAR NORMAL DEPARTURE LAST
                VALUE   (LST)  VALUE       VALUE  FROM      YEAR
                                                  NORMAL
..................................................................
TEMPERATURE (F)
 TODAY
  MAXIMUM         73    316 PM 102    2001  86    -13       85
  MINIMUM         59    734 AM  47    2010  55      4       56
  AVERAGE         66                        70     -4       71

PRECIPITATION (IN)
  TODAY            0.00          0.02 2006   0.01  -0.01      T
  MONTH TO DATE    0.07                      0.33  -0.26      T
  SINCE OCT 1      5.04                      9.65  -4.61     2.81
  SINCE JAN 1      1.92                      6.52  -4.60     2.43

SNOWFALL (IN)
  TODAY            0.0
  MONTH TO DATE    0.0
  SINCE MAR 1      0.0
  SINCE JUL 1      0.0
  SNOW DEPTH       0

DEGREE DAYS
 HEATING
  TODAY            0                                         0
  MONTH TO DATE   19                                         6
  SINCE MAR 1    169                                       271
  SINCE JUL 1   1711                                      2048

 COOLING
  TODAY            1                                         6
  MONTH TO DATE   65                                       120
  SINCE MAR 1    218                                       195
  SINCE JAN 1    218                                       195
..................................................................


WIND (MPH)
  HIGHEST WIND SPEED    17   HIGHEST WIND DIRECTION    NW (320)
  HIGHEST GUST SPEED    21   HIGHEST GUST DIRECTION    NW (320)
  AVERAGE WIND SPEED     8.6




RELATIVE HUMIDITY (PERCENT)
 HIGHEST    67
 LOWEST     44
 AVERAGE    56

..........................................................


THE HANFORD CA CLIMATE NORMALS FOR TOMORROW
                         NORMAL    RECORD    YEAR
 MAXIMUM TEMPERATURE (F)   86       101      2000
 MINIMUM TEMPERATURE (F)   55        44      2010


SUNRISE AND SUNSET
MAY 22 2015...........SUNRISE   547 AM PDT   SUNSET   804 PM PDT
MAY 23 2015...........SUNRISE   547 AM PDT   SUNSET   804 PM PDT


-  INDICATES NEGATIVE NUMBERS.
R  INDICATES RECORD WAS SET OR TIED.
MM INDICATES DATA IS MISSING.
T  INDICATES TRACE AMOUNT.




$$
