000
CDUS46 KHNX 190823
CLIHJO


CLIMATE REPORT
NATIONAL WEATHER SERVICE SAN JOAQUIN VALLEY, CA
123 AM PDT THU OCT 19 2017


...................................

...THE HANFORD CA CLIMATE SUMMARY FOR OCTOBER 18 2017...

CLIMATE NORMAL PERIOD 1981 TO 2010
CLIMATE RECORD PERIOD 1998 TO 2017


WEATHER ITEM   OBSERVED TIME   RECORD YEAR NORMAL DEPARTURE
                VALUE   (LST)  VALUE       VALUE  FROM
                                                  NORMAL
...............................................................
TEMPERATURE (F)
 YESTERDAY
  MAXIMUM         84    302 PM  96    2012  78      6
  MINIMUM         53    726 AM  40    1998  47      6
  AVERAGE         69                        63      6

PRECIPITATION (IN)
  YESTERDAY        0.00          0.06 2004   0.02  -0.02
  MONTH TO DATE    0.00                      0.18  -0.18
  SINCE OCT 1      0.00                      0.18  -0.18
  SINCE JAN 1      8.34                      7.15   1.19

SNOWFALL (IN)
  YESTERDAY        0.0
  MONTH TO DATE    0.0
  SINCE SEP 1      0.0
  SINCE JUL 1      0.0
  SNOW DEPTH       0

DEGREE DAYS
 HEATING
  YESTERDAY        0
  MONTH TO DATE   42
  SINCE SEP 1     49
  SINCE JUL 1     49

 COOLING
  YESTERDAY        4
  MONTH TO DATE   13
  SINCE SEP 1    337
  SINCE JAN 1   2154
...............................................................


WIND (MPH)
  HIGHEST WIND SPEED     9   HIGHEST WIND DIRECTION    NW (320)
  HIGHEST GUST SPEED    12   HIGHEST GUST DIRECTION    NW (330)
  AVERAGE WIND SPEED     3.4




RELATIVE HUMIDITY (PERCENT)
 HIGHEST    77
 LOWEST     25
 AVERAGE    51

..........................................................


THE HANFORD CA CLIMATE NORMALS FOR TODAY
                         NORMAL    RECORD    YEAR
 MAXIMUM TEMPERATURE (F)   78        86      2013
 MINIMUM TEMPERATURE (F)   47        39      2006


SUNRISE AND SUNSET
OCTOBER 19 2017.......SUNRISE   709 AM PDT   SUNSET   617 PM PDT
OCTOBER 20 2017.......SUNRISE   710 AM PDT   SUNSET   616 PM PDT


-  INDICATES NEGATIVE NUMBERS.
R  INDICATES RECORD WAS SET OR TIED.
MM INDICATES DATA IS MISSING.
T  INDICATES TRACE AMOUNT.




$$
