000
CDUS46 KHNX 260823
CLIHJO


CLIMATE REPORT
NATIONAL WEATHER SERVICE SAN JOAQUIN VALLEY, CA
122 AM PDT SUN MAR 26 2017


...................................

...THE HANFORD CA CLIMATE SUMMARY FOR MARCH 25 2017...

CLIMATE NORMAL PERIOD 1981 TO 2010
CLIMATE RECORD PERIOD 1998 TO 2017


WEATHER ITEM   OBSERVED TIME   RECORD YEAR NORMAL DEPARTURE
                VALUE   (LST)  VALUE       VALUE  FROM
                                                  NORMAL
...............................................................
TEMPERATURE (F)
 YESTERDAY
  MAXIMUM         64    502 PM  79    2015  70     -6
                                      2014
                                      1998
  MINIMUM         47   1126 PM  37    2009  44      3
  AVERAGE         56                        56      0

PRECIPITATION (IN)
  YESTERDAY        0.20          0.78 1998   0.05   0.15
  MONTH TO DATE    0.48                      1.39  -0.91
  SINCE OCT 1      9.58                      8.29   1.29
  SINCE JAN 1      6.71                      5.16   1.55

SNOWFALL (IN)
  YESTERDAY        0.0
  MONTH TO DATE    0.0
  SINCE MAR 1      0.0
  SINCE JUL 1      0.0
  SNOW DEPTH       0

DEGREE DAYS
 HEATING
  YESTERDAY        9
  MONTH TO DATE  199
  SINCE MAR 1    199
  SINCE JUL 1   1926

 COOLING
  YESTERDAY        0
  MONTH TO DATE    8
  SINCE MAR 1      8
  SINCE JAN 1      8
...............................................................


WIND (MPH)
  HIGHEST WIND SPEED    14   HIGHEST WIND DIRECTION    NW (330)
  HIGHEST GUST SPEED    18   HIGHEST GUST DIRECTION    NW (320)
  AVERAGE WIND SPEED     4.9




RELATIVE HUMIDITY (PERCENT)
 HIGHEST   100
 LOWEST     67
 AVERAGE    84

..........................................................


THE HANFORD CA CLIMATE NORMALS FOR TODAY
                         NORMAL    RECORD    YEAR
 MAXIMUM TEMPERATURE (F)   70        90      2015
 MINIMUM TEMPERATURE (F)   44        39      2010
                                             2005


SUNRISE AND SUNSET
MARCH 26 2017.........SUNRISE   653 AM PDT   SUNSET   716 PM PDT
MARCH 27 2017.........SUNRISE   651 AM PDT   SUNSET   717 PM PDT


-  INDICATES NEGATIVE NUMBERS.
R  INDICATES RECORD WAS SET OR TIED.
MM INDICATES DATA IS MISSING.
T  INDICATES TRACE AMOUNT.




$$
