000
CDUS43 KGLD 300739 RRA
CLIHLC

CLIMATE REPORT
NATIONAL WEATHER SERVICE GOODLAND
137 AM MDT SAT JUL 30 2016

...................................

...THE HILL CITY KS CLIMATE SUMMARY FOR JULY 29 2016...

CLIMATE NORMAL PERIOD 1981 TO 2010
CLIMATE RECORD PERIOD 1896 TO 2016


WEATHER ITEM   OBSERVED TIME   RECORD YEAR NORMAL DEPARTURE LAST
                VALUE   (LST)  VALUE       VALUE  FROM      YEAR
                                                  NORMAL
..................................................................
TEMPERATURE (F)
 YESTERDAY
  MAXIMUM         87    357 PM 108    1917  92     -5       85
  MINIMUM         65    603 AM  51    1965  66     -1       61
  AVERAGE         76                        79     -3       73

PRECIPITATION (IN)
  YESTERDAY        T                         0.13  -0.13     0.00
  MONTH TO DATE    2.09                      3.46  -1.37     6.46
  SINCE JUN 1      2.65                      6.22  -3.57     7.24
  SINCE JAN 1     15.59                     14.72   0.87    14.77

..................................................................


THE HILL CITY KS CLIMATE NORMALS FOR TODAY
                         NORMAL    RECORD    YEAR
 MAXIMUM TEMPERATURE (F)   92       109      1976
 MINIMUM TEMPERATURE (F)   66        45      1971



-  INDICATES NEGATIVE NUMBERS.
R  INDICATES RECORD WAS SET OR TIED.
MM INDICATES DATA IS MISSING.
T  INDICATES TRACE AMOUNT.

$$
