000
CDUS43 KGLD 290738 RRA
CLIHLC

CLIMATE REPORT
NATIONAL WEATHER SERVICE GOODLAND
136 AM MDT SUN MAY 29 2016

...................................

...THE HILL CITY KS CLIMATE SUMMARY FOR MAY 28 2016...

CLIMATE NORMAL PERIOD 1981 TO 2010
CLIMATE RECORD PERIOD 1896 TO 2016


WEATHER ITEM   OBSERVED TIME   RECORD YEAR NORMAL DEPARTURE LAST
                VALUE   (LST)  VALUE       VALUE  FROM      YEAR
                                                  NORMAL
..................................................................
TEMPERATURE (F)
 YESTERDAY
  MAXIMUM         80    610 PM 101    2006  79      1       79
  MINIMUM         50    541 AM  32    1947  54     -4       57
  AVERAGE         65                        67     -2       68

PRECIPITATION (IN)
  YESTERDAY        0.03                      0.13  -0.10     0.21
  MONTH TO DATE    4.80                      3.39   1.41     3.43
  SINCE MAR 1     11.72                      7.14   4.58     7.04
  SINCE JAN 1     12.61                      8.11   4.50     7.46

..................................................................


THE HILL CITY KS CLIMATE NORMALS FOR TODAY
                         NORMAL    RECORD    YEAR
 MAXIMUM TEMPERATURE (F)   80       105      1913
 MINIMUM TEMPERATURE (F)   54        34      1984
                                             1947


-  INDICATES NEGATIVE NUMBERS.
R  INDICATES RECORD WAS SET OR TIED.
MM INDICATES DATA IS MISSING.
T  INDICATES TRACE AMOUNT.


$$
