000
CDUS41 KPBZ 250801
CLIHLG


CLIMATE REPORT
NATIONAL WEATHER SERVICE PITTSBURGH PA
301 AM EST SUN FEB 25 2018


...................................

...THE WHEELING CLIMATE SUMMARY FOR FEBRUARY 24 2018...

CLIMATE NORMAL PERIOD 1981 TO 2010
CLIMATE RECORD PERIOD 1878 TO 2018


WEATHER ITEM   OBSERVED TIME   RECORD YEAR NORMAL DEPARTURE LAST
                VALUE   (LST)  VALUE       VALUE  FROM      YEAR
                                                  NORMAL
..................................................................
TEMPERATURE (F)
 YESTERDAY
  MAXIMUM         58   1212 AM  66    2000  42     16       77
  MINIMUM         46    148 PM   0    2015  26     20       57
                                      1901
  AVERAGE         52                        34     18       67

PRECIPITATION (IN)
  YESTERDAY        0.28          0.76 2016   0.08   0.20     0.00
  MONTH TO DATE    6.20                      1.82   4.38     0.78
  SINCE JAN 1      9.39                      4.44   4.95     4.39

DEGREE DAYS
 HEATING
  YESTERDAY       13                        31    -18        0
  MONTH TO DATE  652                       802   -150      549
  SINCE DEC 1   2922                      2916      6     2465
  SINCE JUL 1   3914                      4044   -130     3264

 COOLING
  YESTERDAY        0                                         2
  MONTH TO DATE    5                                         2
  SINCE DEC 1      5                                         2
  SINCE JAN 1      5                                         2
..................................................................


WIND (MPH)
  HIGHEST WIND SPEED    20   HIGHEST WIND DIRECTION     E (100)
  HIGHEST GUST SPEED    26   HIGHEST GUST DIRECTION    NE (60)
  AVERAGE WIND SPEED     8.9


SKY COVER
  POSSIBLE SUNSHINE  MM
  AVERAGE SKY COVER 1.0


WEATHER CONDITIONS
 THE FOLLOWING WEATHER WAS RECORDED YESTERDAY.
  RAIN
  LIGHT RAIN
  FOG


RELATIVE HUMIDITY (PERCENT)
 HIGHEST    93           700 AM
 LOWEST     83           400 AM
 AVERAGE    88

..........................................................


THE WHEELING CLIMATE NORMALS FOR TODAY
                         NORMAL    RECORD    YEAR
 MAXIMUM TEMPERATURE (F)   42        73      2000
 MINIMUM TEMPERATURE (F)   26        -7      2015


SUNRISE AND SUNSET
FEBRUARY 25 2018......SUNRISE   702 AM EST   SUNSET   610 PM EST
FEBRUARY 26 2018......SUNRISE   700 AM EST   SUNSET   611 PM EST


-  INDICATES NEGATIVE NUMBERS.
R  INDICATES RECORD WAS SET OR TIED.
MM INDICATES DATA IS MISSING.
T  INDICATES TRACE AMOUNT.




$$
