000
CDUS41 KPBZ 232113
CLIHLG


CLIMATE REPORT
NATIONAL WEATHER SERVICE PITTSBURGH PA
512 PM EDT WED AUG 23 2017


...................................

...THE WHEELING CLIMATE SUMMARY FOR AUGUST 23 2017...
VALID TODAY AS OF 0500 PM LOCAL TIME.

CLIMATE NORMAL PERIOD 1981 TO 2010
CLIMATE RECORD PERIOD 1878 TO 2017


WEATHER ITEM   OBSERVED TIME   RECORD YEAR NORMAL DEPARTURE LAST
                VALUE   (LST)  VALUE       VALUE  FROM      YEAR
                                                  NORMAL
..................................................................
TEMPERATURE (F)
 TODAY
  MAXIMUM         75    357 PM  99    1936  81     -6       82
  MINIMUM         64    635 AM  40    1923  61      3       59
  AVERAGE         70                        71     -1       71

PRECIPITATION (IN)
  TODAY            0.00          1.05 1917   0.12  -0.12     0.00
  MONTH TO DATE    3.93                      2.48   1.45     4.82
  SINCE JAN 1     34.31                     26.50   7.81    25.25

DEGREE DAYS
 HEATING
  TODAY            0                         0      0        0
  MONTH TO DATE    1                         0      1        0
  SINCE JUN 1     33                        41     -8       14
  SINCE JUL 1      1                         3     -2        2

 COOLING
  TODAY            5                         6     -1        6
  MONTH TO DATE  141                       155    -14      278
  SINCE JUN 1    550                       518     32      835
  SINCE JAN 1    619                       564     55      898
..................................................................


WIND (MPH)
  HIGHEST WIND SPEED    12   HIGHEST WIND DIRECTION    NW (300)
  HIGHEST GUST SPEED    17   HIGHEST GUST DIRECTION    SW (230)
  AVERAGE WIND SPEED     6.7


SKY COVER
  POSSIBLE SUNSHINE  MM
  AVERAGE SKY COVER 0.6


WEATHER CONDITIONS
 THE FOLLOWING WEATHER WAS RECORDED TODAY.
  FOG


RELATIVE HUMIDITY (PERCENT)
 HIGHEST    93           400 AM
 LOWEST     46           100 PM
 AVERAGE    70

..........................................................


THE WHEELING CLIMATE NORMALS FOR TOMORROW
                         NORMAL    RECORD    YEAR
 MAXIMUM TEMPERATURE (F)   80        96      1918
 MINIMUM TEMPERATURE (F)   60        40      1946


SUNRISE AND SUNSET
AUGUST 23 2017........SUNRISE   642 AM EDT   SUNSET   808 PM EDT
AUGUST 24 2017........SUNRISE   643 AM EDT   SUNSET   806 PM EDT


-  INDICATES NEGATIVE NUMBERS.
R  INDICATES RECORD WAS SET OR TIED.
MM INDICATES DATA IS MISSING.
T  INDICATES TRACE AMOUNT.




$$
