000
CDUS45 KTFX 250735
CLIHLN


CLIMATE REPORT
NATIONAL WEATHER SERVICE GREAT FALLS MT
1233 AM MST SUN JAN 25 2015


...................................

...THE HELENA MT CLIMATE SUMMARY FOR JANUARY 24 2015...

CLIMATE NORMAL PERIOD 1981 TO 2010
CLIMATE RECORD PERIOD 1866 TO 2015


WEATHER ITEM   OBSERVED TIME   RECORD YEAR NORMAL DEPARTURE LAST
                VALUE   (LST)  VALUE       VALUE  FROM      YEAR
                                                  NORMAL
..................................................................
TEMPERATURE (F)
 YESTERDAY
  MAXIMUM         50    504 PM  58    1953  35     15       39
  MINIMUM         35   1257 AM -35    1969  14     21       10
  AVERAGE         43                        24     19       25

PRECIPITATION (IN)
  YESTERDAY        0.00          0.32 1897   0.01  -0.01     0.00
                                      1881
  MONTH TO DATE    0.63                      0.28   0.35     0.42
  SINCE OCT 1      2.91                      1.85   1.06     1.42
  SINCE JAN 1      0.63                      0.28   0.35     0.42

SNOWFALL (IN)
  YESTERDAY        0.0           4.0  1943   0.2   -0.2      0.0
  MONTH TO DATE    7.4                       4.8    2.6      4.9
  SINCE DEC 1     11.8                      12.1   -0.3      6.1
  SINCE JUL 1     22.6                      20.9    1.7      9.6
  SNOW DEPTH       1

DEGREE DAYS
 HEATING
  YESTERDAY       22                        41    -19       40
  MONTH TO DATE 1057                      1016     41      815
  SINCE DEC 1   2255                      2355   -100     2082
  SINCE JUL 1   3967                      4237   -270     3873

 COOLING
  YESTERDAY        0                         0      0        0
  MONTH TO DATE    0                         0      0        0
  SINCE DEC 1      0                         0      0        0
  SINCE JAN 1      0                         0      0        0
..................................................................


WIND (MPH)
  HIGHEST WIND SPEED    28   HIGHEST WIND DIRECTION     W (260)
  HIGHEST GUST SPEED    37   HIGHEST GUST DIRECTION     W (260)
  AVERAGE WIND SPEED    10.0


SKY COVER
  AVERAGE SKY COVER 0.7


WEATHER CONDITIONS
 THE FOLLOWING WEATHER WAS RECORDED YESTERDAY.
  NO SIGNIFICANT WEATHER WAS OBSERVED.


RELATIVE HUMIDITY (PERCENT)
 HIGHEST    82           100 AM
 LOWEST     53           300 AM
 AVERAGE    68

..........................................................


THE HELENA MT CLIMATE NORMALS FOR TODAY
                         NORMAL    RECORD    YEAR
 MAXIMUM TEMPERATURE (F)   35        56      1953
                                             1935
 MINIMUM TEMPERATURE (F)   14       -42      1957


SUNRISE AND SUNSET
JANUARY 25 2015.......SUNRISE   800 AM MST   SUNSET   521 PM MST
JANUARY 26 2015.......SUNRISE   759 AM MST   SUNSET   523 PM MST


-  INDICATES NEGATIVE NUMBERS.
R  INDICATES RECORD WAS SET OR TIED.
MM INDICATES DATA IS MISSING.
T  INDICATES TRACE AMOUNT.




$$
