000
CDUS45 KTFX 281032
CLIHLN


CLIMATE REPORT
NATIONAL WEATHER SERVICE GREAT FALLS MT
431 AM MDT FRI AUG 28 2015


...................................

...THE HELENA MT CLIMATE SUMMARY FOR AUGUST 27 2015...

CLIMATE NORMAL PERIOD 1981 TO 2010
CLIMATE RECORD PERIOD 1866 TO 2015


WEATHER ITEM   OBSERVED TIME   RECORD YEAR NORMAL DEPARTURE LAST
                VALUE   (LST)  VALUE       VALUE  FROM      YEAR
                                                  NORMAL
..................................................................
TEMPERATURE (F)
 YESTERDAY
  MAXIMUM         87    519 PM  98    2001  81      6       85
  MINIMUM         60    606 AM  37    1993  50     10       48
  AVERAGE         74                        65      9       67

PRECIPITATION (IN)
  YESTERDAY        0.00          0.64 1925   0.04  -0.04     0.00
  MONTH TO DATE    0.25                      1.04  -0.79     2.10
  SINCE OCT 1      8.37                      9.96  -1.59     9.85
  SINCE JAN 1      6.09                      8.39  -2.30     8.85

SNOWFALL (IN)
  YESTERDAY        0.0           0.0  1999   0.0    0.0      0.0
                                      1995
  MONTH TO DATE    0.0                       0.2   -0.2      0.0
  SINCE JUN 1      0.0                       0.2   -0.2      0.0
  SINCE JUL 1      0.0                       0.2   -0.2      0.0
  SNOW DEPTH       0

DEGREE DAYS
 HEATING
  YESTERDAY        0                         2     -2        0
  MONTH TO DATE   22                        28     -6       43
  SINCE JUN 1     69                       191   -122      170
  SINCE JUL 1     37                        55    -18       43

 COOLING
  YESTERDAY        9                         3      6        2
  MONTH TO DATE  156                       136     20      169
  SINCE JUN 1    514                       366    148      436
  SINCE JAN 1    514                       374    140      440
..................................................................


WIND (MPH)
  HIGHEST WIND SPEED    14   HIGHEST WIND DIRECTION     N (360)
  HIGHEST GUST SPEED    16   HIGHEST GUST DIRECTION     N (360)
  AVERAGE WIND SPEED     5.2


SKY COVER
  AVERAGE SKY COVER 0.4


WEATHER CONDITIONS
 THE FOLLOWING WEATHER WAS RECORDED YESTERDAY.
  THUNDERSTORM
  HAZE


RELATIVE HUMIDITY (PERCENT)
 HIGHEST    49           600 AM
 LOWEST     19           600 PM
 AVERAGE    34

..........................................................


THE HELENA MT CLIMATE NORMALS FOR TODAY
                         NORMAL    RECORD    YEAR
 MAXIMUM TEMPERATURE (F)   81        97      2012
 MINIMUM TEMPERATURE (F)   49        36      1977


SUNRISE AND SUNSET
AUGUST 28 2015........SUNRISE   643 AM MDT   SUNSET   815 PM MDT
AUGUST 29 2015........SUNRISE   644 AM MDT   SUNSET   813 PM MDT


-  INDICATES NEGATIVE NUMBERS.
R  INDICATES RECORD WAS SET OR TIED.
MM INDICATES DATA IS MISSING.
T  INDICATES TRACE AMOUNT.




$$
