000
CDHW40 PHFO 271245
CLIHNL


CLIMATE REPORT
NATIONAL WEATHER SERVICE HONOLULU HI
245 AM HST THU NOV 27 2014


...................................

...THE HONOLULU HI CLIMATE SUMMARY FOR NOVEMBER 26 2014...

CLIMATE NORMAL PERIOD 1981 TO 2010
CLIMATE RECORD PERIOD 1946 TO 2014


WEATHER ITEM   OBSERVED TIME   RECORD YEAR NORMAL DEPARTURE LAST
                VALUE   (LST)  VALUE       VALUE  FROM      YEAR
                                                  NORMAL
..................................................................
TEMPERATURE (F)
 YESTERDAY
  MAXIMUM         82   1253 PM  88    1980  83     -1       85
  MINIMUM         71    327 AM  59    1958  71      0       74
                                      1902
  AVERAGE         77                        77      0       80

PRECIPITATION (IN)
  YESTERDAY        0.00          3.44 1975   0.08  -0.08     0.00
  MONTH TO DATE    1.43                      2.10  -0.67     1.43
  SINCE SEP 1      7.52                      4.64   2.88     2.94
  SINCE JAN 1     19.75                     13.54   6.21    12.02

SNOWFALL (IN)
  YESTERDAY        0.0
  MONTH TO DATE    0.0
  SINCE SEP 1      0.0
  SINCE JUL 1      0.0
  SNOW DEPTH       0

DEGREE DAYS
 HEATING
  YESTERDAY        0                         0      0        0
  MONTH TO DATE    0                         0      0        0
  SINCE SEP 1      0                         0      0        0
  SINCE JUL 1      0                         0      0        0

 COOLING
  YESTERDAY       12                        12      0       15
  MONTH TO DATE  355                       335     20      316
  SINCE SEP 1   1417                      1297    120     1231
  SINCE JAN 1   4575                      4281    294     4091
..................................................................


WIND (MPH)
  HIGHEST WIND SPEED    22   HIGHEST WIND DIRECTION    NE (40)
  HIGHEST GUST SPEED    29   HIGHEST GUST DIRECTION    NE (50)
  AVERAGE WIND SPEED    10.6


SKY COVER
  POSSIBLE SUNSHINE  MM
  AVERAGE SKY COVER 0.4


WEATHER CONDITIONS
 THE FOLLOWING WEATHER WAS RECORDED YESTERDAY.
  NO SIGNIFICANT WEATHER WAS OBSERVED.


RELATIVE HUMIDITY (PERCENT)
 HIGHEST    66           300 AM
 LOWEST     47           100 PM
 AVERAGE    57

..........................................................


THE HONOLULU HI CLIMATE NORMALS FOR TODAY
                         NORMAL    RECORD    YEAR
 MAXIMUM TEMPERATURE (F)   83        87      1988
                                             1983
 MINIMUM TEMPERATURE (F)   70        58      1972


SUNRISE AND SUNSET
NOVEMBER 27 2014......SUNRISE   650 AM HST   SUNSET   548 PM HST
NOVEMBER 28 2014......SUNRISE   651 AM HST   SUNSET   548 PM HST


-  INDICATES NEGATIVE NUMBERS.
R  INDICATES RECORD WAS SET OR TIED.
MM INDICATES DATA IS MISSING.
T  INDICATES TRACE AMOUNT.




$$
