000
CDHW40 PHFO 240226
CLIHNL


CLIMATE REPORT
NATIONAL WEATHER SERVICE HONOLULU HI
425 PM HST WED AUG 23 2017


...................................

...THE HONOLULU HI CLIMATE SUMMARY FOR AUGUST 23 2017...
VALID TODAY AS OF 0400 PM LOCAL TIME.

CLIMATE NORMAL PERIOD 1981 TO 2010
CLIMATE RECORD PERIOD 1946 TO 2017


WEATHER ITEM   OBSERVED TIME   RECORD YEAR NORMAL DEPARTURE LAST
                VALUE   (LST)  VALUE       VALUE  FROM      YEAR
                                                  NORMAL
..................................................................
TEMPERATURE (F)
 TODAY
  MAXIMUM         84    249 PM  92    1996  89     -5       85
                                      1995
                                      1991
  MINIMUM         74    610 AM  70    1972  75     -1       76
  AVERAGE         79                        82     -3       81

PRECIPITATION (IN)
  TODAY            0.00          0.89 2015   0.02  -0.02     0.17
  MONTH TO DATE    0.05                      0.41  -0.36     0.42
  SINCE JUN 1      0.60                      1.18  -0.58     3.32
  SINCE JAN 1     14.09                      8.75   5.34     7.36

SNOWFALL (IN)
  TODAY            0.0
  MONTH TO DATE    0.0
  SINCE JUN 1      0.0
  SINCE JUL 1      0.0
  SNOW DEPTH      MM

DEGREE DAYS
 HEATING
  TODAY            0                         0      0        0
  MONTH TO DATE    0                         0      0        0
  SINCE JUN 1      0                         0      0        0
  SINCE JUL 1      0                         0      0        0

 COOLING
  TODAY           14                        17     -3       16
  MONTH TO DATE  387                       391     -4      332
  SINCE JUN 1   1355                      1349      6     1267
  SINCE JAN 1   3056                      2851    205     2981
..................................................................


WIND (MPH)
  HIGHEST WIND SPEED    26   HIGHEST WIND DIRECTION    NE (60)
  HIGHEST GUST SPEED    35   HIGHEST GUST DIRECTION    NE (60)
  AVERAGE WIND SPEED    MM


SKY COVER
  POSSIBLE SUNSHINE  MM
  AVERAGE SKY COVER  MM


WEATHER CONDITIONS
 THE FOLLOWING WEATHER WAS RECORDED TODAY.
  NO SIGNIFICANT WEATHER WAS OBSERVED.


RELATIVE HUMIDITY (PERCENT)
 HIGHEST    MM
 LOWEST     MM
 AVERAGE    MM

..........................................................


THE HONOLULU HI CLIMATE NORMALS FOR TOMORROW
                         NORMAL    RECORD    YEAR
 MAXIMUM TEMPERATURE (F)   89        93      1996
 MINIMUM TEMPERATURE (F)   75        70      1988
                                             1985
                                             1965


SUNRISE AND SUNSET
AUGUST 23 2017........SUNRISE   613 AM HST   SUNSET   655 PM HST
AUGUST 24 2017........SUNRISE   613 AM HST   SUNSET   654 PM HST


-  INDICATES NEGATIVE NUMBERS.
R  INDICATES RECORD WAS SET OR TIED.
MM INDICATES DATA IS MISSING.
T  INDICATES TRACE AMOUNT.




$$
