936
CDHW40 PHFO 180245
CLIHNL


CLIMATE REPORT
NATIONAL WEATHER SERVICE HONOLULU HI
443 PM HST SAT FEB 17 2018


...................................

...THE HONOLULU HI CLIMATE SUMMARY FOR FEBRUARY 17 2018...
VALID TODAY AS OF 0400 PM LOCAL TIME.

CLIMATE NORMAL PERIOD 1981 TO 2010
CLIMATE RECORD PERIOD 1946 TO 2018


WEATHER ITEM   OBSERVED TIME   RECORD YEAR NORMAL DEPARTURE LAST
                VALUE   (LST)  VALUE       VALUE  FROM      YEAR
                                                  NORMAL
..................................................................
TEMPERATURE (F)
 TODAY
  MAXIMUM         81    227 PM  85    2000  80      1       82
  MINIMUM         67    617 AM  56    1986  66      1       68
  AVERAGE         74                        73      1       75

PRECIPITATION (IN)
  TODAY            0.00          0.49 1994   0.07  -0.07     0.00
  MONTH TO DATE    3.07                      1.14   1.93     5.74
  SINCE DEC 1      6.53                      6.69  -0.16     6.82
  SINCE JAN 1      3.13                      3.45  -0.32     5.95

SNOWFALL (IN)
  TODAY            0.0
  MONTH TO DATE    0.0
  SINCE DEC 1      0.0
  SINCE JUL 1      0.0
  SNOW DEPTH      MM

DEGREE DAYS
 HEATING
  TODAY            0                         0      0        0
  MONTH TO DATE    0                         0      0        0
  SINCE DEC 1      0                         0      0        0
  SINCE JUL 1      0                         0      0        0

 COOLING
  TODAY            9                         8      1       10
  MONTH TO DATE  168                       136     32      155
  SINCE DEC 1    846                       692    154      733
  SINCE JAN 1    540                       390    150      428
..................................................................


WIND (MPH)
  HIGHEST WIND SPEED    13   HIGHEST WIND DIRECTION    SW (220)
  HIGHEST GUST SPEED    16   HIGHEST GUST DIRECTION    SW (220)
  AVERAGE WIND SPEED    MM


SKY COVER
  POSSIBLE SUNSHINE  MM
  AVERAGE SKY COVER  MM


WEATHER CONDITIONS
 THE FOLLOWING WEATHER WAS RECORDED TODAY.
  NO SIGNIFICANT WEATHER WAS OBSERVED.


RELATIVE HUMIDITY (PERCENT)
 HIGHEST    MM
 LOWEST     MM
 AVERAGE    MM

..........................................................


THE HONOLULU HI CLIMATE NORMALS FOR TOMORROW
                         NORMAL    RECORD    YEAR
 MAXIMUM TEMPERATURE (F)   80        84      2017
                                             2002
                                             1981
 MINIMUM TEMPERATURE (F)   66        57      1986


SUNRISE AND SUNSET
FEBRUARY 17 2018......SUNRISE   701 AM HST   SUNSET   631 PM HST
FEBRUARY 18 2018......SUNRISE   700 AM HST   SUNSET   631 PM HST


-  INDICATES NEGATIVE NUMBERS.
R  INDICATES RECORD WAS SET OR TIED.
MM INDICATES DATA IS MISSING.
T  INDICATES TRACE AMOUNT.




$$
