000
CDHW40 PHFO 021245
CLIHNL


CLIMATE REPORT
NATIONAL WEATHER SERVICE
1245 PM UTC SUN AUG 2 2015


...................................

...THE HONOLULU HI CLIMATE SUMMARY FOR AUGUST 1 2015...

CLIMATE NORMAL PERIOD 1981 TO 2010
CLIMATE RECORD PERIOD 1946 TO 2015


WEATHER ITEM   OBSERVED TIME   RECORD YEAR NORMAL DEPARTURE LAST
                VALUE   (LST)  VALUE       VALUE  FROM      YEAR
                                                  NORMAL
..................................................................
TEMPERATURE (F)
 YESTERDAY
  MAXIMUM         90    105 PM  91    2003  88      2       89
                                      1995
  MINIMUM         78    808 AM  70    1980  75      3       78
                                      1976
                                      1972
  AVERAGE         84                        82      2       84

PRECIPITATION (IN)
  YESTERDAY        T             0.13 1958   0.02  -0.02     0.00
  MONTH TO DATE    T                         0.02  -0.02     0.00
  SINCE JUN 1      0.36                      0.79  -0.43     1.70
  SINCE JAN 1      3.22                      8.36  -5.14    11.67

SNOWFALL (IN)
  YESTERDAY        0.0
  MONTH TO DATE    0.0
  SINCE JUN 1      0.0
  SINCE JUL 1      0.0
  SNOW DEPTH      MM

DEGREE DAYS
 HEATING
  YESTERDAY        0                         0      0        0
  MONTH TO DATE    0                         0      0        0
  SINCE JUN 1      0                         0      0        0
  SINCE JUL 1      0                         0      0        0

 COOLING
  YESTERDAY       19                        17      2       19
  MONTH TO DATE   19                        17      2       19
  SINCE JUN 1    452                       975   -523     1022
  SINCE JAN 1   1736                      2477   -741     2631
..................................................................


WIND (MPH)
  HIGHEST WIND SPEED    24   HIGHEST WIND DIRECTION    NE (60)
  HIGHEST GUST SPEED    32   HIGHEST GUST DIRECTION    NE (30)
  AVERAGE WIND SPEED    12.6


SKY COVER
  POSSIBLE SUNSHINE  MM
  AVERAGE SKY COVER  MM


WEATHER CONDITIONS
 THE FOLLOWING WEATHER WAS RECORDED YESTERDAY.
  NO SIGNIFICANT WEATHER WAS OBSERVED.


RELATIVE HUMIDITY (PERCENT)
 HIGHEST    MM
 LOWEST     MM
 AVERAGE    MM

..........................................................


THE HONOLULU HI CLIMATE NORMALS FOR TODAY
                         NORMAL    RECORD    YEAR
 MAXIMUM TEMPERATURE (F)   88        91      2003
                                             1995
                                             1994
 MINIMUM TEMPERATURE (F)   75        69      1959


SUNRISE AND SUNSET
AUGUST  2 2015........SUNRISE   606 AM HST   SUNSET   710 PM HST
AUGUST  3 2015........SUNRISE   606 AM HST   SUNSET   710 PM HST


-  INDICATES NEGATIVE NUMBERS.
R  INDICATES RECORD WAS SET OR TIED.
MM INDICATES DATA IS MISSING.
T  INDICATES TRACE AMOUNT.




$$
