000
CDHW40 PHFO 240228
CLIHNL


CLIMATE REPORT
NATIONAL WEATHER SERVICE HONOLULU HI
428 PM HST SUN NOV 23 2014


...................................

...THE HONOLULU HI CLIMATE SUMMARY FOR NOVEMBER 23 2014...
VALID TODAY AS OF 0400 PM LOCAL TIME.

CLIMATE NORMAL PERIOD 1981 TO 2010
CLIMATE RECORD PERIOD 1946 TO 2014


WEATHER ITEM   OBSERVED TIME   RECORD YEAR NORMAL DEPARTURE LAST
                VALUE   (LST)  VALUE       VALUE  FROM      YEAR
                                                  NORMAL
..................................................................
TEMPERATURE (F)
 TODAY
  MAXIMUM         84   1246 PM  87    1983  83      1       82
                                      1979
                                      1968
  MINIMUM         68    708 AM  62    1976  71     -3       69
                                      1958
                                      1895
  AVERAGE         76                        77     -1       76

PRECIPITATION (IN)
  TODAY            0.00          1.13 1894   0.07  -0.07     0.00
  MONTH TO DATE    1.29                      1.87  -0.58     1.43
  SINCE SEP 1      7.38                      4.41   2.97     2.94
  SINCE JAN 1     19.61                     13.31   6.30    12.02

SNOWFALL (IN)
  TODAY            0.0
  MONTH TO DATE    0.0
  SINCE SEP 1      0.0
  SINCE JUL 1      0.0
  SNOW DEPTH       0

DEGREE DAYS
 HEATING
  TODAY            0                         0      0        0
  MONTH TO DATE    0                         0      0        0
  SINCE SEP 1      0                         0      0        0
  SINCE JUL 1      0                         0      0        0

 COOLING
  TODAY           11                        12     -1       11
  MONTH TO DATE  322                       299     23      280
  SINCE SEP 1   1384                      1261    123     1195
  SINCE JAN 1   4542                      4245    297     4055
..................................................................


WIND (MPH)
  HIGHEST WIND SPEED    12   HIGHEST WIND DIRECTION    SW (210)
  HIGHEST GUST SPEED    14   HIGHEST GUST DIRECTION    SW (220)
  AVERAGE WIND SPEED     4.7


SKY COVER
  POSSIBLE SUNSHINE  MM
  AVERAGE SKY COVER 0.4


WEATHER CONDITIONS
 THE FOLLOWING WEATHER WAS RECORDED TODAY.
  NO SIGNIFICANT WEATHER WAS OBSERVED.


RELATIVE HUMIDITY (PERCENT)
 HIGHEST    90           400 AM
 LOWEST     55          1000 AM
 AVERAGE    73

..........................................................


THE HONOLULU HI CLIMATE NORMALS FOR TOMORROW
                         NORMAL    RECORD    YEAR
 MAXIMUM TEMPERATURE (F)   83        87      1987
                                             1983
                                             1968
 MINIMUM TEMPERATURE (F)   71        59      1990
                                             1958
                                             1897


SUNRISE AND SUNSET
NOVEMBER 23 2014......SUNRISE   648 AM HST   SUNSET   549 PM HST
NOVEMBER 24 2014......SUNRISE   648 AM HST   SUNSET   548 PM HST


-  INDICATES NEGATIVE NUMBERS.
R  INDICATES RECORD WAS SET OR TIED.
MM INDICATES DATA IS MISSING.
T  INDICATES TRACE AMOUNT.




$$
