000
CDHW40 PHFO 261245
CLIHNL


CLIMATE REPORT
NATIONAL WEATHER SERVICE HONOLULU HI
245 AM HST FRI DEC 26 2014


...................................

...THE HONOLULU HI CLIMATE SUMMARY FOR DECEMBER 25 2014...

CLIMATE NORMAL PERIOD 1981 TO 2010
CLIMATE RECORD PERIOD 1946 TO 2014


WEATHER ITEM   OBSERVED TIME   RECORD YEAR NORMAL DEPARTURE LAST
                VALUE   (LST)  VALUE       VALUE  FROM      YEAR
                                                  NORMAL
..................................................................
TEMPERATURE (F)
 YESTERDAY
  MAXIMUM         83    303 PM  86    1995  81      2       83
  MINIMUM         64    711 AM  59    1978  67     -3       70
  AVERAGE         74                        74      0       77

PRECIPITATION (IN)
  YESTERDAY        0.00          3.48 1927   0.12  -0.12      T
  MONTH TO DATE    0.55                      2.59  -2.04     3.64
  SINCE DEC 1      0.55                      2.59  -2.04     3.64
  SINCE JAN 1     20.30                     16.45   3.85    16.18

SNOWFALL (IN)
  YESTERDAY        0.0
  MONTH TO DATE    0.0
  SINCE DEC 1      0.0
  SINCE JUL 1      0.0
  SNOW DEPTH       0

DEGREE DAYS
 HEATING
  YESTERDAY        0                         0      0        0
  MONTH TO DATE    0                         0      0        0
  SINCE DEC 1      0                         0      0        0
  SINCE JUL 1      0                         0      0        0

 COOLING
  YESTERDAY        9                         9      0       12
  MONTH TO DATE  251                       249      2      267
  SINCE DEC 1    251                       249      2      267
  SINCE JAN 1   4876                      4575    301     4404
..................................................................


WIND (MPH)
  HIGHEST WIND SPEED    18   HIGHEST WIND DIRECTION     W (280)
  HIGHEST GUST SPEED    26   HIGHEST GUST DIRECTION     W (260)
  AVERAGE WIND SPEED     5.9


SKY COVER
  POSSIBLE SUNSHINE  MM
  AVERAGE SKY COVER 0.3


WEATHER CONDITIONS
 THE FOLLOWING WEATHER WAS RECORDED YESTERDAY.
  NO SIGNIFICANT WEATHER WAS OBSERVED.


RELATIVE HUMIDITY (PERCENT)
 HIGHEST   100           400 AM
 LOWEST     51           200 PM
 AVERAGE    76

..........................................................


THE HONOLULU HI CLIMATE NORMALS FOR TODAY
                         NORMAL    RECORD    YEAR
 MAXIMUM TEMPERATURE (F)   81        86      1995
 MINIMUM TEMPERATURE (F)   67        58      1892


SUNRISE AND SUNSET
DECEMBER 26 2014......SUNRISE   707 AM HST   SUNSET   558 PM HST
DECEMBER 27 2014......SUNRISE   708 AM HST   SUNSET   558 PM HST


-  INDICATES NEGATIVE NUMBERS.
R  INDICATES RECORD WAS SET OR TIED.
MM INDICATES DATA IS MISSING.
T  INDICATES TRACE AMOUNT.




$$
