000
CDUS44 KHGX 291350
CLIHOU

CLIMATE REPORT
NATIONAL WEATHER SERVICE HOUSTON/GALVESTON TX
845 AM CDT WED MAR 29 2017

...MORNING CLIMATE DATA...

                            MORNING LOW    PRECIP SINCE MIDNIGHT
HOUSTON INTERCONTINENTAL         70                0.00
GALVESTON SCHOLES FIELD          74                0.00
BRYAN/COLLEGE STATION            62                0.45
HOUSTON HOBBY                    72                0.00

...................................

...THE HOUSTON INTERCONTINENTAL CLIMATE SUMMARY FOR MARCH 28 2017...

CLIMATE NORMAL PERIOD 1981 TO 2010
CLIMATE RECORD PERIOD 1892 TO 2017


WEATHER ITEM   OBSERVED TIME   RECORD YEAR NORMAL DEPARTURE LAST
                VALUE   (LST)  VALUE       VALUE  FROM      YEAR
                                                  NORMAL
..................................................................
TEMPERATURE (F)
 YESTERDAY
  MAXIMUM         83    248 PM  89    1972  76      7       75
  MINIMUM         68    610 AM  33    1931  55     13       49
  AVERAGE         76                        65     11       62

PRECIPITATION (IN)
  YESTERDAY        0.00          1.99 1966   0.11  -0.11     0.00
  MONTH TO DATE    3.95                      3.10   0.85     3.10
  SINCE MAR 1      3.95                      3.10   0.85     3.10
  SINCE JAN 1     12.46                      9.68   2.78     7.21

SNOWFALL (IN)
  YESTERDAY        0.0          MM      MM
  MONTH TO DATE    0.0
  SINCE MAR 1      0.0
  SINCE JUL 1      0.0

DEGREE DAYS
 HEATING
  YESTERDAY        0                         3     -3        3
  MONTH TO DATE   52                       134    -82       80
  SINCE MAR 1     52                       134    -82       80
  SINCE JUL 1    652                      1322   -670      997

 COOLING
  YESTERDAY       11                         3      8        0
  MONTH TO DATE  143                        61     82       82
  SINCE MAR 1    143                        61     82       82
  SINCE JAN 1    322                        99    223      119
..................................................................


WIND (MPH)
  HIGHEST WIND SPEED    28   HIGHEST WIND DIRECTION    SE (150)
  HIGHEST GUST SPEED    34   HIGHEST GUST DIRECTION    SE (150)




RELATIVE HUMIDITY (PERCENT)
 HIGHEST   100
 LOWEST     58
 AVERAGE    79

..........................................................


THE HOUSTON INTERCONTINENTAL CLIMATE NORMALS FOR TODAY
                         NORMAL    RECORD    YEAR
 MAXIMUM TEMPERATURE (F)   76        90      1974
 MINIMUM TEMPERATURE (F)   55        35      1894


SUNRISE AND SUNSET
MARCH 29 2017.........SUNRISE   714 AM CDT   SUNSET   738 PM CDT
MARCH 30 2017.........SUNRISE   713 AM CDT   SUNSET   739 PM CDT


-  INDICATES NEGATIVE NUMBERS.
R  INDICATES RECORD WAS SET OR TIED.
MM INDICATES DATA IS MISSING.
T  INDICATES TRACE AMOUNT.


&&

...................................

...THE HOUSTON/HOBBY AIRPORT CLIMATE SUMMARY FOR MARCH 28 2017...

CLIMATE NORMAL PERIOD 1981 TO 2010
CLIMATE RECORD PERIOD 1930 TO 2017


WEATHER ITEM   OBSERVED TIME   RECORD YEAR NORMAL DEPARTURE LAST
                VALUE   (LST)  VALUE       VALUE  FROM      YEAR
                                                  NORMAL
..................................................................
TEMPERATURE (F)
 YESTERDAY
  MAXIMUM         84    206 PM  91    1972  75      9       77
  MINIMUM         71    212 AM  33    1931  57     14       55
  AVERAGE         78                        66     12       66

PRECIPITATION (IN)
  YESTERDAY        0.00          1.76 1966   0.11  -0.11     0.00
  MONTH TO DATE    7.01                      2.91   4.10     4.05
  SINCE MAR 1      7.01                      2.91   4.10     4.05
  SINCE JAN 1     13.13                      9.99   3.14     8.22

SNOWFALL (IN)
  YESTERDAY        0.0          MM      MM
  MONTH TO DATE    0.0
  SINCE MAR 1      0.0
  SINCE JUL 1      0.0

DEGREE DAYS
 HEATING
  YESTERDAY        0                         2     -2        0
  MONTH TO DATE   42                       115    -73       44
  SINCE MAR 1     42                       115    -73       44
  SINCE JUL 1    540                      1185   -645      782

 COOLING
  YESTERDAY       13                         3     10        1
  MONTH TO DATE  154                        60     94      116
  SINCE MAR 1    154                        60     94      116
  SINCE JAN 1    341                        98    243      154
..................................................................


WIND (MPH)
  HIGHEST WIND SPEED    25   HIGHEST WIND DIRECTION    SE (150)
  HIGHEST GUST SPEED    37   HIGHEST GUST DIRECTION     S (170)




RELATIVE HUMIDITY (PERCENT)
 HIGHEST    93
 LOWEST     55
 AVERAGE    74

..........................................................


THE HOUSTON/HOBBY AIRPORT CLIMATE NORMALS FOR TODAY
                         NORMAL    RECORD    YEAR
 MAXIMUM TEMPERATURE (F)   75        91      1974
 MINIMUM TEMPERATURE (F)   57        35      1931


SUNRISE AND SUNSET
MARCH 29 2017.........SUNRISE   714 AM CDT   SUNSET   738 PM CDT
MARCH 30 2017.........SUNRISE   713 AM CDT   SUNSET   739 PM CDT


-  INDICATES NEGATIVE NUMBERS.
R  INDICATES RECORD WAS SET OR TIED.
MM INDICATES DATA IS MISSING.
T  INDICATES TRACE AMOUNT.

...MISCELLANEOUS CLIMATE DATA FOR YESTERDAY...

LOCATION                        HIGH    LOW     PRECIP
PEARLAND                         85      74      0.00
SUGAR LAND                       86      72      0.00
TOMBALL                          86      70      0.00
CONROE                           85      65       T
HUNTSVILLE                       85      70      0.00
ANGLETON/LAKE JACKSON            84      73       T
PALACIOS                         83      73      0.00
LEAGUE CITY (NWS)                82      72      0.00


THIS PRODUCT...ALONG WITH OTHER WEATHER...HYDROLOGIC...AND CLIMATE
PRODUCTS...IS AVAILABLE ON THE WEB AT HTTP://WWW.SRH.NOAA.GOV/HGX
OR AT HTTP://WEATHER.GOV



$$
