000
CDUS44 KHGX 221320
CLIHOU

CLIMATE REPORT
NATIONAL WEATHER SERVICE HOUSTON/GALVESTON TX
815 AM CDT SAT JUL 22 2017


...MORNING CLIMATE DATA...

                            MORNING LOW    PRECIP SINCE MIDNIGHT
HOUSTON INTERCONTINENTAL         76                0.00
GALVESTON SCHOLES FIELD          80                0.04
BRYAN/COLLEGE STATION            77                0.00
HOUSTON HOBBY                    80                0.00
...................................

...THE HOUSTON INTERCONTINENTAL CLIMATE SUMMARY FOR JULY 21 2017...

CLIMATE NORMAL PERIOD 1981 TO 2010
CLIMATE RECORD PERIOD 1892 TO 2017


WEATHER ITEM   OBSERVED TIME   RECORD YEAR NORMAL DEPARTURE LAST
                VALUE   (LST)  VALUE       VALUE  FROM      YEAR
                                                  NORMAL
..................................................................
TEMPERATURE (F)
 YESTERDAY
  MAXIMUM         96    145 PM 101    2000  94      2       98
  MINIMUM         76    610 AM  65    1989  75      1       75
  AVERAGE         86                        85      1       87

PRECIPITATION (IN)
  YESTERDAY        0.50          1.09 1919   0.10   0.40     0.00
  MONTH TO DATE    5.22                      2.79   2.43     0.75
  SINCE JUN 1     12.41                      8.72   3.69    13.87
  SINCE JAN 1     30.64                     27.11   3.53    42.82

DEGREE DAYS
 COOLING
  YESTERDAY       21                        20      1       22
  MONTH TO DATE  419                       402     17      481
  SINCE JUN 1    940                       922     18     1001
  SINCE JAN 1   1849                      1574    275     1582
..................................................................


WIND (MPH)
  HIGHEST WIND SPEED    20   HIGHEST WIND DIRECTION    SE (120)
  HIGHEST GUST SPEED    23   HIGHEST GUST DIRECTION    SE (130)




RELATIVE HUMIDITY (PERCENT)
 HIGHEST    88
 LOWEST     46
 AVERAGE    67

..........................................................


THE HOUSTON INTERCONTINENTAL CLIMATE NORMALS FOR TODAY
                         NORMAL    RECORD    YEAR
 MAXIMUM TEMPERATURE (F)   94       101      2000
 MINIMUM TEMPERATURE (F)   75        67      1988


SUNRISE AND SUNSET
JULY 22 2017..........SUNRISE   635 AM CDT   SUNSET   821 PM CDT
JULY 23 2017..........SUNRISE   635 AM CDT   SUNSET   820 PM CDT


-  INDICATES NEGATIVE NUMBERS.
R  INDICATES RECORD WAS SET OR TIED.
MM INDICATES DATA IS MISSING.
T  INDICATES TRACE AMOUNT.


&&

...................................

...THE HOUSTON/HOBBY AIRPORT CLIMATE SUMMARY FOR JULY 21 2017...

CLIMATE NORMAL PERIOD 1981 TO 2010
CLIMATE RECORD PERIOD 1930 TO 2017


WEATHER ITEM   OBSERVED TIME   RECORD YEAR NORMAL DEPARTURE LAST
                VALUE   (LST)  VALUE       VALUE  FROM      YEAR
                                                  NORMAL
..................................................................
TEMPERATURE (F)
 YESTERDAY
  MAXIMUM         97    231 PM  99    2000  92      5       98
  MINIMUM         79    549 AM  70    1989  76      3       78
                                      1970
  AVERAGE         88                        84      4       88

PRECIPITATION (IN)
  YESTERDAY        0.00          1.07 1967   0.13  -0.13     0.00
  MONTH TO DATE    3.11                      3.43  -0.32     0.19
  SINCE JUN 1      8.31                     10.53  -2.22     9.02
  SINCE JAN 1     28.24                     28.81  -0.57    33.87

DEGREE DAYS
 COOLING
  YESTERDAY       23                        19      4       23
  MONTH TO DATE  444                       393     51      471
  SINCE JUN 1    980                       903     77     1021
  SINCE JAN 1   1914                      1557    357     1792
..................................................................


WIND (MPH)
  HIGHEST WIND SPEED    16   HIGHEST WIND DIRECTION     S (160)
  HIGHEST GUST SPEED    23   HIGHEST GUST DIRECTION     S (160)




RELATIVE HUMIDITY (PERCENT)
 HIGHEST    85
 LOWEST     45
 AVERAGE    65

..........................................................


THE HOUSTON/HOBBY AIRPORT CLIMATE NORMALS FOR TODAY
                         NORMAL    RECORD    YEAR
 MAXIMUM TEMPERATURE (F)   93        99      2016
                                             1958
 MINIMUM TEMPERATURE (F)   76        70      1970
                                             1944
                                             1938


SUNRISE AND SUNSET
JULY 22 2017..........SUNRISE   635 AM CDT   SUNSET   820 PM CDT
JULY 23 2017..........SUNRISE   636 AM CDT   SUNSET   819 PM CDT


-  INDICATES NEGATIVE NUMBERS.
R  INDICATES RECORD WAS SET OR TIED.
MM INDICATES DATA IS MISSING.
T  INDICATES TRACE AMOUNT.

...MISCELLANEOUS CLIMATE DATA FOR YESTERDAY...

LOCATION                        HIGH    LOW     PRECIP
PEARLAND                         97      78      0.00
SUGAR LAND                       95      76      0.00
TOMBALL                          97      75      0.00
CONROE                           95      72      0.00
HUNTSVILLE                       96      77      0.00
ANGLETON/LAKE JACKSON            94      74      0.00
PALACIOS                         90      79      0.00
LEAGUE CITY (NWS)                94      77      0.00


THIS PRODUCT...ALONG WITH OTHER WEATHER...HYDROLOGIC...AND CLIMATE
PRODUCTS...IS AVAILABLE ON THE WEB AT HTTP://WWW.WEATHER.GOV/HGX

$$
