755
CDUS44 KHGX 281311
CLIHOU

CLIMATE REPORT
NATIONAL WEATHER SERVICE HOUSTON/GALVESTON TX
808 AM CDT WED SEP 28 2016


...MORNING CLIMATE DATA...

                            MORNING LOW    PRECIP SINCE MIDNIGHT
HOUSTON INTERCONTINENTAL         67                0.00
GALVESTON SCHOLES FIELD          74                0.00
BRYAN/COLLEGE STATION            64                0.00
HOUSTON HOBBY                    68                0.00

...................................

...THE HOUSTON INTERCONTINENTAL CLIMATE SUMMARY FOR SEPTEMBER 27 2016...

CLIMATE NORMAL PERIOD 1981 TO 2010
CLIMATE RECORD PERIOD 1892 TO 2016


WEATHER ITEM   OBSERVED TIME   RECORD YEAR NORMAL DEPARTURE LAST
                VALUE   (LST)  VALUE       VALUE  FROM      YEAR
                                                  NORMAL
..................................................................
TEMPERATURE (F)
 YESTERDAY
  MAXIMUM         85    110 PM 100    2005  87     -2       78
  MINIMUM         71    640 AM  45    1942  66      5       69
  AVERAGE         78                        77      1       74

PRECIPITATION (IN)
  YESTERDAY        T             3.46 1944   0.13  -0.13     0.08
  MONTH TO DATE    1.70                      3.74  -2.04     2.47
  SINCE SEP 1      1.70                      3.74  -2.04     2.47
  SINCE JAN 1     55.27                     35.61  19.66    47.85

DEGREE DAYS
 HEATING
  YESTERDAY        0                         0      0        0
  MONTH TO DATE    0                         0      0        0
  SINCE SEP 1      0                         0      0        0
  SINCE JUL 1      0                         0      0        0

 COOLING
  YESTERDAY       13                        12      1        9
  MONTH TO DATE  508                       410     98      417
  SINCE SEP 1    508                       410     98      417
  SINCE JAN 1   2916                      2792    124     2922
..................................................................


WIND (MPH)
  HIGHEST WIND SPEED    13   HIGHEST WIND DIRECTION     N (10)
  HIGHEST GUST SPEED    17   HIGHEST GUST DIRECTION     N (20)


RELATIVE HUMIDITY (PERCENT)
 HIGHEST    93
 LOWEST     58
 AVERAGE    76

..........................................................


THE HOUSTON INTERCONTINENTAL CLIMATE NORMALS FOR TODAY
                         NORMAL    RECORD    YEAR
 MAXIMUM TEMPERATURE (F)   87        98      1998
 MINIMUM TEMPERATURE (F)   66        48      1909
                                             1908


SUNRISE AND SUNSET
SEPTEMBER 28 2016.....SUNRISE   713 AM CDT   SUNSET   710 PM CDT
SEPTEMBER 29 2016.....SUNRISE   714 AM CDT   SUNSET   709 PM CDT


-  INDICATES NEGATIVE NUMBERS.
R  INDICATES RECORD WAS SET OR TIED.
MM INDICATES DATA IS MISSING.
T  INDICATES TRACE AMOUNT.


&&

...................................

...THE HOUSTON/HOBBY AIRPORT CLIMATE SUMMARY FOR SEPTEMBER 27 2016...

CLIMATE NORMAL PERIOD 1981 TO 2010
CLIMATE RECORD PERIOD 1930 TO 2016


WEATHER ITEM   OBSERVED TIME   RECORD YEAR NORMAL DEPARTURE LAST
                VALUE   (LST)  VALUE       VALUE  FROM      YEAR
                                                  NORMAL
..................................................................
TEMPERATURE (F)
 YESTERDAY
  MAXIMUM         85    358 PM  98    2005  86     -1       77
  MINIMUM         71   1159 PM  46    1942  69      2       72
  AVERAGE         78                        77      1       75

PRECIPITATION (IN)
  YESTERDAY        0.00          5.62 1944   0.16  -0.16     0.11
  MONTH TO DATE    2.31                      4.78  -2.47     3.22
  SINCE SEP 1      2.31                      4.78  -2.47     3.22
  SINCE JAN 1     49.62                     39.88   9.74    56.28

DEGREE DAYS
 HEATING
  YESTERDAY        0                         0      0        0
  MONTH TO DATE    0                         0      0        0
  SINCE SEP 1      0                         0      0        0
  SINCE JUL 1      0                         0      0        0

 COOLING
  YESTERDAY       13                        12      1       10
  MONTH TO DATE  524                       417    107      426
  SINCE SEP 1    524                       417    107      426
  SINCE JAN 1   3155                      2758    397     2995
..................................................................


WIND (MPH)
  HIGHEST WIND SPEED    17   HIGHEST WIND DIRECTION    NE (40)
  HIGHEST GUST SPEED    20   HIGHEST GUST DIRECTION    NE (30)


RELATIVE HUMIDITY (PERCENT)
 HIGHEST    93
 LOWEST     61
 AVERAGE    77

..........................................................


THE HOUSTON/HOBBY AIRPORT CLIMATE NORMALS FOR TODAY
                         NORMAL    RECORD    YEAR
 MAXIMUM TEMPERATURE (F)   86        97      2005
 MINIMUM TEMPERATURE (F)   68        49      1942


SUNRISE AND SUNSET
SEPTEMBER 28 2016.....SUNRISE   713 AM CDT   SUNSET   710 PM CDT
SEPTEMBER 29 2016.....SUNRISE   714 AM CDT   SUNSET   708 PM CDT


-  INDICATES NEGATIVE NUMBERS.
R  INDICATES RECORD WAS SET OR TIED.
MM INDICATES DATA IS MISSING.
T  INDICATES TRACE AMOUNT.


...MISCELLANEOUS CLIMATE DATA FOR YESTERDAY...

LOCATION                        HIGH    LOW     PRECIP
PEARLAND                         88      75      0.00
SUGAR LAND                       84      72      0.00
TOMBALL                          84      70       T
CONROE                           83      68      0.00
HUNTSVILLE                       81      66      0.00
ANGLETON/LAKE JACKSON            86      74      0.00
PALACIOS                         85      70      0.00
LEAGUE CITY (NWS)                83      73      0.00


THIS PRODUCT...ALONG WITH OTHER WEATHER...HYDROLOGIC...AND CLIMATE
PRODUCTS...IS AVAILABLE ON THE WEB AT HTTP://WWW.SRH.NOAA.GOV/HGX
OR AT HTTP://WEATHER.GOV


$$
