000
CDUS44 KHGX 200817
CLIHOU


CLIMATE REPORT
NATIONAL WEATHER SERVICE HOUSTON/GALVESTON TX
217 AM CST TUE FEB 20 2018


...................................

...THE HOUSTON INTERCONTINENTAL CLIMATE SUMMARY FOR FEBRUARY 19 2018...

CLIMATE NORMAL PERIOD 1981 TO 2010
CLIMATE RECORD PERIOD 1892 TO 2018


WEATHER ITEM   OBSERVED TIME   RECORD YEAR NORMAL DEPARTURE LAST
                VALUE   (LST)  VALUE       VALUE  FROM      YEAR
                                                  NORMAL
..................................................................
TEMPERATURE (F)
 YESTERDAY
  MAXIMUM         80    205 PM  88    1986  67     13       79
  MINIMUM         69   1217 AM  20    1900  47     22       68
  AVERAGE         75                        57     18       74

PRECIPITATION (IN)
  YESTERDAY        T             1.30 1904   0.12  -0.12      T
  MONTH TO DATE    2.71                      2.16   0.55     1.02
  SINCE DEC 1      9.49                      9.28   0.21    10.67
  SINCE JAN 1      5.77                      5.54   0.23     7.11

SNOWFALL (IN)
  YESTERDAY        0.0           0.0  2002
  MONTH TO DATE    0.0
  SINCE DEC 1      0.8
  SINCE JUL 1      0.8

DEGREE DAYS
 HEATING
  YESTERDAY        0                         9     -9        0
  MONTH TO DATE  137                       194    -57       59
  SINCE DEC 1   1004                       933     71      530
  SINCE JUL 1   1115                      1118     -3      588
..................................................................


WIND (MPH)
  HIGHEST WIND SPEED    25   HIGHEST WIND DIRECTION    SE (150)
  HIGHEST GUST SPEED    33   HIGHEST GUST DIRECTION    SE (150)




RELATIVE HUMIDITY (PERCENT)
 HIGHEST    93
 LOWEST     58
 AVERAGE    76

..........................................................


THE HOUSTON INTERCONTINENTAL CLIMATE NORMALS FOR TODAY
                         NORMAL    RECORD    YEAR
 MAXIMUM TEMPERATURE (F)   67        91      1986
 MINIMUM TEMPERATURE (F)   48        25      1908


SUNRISE AND SUNSET
FEBRUARY 20 2018......SUNRISE   656 AM CST   SUNSET   614 PM CST
FEBRUARY 21 2018......SUNRISE   655 AM CST   SUNSET   615 PM CST


-  INDICATES NEGATIVE NUMBERS.
R  INDICATES RECORD WAS SET OR TIED.
MM INDICATES DATA IS MISSING.
T  INDICATES TRACE AMOUNT.


&&

...................................

...THE HOUSTON/HOBBY AIRPORT CLIMATE SUMMARY FOR FEBRUARY 19 2018...

CLIMATE NORMAL PERIOD 1981 TO 2010
CLIMATE RECORD PERIOD 1930 TO 2018


WEATHER ITEM   OBSERVED TIME   RECORD YEAR NORMAL DEPARTURE LAST
                VALUE   (LST)  VALUE       VALUE  FROM      YEAR
                                                  NORMAL
..................................................................
TEMPERATURE (F)
 YESTERDAY
  MAXIMUM         79   1249 PM  87    1986  67     12       80
  MINIMUM         67    726 AM  26    1978  49     18       68
  AVERAGE         73                        58     15       74

PRECIPITATION (IN)
  YESTERDAY        T             0.48 1998   0.11  -0.11     0.01
  MONTH TO DATE    2.41                      2.23   0.18     1.12
  SINCE DEC 1     10.37                     10.13   0.24     8.88
  SINCE JAN 1      5.71                      6.10  -0.39     5.19

SNOWFALL (IN)
  YESTERDAY        0.0          MM      MM
  MONTH TO DATE    0.0
  SINCE DEC 1      1.5
  SINCE JUL 1      1.5

DEGREE DAYS
 HEATING
  YESTERDAY        0                         8     -8        0
  MONTH TO DATE  118                       176    -58       52
  SINCE DEC 1    956                       851    105      453
  SINCE JUL 1   1037                      1007     30      490
..................................................................


WIND (MPH)
  HIGHEST WIND SPEED    24   HIGHEST WIND DIRECTION     S (160)
  HIGHEST GUST SPEED    30   HIGHEST GUST DIRECTION     S (190)




RELATIVE HUMIDITY (PERCENT)
 HIGHEST   100
 LOWEST     67
 AVERAGE    84

..........................................................


THE HOUSTON/HOBBY AIRPORT CLIMATE NORMALS FOR TODAY
                         NORMAL    RECORD    YEAR
 MAXIMUM TEMPERATURE (F)   67        85      1986
 MINIMUM TEMPERATURE (F)   50        32      1978


SUNRISE AND SUNSET
FEBRUARY 20 2018......SUNRISE   656 AM CST   SUNSET   614 PM CST
FEBRUARY 21 2018......SUNRISE   655 AM CST   SUNSET   615 PM CST


-  INDICATES NEGATIVE NUMBERS.
R  INDICATES RECORD WAS SET OR TIED.
MM INDICATES DATA IS MISSING.
T  INDICATES TRACE AMOUNT.




$$
