000
CDUS44 KHGX 230719
CLIHOU


CLIMATE REPORT
NATIONAL WEATHER SERVICE HOUSTON/GALVESTON TX
219 AM CDT TUE SEP 23 2014


...................................

...THE HOUSTON INTERCONTINENTAL CLIMATE SUMMARY FOR SEPTEMBER 22 2014...

CLIMATE NORMAL PERIOD 1981 TO 2010
CLIMATE RECORD PERIOD 1892 TO 2014


WEATHER ITEM   OBSERVED TIME   RECORD YEAR NORMAL DEPARTURE LAST
                VALUE   (LST)  VALUE       VALUE  FROM      YEAR
                                                  NORMAL
..................................................................
TEMPERATURE (F)
 YESTERDAY
  MAXIMUM         93    230 PM 100    2005  88      5       86
  MINIMUM         72   1112 PM  49    1983  68      4       63
  AVERAGE         83                        78      5       75

PRECIPITATION (IN)
  YESTERDAY        T             3.14 1965   0.12  -0.12     0.00
  MONTH TO DATE    3.88                      3.09   0.79     4.06
  SINCE SEP 1      3.88                      3.09   0.79     4.06
  SINCE JAN 1     31.77                     34.96  -3.19    25.26

DEGREE DAYS
 HEATING
  YESTERDAY        0                         0      0        0
  MONTH TO DATE    0                         0      0        0
  SINCE SEP 1      0                         0      0        0
  SINCE JUL 1      0                         0      0        0

 COOLING
  YESTERDAY       18                        13      5       10
  MONTH TO DATE  374                       348     26      404
  SINCE SEP 1    374                       348     26      404
  SINCE JAN 1   2650                      2730    -80     2797
..................................................................


WIND (MPH)
  HIGHEST WIND SPEED    17   HIGHEST WIND DIRECTION     N (360)
  HIGHEST GUST SPEED    21   HIGHEST GUST DIRECTION     N (360)




RELATIVE HUMIDITY (PERCENT)
 HIGHEST    93
 LOWEST     50
 AVERAGE    72

..........................................................


THE HOUSTON INTERCONTINENTAL CLIMATE NORMALS FOR TODAY
                         NORMAL    RECORD    YEAR
 MAXIMUM TEMPERATURE (F)   88        96      1993
                                             1988
                                             1985
 MINIMUM TEMPERATURE (F)   68        49      1999


SUNRISE AND SUNSET
SEPTEMBER 23 2014.....SUNRISE   710 AM CDT   SUNSET   717 PM CDT
SEPTEMBER 24 2014.....SUNRISE   711 AM CDT   SUNSET   715 PM CDT


-  INDICATES NEGATIVE NUMBERS.
R  INDICATES RECORD WAS SET OR TIED.
MM INDICATES DATA IS MISSING.
T  INDICATES TRACE AMOUNT.




...................................

...THE HOUSTON/HOBBY AIRPORT CLIMATE SUMMARY FOR SEPTEMBER 22 2014...

CLIMATE NORMAL PERIOD 1981 TO 2010
CLIMATE RECORD PERIOD 1930 TO 2014


WEATHER ITEM   OBSERVED TIME   RECORD YEAR NORMAL DEPARTURE LAST
                VALUE   (LST)  VALUE       VALUE  FROM      YEAR
                                                  NORMAL
..................................................................
TEMPERATURE (F)
 YESTERDAY
  MAXIMUM         93    351 PM  99    2005  87      6       85
  MINIMUM         73    358 AM  53    1983  70      3       67
  AVERAGE         83                        79      4       76

PRECIPITATION (IN)
  YESTERDAY        T             3.86 1997   0.14  -0.14     0.00
  MONTH TO DATE    4.55                      4.01   0.54     5.04
  SINCE SEP 1      4.55                      4.01   0.54     5.04
  SINCE JAN 1     29.08                     39.11 -10.03    27.91

DEGREE DAYS
 HEATING
  YESTERDAY        0                         0      0        0
  MONTH TO DATE    0                         0      0        0
  SINCE SEP 1      0                         0      0        0
  SINCE JUL 1      0                         0      0        0

 COOLING
  YESTERDAY       18                        14      4       11
  MONTH TO DATE  383                       353     30      415
  SINCE SEP 1    383                       353     30      415
  SINCE JAN 1   2687                      2694     -7     2841
..................................................................


WIND (MPH)
  HIGHEST WIND SPEED    18   HIGHEST WIND DIRECTION    NE (50)
  HIGHEST GUST SPEED    23   HIGHEST GUST DIRECTION    NE (40)




RELATIVE HUMIDITY (PERCENT)
 HIGHEST    93
 LOWEST     49
 AVERAGE    71

..........................................................


THE HOUSTON/HOBBY AIRPORT CLIMATE NORMALS FOR TODAY
                         NORMAL    RECORD    YEAR
 MAXIMUM TEMPERATURE (F)   87        96      2005
 MINIMUM TEMPERATURE (F)   70        54      1994


SUNRISE AND SUNSET
SEPTEMBER 23 2014.....SUNRISE   710 AM CDT   SUNSET   716 PM CDT
SEPTEMBER 24 2014.....SUNRISE   711 AM CDT   SUNSET   715 PM CDT


-  INDICATES NEGATIVE NUMBERS.
R  INDICATES RECORD WAS SET OR TIED.
MM INDICATES DATA IS MISSING.
T  INDICATES TRACE AMOUNT.




$$
