000
CDUS46 KSEW 270828
CLIHQM


CLIMATE REPORT
NATIONAL WEATHER SERVICE SEATTLE WA
127 AM PDT SAT AUG 27 2016


...................................

...THE HOQUIAM WA AIRPORT CLIMATE SUMMARY FOR AUGUST 26 2016...

CLIMATE NORMAL PERIOD 1981 TO 2010
CLIMATE RECORD PERIOD 1953 TO 2016


WEATHER ITEM   OBSERVED TIME   RECORD YEAR NORMAL DEPARTURE LAST
                VALUE   (LST)  VALUE       VALUE  FROM      YEAR
                                                  NORMAL
..................................................................
TEMPERATURE (F)
 YESTERDAY
  MAXIMUM         86R   101 PM  82    1967  68     18       77
  MINIMUM         54    533 AM  41    1955  53      1       48
  AVERAGE         70                        61      9       63

PRECIPITATION (IN)
  YESTERDAY        0.00          1.39 1953   0.06  -0.06     0.00
  MONTH TO DATE    0.19                      1.00  -0.81     0.05
  SINCE OCT 1     74.68                     64.96   9.72    58.34
  SINCE JAN 1     41.26                     37.30   3.96    26.92

DEGREE DAYS
 HEATING
  YESTERDAY        0                         4     -4        2
  MONTH TO DATE   83                       104    -21       47
  SINCE JUN 1    414                       514   -100      250

 COOLING
  YESTERDAY        5                         0      5        0
  MONTH TO DATE   31                         0     31       12
  SINCE JUN 1     44                         8     36       31
  SINCE JAN 1     49                         9     40       31
..................................................................


WIND (MPH)
  RESULTANT WIND SPEED   3   RESULTANT WIND DIRECTION  SW (210)
  HIGHEST WIND SPEED    15   HIGHEST WIND DIRECTION    SW (230)
  HIGHEST GUST SPEED    17   HIGHEST GUST DIRECTION    SW (230)
  AVERAGE WIND SPEED     7.4


SKY COVER
  AVERAGE SKY COVER 0.1


WEATHER CONDITIONS
 THE FOLLOWING WEATHER WAS RECORDED YESTERDAY.
  FOG


RELATIVE HUMIDITY (PERCENT)
 HIGHEST   100           100 AM
 LOWEST     40          1100 AM
 AVERAGE    70

..........................................................


THE HOQUIAM WA AIRPORT CLIMATE NORMALS FOR TODAY
                         NORMAL    RECORD    YEAR
 MAXIMUM TEMPERATURE (F)   68        81      1999
                                             1994
                                             1990
 MINIMUM TEMPERATURE (F)   53        43      1955


SUNRISE AND SUNSET
AUGUST 27 2016........SUNRISE   629 AM PDT   SUNSET   804 PM PDT
AUGUST 28 2016........SUNRISE   631 AM PDT   SUNSET   802 PM PDT


-  INDICATES NEGATIVE NUMBERS.
R  INDICATES RECORD WAS SET OR TIED.
MM INDICATES DATA IS MISSING.
T  INDICATES TRACE AMOUNT.




$$
