000
CDUS46 KSEW 300830
CLIHQM


CLIMATE REPORT
NATIONAL WEATHER SERVICE SEATTLE WA
130 AM PDT SUN AUG 30 2015


...................................

...THE HOQUIAM WA AIRPORT CLIMATE SUMMARY FOR AUGUST 29 2015...

CLIMATE NORMAL PERIOD 1981 TO 2010
CLIMATE RECORD PERIOD 1953 TO 2015


WEATHER ITEM   OBSERVED TIME   RECORD YEAR NORMAL DEPARTURE LAST
                VALUE   (LST)  VALUE       VALUE  FROM      YEAR
                                                  NORMAL
..................................................................
TEMPERATURE (F)
 YESTERDAY
  MAXIMUM         65   1133 AM  84    2007  68     -3       68
  MINIMUM         56   1159 PM  40    1969  53      3       55
                                      1965
  AVERAGE         61                        61      0       62

PRECIPITATION (IN)
  YESTERDAY        1.01          1.25 1977   0.06   0.95     0.01
  MONTH TO DATE    1.32                      1.18   0.14     0.74
  SINCE OCT 1     59.61                     65.14  -5.53    54.51
  SINCE JAN 1     28.19                     37.48  -9.29    42.40

DEGREE DAYS
 HEATING
  YESTERDAY        4                         4      0        3
  MONTH TO DATE   52                       116    -64       74
  SINCE JUN 1    255                       526   -271      393

 COOLING
  YESTERDAY        0                         0      0        0
  MONTH TO DATE   12                         0     12        7
  SINCE JUN 1     31                         8     23       15
  SINCE JAN 1     31                         9     22       30
..................................................................


WIND (MPH)
  RESULTANT WIND SPEED  20   RESULTANT WIND DIRECTION   S (160)
  HIGHEST WIND SPEED    49   HIGHEST WIND DIRECTION     S (160)
  HIGHEST GUST SPEED    64   HIGHEST GUST DIRECTION    SE (150)
  AVERAGE WIND SPEED    21.2


SKY COVER
  AVERAGE SKY COVER 0.7


WEATHER CONDITIONS
 THE FOLLOWING WEATHER WAS RECORDED YESTERDAY.
  RAIN
  LIGHT RAIN
  FOG


RELATIVE HUMIDITY (PERCENT)
 HIGHEST    93           400 AM
 LOWEST     67           700 AM
 AVERAGE    80

..........................................................


THE HOQUIAM WA AIRPORT CLIMATE NORMALS FOR TODAY
                         NORMAL    RECORD    YEAR
 MAXIMUM TEMPERATURE (F)   68        83      1993
                                             1968
 MINIMUM TEMPERATURE (F)   53        43      1972


SUNRISE AND SUNSET
AUGUST 30 2015........SUNRISE   632 AM PDT   SUNSET   759 PM PDT
AUGUST 31 2015........SUNRISE   634 AM PDT   SUNSET   757 PM PDT


-  INDICATES NEGATIVE NUMBERS.
R  INDICATES RECORD WAS SET OR TIED.
MM INDICATES DATA IS MISSING.
T  INDICATES TRACE AMOUNT.




$$
