576
CDUS46 KSEW 190832
CLIHQM


CLIMATE REPORT
NATIONAL WEATHER SERVICE SEATTLE WA
1231 AM PST MON FEB 19 2018


...................................

...THE HOQUIAM WA AIRPORT CLIMATE SUMMARY FOR FEBRUARY 18 2018...

CLIMATE NORMAL PERIOD 1981 TO 2010
CLIMATE RECORD PERIOD 1953 TO 2018


WEATHER ITEM   OBSERVED TIME   RECORD YEAR NORMAL DEPARTURE LAST
                VALUE   (LST)  VALUE       VALUE  FROM      YEAR
                                                  NORMAL
..................................................................
TEMPERATURE (F)
 YESTERDAY
  MAXIMUM         44    335 PM  63    1977  50     -6       47
  MINIMUM         32   1046 PM  25    1955  38     -6       42
  AVERAGE         38                        44     -6       45

PRECIPITATION (IN)
  YESTERDAY        0.08          1.83 1995   0.24  -0.16     0.07
  MONTH TO DATE    4.29                      4.80  -0.51     6.00
  SINCE OCT 1     48.81                     42.79   6.02    52.63
  SINCE JAN 1     17.22                     15.13   2.09    11.09

DEGREE DAYS
 HEATING
  YESTERDAY       27                        21      6       20
  MONTH TO DATE  385                       388     -3      398
  SINCE DEC 1   1713                      1809    -96     2004

 COOLING
  YESTERDAY        0                         0      0        0
  MONTH TO DATE    0                         0      0        0
  SINCE DEC 1      0                         0      0        0
  SINCE JAN 1      0                         0      0        0
..................................................................


WIND (MPH)
  RESULTANT WIND SPEED   2   RESULTANT WIND DIRECTION  NE (30)
  HIGHEST WIND SPEED    33   HIGHEST WIND DIRECTION     W (260)
  HIGHEST GUST SPEED    40   HIGHEST GUST DIRECTION     W (260)
  AVERAGE WIND SPEED     9.5


SKY COVER
  AVERAGE SKY COVER 0.7


WEATHER CONDITIONS
 THE FOLLOWING WEATHER WAS RECORDED YESTERDAY.
  LIGHT RAIN
  LIGHT SNOW
  FOG


RELATIVE HUMIDITY (PERCENT)
 HIGHEST   100           500 AM
 LOWEST     62           300 PM
 AVERAGE    81

..........................................................


THE HOQUIAM WA AIRPORT CLIMATE NORMALS FOR TODAY
                         NORMAL    RECORD    YEAR
 MAXIMUM TEMPERATURE (F)   50        61      1978
 MINIMUM TEMPERATURE (F)   38        22      2006


SUNRISE AND SUNSET
FEBRUARY 19 2018......SUNRISE   713 AM PST   SUNSET   547 PM PST
FEBRUARY 20 2018......SUNRISE   711 AM PST   SUNSET   548 PM PST


-  INDICATES NEGATIVE NUMBERS.
R  INDICATES RECORD WAS SET OR TIED.
MM INDICATES DATA IS MISSING.
T  INDICATES TRACE AMOUNT.




$$
