000
CDUS46 KSEW 230836
CLIHQM


CLIMATE REPORT
NATIONAL WEATHER SERVICE SEATTLE WA
136 AM PDT WED AUG 23 2017


...................................

...THE HOQUIAM WA AIRPORT CLIMATE SUMMARY FOR AUGUST 22 2017...

CLIMATE NORMAL PERIOD 1981 TO 2010
CLIMATE RECORD PERIOD 1953 TO 2017


WEATHER ITEM   OBSERVED TIME   RECORD YEAR NORMAL DEPARTURE LAST
                VALUE   (LST)  VALUE       VALUE  FROM      YEAR
                                                  NORMAL
..................................................................
TEMPERATURE (F)
 YESTERDAY
  MAXIMUM         66   1030 AM  85    1988  68     -2       65
  MINIMUM         52    605 AM  46    1985  54     -2       54
                                      1969
  AVERAGE         59                        61     -2       60

PRECIPITATION (IN)
  YESTERDAY        0.00          1.19 2001   0.05  -0.05     0.00
  MONTH TO DATE    0.26                      0.79  -0.53     0.19
  SINCE OCT 1     84.41                     64.75  19.66    74.68
  SINCE JAN 1     42.87                     37.09   5.78    41.26

DEGREE DAYS
 HEATING
  YESTERDAY        6                         4      2        5
  MONTH TO DATE   76                        88    -12       79
  SINCE JUN 1    422                       498    -76      410

 COOLING
  YESTERDAY        0                         0      0        0
  MONTH TO DATE   19                         0     19       20
  SINCE JUN 1     33                         8     25       33
  SINCE JAN 1     33                         9     24       38
..................................................................


WIND (MPH)
  RESULTANT WIND SPEED   7   RESULTANT WIND DIRECTION  SW (230)
  HIGHEST WIND SPEED    17   HIGHEST WIND DIRECTION    SW (210)
  HIGHEST GUST SPEED    20   HIGHEST GUST DIRECTION    SW (210)
  AVERAGE WIND SPEED     7.8


SKY COVER
  AVERAGE SKY COVER 0.6


WEATHER CONDITIONS
 THE FOLLOWING WEATHER WAS RECORDED YESTERDAY.
  FOG


RELATIVE HUMIDITY (PERCENT)
 HIGHEST   100          1200 AM
 LOWEST     78          1100 AM
 AVERAGE    89

..........................................................


THE HOQUIAM WA AIRPORT CLIMATE NORMALS FOR TODAY
                         NORMAL    RECORD    YEAR
 MAXIMUM TEMPERATURE (F)   68        86      1988
                                             1985
 MINIMUM TEMPERATURE (F)   54        43      1987
                                             1969


SUNRISE AND SUNSET
AUGUST 23 2017........SUNRISE   624 AM PDT   SUNSET   812 PM PDT
AUGUST 24 2017........SUNRISE   625 AM PDT   SUNSET   810 PM PDT


-  INDICATES NEGATIVE NUMBERS.
R  INDICATES RECORD WAS SET OR TIED.
MM INDICATES DATA IS MISSING.
T  INDICATES TRACE AMOUNT.




$$
