000
CDUS46 KSEW 010832
CLIHQM


CLIMATE REPORT
NATIONAL WEATHER SERVICE SEATTLE WA
132 AM PDT SAT OCT 1 2016


...................................

...THE HOQUIAM WA AIRPORT CLIMATE SUMMARY FOR SEPTEMBER 30 2016...

CLIMATE NORMAL PERIOD 1981 TO 2010
CLIMATE RECORD PERIOD 1953 TO 2016


WEATHER ITEM   OBSERVED TIME   RECORD YEAR NORMAL DEPARTURE LAST
                VALUE   (LST)  VALUE       VALUE  FROM      YEAR
                                                  NORMAL
..................................................................
TEMPERATURE (F)
 YESTERDAY
  MAXIMUM         57    102 PM  85    1987  64     -7       64
  MINIMUM         49    635 AM  33    1971  48      1       50
  AVERAGE         53                        56     -3       57

PRECIPITATION (IN)
  YESTERDAY        T             1.22 2007   0.11  -0.11     0.00
  MONTH TO DATE    3.24                      2.28   0.96     2.76
  SINCE OCT 1     78.33                     67.55  10.78    62.82
  SINCE JAN 1     44.91                     39.89   5.02    31.40

DEGREE DAYS
 HEATING
  YESTERDAY       12                         9      3        8
  MONTH TO DATE  202                       189     13      177
  SINCE SEP 1    202                       196      6      177

 COOLING
  YESTERDAY        0                         0      0        0
  MONTH TO DATE    1                         7     -6        4
  SINCE SEP 1      1                         7     -6        4
  SINCE JAN 1     50                        23     27       35
..................................................................


WIND (MPH)
  RESULTANT WIND SPEED   1   RESULTANT WIND DIRECTION   S (200)
  HIGHEST WIND SPEED    16   HIGHEST WIND DIRECTION    SW (220)
  HIGHEST GUST SPEED    18   HIGHEST GUST DIRECTION    SW (210)
  AVERAGE WIND SPEED     6.7


SKY COVER
  AVERAGE SKY COVER 0.7


WEATHER CONDITIONS
 THE FOLLOWING WEATHER WAS RECORDED YESTERDAY.
  FOG


RELATIVE HUMIDITY (PERCENT)
 HIGHEST   100          1200 AM
 LOWEST     80           100 PM
 AVERAGE    90

..........................................................


THE HOQUIAM WA AIRPORT CLIMATE NORMALS FOR TODAY
                         NORMAL    RECORD    YEAR
 MAXIMUM TEMPERATURE (F)   64        83      1987
 MINIMUM TEMPERATURE (F)   48        38      1983


SUNRISE AND SUNSET
OCTOBER  1 2016.......SUNRISE   715 AM PDT   SUNSET   654 PM PDT
OCTOBER  2 2016.......SUNRISE   717 AM PDT   SUNSET   652 PM PDT


-  INDICATES NEGATIVE NUMBERS.
R  INDICATES RECORD WAS SET OR TIED.
MM INDICATES DATA IS MISSING.
T  INDICATES TRACE AMOUNT.




$$
