000
CDUS44 KBRO 270730
CLIHRL


CLIMATE REPORT
NATIONAL WEATHER SERVICE BROWNSVILLE TX
130 AM CST FRI FEB 27 2015


...................................

...THE HARLINGEN CLIMATE SUMMARY FOR FEBRUARY 26 2015...

CLIMATE NORMAL PERIOD 1981 TO 2010
CLIMATE RECORD PERIOD 1912 TO 2015


WEATHER ITEM   OBSERVED TIME   RECORD YEAR NORMAL DEPARTURE LAST
                VALUE   (LST)  VALUE       VALUE  FROM      YEAR
                                                  NORMAL
..................................................................
TEMPERATURE (F)
 YESTERDAY
  MAXIMUM         71    159 PM  95    1913  76     -5       72
  MINIMUM         39    636 AM  30    1914  54    -15       44
  AVERAGE         55                        65    -10       58

PRECIPITATION (IN)
  YESTERDAY        0.00          2.17 1983   0.03  -0.03     0.02
  MONTH TO DATE    0.88                      1.34  -0.46     0.16
  SINCE DEC 1      5.12                      3.66   1.46     4.72
  SINCE JAN 1      2.81                      2.40   0.41     1.00

SNOWFALL (IN)
  YESTERDAY        0.0
  MONTH TO DATE    0.0
  SINCE DEC 1      0.0
  SINCE JUL 1      0.0

DEGREE DAYS
 HEATING
  YESTERDAY       10                         3      7        7
  MONTH TO DATE  137                       113     24      166
  SINCE DEC 1    536                       504     32      667
  SINCE JUL 1    671                       561    110      799

 COOLING
  YESTERDAY        0                         3     -3        0
  MONTH TO DATE   45                        69    -24       92
  SINCE DEC 1    150                       176    -26      174
  SINCE JAN 1     59                       118    -59      111
..................................................................


WIND (MPH)
  HIGHEST WIND SPEED    24   HIGHEST WIND DIRECTION     E (70)
  HIGHEST GUST SPEED    29   HIGHEST GUST DIRECTION     E (70)
  AVERAGE WIND SPEED    10.4



WEATHER CONDITIONS
 THE FOLLOWING WEATHER WAS RECORDED YESTERDAY.
  FOG
  FOG W/VISIBILITY <= 1/4 MILE


RELATIVE HUMIDITY (PERCENT)
 HIGHEST   100
 LOWEST     44
 AVERAGE    72

..........................................................


THE HARLINGEN CLIMATE NORMALS FOR TODAY
                         NORMAL    RECORD    YEAR
 MAXIMUM TEMPERATURE (F)   76        96      1939
 MINIMUM TEMPERATURE (F)   55        30      1935


SUNRISE AND SUNSET
FEBRUARY 27 2015......SUNRISE   656 AM CST   SUNSET   631 PM CST
FEBRUARY 28 2015......SUNRISE   655 AM CST   SUNSET   631 PM CST


-  INDICATES NEGATIVE NUMBERS.
R  INDICATES RECORD WAS SET OR TIED.
MM INDICATES DATA IS MISSING.
T  INDICATES TRACE AMOUNT.




$$
