000
CDUS44 KBRO 212235
CLIHRL


CLIMATE REPORT
NATIONAL WEATHER SERVICE BROWNSVILLE TX
435 PM CST TUE FEB 21 2017


...................................

...THE HARLINGEN CLIMATE SUMMARY FOR FEBRUARY 21 2017...
VALID TODAY AS OF 0400 PM LOCAL TIME.

CLIMATE NORMAL PERIOD 1981 TO 2010
CLIMATE RECORD PERIOD 1912 TO 2017


WEATHER ITEM   OBSERVED TIME   RECORD YEAR NORMAL DEPARTURE LAST
                VALUE   (LST)  VALUE       VALUE  FROM      YEAR
                                                  NORMAL
..................................................................
TEMPERATURE (F)
 TODAY
  MAXIMUM         92    229 PM  95    1996  75     17       86
  MINIMUM         58    707 AM  32    1921  54      4       63
  AVERAGE         75                        64     11       75

PRECIPITATION (IN)
  TODAY            0.00          3.38 1958   0.04  -0.04     0.00
  MONTH TO DATE    0.41                      1.16  -0.75     0.00
  SINCE DEC 1      2.64                      3.48  -0.84     2.21
  SINCE JAN 1      1.31                      2.22  -0.91     1.91

SNOWFALL (IN)
  TODAY            0.0
  MONTH TO DATE    0.0
  SINCE DEC 1      0.0
  SINCE JUL 1      0.0
  SNOW DEPTH       0

DEGREE DAYS
 HEATING
  TODAY            0                         4     -4        0
  MONTH TO DATE    9                        97    -88       51
  SINCE DEC 1    215                       488   -273      324
  SINCE JUL 1    230                       545   -315      360

 COOLING
  TODAY           10                         3      7       10
  MONTH TO DATE  169                        54    115       79
  SINCE DEC 1    457                       161    296      240
  SINCE JAN 1    300                       103    197      107
..................................................................


WIND (MPH)
  HIGHEST WIND SPEED    25   HIGHEST WIND DIRECTION    NW (320)
  HIGHEST GUST SPEED    32   HIGHEST GUST DIRECTION     W (290)
  AVERAGE WIND SPEED    12.7



WEATHER CONDITIONS
 THE FOLLOWING WEATHER WAS RECORDED TODAY.
  FOG


RELATIVE HUMIDITY (PERCENT)
 HIGHEST   100
 LOWEST     10
 AVERAGE    55

..........................................................


THE HARLINGEN CLIMATE NORMALS FOR TOMORROW
                         NORMAL    RECORD    YEAR
 MAXIMUM TEMPERATURE (F)   75        96      1925
 MINIMUM TEMPERATURE (F)   54        32      1978


SUNRISE AND SUNSET
FEBRUARY 21 2017......SUNRISE   701 AM CST   SUNSET   628 PM CST
FEBRUARY 22 2017......SUNRISE   700 AM CST   SUNSET   628 PM CST


-  INDICATES NEGATIVE NUMBERS.
R  INDICATES RECORD WAS SET OR TIED.
MM INDICATES DATA IS MISSING.
T  INDICATES TRACE AMOUNT.




$$
