000
CDUS44 KBRO 052125
CLIHRL


CLIMATE REPORT
NATIONAL WEATHER SERVICE BROWNSVILLE TX
425 PM CDT THU MAY 5 2016


...................................

...THE HARLINGEN CLIMATE SUMMARY FOR MAY 5 2016...
VALID TODAY AS OF 0400 PM LOCAL TIME.

CLIMATE NORMAL PERIOD 1981 TO 2010
CLIMATE RECORD PERIOD 1912 TO 2016


WEATHER ITEM   OBSERVED TIME   RECORD YEAR NORMAL DEPARTURE LAST
                VALUE   (LST)  VALUE       VALUE  FROM      YEAR
                                                  NORMAL
..................................................................
TEMPERATURE (F)
 TODAY
  MAXIMUM         96    258 PM 103    1999  89      7       85
  MINIMUM         59    618 AM  48    1970  69    -10       73
  AVERAGE         78                        79     -1       79

PRECIPITATION (IN)
  TODAY            0.00          3.00 1941   0.08  -0.08     0.00
  MONTH TO DATE    T                         0.39  -0.39      T
  SINCE MAR 1      2.27                      3.35  -1.08     6.79
  SINCE JAN 1      4.18                      5.82  -1.64     9.71

SNOWFALL (IN)
  TODAY            0.0
  MONTH TO DATE    0.0
  SINCE MAR 1      0.0
  SINCE JUL 1      0.0
  SNOW DEPTH       0

DEGREE DAYS
 HEATING
  TODAY            0                         0      0        0
  MONTH TO DATE    0                         0      0        0
  SINCE MAR 1     13                        54    -41       74
  SINCE JUL 1    389                       622   -233      767

 COOLING
  TODAY           13                        14     -1       14
  MONTH TO DATE   58                        68    -10       55
  SINCE MAR 1    730                       557    173      555
  SINCE JAN 1    870                       682    188      614
..................................................................


WIND (MPH)
  HIGHEST WIND SPEED    12   HIGHEST WIND DIRECTION    NE (40)
  HIGHEST GUST SPEED    16   HIGHEST GUST DIRECTION     E (70)
  AVERAGE WIND SPEED     5.8



WEATHER CONDITIONS
 THE FOLLOWING WEATHER WAS RECORDED TODAY.
  NO SIGNIFICANT WEATHER WAS OBSERVED.


RELATIVE HUMIDITY (PERCENT)
 HIGHEST    93
 LOWEST     22
 AVERAGE    58

..........................................................


THE HARLINGEN CLIMATE NORMALS FOR TOMORROW
                         NORMAL    RECORD    YEAR
 MAXIMUM TEMPERATURE (F)   89       100      1934
 MINIMUM TEMPERATURE (F)   69        48      1970


SUNRISE AND SUNSET
MAY  5 2016...........SUNRISE   650 AM CDT   SUNSET   805 PM CDT
MAY  6 2016...........SUNRISE   649 AM CDT   SUNSET   806 PM CDT


-  INDICATES NEGATIVE NUMBERS.
R  INDICATES RECORD WAS SET OR TIED.
MM INDICATES DATA IS MISSING.
T  INDICATES TRACE AMOUNT.




$$
