000
CDUS44 KBRO 290627
CLIHRL


CLIMATE REPORT
NATIONAL WEATHER SERVICE BROWNSVILLE TX
126 AM CDT SUN MAR 29 2015


...................................

...THE HARLINGEN CLIMATE SUMMARY FOR MARCH 28 2015...

CLIMATE NORMAL PERIOD 1981 TO 2010
CLIMATE RECORD PERIOD 1912 TO 2015


WEATHER ITEM   OBSERVED TIME   RECORD YEAR NORMAL DEPARTURE LAST
                VALUE   (LST)  VALUE       VALUE  FROM      YEAR
                                                  NORMAL
..................................................................
TEMPERATURE (F)
 YESTERDAY
  MAXIMUM         82    247 PM 104    1984  83     -1       95
  MINIMUM         48    629 AM  40    1913  61    -13       65
  AVERAGE         65                        72     -7       80

PRECIPITATION (IN)
  YESTERDAY        0.00          2.01 1999   0.06  -0.06     0.00
  MONTH TO DATE    3.06                      1.16   1.90     1.78
  SINCE MAR 1      3.06                      1.16   1.90     1.78
  SINCE JAN 1      5.98                      3.63   2.35     2.78

SNOWFALL (IN)
  YESTERDAY        0.0
  MONTH TO DATE    0.0
  SINCE MAR 1      0.0
  SINCE JUL 1      0.0

DEGREE DAYS
 HEATING
  YESTERDAY        0                         1     -1        0
  MONTH TO DATE   74                        46     28      107
  SINCE MAR 1     74                        46     28      107
  SINCE JUL 1    767                       614    153      918

 COOLING
  YESTERDAY        0                         7     -7       15
  MONTH TO DATE   92                       148    -56       96
  SINCE MAR 1     92                       148    -56       96
  SINCE JAN 1    151                       273   -122      207
..................................................................


WIND (MPH)
  HIGHEST WIND SPEED    26   HIGHEST WIND DIRECTION     S (160)
  HIGHEST GUST SPEED    31   HIGHEST GUST DIRECTION     S (160)
  AVERAGE WIND SPEED    12.3



WEATHER CONDITIONS
 THE FOLLOWING WEATHER WAS RECORDED YESTERDAY.
  NO SIGNIFICANT WEATHER WAS OBSERVED.


RELATIVE HUMIDITY (PERCENT)
 HIGHEST   100
 LOWEST     35
 AVERAGE    68

..........................................................


THE HARLINGEN CLIMATE NORMALS FOR TODAY
                         NORMAL    RECORD    YEAR
 MAXIMUM TEMPERATURE (F)   83       100      1928
 MINIMUM TEMPERATURE (F)   61        41      1955


SUNRISE AND SUNSET
MARCH 29 2015.........SUNRISE   725 AM CDT   SUNSET   746 PM CDT
MARCH 30 2015.........SUNRISE   724 AM CDT   SUNSET   747 PM CDT


-  INDICATES NEGATIVE NUMBERS.
R  INDICATES RECORD WAS SET OR TIED.
MM INDICATES DATA IS MISSING.
T  INDICATES TRACE AMOUNT.

$$
