000
CDUS44 KBRO 112125
CLIHRL


CLIMATE REPORT
NATIONAL WEATHER SERVICE BROWNSVILLE TX
425 PM CDT FRI JUL 11 2014


...................................

...THE HARLINGEN CLIMATE SUMMARY FOR JULY 11 2014...
VALID TODAY AS OF 0400 PM LOCAL TIME.

CLIMATE NORMAL PERIOD 1981 TO 2010
CLIMATE RECORD PERIOD 1912 TO 2014


WEATHER ITEM   OBSERVED TIME   RECORD YEAR NORMAL DEPARTURE LAST
                VALUE   (LST)  VALUE       VALUE  FROM      YEAR
                                                  NORMAL
..................................................................
TEMPERATURE (F)
 TODAY
  MAXIMUM         94    245 PM 102    1947  95     -1       96
  MINIMUM         75   1202 AM  68    1934  75      0       73
  AVERAGE         85                        85      0       85

PRECIPITATION (IN)
  TODAY            0.00          0.85 1934   0.08  -0.08      T
  MONTH TO DATE    0.59                      0.82  -0.23     1.16
  SINCE JUN 1      0.88                      3.32  -2.44     1.96
  SINCE JAN 1      5.72                     11.24  -5.52     9.13

SNOWFALL (IN)
  TODAY            0.0
  MONTH TO DATE    0.0
  SINCE JUN 1      0.0
  SINCE JUL 1      0.0
  SNOW DEPTH       0

DEGREE DAYS
 HEATING
  TODAY            0                         0      0        0
  MONTH TO DATE    0                         0      0        0
  SINCE JUN 1      0                         0      0        0
  SINCE JUL 1      0                         0      0        0

 COOLING
  TODAY           20                        20      0       20
  MONTH TO DATE  204                       220    -16      207
  SINCE JUN 1    826                       788     38      842
  SINCE JAN 1   1762                      1889   -127     1937
..................................................................


WIND (MPH)
  HIGHEST WIND SPEED    22   HIGHEST WIND DIRECTION    SE (130)
  HIGHEST GUST SPEED    28   HIGHEST GUST DIRECTION    SE (130)
  AVERAGE WIND SPEED    10.5



WEATHER CONDITIONS
 THE FOLLOWING WEATHER WAS RECORDED TODAY.
  FOG


RELATIVE HUMIDITY (PERCENT)
 HIGHEST    97
 LOWEST     49
 AVERAGE    73

..........................................................


THE HARLINGEN CLIMATE NORMALS FOR TOMORROW
                         NORMAL    RECORD    YEAR
 MAXIMUM TEMPERATURE (F)   95       101      1938
 MINIMUM TEMPERATURE (F)   75        68      1916


SUNRISE AND SUNSET
JULY 11 2014..........SUNRISE   646 AM CDT   SUNSET   826 PM CDT
JULY 12 2014..........SUNRISE   646 AM CDT   SUNSET   826 PM CDT


-  INDICATES NEGATIVE NUMBERS.
R  INDICATES RECORD WAS SET OR TIED.
MM INDICATES DATA IS MISSING.
T  INDICATES TRACE AMOUNT.




$$
