000
CDUS44 KBRO 302144
CLIHRL


CLIMATE REPORT
NATIONAL WEATHER SERVICE BROWNSVILLE TX
444 PM CDT SUN APR 30 2017


...................................

...THE HARLINGEN CLIMATE SUMMARY FOR APRIL 30 2017...
VALID TODAY AS OF 0400 PM LOCAL TIME.

CLIMATE NORMAL PERIOD 1981 TO 2010
CLIMATE RECORD PERIOD 1912 TO 2017


WEATHER ITEM   OBSERVED TIME   RECORD YEAR NORMAL DEPARTURE LAST
                VALUE   (LST)  VALUE       VALUE  FROM      YEAR
                                                  NORMAL
..................................................................
TEMPERATURE (F)
 TODAY
  MAXIMUM         88    259 PM 103    1953  88      0       96
  MINIMUM         67    645 AM  48    1925  68     -1       77
  AVERAGE         78                        78      0       87

PRECIPITATION (IN)
  TODAY            0.00          7.92 1976   0.06  -0.06     0.01
  MONTH TO DATE    0.87                      1.67  -0.80     0.49
  SINCE MAR 1      3.09                      2.96   0.13     2.27
  SINCE JAN 1      4.40                      5.43  -1.03     4.18

SNOWFALL (IN)
  TODAY            0.0
  MONTH TO DATE    0.0
  SINCE MAR 1      0.0
  SINCE JUL 1      0.0
  SNOW DEPTH       0

DEGREE DAYS
 HEATING
  TODAY            0                         0      0        0
  MONTH TO DATE    0                         7     -7        2
  SINCE MAR 1      4                        54    -50       13
  SINCE JUL 1    234                       622   -388      389

 COOLING
  TODAY           13                        13      0       22
  MONTH TO DATE  383                       319     64      387
  SINCE MAR 1    673                       489    184      672
  SINCE JAN 1   1040                       614    426      812
..................................................................


WIND (MPH)
  HIGHEST WIND SPEED    40   HIGHEST WIND DIRECTION     N (360)
  HIGHEST GUST SPEED    49   HIGHEST GUST DIRECTION     N (360)
  AVERAGE WIND SPEED    16.8



WEATHER CONDITIONS
 THE FOLLOWING WEATHER WAS RECORDED TODAY.
  NO SIGNIFICANT WEATHER WAS OBSERVED.


RELATIVE HUMIDITY (PERCENT)
 HIGHEST    91
 LOWEST     16
 AVERAGE    54

..........................................................


THE HARLINGEN CLIMATE NORMALS FOR TOMORROW
                         NORMAL    RECORD    YEAR
 MAXIMUM TEMPERATURE (F)   88       100      1933
 MINIMUM TEMPERATURE (F)   68        46      1925


SUNRISE AND SUNSET
APRIL 30 2017.........SUNRISE   654 AM CDT   SUNSET   802 PM CDT
MAY  1 2017...........SUNRISE   653 AM CDT   SUNSET   803 PM CDT


-  INDICATES NEGATIVE NUMBERS.
R  INDICATES RECORD WAS SET OR TIED.
MM INDICATES DATA IS MISSING.
T  INDICATES TRACE AMOUNT.




$$
