597
CDUS44 KBRO 160745
CLIHRL


CLIMATE REPORT
NATIONAL WEATHER SERVICE BROWNSVILLE TX
145 AM CST MON JAN 16 2017


...................................

...THE HARLINGEN CLIMATE SUMMARY FOR JANUARY 15 2017...

CLIMATE NORMAL PERIOD 1981 TO 2010
CLIMATE RECORD PERIOD 1912 TO 2017


WEATHER ITEM   OBSERVED TIME   RECORD YEAR NORMAL DEPARTURE LAST
                VALUE   (LST)  VALUE       VALUE  FROM      YEAR
                                                  NORMAL
..................................................................
TEMPERATURE (F)
 YESTERDAY
  MAXIMUM         85    222 PM  87    1960  71     14       85
  MINIMUM         69    549 AM  27    1975  49     20       49
                                      1982
  AVERAGE         77                        60     17       67

PRECIPITATION (IN)
  YESTERDAY        0.00          1.64 2011   0.02  -0.02     0.00
  MONTH TO DATE    0.01                      0.39  -0.38     1.81
  SINCE DEC 1      1.34                      1.65  -0.31     2.11
  SINCE JAN 1      0.01                      0.39  -0.38     1.81

SNOWFALL (IN)
  YESTERDAY        0.0
  MONTH TO DATE    0.0
  SINCE DEC 1      0.0
  SINCE JUL 1      0.0

DEGREE DAYS
 HEATING
  YESTERDAY        0                         7     -7        0
  MONTH TO DATE   63                       105    -42      115
  SINCE DEC 1    165                       296   -131      190
  SINCE JUL 1    180                       353   -173      226

 COOLING
  YESTERDAY       12                         2     10        2
  MONTH TO DATE   75                        30     45        7
  SINCE DEC 1    232                        88    144      140
  SINCE JAN 1     75                        30     45        7
..................................................................


WIND (MPH)
  HIGHEST WIND SPEED    33   HIGHEST WIND DIRECTION     S (170)
  HIGHEST GUST SPEED    41   HIGHEST GUST DIRECTION     S (180)
  AVERAGE WIND SPEED    19.3



WEATHER CONDITIONS
 THE FOLLOWING WEATHER WAS RECORDED YESTERDAY.
  NO SIGNIFICANT WEATHER WAS OBSERVED.


RELATIVE HUMIDITY (PERCENT)
 HIGHEST   100
 LOWEST     51
 AVERAGE    76

..........................................................


THE HARLINGEN CLIMATE NORMALS FOR TODAY
                         NORMAL    RECORD    YEAR
 MAXIMUM TEMPERATURE (F)   71        90      1943
 MINIMUM TEMPERATURE (F)   49        32      1930
                                             1944


SUNRISE AND SUNSET
JANUARY 16 2017.......SUNRISE   720 AM CST   SUNSET   602 PM CST
JANUARY 17 2017.......SUNRISE   720 AM CST   SUNSET   602 PM CST


-  INDICATES NEGATIVE NUMBERS.
R  INDICATES RECORD WAS SET OR TIED.
MM INDICATES DATA IS MISSING.
T  INDICATES TRACE AMOUNT.




$$
