000
CDUS44 KBRO 220645
CLIHRL


CLIMATE REPORT
NATIONAL WEATHER SERVICE BROWNSVILLE TX
145 AM CDT FRI AUG 22 2014


...................................

...THE HARLINGEN CLIMATE SUMMARY FOR AUGUST 21 2014...

CLIMATE NORMAL PERIOD 1981 TO 2010
CLIMATE RECORD PERIOD 1912 TO 2014


WEATHER ITEM   OBSERVED TIME   RECORD YEAR NORMAL DEPARTURE LAST
                VALUE   (LST)  VALUE       VALUE  FROM      YEAR
                                                  NORMAL
..................................................................
TEMPERATURE (F)
 YESTERDAY
  MAXIMUM        100    152 PM 104    1930  96      4       95
  MINIMUM         80   1155 PM  66    1931  75      5       74
  AVERAGE         90                        85      5       85

PRECIPITATION (IN)
  YESTERDAY        0.00          1.21 1915   0.06  -0.06     0.01
  MONTH TO DATE    0.44                      0.82  -0.38     0.47
  SINCE JUN 1      1.32                      5.25  -3.93     2.89
  SINCE JAN 1      6.16                     13.17  -7.01    10.06

SNOWFALL (IN)
  YESTERDAY        0.0
  MONTH TO DATE    0.0
  SINCE JUN 1      0.0
  SINCE JUL 1      0.0

DEGREE DAYS
 HEATING
  YESTERDAY        0                         0      0        0
  MONTH TO DATE    0                         0      0        0
  SINCE JUN 1      0                         0      0        0
  SINCE JUL 1      0                         0      0        0

 COOLING
  YESTERDAY       25                        20      5       20
  MONTH TO DATE  474                       438     36      463
  SINCE JUN 1   1746                      1629    117     1739
  SINCE JAN 1   2682                      2730    -48     2834
..................................................................


WIND (MPH)
  HIGHEST WIND SPEED    26   HIGHEST WIND DIRECTION     S (160)
  HIGHEST GUST SPEED    41   HIGHEST GUST DIRECTION     S (180)
  AVERAGE WIND SPEED    15.8



WEATHER CONDITIONS
 THE FOLLOWING WEATHER WAS RECORDED YESTERDAY.
  FOG
  HAZE


RELATIVE HUMIDITY (PERCENT)
 HIGHEST    94
 LOWEST     42
 AVERAGE    68

..........................................................


THE HARLINGEN CLIMATE NORMALS FOR TODAY
                         NORMAL    RECORD    YEAR
 MAXIMUM TEMPERATURE (F)   96       103      1958
 MINIMUM TEMPERATURE (F)   75        64      1946


SUNRISE AND SUNSET
AUGUST 22 2014........SUNRISE   706 AM CDT   SUNSET   800 PM CDT
AUGUST 23 2014........SUNRISE   707 AM CDT   SUNSET   759 PM CDT


-  INDICATES NEGATIVE NUMBERS.
R  INDICATES RECORD WAS SET OR TIED.
MM INDICATES DATA IS MISSING.
T  INDICATES TRACE AMOUNT.




$$
