000
CDUS44 KBRO 242229
CLIHRL


CLIMATE REPORT
NATIONAL WEATHER SERVICE BROWNSVILLE TX
429 PM CST WED DEC 24 2014


...................................

...THE HARLINGEN CLIMATE SUMMARY FOR DECEMBER 24 2014...
VALID TODAY AS OF 0400 PM LOCAL TIME.

CLIMATE NORMAL PERIOD 1981 TO 2010
CLIMATE RECORD PERIOD 1912 TO 2014


WEATHER ITEM   OBSERVED TIME   RECORD YEAR NORMAL DEPARTURE LAST
                VALUE   (LST)  VALUE       VALUE  FROM      YEAR
                                                  NORMAL
..................................................................
TEMPERATURE (F)
 TODAY
  MAXIMUM         64    337 PM  91    1945  70     -6       67
  MINIMUM         44    646 AM  15    1989  49     -5       37
  AVERAGE         54                        60     -6       52

PRECIPITATION (IN)
  TODAY            0.00          1.25 1962   0.02  -0.02     0.00
  MONTH TO DATE    1.07                      1.10  -0.03     0.13
  SINCE DEC 1      1.07                      1.10  -0.03     0.13
  SINCE JAN 1     22.86                     25.02  -2.16    29.30

SNOWFALL (IN)
  TODAY            0.0
  MONTH TO DATE    0.0
  SINCE DEC 1      0.0
  SINCE JUL 1      0.0
  SNOW DEPTH       0

DEGREE DAYS
 HEATING
  TODAY           11                         7      4       13
  MONTH TO DATE   38                       142   -104      178
  SINCE DEC 1     38                       142   -104      178
  SINCE JUL 1    173                       199    -26      310

 COOLING
  TODAY            0                         1     -1        0
  MONTH TO DATE   84                        47     37       63
  SINCE DEC 1     84                        47     37       63
  SINCE JAN 1   3911                      3981    -70     4076
..................................................................


WIND (MPH)
  HIGHEST WIND SPEED    30   HIGHEST WIND DIRECTION    NW (330)
  HIGHEST GUST SPEED    35   HIGHEST GUST DIRECTION    NW (330)
  AVERAGE WIND SPEED    15.7



WEATHER CONDITIONS
 THE FOLLOWING WEATHER WAS RECORDED TODAY.
  NO SIGNIFICANT WEATHER WAS OBSERVED.


RELATIVE HUMIDITY (PERCENT)
 HIGHEST    76
 LOWEST     30
 AVERAGE    53

..........................................................


THE HARLINGEN CLIMATE NORMALS FOR TOMORROW
                         NORMAL    RECORD    YEAR
 MAXIMUM TEMPERATURE (F)   70        88      2088
                                             1964
 MINIMUM TEMPERATURE (F)   49        18      1989


SUNRISE AND SUNSET
DECEMBER 24 2014......SUNRISE   715 AM CST   SUNSET   545 PM CST
DECEMBER 25 2014......SUNRISE   716 AM CST   SUNSET   546 PM CST


-  INDICATES NEGATIVE NUMBERS.
R  INDICATES RECORD WAS SET OR TIED.
MM INDICATES DATA IS MISSING.
T  INDICATES TRACE AMOUNT.




$$
