000
CDUS44 KBRO 230626
CLIHRL


CLIMATE REPORT
NATIONAL WEATHER SERVICE BROWNSVILLE TX
126 AM CDT THU MAR 23 2017


...................................

...THE HARLINGEN CLIMATE SUMMARY FOR MARCH 22 2017...

CLIMATE NORMAL PERIOD 1981 TO 2010
CLIMATE RECORD PERIOD 1912 TO 2017


WEATHER ITEM   OBSERVED TIME   RECORD YEAR NORMAL DEPARTURE LAST
                VALUE   (LST)  VALUE       VALUE  FROM      YEAR
                                                  NORMAL
..................................................................
TEMPERATURE (F)
 YESTERDAY
  MAXIMUM         87    132 PM  95    1952  82      5       81
  MINIMUM         62    651 AM  37    2010  59      3       51
  AVERAGE         75                        70      5       66

PRECIPITATION (IN)
  YESTERDAY        0.00          0.70 1941   0.05  -0.05     0.00
  MONTH TO DATE    2.22                      0.82   1.40     1.71
  SINCE MAR 1      2.22                      0.82   1.40     1.71
  SINCE JAN 1      3.53                      3.29   0.24     3.62

SNOWFALL (IN)
  YESTERDAY        0.0
  MONTH TO DATE    0.0
  SINCE MAR 1      0.0
  SINCE JUL 1      0.0

DEGREE DAYS
 HEATING
  YESTERDAY        0                         1     -1        0
  MONTH TO DATE    4                        40    -36       11
  SINCE MAR 1      4                        40    -36       11
  SINCE JUL 1    234                       608   -374      387

 COOLING
  YESTERDAY       10                         6      4        1
  MONTH TO DATE  181                       107     74      198
  SINCE MAR 1    181                       107     74      198
  SINCE JAN 1    548                       232    316      338
..................................................................


WIND (MPH)
  HIGHEST WIND SPEED    24   HIGHEST WIND DIRECTION     S (160)
  HIGHEST GUST SPEED    34   HIGHEST GUST DIRECTION     S (180)
  AVERAGE WIND SPEED    13.5



WEATHER CONDITIONS
 THE FOLLOWING WEATHER WAS RECORDED YESTERDAY.
  FOG


RELATIVE HUMIDITY (PERCENT)
 HIGHEST   100
 LOWEST     48
 AVERAGE    74

..........................................................


THE HARLINGEN CLIMATE NORMALS FOR TODAY
                         NORMAL    RECORD    YEAR
 MAXIMUM TEMPERATURE (F)   82        99      1991
 MINIMUM TEMPERATURE (F)   59        39      1968
                                             1989


SUNRISE AND SUNSET
MARCH 23 2017.........SUNRISE   731 AM CDT   SUNSET   744 PM CDT
MARCH 24 2017.........SUNRISE   730 AM CDT   SUNSET   744 PM CDT


-  INDICATES NEGATIVE NUMBERS.
R  INDICATES RECORD WAS SET OR TIED.
MM INDICATES DATA IS MISSING.
T  INDICATES TRACE AMOUNT.




$$
