000
CDUS44 KBRO 180628
CLIHRL


CLIMATE REPORT
NATIONAL WEATHER SERVICE BROWNSVILLE TX
128 AM CDT THU SEP 18 2014


...................................

...THE HARLINGEN CLIMATE SUMMARY FOR SEPTEMBER 17 2014...

CLIMATE NORMAL PERIOD 1981 TO 2010
CLIMATE RECORD PERIOD 1912 TO 2014


WEATHER ITEM   OBSERVED TIME   RECORD YEAR NORMAL DEPARTURE LAST
                VALUE   (LST)  VALUE       VALUE  FROM      YEAR
                                                  NORMAL
..................................................................
TEMPERATURE (F)
 YESTERDAY
  MAXIMUM         93    337 PM 100    1959  91      2       87
  MINIMUM         75    638 AM  62    2008  72      3       75
                                      1934
                                      1979
  AVERAGE         84                        82      2       81

PRECIPITATION (IN)
  YESTERDAY        0.00          4.25 1988   0.18  -0.18     0.40
  MONTH TO DATE    5.21                      3.07   2.14     8.14
  SINCE SEP 1      5.21                      3.07   2.14     8.14
  SINCE JAN 1     11.86                     17.28  -5.42    19.98

SNOWFALL (IN)
  YESTERDAY        0.0
  MONTH TO DATE    0.0
  SINCE SEP 1      0.0
  SINCE JUL 1      0.0

DEGREE DAYS
 HEATING
  YESTERDAY        0                         0      0        0
  MONTH TO DATE    0                         0      0        0
  SINCE SEP 1      0                         0      0        0
  SINCE JUL 1      0                         0      0        0

 COOLING
  YESTERDAY       19                        17      2       16
  MONTH TO DATE  314                       307      7      283
  SINCE SEP 1    314                       307      7      283
  SINCE JAN 1   3211                      3231    -20     3300
..................................................................


WIND (MPH)
  HIGHEST WIND SPEED    18   HIGHEST WIND DIRECTION     S (160)
  HIGHEST GUST SPEED    25   HIGHEST GUST DIRECTION     S (170)
  AVERAGE WIND SPEED     8.4



WEATHER CONDITIONS
 THE FOLLOWING WEATHER WAS RECORDED YESTERDAY.
  FOG


RELATIVE HUMIDITY (PERCENT)
 HIGHEST   100
 LOWEST     56
 AVERAGE    78

..........................................................


THE HARLINGEN CLIMATE NORMALS FOR TODAY
                         NORMAL    RECORD    YEAR
 MAXIMUM TEMPERATURE (F)   91       100      2011
                                             1912
 MINIMUM TEMPERATURE (F)   72        60      1981


SUNRISE AND SUNSET
SEPTEMBER 18 2014.....SUNRISE   718 AM CDT   SUNSET   731 PM CDT
SEPTEMBER 19 2014.....SUNRISE   718 AM CDT   SUNSET   730 PM CDT


-  INDICATES NEGATIVE NUMBERS.
R  INDICATES RECORD WAS SET OR TIED.
MM INDICATES DATA IS MISSING.
T  INDICATES TRACE AMOUNT.




$$
