000
CDUS44 KLZK 180653
CLIHRO


CLIMATE REPORT
NATIONAL WEATHER SERVICE LITTLE ROCK AR
1252 AM CST THU JAN 18 2018


...................................

...THE HARRISON CLIMATE SUMMARY FOR JANUARY 17 2018...

CLIMATE NORMAL PERIOD 1981 TO 2010
CLIMATE RECORD PERIOD 1891 TO 2018


WEATHER ITEM   OBSERVED TIME   RECORD YEAR NORMAL DEPARTURE LAST
                VALUE   (LST)  VALUE       VALUE  FROM      YEAR
                                                  NORMAL
..................................................................
TEMPERATURE (F)
 YESTERDAY
  MAXIMUM         28    446 PM  75    1952  46    -18       45
  MINIMUM          0    633 AM  -2    1982  26    -26       37
  AVERAGE         14                        36    -22       41

PRECIPITATION (IN)
  YESTERDAY        0.00          1.12 1913   0.09  -0.09     0.00
  MONTH TO DATE    0.82                      1.44  -0.62     1.44
  SINCE DEC 1      2.70                      4.64  -1.94     2.76
  SINCE JAN 1      0.82                      1.44  -0.62     1.44

SNOWFALL (IN)
  YESTERDAY        0.0           2.0  1977   0.1   -0.1      0.0
  MONTH TO DATE    1.5                       1.7   -0.2      0.4
  SINCE DEC 1      1.8                       3.0   -1.2      0.9
  SINCE JUL 1      1.8                       3.5   -1.7      0.9
  SNOW DEPTH       1

DEGREE DAYS
 HEATING
  YESTERDAY       51                        29     22       24
  MONTH TO DATE  658                       493    165      470
  SINCE DEC 1   1437                      1328    109     1279
  SINCE JUL 1   2033                      2092    -59     1729

 COOLING
  YESTERDAY        0                         0      0        0
  MONTH TO DATE    0                         0      0        0
  SINCE DEC 1      0                         0      0        0
  SINCE JAN 1      0                         0      0        0
..................................................................


WIND (MPH)
  HIGHEST WIND SPEED     9   HIGHEST WIND DIRECTION    NW (300)
  HIGHEST GUST SPEED    13   HIGHEST GUST DIRECTION     N (340)
  AVERAGE WIND SPEED     3.1


SKY COVER
  POSSIBLE SUNSHINE  MM
  AVERAGE SKY COVER 0.0


WEATHER CONDITIONS
 THE FOLLOWING WEATHER WAS RECORDED YESTERDAY.
  NO SIGNIFICANT WEATHER WAS OBSERVED.


RELATIVE HUMIDITY (PERCENT)
 HIGHEST    87          1200 AM
 LOWEST     50           300 PM
 AVERAGE    69

..........................................................


THE HARRISON CLIMATE NORMALS FOR TODAY
                         NORMAL    RECORD    YEAR
 MAXIMUM TEMPERATURE (F)   47        71      1951
 MINIMUM TEMPERATURE (F)   26       -18      1930


SUNRISE AND SUNSET
JANUARY 18 2018.......SUNRISE   722 AM CST   SUNSET   524 PM CST
JANUARY 19 2018.......SUNRISE   722 AM CST   SUNSET   525 PM CST


-  INDICATES NEGATIVE NUMBERS.
R  INDICATES RECORD WAS SET OR TIED.
MM INDICATES DATA IS MISSING.
T  INDICATES TRACE AMOUNT.




$$
