000
CDUS44 KLZK 240901
CLIHRO


CLIMATE REPORT
NATIONAL WEATHER SERVICE LITTLE ROCK AR
401 AM CDT SUN MAY 24 2015


...................................

...THE HARRISON CLIMATE SUMMARY FOR MAY 23 2015...

CLIMATE NORMAL PERIOD 1981 TO 2010
CLIMATE RECORD PERIOD 1891 TO 2015


WEATHER ITEM   OBSERVED TIME   RECORD YEAR NORMAL DEPARTURE LAST
                VALUE   (LST)  VALUE       VALUE  FROM      YEAR
                                                  NORMAL
..................................................................
TEMPERATURE (F)
 YESTERDAY
  MAXIMUM         73    358 PM  92    1926  78     -5       82
  MINIMUM         56    831 AM  36    1963  57     -1       64
  AVERAGE         65                        68     -3       73

PRECIPITATION (IN)
  YESTERDAY        0.19          2.50 1957   0.14   0.05     0.00
  MONTH TO DATE    7.52                      3.60   3.92     3.35
  SINCE MAR 1     16.22                     11.71   4.51    12.34
  SINCE JAN 1     19.76                     16.91   2.85    14.29

SNOWFALL (IN)
  YESTERDAY        0.0          MM      MM   0.0    0.0      0.0
  MONTH TO DATE    0.0                       0.0    0.0      0.0
  SINCE MAR 1      4.3                       2.3    2.0     10.0
  SINCE JUL 1     13.6                      11.5    2.1     25.8
  SNOW DEPTH       0

DEGREE DAYS
 HEATING
  YESTERDAY        0                         2     -2        0
  MONTH TO DATE   54                        68    -14       99
  SINCE MAR 1    757                       817    -60      930
  SINCE JUL 1   4152                      3989    163     4465

 COOLING
  YESTERDAY        0                         4     -4        8
  MONTH TO DATE   57                        65     -8      112
  SINCE MAR 1     82                       102    -20      130
  SINCE JAN 1     82                       102    -20      130
..................................................................


WIND (MPH)
  HIGHEST WIND SPEED    16   HIGHEST WIND DIRECTION    SE (140)
  HIGHEST GUST SPEED    21   HIGHEST GUST DIRECTION    SE (140)
  AVERAGE WIND SPEED     9.0


SKY COVER
  POSSIBLE SUNSHINE  MM
  AVERAGE SKY COVER 0.8


WEATHER CONDITIONS
 THE FOLLOWING WEATHER WAS RECORDED YESTERDAY.
  HEAVY RAIN
  RAIN
  LIGHT RAIN
  FOG


RELATIVE HUMIDITY (PERCENT)
 HIGHEST   100           800 AM
 LOWEST     73           400 PM
 AVERAGE    87

..........................................................


THE HARRISON CLIMATE NORMALS FOR TODAY
                         NORMAL    RECORD    YEAR
 MAXIMUM TEMPERATURE (F)   78        97      1926
 MINIMUM TEMPERATURE (F)   57        43      1951


SUNRISE AND SUNSET
MAY 24 2015...........SUNRISE   600 AM CDT   SUNSET   819 PM CDT
MAY 25 2015...........SUNRISE   600 AM CDT   SUNSET   820 PM CDT


-  INDICATES NEGATIVE NUMBERS.
R  INDICATES RECORD WAS SET OR TIED.
MM INDICATES DATA IS MISSING.
T  INDICATES TRACE AMOUNT.




$$
