000
CDUS44 KLZK 300901
CLIHRO


CLIMATE REPORT
NATIONAL WEATHER SERVICE LITTLE ROCK AR
401 AM CDT THU OCT 30 2014


...................................

...THE HARRISON CLIMATE SUMMARY FOR OCTOBER 29 2014...

CLIMATE NORMAL PERIOD 1981 TO 2010
CLIMATE RECORD PERIOD 1891 TO 2014


WEATHER ITEM   OBSERVED TIME   RECORD YEAR NORMAL DEPARTURE LAST
                VALUE   (LST)  VALUE       VALUE  FROM      YEAR
                                                  NORMAL
..................................................................
TEMPERATURE (F)
 YESTERDAY
  MAXIMUM         69    237 PM  87    1950  66      3       71
  MINIMUM         39    629 AM  16    1910  44     -5       52
  AVERAGE         54                        55     -1       62

PRECIPITATION (IN)
  YESTERDAY        0.00          2.73 2009   0.12  -0.12     0.30
  MONTH TO DATE    5.04                      3.31   1.73     4.06
  SINCE SEP 1     10.19                      7.51   2.68     5.41
  SINCE JAN 1     36.87                     36.47   0.40    38.23

SNOWFALL (IN)
  YESTERDAY        0.0           1.9  1993   0.0    0.0      0.0
  MONTH TO DATE    0.0                       0.0    0.0      0.0
  SINCE SEP 1      0.0                       0.0    0.0      0.0
  SINCE JUL 1      0.0                       0.0    0.0      0.0
  SNOW DEPTH       0

DEGREE DAYS
 HEATING
  YESTERDAY       11                        10      1        3
  MONTH TO DATE  129                       199    -70      226
  SINCE SEP 1    162                       241    -79      233
  SINCE JUL 1    163                       242    -79      234

 COOLING
  YESTERDAY        0                         1     -1        0
  MONTH TO DATE   58                        35     23       47
  SINCE SEP 1    224                       203     21      270
  SINCE JAN 1   1354                      1414    -60     1414
..................................................................


WIND (MPH)
  HIGHEST WIND SPEED    12   HIGHEST WIND DIRECTION    NW (320)
  HIGHEST GUST SPEED    16   HIGHEST GUST DIRECTION    NW (310)
  AVERAGE WIND SPEED     4.6


SKY COVER
  POSSIBLE SUNSHINE  MM
  AVERAGE SKY COVER 0.0


WEATHER CONDITIONS
 THE FOLLOWING WEATHER WAS RECORDED YESTERDAY.
  NO SIGNIFICANT WEATHER WAS OBSERVED.


RELATIVE HUMIDITY (PERCENT)
 HIGHEST    89           600 AM
 LOWEST     29           200 PM
 AVERAGE    59

..........................................................


THE HARRISON CLIMATE NORMALS FOR TODAY
                         NORMAL    RECORD    YEAR
 MAXIMUM TEMPERATURE (F)   66        87      1950
 MINIMUM TEMPERATURE (F)   44        17      1925


SUNRISE AND SUNSET
OCTOBER 30 2014.......SUNRISE   734 AM CDT   SUNSET   618 PM CDT
OCTOBER 31 2014.......SUNRISE   735 AM CDT   SUNSET   617 PM CDT


-  INDICATES NEGATIVE NUMBERS.
R  INDICATES RECORD WAS SET OR TIED.
MM INDICATES DATA IS MISSING.
T  INDICATES TRACE AMOUNT.




$$
