000
CDUS44 KLZK 300633
CLIHRO


CLIMATE REPORT
NATIONAL WEATHER SERVICE LITTLE ROCK AR
131 AM CDT MON MAY 30 2016


...................................

...THE HARRISON CLIMATE SUMMARY FOR MAY 29 2016...

CLIMATE NORMAL PERIOD 1981 TO 2010
CLIMATE RECORD PERIOD 1891 TO 2016


WEATHER ITEM   OBSERVED TIME   RECORD YEAR NORMAL DEPARTURE LAST
                VALUE   (LST)  VALUE       VALUE  FROM      YEAR
                                                  NORMAL
..................................................................
TEMPERATURE (F)
 YESTERDAY
  MAXIMUM         83    402 PM  99    1926  80      3       84
  MINIMUM         62    523 AM  40    1947  59      3       63
  AVERAGE         73                        69      4       74

PRECIPITATION (IN)
  YESTERDAY        0.00          1.55 1908   0.14  -0.14     1.38
  MONTH TO DATE    3.44                      4.41  -0.97    10.53
  SINCE MAR 1     10.50                     12.52  -2.02    19.23
  SINCE JAN 1     12.78                     17.72  -4.94    22.77

SNOWFALL (IN)
  YESTERDAY        0.0          MM      MM   0.0    0.0      0.0
  MONTH TO DATE    0.0                       0.0    0.0      0.0
  SINCE MAR 1      0.0                       2.3   -2.3      4.3
  SINCE JUL 1      3.7                      11.5   -7.8     13.6
  SNOW DEPTH       0

DEGREE DAYS
 HEATING
  YESTERDAY        0                         1     -1        0
  MONTH TO DATE  104                        75     29       54
  SINCE MAR 1    620                       824   -204      757
  SINCE JUL 1   3233                      3996   -763     4152

 COOLING
  YESTERDAY        8                         5      3        9
  MONTH TO DATE   71                        93    -22       95
  SINCE MAR 1     94                       130    -36      120
  SINCE JAN 1     94                       130    -36      120
..................................................................


WIND (MPH)
  HIGHEST WIND SPEED     8   HIGHEST WIND DIRECTION    SE (140)
  HIGHEST GUST SPEED    11   HIGHEST GUST DIRECTION     W (290)
  AVERAGE WIND SPEED     2.2


SKY COVER
  POSSIBLE SUNSHINE  MM
  AVERAGE SKY COVER 0.1


WEATHER CONDITIONS
 THE FOLLOWING WEATHER WAS RECORDED YESTERDAY.
  FOG


RELATIVE HUMIDITY (PERCENT)
 HIGHEST   100           500 AM
 LOWEST     47           500 PM
 AVERAGE    74

..........................................................


THE HARRISON CLIMATE NORMALS FOR TODAY
                         NORMAL    RECORD    YEAR
 MAXIMUM TEMPERATURE (F)   80        98      1928
 MINIMUM TEMPERATURE (F)   59        35      1947


SUNRISE AND SUNSET
MAY 30 2016...........SUNRISE   557 AM CDT   SUNSET   824 PM CDT
MAY 31 2016...........SUNRISE   557 AM CDT   SUNSET   824 PM CDT


-  INDICATES NEGATIVE NUMBERS.
R  INDICATES RECORD WAS SET OR TIED.
MM INDICATES DATA IS MISSING.
T  INDICATES TRACE AMOUNT.




$$
