000
CDUS44 KLZK 200904
CLIHRO


CLIMATE REPORT
NATIONAL WEATHER SERVICE LITTLE ROCK AR
404 AM CDT SUN APR 20 2014


...................................

...THE HARRISON CLIMATE SUMMARY FOR APRIL 19 2014...

CLIMATE NORMAL PERIOD 1981 TO 2010
CLIMATE RECORD PERIOD 1891 TO 2014


WEATHER ITEM   OBSERVED TIME   RECORD YEAR NORMAL DEPARTURE LAST
                VALUE   (LST)  VALUE       VALUE  FROM      YEAR
                                                  NORMAL
..................................................................
TEMPERATURE (F)
 YESTERDAY
  MAXIMUM         77    302 PM  90    1987  70      7       54
  MINIMUM         47    537 AM  26    1953  48     -1       35
  AVERAGE         62                        59      3       45

PRECIPITATION (IN)
  YESTERDAY        0.00          3.33 1959   0.15  -0.15     0.00
  MONTH TO DATE    2.34                      2.53  -0.19     1.62
  SINCE MAR 1      6.78                      6.32   0.46     4.22
  SINCE JAN 1      8.73                     11.52  -2.79    10.84

SNOWFALL (IN)
  YESTERDAY        0.0          MM      MM   0.0    0.0      0.0
  MONTH TO DATE    0.0                       0.3   -0.3       T
  SINCE MAR 1     10.0                       2.3    7.7      1.8
  SINCE JUL 1     25.8                      11.5   14.3      4.6
  SNOW DEPTH       0

DEGREE DAYS
 HEATING
  YESTERDAY        3                         7     -4       20
  MONTH TO DATE  179                       178      1      178
  SINCE MAR 1    796                       686    110      827
  SINCE JUL 1   4331                      3858    473     3731

 COOLING
  YESTERDAY        0                         1     -1        0
  MONTH TO DATE   12                        19     -7       20
  SINCE MAR 1     12                        25    -13       26
  SINCE JAN 1     12                        25    -13       27
..................................................................


WIND (MPH)
  HIGHEST WIND SPEED    14   HIGHEST WIND DIRECTION    SE (120)
  HIGHEST GUST SPEED    17   HIGHEST GUST DIRECTION    SE (120)
  AVERAGE WIND SPEED     4.7


SKY COVER
  POSSIBLE SUNSHINE  MM
  AVERAGE SKY COVER 0.0


WEATHER CONDITIONS
 THE FOLLOWING WEATHER WAS RECORDED YESTERDAY.
  NO SIGNIFICANT WEATHER WAS OBSERVED.


RELATIVE HUMIDITY (PERCENT)
 HIGHEST    77           500 AM
 LOWEST     33           300 PM
 AVERAGE    55

..........................................................


THE HARRISON CLIMATE NORMALS FOR TODAY
                         NORMAL    RECORD    YEAR
 MAXIMUM TEMPERATURE (F)   70        92      1987
 MINIMUM TEMPERATURE (F)   48        28      1956
                                             1953
                                             1950


SUNRISE AND SUNSET
APRIL 20 2014.........SUNRISE   633 AM CDT   SUNSET   751 PM CDT
APRIL 21 2014.........SUNRISE   631 AM CDT   SUNSET   752 PM CDT


-  INDICATES NEGATIVE NUMBERS.
R  INDICATES RECORD WAS SET OR TIED.
MM INDICATES DATA IS MISSING.
T  INDICATES TRACE AMOUNT.




$$
