783
CDUS44 KLZK 250644
CLIHRO


CLIMATE REPORT
NATIONAL WEATHER SERVICE LITTLE ROCK AR
144 AM CDT TUE APR 25 2017


...................................

...THE HARRISON CLIMATE SUMMARY FOR APRIL 24 2017...

CLIMATE NORMAL PERIOD 1981 TO 2010
CLIMATE RECORD PERIOD 1891 TO 2017


WEATHER ITEM   OBSERVED TIME   RECORD YEAR NORMAL DEPARTURE LAST
                VALUE   (LST)  VALUE       VALUE  FROM      YEAR
                                                  NORMAL
..................................................................
TEMPERATURE (F)
 YESTERDAY
  MAXIMUM         77    428 PM  89    1989  71      6       78
  MINIMUM         39    456 AM  27    1910  50    -11       50
  AVERAGE         58                        60     -2       64

PRECIPITATION (IN)
  YESTERDAY        0.00          2.99 2006   0.17  -0.17     0.00
  MONTH TO DATE    5.21                      3.34   1.87     0.57
  SINCE MAR 1     10.85                      7.13   3.72     4.36
  SINCE JAN 1     14.43                     12.33   2.10     6.64

SNOWFALL (IN)
  YESTERDAY        0.0          MM      MM   0.0    0.0      0.0
  MONTH TO DATE    0.0                       0.3   -0.3      0.0
  SINCE MAR 1      2.5                       2.3    0.2      0.0
  SINCE JUL 1      3.4                      11.5   -8.1      3.7
  SNOW DEPTH       0

DEGREE DAYS
 HEATING
  YESTERDAY        7                         6      1        1
  MONTH TO DATE  115                       210    -95      145
  SINCE MAR 1    483                       718   -235      508
  SINCE JUL 1   2889                      3890  -1001     3121

 COOLING
  YESTERDAY        0                         1     -1        0
  MONTH TO DATE   34                        24     10        2
  SINCE MAR 1     40                        30     10        7
  SINCE JAN 1     47                        30     17        7
..................................................................


WIND (MPH)
  HIGHEST WIND SPEED    16   HIGHEST WIND DIRECTION    SE (150)
  HIGHEST GUST SPEED    21   HIGHEST GUST DIRECTION     S (170)
  AVERAGE WIND SPEED     6.6


SKY COVER
  POSSIBLE SUNSHINE  MM
  AVERAGE SKY COVER 0.0


WEATHER CONDITIONS
 THE FOLLOWING WEATHER WAS RECORDED YESTERDAY.
  NO SIGNIFICANT WEATHER WAS OBSERVED.


RELATIVE HUMIDITY (PERCENT)
 HIGHEST    85           500 AM
 LOWEST     19           400 PM
 AVERAGE    52

..........................................................


THE HARRISON CLIMATE NORMALS FOR TODAY
                         NORMAL    RECORD    YEAR
 MAXIMUM TEMPERATURE (F)   71        88      1939
 MINIMUM TEMPERATURE (F)   50        23      1910


SUNRISE AND SUNSET
APRIL 25 2017.........SUNRISE   626 AM CDT   SUNSET   755 PM CDT
APRIL 26 2017.........SUNRISE   625 AM CDT   SUNSET   756 PM CDT


-  INDICATES NEGATIVE NUMBERS.
R  INDICATES RECORD WAS SET OR TIED.
MM INDICATES DATA IS MISSING.
T  INDICATES TRACE AMOUNT.




$$
