000
CDUS44 KLZK 210635
CLIHRO


CLIMATE REPORT
NATIONAL WEATHER SERVICE LITTLE ROCK AR
1235 AM CST SAT JAN 21 2017


...................................

...THE HARRISON CLIMATE SUMMARY FOR JANUARY 20 2017...

CLIMATE NORMAL PERIOD 1981 TO 2010
CLIMATE RECORD PERIOD 1891 TO 2017


WEATHER ITEM   OBSERVED TIME   RECORD YEAR NORMAL DEPARTURE LAST
                VALUE   (LST)  VALUE       VALUE  FROM      YEAR
                                                  NORMAL
..................................................................
TEMPERATURE (F)
 YESTERDAY
  MAXIMUM         68    232 PM  73    1972  47     21       29
  MINIMUM         40    458 AM -13    1985  26     14       25
  AVERAGE         54                        36     18       27

PRECIPITATION (IN)
  YESTERDAY        0.00          1.12 1913   0.08  -0.08      T
  MONTH TO DATE    1.44                      1.68  -0.24     0.85
  SINCE DEC 1      2.76                      4.88  -2.12     9.29
  SINCE JAN 1      1.44                      1.68  -0.24     0.85

SNOWFALL (IN)
  YESTERDAY        0.0           3.5  1930   0.2   -0.2       T
  MONTH TO DATE    0.4                       2.2   -1.8      0.6
  SINCE DEC 1      0.9                       3.5   -2.6      0.6
  SINCE JUL 1      0.9                       4.0   -3.1      0.6
  SNOW DEPTH       0

DEGREE DAYS
 HEATING
  YESTERDAY       11                        29    -18       38
  MONTH TO DATE  522                       580    -58      617
  SINCE DEC 1   1331                      1415    -84     1178
  SINCE JUL 1   1781                      2179   -398     1764

 COOLING
  YESTERDAY        0                         0      0        0
  MONTH TO DATE    0                         0      0        0
  SINCE DEC 1      0                         0      0        2
  SINCE JAN 1      0                         0      0        0
..................................................................


WIND (MPH)
  HIGHEST WIND SPEED    18   HIGHEST WIND DIRECTION     S (170)
  HIGHEST GUST SPEED    24   HIGHEST GUST DIRECTION     S (170)
  AVERAGE WIND SPEED     8.4


SKY COVER
  POSSIBLE SUNSHINE  MM
  AVERAGE SKY COVER 0.4


WEATHER CONDITIONS
 THE FOLLOWING WEATHER WAS RECORDED YESTERDAY.
  FOG


RELATIVE HUMIDITY (PERCENT)
 HIGHEST   100          1200 AM
 LOWEST     42           400 PM
 AVERAGE    71

..........................................................


THE HARRISON CLIMATE NORMALS FOR TODAY
                         NORMAL    RECORD    YEAR
 MAXIMUM TEMPERATURE (F)   47        77      1909
 MINIMUM TEMPERATURE (F)   26        -3      1954


SUNRISE AND SUNSET
JANUARY 21 2017.......SUNRISE   721 AM CST   SUNSET   528 PM CST
JANUARY 22 2017.......SUNRISE   720 AM CST   SUNSET   529 PM CST


-  INDICATES NEGATIVE NUMBERS.
R  INDICATES RECORD WAS SET OR TIED.
MM INDICATES DATA IS MISSING.
T  INDICATES TRACE AMOUNT.




$$
