000
CDUS44 KLZK 230635
CLIHRO


CLIMATE REPORT
NATIONAL WEATHER SERVICE LITTLE ROCK AR
135 AM CDT THU MAR 23 2017


...................................

...THE HARRISON CLIMATE SUMMARY FOR MARCH 22 2017...

CLIMATE NORMAL PERIOD 1981 TO 2010
CLIMATE RECORD PERIOD 1891 TO 2017


WEATHER ITEM   OBSERVED TIME   RECORD YEAR NORMAL DEPARTURE LAST
                VALUE   (LST)  VALUE       VALUE  FROM      YEAR
                                                  NORMAL
..................................................................
TEMPERATURE (F)
 YESTERDAY
  MAXIMUM         55    418 PM  90    1995  62     -7       74
  MINIMUM         44    719 AM  16    2002  39      5       43
  AVERAGE         50                        51     -1       59

PRECIPITATION (IN)
  YESTERDAY        0.29          2.30 1892   0.13   0.16     0.00
  MONTH TO DATE    3.60                      2.60   1.00     2.69
  SINCE MAR 1      3.60                      2.60   1.00     2.69
  SINCE JAN 1      7.18                      7.80  -0.62     4.97

SNOWFALL (IN)
  YESTERDAY       MM             2.0  1955   0.0   MM        0.0
  MONTH TO DATE    2.5                       2.0    0.5      0.0
  SINCE MAR 1      2.5                       2.0    0.5      0.0
  SINCE JUL 1      3.4                      11.2   -7.8      3.7
  SNOW DEPTH       0

DEGREE DAYS
 HEATING
  YESTERDAY       15                        15      0        6
  MONTH TO DATE  313                       390    -77      262
  SINCE MAR 1    313                       390    -77      262
  SINCE JUL 1   2719                      3562   -843     2875

 COOLING
  YESTERDAY        0                         0      0        0
  MONTH TO DATE    6                         0      6        5
  SINCE MAR 1      6                         0      6        5
  SINCE JAN 1     13                         0     13        5
..................................................................


WIND (MPH)
  HIGHEST WIND SPEED    23   HIGHEST WIND DIRECTION    SE (140)
  HIGHEST GUST SPEED    27   HIGHEST GUST DIRECTION    SE (140)
  AVERAGE WIND SPEED    11.0


SKY COVER
  POSSIBLE SUNSHINE  MM
  AVERAGE SKY COVER 0.7


WEATHER CONDITIONS
 THE FOLLOWING WEATHER WAS RECORDED YESTERDAY.
  THUNDERSTORM
  HEAVY RAIN
  RAIN
  LIGHT RAIN
  FOG


RELATIVE HUMIDITY (PERCENT)
 HIGHEST    92           700 AM
 LOWEST     48           900 PM
 AVERAGE    70

..........................................................


THE HARRISON CLIMATE NORMALS FOR TODAY
                         NORMAL    RECORD    YEAR
 MAXIMUM TEMPERATURE (F)   62        93      1929
 MINIMUM TEMPERATURE (F)   40        20      1968


SUNRISE AND SUNSET
MARCH 23 2017.........SUNRISE   711 AM CDT   SUNSET   727 PM CDT
MARCH 24 2017.........SUNRISE   710 AM CDT   SUNSET   728 PM CDT


-  INDICATES NEGATIVE NUMBERS.
R  INDICATES RECORD WAS SET OR TIED.
MM INDICATES DATA IS MISSING.
T  INDICATES TRACE AMOUNT.




$$
