000
CDUS42 KMHX 272126
CLIHSE


CLIMATE REPORT
NATIONAL WEATHER SERVICE NEWPORT/MOREHEAD CITY NC
525 PM EDT THU JUL 27 2017


...................................

...THE CAPE HATTERAS NC CLIMATE SUMMARY FOR JULY 27 2017...
VALID TODAY AS OF 0500 PM LOCAL TIME.

CLIMATE NORMAL PERIOD 1981 TO 2010
CLIMATE RECORD PERIOD 1874 TO 2017


WEATHER ITEM   OBSERVED TIME   RECORD YEAR NORMAL DEPARTURE LAST
                VALUE   (LST)  VALUE       VALUE  FROM      YEAR
                                                  NORMAL
..................................................................
TEMPERATURE (F)
 TODAY
  MAXIMUM         87    227 PM  91    1999  85      2       89
                                      1940
  MINIMUM         69    517 AM  60    1975  74     -5       77
  AVERAGE         78                        79     -1       83

PRECIPITATION (IN)
  TODAY            0.00          3.72 1937   0.18  -0.18     0.07
  MONTH TO DATE    3.38                      4.27  -0.89     1.93
  SINCE JUN 1      6.15                      8.30  -2.15    12.44
  SINCE JAN 1     32.88                     29.54   3.34    46.50

SNOWFALL (IN)
  TODAY            0.0
  MONTH TO DATE    0.0
  SINCE NOV 1      T
  SINCE JUL 1      0.0
  SNOW DEPTH       0

DEGREE DAYS
 HEATING
  TODAY            0                         0      0        0
  MONTH TO DATE    0                         0      0        0
  SINCE JUN 1      0                         3     -3        0
  SINCE JUL 1      0                         0      0        0

 COOLING
  TODAY           13                        14     -1       18
  MONTH TO DATE  433                       375     58      454
  SINCE JUN 1    828                       683    145      815
  SINCE JAN 1   1255                       826    429     1024
..................................................................


WIND (MPH)
  HIGHEST WIND SPEED    10   HIGHEST WIND DIRECTION    SW (220)
  HIGHEST GUST SPEED    15   HIGHEST GUST DIRECTION    SW (210)
  AVERAGE WIND SPEED     4.8


SKY COVER
  POSSIBLE SUNSHINE  MM
  AVERAGE SKY COVER 0.0


WEATHER CONDITIONS
 THE FOLLOWING WEATHER WAS RECORDED TODAY.
  NO SIGNIFICANT WEATHER WAS OBSERVED.


RELATIVE HUMIDITY (PERCENT)
 HIGHEST    87          1200 AM
 LOWEST     57          1100 AM
 AVERAGE    72

..........................................................


THE CAPE HATTERAS NC CLIMATE NORMALS FOR TOMORROW
                         NORMAL    RECORD    YEAR
 MAXIMUM TEMPERATURE (F)   85        92      1936
 MINIMUM TEMPERATURE (F)   74        57      1962


SUNRISE AND SUNSET
JULY 27 2017..........SUNRISE   608 AM EDT   SUNSET   810 PM EDT
JULY 28 2017..........SUNRISE   609 AM EDT   SUNSET   809 PM EDT


-  INDICATES NEGATIVE NUMBERS.
R  INDICATES RECORD WAS SET OR TIED.
MM INDICATES DATA IS MISSING.
T  INDICATES TRACE AMOUNT.




$$
