000
CDUS42 KMHX 302131
CLIHSE


CLIMATE REPORT
NATIONAL WEATHER SERVICE NEWPORT/MOREHEAD CITY NC
530 PM EDT SAT MAY 30 2015


...................................

...THE CAPE HATTERAS NC CLIMATE SUMMARY FOR MAY 30 2015...
VALID TODAY AS OF 0500 PM LOCAL TIME.

CLIMATE NORMAL PERIOD 1981 TO 2010
CLIMATE RECORD PERIOD 1874 TO 2015


WEATHER ITEM   OBSERVED TIME   RECORD YEAR NORMAL DEPARTURE LAST
                VALUE   (LST)  VALUE       VALUE  FROM      YEAR
                                                  NORMAL
..................................................................
TEMPERATURE (F)
 TODAY
  MAXIMUM         83    325 PM  89    1991  77      6       74
  MINIMUM         68    518 AM  49    1968  65      3       62
                                      1895
  AVERAGE         76                        71      5       68

PRECIPITATION (IN)
  TODAY            0.00          3.44 1940   0.11  -0.11     0.00
  MONTH TO DATE    3.21                      3.46  -0.25     1.42
  SINCE MAR 1      7.68                     11.87  -4.19    12.70
  SINCE JAN 1     19.63                     21.13  -1.50    22.79

SNOWFALL (IN)
  TODAY            0.0
  MONTH TO DATE    0.0
  SINCE NOV 1      2.0
  SINCE JUL 1      2.0
  SNOW DEPTH       0

DEGREE DAYS
 HEATING
  TODAY            0                         0      0        0
  MONTH TO DATE   56                        49      7        9
  SINCE MAR 1    633                       659    -26      701
  SINCE JUL 1   2806                      2583    223     2534

 COOLING
  TODAY           11                         6      5        3
  MONTH TO DATE  134                       109     25      204
  SINCE MAR 1    151                       137     14      231
  SINCE JAN 1    153                       137     16      231
..................................................................


WIND (MPH)
  HIGHEST WIND SPEED    10   HIGHEST WIND DIRECTION    SE (140)
  HIGHEST GUST SPEED    13   HIGHEST GUST DIRECTION    SE (140)
  AVERAGE WIND SPEED     6.0


SKY COVER
  POSSIBLE SUNSHINE  MM
  AVERAGE SKY COVER 0.0


WEATHER CONDITIONS
 THE FOLLOWING WEATHER WAS RECORDED TODAY.
  NO SIGNIFICANT WEATHER WAS OBSERVED.


RELATIVE HUMIDITY (PERCENT)
 HIGHEST    79           600 AM
 LOWEST     51          1200 PM
 AVERAGE    65

..........................................................


THE CAPE HATTERAS NC CLIMATE NORMALS FOR TOMORROW
                         NORMAL    RECORD    YEAR
 MAXIMUM TEMPERATURE (F)   78        91      2011
                                             1988
 MINIMUM TEMPERATURE (F)   65        44      1961


SUNRISE AND SUNSET
MAY 30 2015...........SUNRISE   550 AM EDT   SUNSET   810 PM EDT
MAY 31 2015...........SUNRISE   550 AM EDT   SUNSET   811 PM EDT


-  INDICATES NEGATIVE NUMBERS.
R  INDICATES RECORD WAS SET OR TIED.
MM INDICATES DATA IS MISSING.
T  INDICATES TRACE AMOUNT.




$$
