000
CDUS42 KMHX 302128
CLIHSE


CLIMATE REPORT
NATIONAL WEATHER SERVICE NEWPORT/MOREHEAD CITY NC
526 PM EDT THU MAR 30 2017


...................................

...THE CAPE HATTERAS NC CLIMATE SUMMARY FOR MARCH 30 2017...
VALID TODAY AS OF 0500 PM LOCAL TIME.

CLIMATE NORMAL PERIOD 1981 TO 2010
CLIMATE RECORD PERIOD 1874 TO 2017


WEATHER ITEM   OBSERVED TIME   RECORD YEAR NORMAL DEPARTURE LAST
                VALUE   (LST)  VALUE       VALUE  FROM      YEAR
                                                  NORMAL
..................................................................
TEMPERATURE (F)
 TODAY
  MAXIMUM         68    128 PM  81    1910  62      6       66
  MINIMUM         53    350 AM  33    1915  48      5       51
  AVERAGE         61                        55      6       59

PRECIPITATION (IN)
  TODAY            0.00          2.51 1987   0.16  -0.16     0.00
  MONTH TO DATE    4.24                      4.61  -0.37     5.91
  SINCE MAR 1      4.24                      4.61  -0.37     5.91
  SINCE JAN 1     10.55                     13.87  -3.32    19.02

SNOWFALL (IN)
  TODAY            0.0
  MONTH TO DATE    0.0
  SINCE NOV 1      T
  SINCE JUL 1      T
  SNOW DEPTH       0

DEGREE DAYS
 HEATING
  TODAY            4                        10     -6        6
  MONTH TO DATE  355                       408    -53      197
  SINCE MAR 1    355                       408    -53      197
  SINCE JUL 1   1677                      2332   -655     1510

 COOLING
  TODAY            0                         0      0        0
  MONTH TO DATE   22                         0     22       21
  SINCE MAR 1     22                         0     22       21
  SINCE JAN 1     30                         0     30       22
..................................................................


WIND (MPH)
  HIGHEST WIND SPEED    16   HIGHEST WIND DIRECTION    NE (50)
  HIGHEST GUST SPEED    25   HIGHEST GUST DIRECTION    NE (50)
  AVERAGE WIND SPEED     9.5


SKY COVER
  POSSIBLE SUNSHINE  MM
  AVERAGE SKY COVER 0.1


WEATHER CONDITIONS
 THE FOLLOWING WEATHER WAS RECORDED TODAY.
  NO SIGNIFICANT WEATHER WAS OBSERVED.


RELATIVE HUMIDITY (PERCENT)
 HIGHEST    77          1200 AM
 LOWEST     52           100 PM
 AVERAGE    65

..........................................................


THE CAPE HATTERAS NC CLIMATE NORMALS FOR TOMORROW
                         NORMAL    RECORD    YEAR
 MAXIMUM TEMPERATURE (F)   62        79      1910
 MINIMUM TEMPERATURE (F)   48        31      1971


SUNRISE AND SUNSET
MARCH 30 2017.........SUNRISE   652 AM EDT   SUNSET   723 PM EDT
MARCH 31 2017.........SUNRISE   650 AM EDT   SUNSET   723 PM EDT


-  INDICATES NEGATIVE NUMBERS.
R  INDICATES RECORD WAS SET OR TIED.
MM INDICATES DATA IS MISSING.
T  INDICATES TRACE AMOUNT.




$$
