000
CDUS42 KMHX 230526
CLIHSE


CLIMATE REPORT
NATIONAL WEATHER SERVICE NEWPORT/MOREHEAD CITY NC
126 AM EDT TUE MAY 23 2017


...................................

...THE CAPE HATTERAS NC CLIMATE SUMMARY FOR MAY 22 2017...

CLIMATE NORMAL PERIOD 1981 TO 2010
CLIMATE RECORD PERIOD 1874 TO 2017


WEATHER ITEM   OBSERVED TIME   RECORD YEAR NORMAL DEPARTURE LAST
                VALUE   (LST)  VALUE       VALUE  FROM      YEAR
                                                  NORMAL
..................................................................
TEMPERATURE (F)
 YESTERDAY
  MAXIMUM         84   1249 PM  85    2014  75      9       66
                                      2011
  MINIMUM         68    950 PM  48    2005  62      6       60
  AVERAGE         76                        69      7       63

PRECIPITATION (IN)
  YESTERDAY        0.48          2.47 1908   0.11   0.37     0.10
  MONTH TO DATE    5.07                      2.55   2.52     4.38
  SINCE MAR 1     18.38                     10.96   7.42    12.66
  SINCE JAN 1     24.69                     20.22   4.47    25.77

SNOWFALL (IN)
  YESTERDAY        0.0
  MONTH TO DATE    0.0
  SINCE NOV 1      T
  SINCE JUL 1      T
  SNOW DEPTH       0

DEGREE DAYS
 HEATING
  YESTERDAY        0                         1     -1        2
  MONTH TO DATE    3                        43    -40       20
  SINCE MAR 1    406                       653   -247      386
  SINCE JUL 1   1728                      2577   -849     1699

 COOLING
  YESTERDAY       11                         5      6        0
  MONTH TO DATE  139                        65     74       78
  SINCE MAR 1    317                        93    224      132
  SINCE JAN 1    325                        93    232      133
..................................................................


WIND (MPH)
  HIGHEST WIND SPEED    17   HIGHEST WIND DIRECTION    NW (310)
  HIGHEST GUST SPEED    26   HIGHEST GUST DIRECTION    NW (310)
  AVERAGE WIND SPEED     9.4


SKY COVER
  POSSIBLE SUNSHINE  MM
  AVERAGE SKY COVER 0.5


WEATHER CONDITIONS
 THE FOLLOWING WEATHER WAS RECORDED YESTERDAY.
  HEAVY RAIN
  RAIN
  LIGHT RAIN
  FOG


RELATIVE HUMIDITY (PERCENT)
 HIGHEST    90          1100 PM
 LOWEST     65           100 PM
 AVERAGE    78

..........................................................


THE CAPE HATTERAS NC CLIMATE NORMALS FOR TODAY
                         NORMAL    RECORD    YEAR
 MAXIMUM TEMPERATURE (F)   76        86      1975
 MINIMUM TEMPERATURE (F)   62        45      1968


SUNRISE AND SUNSET
MAY 23 2017...........SUNRISE   553 AM EDT   SUNSET   806 PM EDT
MAY 24 2017...........SUNRISE   552 AM EDT   SUNSET   807 PM EDT


-  INDICATES NEGATIVE NUMBERS.
R  INDICATES RECORD WAS SET OR TIED.
MM INDICATES DATA IS MISSING.
T  INDICATES TRACE AMOUNT.




$$
