000
CDUS42 KMHX 280525
CLIHSE


CLIMATE REPORT
NATIONAL WEATHER SERVICE NEWPORT/MOREHEAD CITY NC
125 AM EDT THU JUL 28 2016


...................................

...THE CAPE HATTERAS NC CLIMATE SUMMARY FOR JULY 27 2016...

CLIMATE NORMAL PERIOD 1981 TO 2010
CLIMATE RECORD PERIOD 1874 TO 2016


WEATHER ITEM   OBSERVED TIME   RECORD YEAR NORMAL DEPARTURE LAST
                VALUE   (LST)  VALUE       VALUE  FROM      YEAR
                                                  NORMAL
..................................................................
TEMPERATURE (F)
 YESTERDAY
  MAXIMUM         89   1259 PM  91    1999  85      4       88
                                      1940
  MINIMUM         77    755 PM  60    1975  74      3       76
  AVERAGE         83                        79      4       82

PRECIPITATION (IN)
  YESTERDAY        0.07          3.72 1937   0.18  -0.11     0.00
  MONTH TO DATE    1.93                      4.27  -2.34     5.16
  SINCE JUN 1     12.44                      8.30   4.14    10.89
  SINCE JAN 1     46.50                     29.54  16.96    30.52

SNOWFALL (IN)
  YESTERDAY        0.0
  MONTH TO DATE    0.0
  SINCE NOV 1      T
  SINCE JUL 1      0.0
  SNOW DEPTH       0

DEGREE DAYS
 HEATING
  YESTERDAY        0                         0      0        0
  MONTH TO DATE    0                         0      0        0
  SINCE JUN 1      0                         3     -3        0
  SINCE JUL 1      0                         0      0        0

 COOLING
  YESTERDAY       18                        14      4       17
  MONTH TO DATE  454                       375     79      419
  SINCE JUN 1    815                       683    132      847
  SINCE JAN 1   1024                       826    198     1014
..................................................................


WIND (MPH)
  HIGHEST WIND SPEED    17   HIGHEST WIND DIRECTION    NW (300)
  HIGHEST GUST SPEED    26   HIGHEST GUST DIRECTION    NW (300)
  AVERAGE WIND SPEED     8.2


SKY COVER
  POSSIBLE SUNSHINE  MM
  AVERAGE SKY COVER 0.1


WEATHER CONDITIONS
 THE FOLLOWING WEATHER WAS RECORDED YESTERDAY.
  LIGHT RAIN
  FOG


RELATIVE HUMIDITY (PERCENT)
 HIGHEST    91           500 AM
 LOWEST     75          1100 AM
 AVERAGE    83

..........................................................


THE CAPE HATTERAS NC CLIMATE NORMALS FOR TODAY
                         NORMAL    RECORD    YEAR
 MAXIMUM TEMPERATURE (F)   85        92      1936
 MINIMUM TEMPERATURE (F)   74        57      1962


SUNRISE AND SUNSET
JULY 28 2016..........SUNRISE   609 AM EDT   SUNSET   809 PM EDT
JULY 29 2016..........SUNRISE   610 AM EDT   SUNSET   808 PM EDT


-  INDICATES NEGATIVE NUMBERS.
R  INDICATES RECORD WAS SET OR TIED.
MM INDICATES DATA IS MISSING.
T  INDICATES TRACE AMOUNT.




$$
