000
CDUS42 KMHX 250532
CLIHSE


CLIMATE REPORT
NATIONAL WEATHER SERVICE NEWPORT/MOREHEAD CITY NC
1231 AM EST SUN FEB 25 2018


...................................

...THE CAPE HATTERAS NC CLIMATE SUMMARY FOR FEBRUARY 24 2018...

CLIMATE NORMAL PERIOD 1981 TO 2010
CLIMATE RECORD PERIOD 1874 TO 2018


WEATHER ITEM   OBSERVED TIME   RECORD YEAR NORMAL DEPARTURE LAST
                VALUE   (LST)  VALUE       VALUE  FROM      YEAR
                                                  NORMAL
..................................................................
TEMPERATURE (F)
 YESTERDAY
  MAXIMUM         73   1058 AM  76    2017  55     18       76
  MINIMUM         54   1246 AM  21    1964  41     13       61
  AVERAGE         64                        48     16       69

PRECIPITATION (IN)
  YESTERDAY        T             1.41 1954   0.14  -0.14     0.01
  MONTH TO DATE    1.59                      3.45  -1.86     1.33
  SINCE DEC 1     15.09                     12.96   2.13    11.32
  SINCE JAN 1     10.19                      8.69   1.50     6.31

SNOWFALL (IN)
  YESTERDAY        0.0
  MONTH TO DATE    0.0
  SINCE NOV 1      3.5
  SINCE JUL 1      3.5
  SNOW DEPTH       0

DEGREE DAYS
 HEATING
  YESTERDAY        1                        17    -16        0
  MONTH TO DATE  235                       443   -208      239
  SINCE DEC 1   1336                      1538   -202     1025
  SINCE JUL 1   1582                      1856   -274     1297

 COOLING
  YESTERDAY        0                         0      0        4
  MONTH TO DATE    7                         0      7        5
  SINCE DEC 1      9                         3      6        8
  SINCE JAN 1      7                         0      7        5
..................................................................


WIND (MPH)
  HIGHEST WIND SPEED    16   HIGHEST WIND DIRECTION     W (250)
  HIGHEST GUST SPEED    23   HIGHEST GUST DIRECTION     W (250)
  AVERAGE WIND SPEED     7.8


SKY COVER
  POSSIBLE SUNSHINE  MM
  AVERAGE SKY COVER 0.3


WEATHER CONDITIONS
 THE FOLLOWING WEATHER WAS RECORDED YESTERDAY.
  LIGHT RAIN
  FOG


RELATIVE HUMIDITY (PERCENT)
 HIGHEST   100          1200 AM
 LOWEST     76           100 PM
 AVERAGE    88

..........................................................


THE CAPE HATTERAS NC CLIMATE NORMALS FOR TODAY
                         NORMAL    RECORD    YEAR
 MAXIMUM TEMPERATURE (F)   55        74      2017
 MINIMUM TEMPERATURE (F)   41        19      1967


SUNRISE AND SUNSET
FEBRUARY 25 2018......SUNRISE   637 AM EST   SUNSET   554 PM EST
FEBRUARY 26 2018......SUNRISE   636 AM EST   SUNSET   555 PM EST


-  INDICATES NEGATIVE NUMBERS.
R  INDICATES RECORD WAS SET OR TIED.
MM INDICATES DATA IS MISSING.
T  INDICATES TRACE AMOUNT.




$$
