000
CDUS42 KMHX 242226
CLIHSE


CLIMATE REPORT
NATIONAL WEATHER SERVICE NEWPORT/MOREHEAD CITY NC
525 PM EST FRI NOV 24 2017


...................................

...THE CAPE HATTERAS NC CLIMATE SUMMARY FOR NOVEMBER 24 2017...
VALID TODAY AS OF 0500 PM LOCAL TIME.

CLIMATE NORMAL PERIOD 1981 TO 2010
CLIMATE RECORD PERIOD 1874 TO 2017


WEATHER ITEM   OBSERVED TIME   RECORD YEAR NORMAL DEPARTURE LAST
                VALUE   (LST)  VALUE       VALUE  FROM      YEAR
                                                  NORMAL
..................................................................
TEMPERATURE (F)
 TODAY
  MAXIMUM         62   1246 PM  77    1986  62      0       68
                                      1983
  MINIMUM         50    322 AM  29    1989  49      1       42
                                      1972
  AVERAGE         56                        55      1       55

PRECIPITATION (IN)
  TODAY            0.00          1.11 1975   0.15  -0.15     0.00
  MONTH TO DATE    2.19                      4.06  -1.87     1.08
  SINCE SEP 1     11.44                     15.69  -4.25    14.98
  SINCE JAN 1     53.80                     52.88   0.92    67.24

SNOWFALL (IN)
  TODAY            0.0
  MONTH TO DATE    0.0
  SINCE NOV 1      0.0
  SINCE JUL 1      0.0
  SNOW DEPTH       0

DEGREE DAYS
 HEATING
  TODAY            9                        10     -1       10
  MONTH TO DATE  157                       176    -19      195
  SINCE SEP 1    190                       251    -61      226
  SINCE JUL 1    190                       251    -61      226

 COOLING
  TODAY            0                         0      0        0
  MONTH TO DATE   29                        22      7        9
  SINCE SEP 1    589                       406    183      578
  SINCE JAN 1   2350                      1712    638     2213
..................................................................


WIND (MPH)
  HIGHEST WIND SPEED    15   HIGHEST WIND DIRECTION    NE (40)
  HIGHEST GUST SPEED    22   HIGHEST GUST DIRECTION    NE (60)
  AVERAGE WIND SPEED     7.9


SKY COVER
  POSSIBLE SUNSHINE  MM
  AVERAGE SKY COVER 0.1


WEATHER CONDITIONS
 THE FOLLOWING WEATHER WAS RECORDED TODAY.
  NO SIGNIFICANT WEATHER WAS OBSERVED.


RELATIVE HUMIDITY (PERCENT)
 HIGHEST    86           500 PM
 LOWEST     71          1200 AM
 AVERAGE    79

..........................................................


THE CAPE HATTERAS NC CLIMATE NORMALS FOR TOMORROW
                         NORMAL    RECORD    YEAR
 MAXIMUM TEMPERATURE (F)   61        76      1900
 MINIMUM TEMPERATURE (F)   49        26      1950


SUNRISE AND SUNSET
NOVEMBER 24 2017......SUNRISE   646 AM EST   SUNSET   452 PM EST
NOVEMBER 25 2017......SUNRISE   647 AM EST   SUNSET   452 PM EST


-  INDICATES NEGATIVE NUMBERS.
R  INDICATES RECORD WAS SET OR TIED.
MM INDICATES DATA IS MISSING.
T  INDICATES TRACE AMOUNT.




$$
