000
CDUS42 KMHX 202127
CLIHSE


CLIMATE REPORT
NATIONAL WEATHER SERVICE NEWPORT/MOREHEAD CITY NC
527 PM EDT WED SEP 20 2017


...................................

...THE CAPE HATTERAS NC CLIMATE SUMMARY FOR SEPTEMBER 20 2017...
VALID TODAY AS OF 0500 PM LOCAL TIME.

CLIMATE NORMAL PERIOD 1981 TO 2010
CLIMATE RECORD PERIOD 1874 TO 2017


WEATHER ITEM   OBSERVED TIME   RECORD YEAR NORMAL DEPARTURE LAST
                VALUE   (LST)  VALUE       VALUE  FROM      YEAR
                                                  NORMAL
..................................................................
TEMPERATURE (F)
 TODAY
  MAXIMUM         85    346 PM  87    1942  79      6       84
  MINIMUM         73    455 AM  53    1984  68      5       72
  AVERAGE         79                        74      5       78

PRECIPITATION (IN)
  TODAY            0.00          4.06 1922   0.19  -0.19     1.22
  MONTH TO DATE    6.84                      4.36   2.48     8.21
  SINCE SEP 1      6.84                      4.36   2.48     8.21
  SINCE JAN 1     49.20                     41.55   7.65    60.47

SNOWFALL (IN)
  TODAY            0.0
  MONTH TO DATE    0.0
  SINCE NOV 1      T
  SINCE JUL 1      0.0
  SNOW DEPTH       0

DEGREE DAYS
 HEATING
  TODAY            0                         0      0        0
  MONTH TO DATE    0                         0      0        0
  SINCE SEP 1      0                         0      0        0
  SINCE JUL 1      0                         0      0        0

 COOLING
  TODAY           14                         9      5       13
  MONTH TO DATE  233                       213     20      281
  SINCE SEP 1    233                       213     20      281
  SINCE JAN 1   1994                      1519    475     1916
..................................................................


WIND (MPH)
  HIGHEST WIND SPEED    12   HIGHEST WIND DIRECTION    NW (300)
  HIGHEST GUST SPEED    17   HIGHEST GUST DIRECTION     W (270)
  AVERAGE WIND SPEED     7.4


SKY COVER
  POSSIBLE SUNSHINE  MM
  AVERAGE SKY COVER 0.4


WEATHER CONDITIONS
 THE FOLLOWING WEATHER WAS RECORDED TODAY.
  NO SIGNIFICANT WEATHER WAS OBSERVED.


RELATIVE HUMIDITY (PERCENT)
 HIGHEST    93          1200 AM
 LOWEST     65          1100 AM
 AVERAGE    79

..........................................................


THE CAPE HATTERAS NC CLIMATE NORMALS FOR TOMORROW
                         NORMAL    RECORD    YEAR
 MAXIMUM TEMPERATURE (F)   79        90      1895
 MINIMUM TEMPERATURE (F)   68        55      1918


SUNRISE AND SUNSET
SEPTEMBER 20 2017.....SUNRISE   649 AM EDT   SUNSET   702 PM EDT
SEPTEMBER 21 2017.....SUNRISE   650 AM EDT   SUNSET   700 PM EDT


-  INDICATES NEGATIVE NUMBERS.
R  INDICATES RECORD WAS SET OR TIED.
MM INDICATES DATA IS MISSING.
T  INDICATES TRACE AMOUNT.




$$
