000
CDUS42 KMHX 200526
CLIHSE


CLIMATE REPORT
NATIONAL WEATHER SERVICE NEWPORT/MOREHEAD CITY NC
126 AM EDT SUN APR 20 2014


...................................

...THE CAPE HATTERAS NC CLIMATE SUMMARY FOR APRIL 19 2014...

CLIMATE NORMAL PERIOD 1981 TO 2010
CLIMATE RECORD PERIOD 1874 TO 2014


WEATHER ITEM   OBSERVED TIME   RECORD YEAR NORMAL DEPARTURE LAST
                VALUE   (LST)  VALUE       VALUE  FROM      YEAR
                                                  NORMAL
..................................................................
TEMPERATURE (F)
 YESTERDAY
  MAXIMUM         55   1218 PM  81    1995  67    -12       73
  MINIMUM         49    825 AM  36    2001  54     -5       64
  AVERAGE         52                        60     -8       69

PRECIPITATION (IN)
  YESTERDAY        1.20R         0.59 2012   0.12   1.08     0.19
  MONTH TO DATE    3.55                      2.40   1.15     1.94
  SINCE MAR 1      9.03                      7.17   1.86     4.16
  SINCE JAN 1     19.12                     16.43   2.69    13.89

SNOWFALL (IN)
  YESTERDAY        0.0
  MONTH TO DATE    0.0
  SINCE NOV 1      5.7
  SINCE JUL 1      5.7
  SNOW DEPTH       0

DEGREE DAYS
 HEATING
  YESTERDAY       13                         6      7        0
  MONTH TO DATE  125                       143    -18      107
  SINCE MAR 1    628                       562     66      594
  SINCE JUL 1   2461                      2486    -25     2326

 COOLING
  YESTERDAY        0                         1     -1        4
  MONTH TO DATE   11                        10      1        9
  SINCE MAR 1     11                        13     -2        9
  SINCE JAN 1     11                        13     -2        9
..................................................................


WIND (MPH)
  HIGHEST WIND SPEED    21   HIGHEST WIND DIRECTION    NE (40)
  HIGHEST GUST SPEED    34   HIGHEST GUST DIRECTION    NE (40)
  AVERAGE WIND SPEED    13.3


SKY COVER
  POSSIBLE SUNSHINE  MM
  AVERAGE SKY COVER 1.0


WEATHER CONDITIONS
 THE FOLLOWING WEATHER WAS RECORDED YESTERDAY.
  HEAVY RAIN
  RAIN
  LIGHT RAIN
  FOG


RELATIVE HUMIDITY (PERCENT)
 HIGHEST   100           100 AM
 LOWEST     93           200 PM
 AVERAGE    97

..........................................................


THE CAPE HATTERAS NC CLIMATE NORMALS FOR TODAY
                         NORMAL    RECORD    YEAR
 MAXIMUM TEMPERATURE (F)   67        81      1992
 MINIMUM TEMPERATURE (F)   54        33      1979


SUNRISE AND SUNSET
APRIL 20 2014.........SUNRISE   624 AM EDT   SUNSET   739 PM EDT
APRIL 21 2014.........SUNRISE   623 AM EDT   SUNSET   740 PM EDT


-  INDICATES NEGATIVE NUMBERS.
R  INDICATES RECORD WAS SET OR TIED.
MM INDICATES DATA IS MISSING.
T  INDICATES TRACE AMOUNT.




$$
