316
CDUS42 KMHX 240527
CLIHSE


CLIMATE REPORT
NATIONAL WEATHER SERVICE NEWPORT/MOREHEAD CITY NC
126 AM EDT TUE MAY 24 2016


...................................

...THE CAPE HATTERAS NC CLIMATE SUMMARY FOR MAY 23 2016...

CLIMATE NORMAL PERIOD 1981 TO 2010
CLIMATE RECORD PERIOD 1874 TO 2016


WEATHER ITEM   OBSERVED TIME   RECORD YEAR NORMAL DEPARTURE LAST
                VALUE   (LST)  VALUE       VALUE  FROM      YEAR
                                                  NORMAL
..................................................................
TEMPERATURE (F)
 YESTERDAY
  MAXIMUM         68    138 PM  86    1975  76     -8       73
  MINIMUM         59    654 AM  45    1968  62     -3       49
  AVERAGE         64                        69     -5       61

PRECIPITATION (IN)
  YESTERDAY        0.08          2.56 2003   0.11  -0.03     0.00
  MONTH TO DATE    4.45                      2.66   1.79     3.21
  SINCE MAR 1     12.73                     11.07   1.66     7.68
  SINCE JAN 1     25.84                     20.33   5.51    19.63

SNOWFALL (IN)
  YESTERDAY        0.0
  MONTH TO DATE    0.0
  SINCE NOV 1      T
  SINCE JUL 1      T
  SNOW DEPTH       0

DEGREE DAYS
 HEATING
  YESTERDAY        1                         1      0        4
  MONTH TO DATE   21                        44    -23       56
  SINCE MAR 1    387                       654   -267      633
  SINCE JUL 1   1700                      2578   -878     2806

 COOLING
  YESTERDAY        0                         5     -5        0
  MONTH TO DATE   78                        70      8       71
  SINCE MAR 1    132                        98     34       88
  SINCE JAN 1    133                        98     35       90
..................................................................


WIND (MPH)
  HIGHEST WIND SPEED    13   HIGHEST WIND DIRECTION    NW (330)
  HIGHEST GUST SPEED    20   HIGHEST GUST DIRECTION     N (10)
  AVERAGE WIND SPEED     7.9


SKY COVER
  POSSIBLE SUNSHINE  MM
  AVERAGE SKY COVER 0.6


WEATHER CONDITIONS
 THE FOLLOWING WEATHER WAS RECORDED YESTERDAY.
  HEAVY RAIN
  LIGHT RAIN
  FOG


RELATIVE HUMIDITY (PERCENT)
 HIGHEST    90          1200 AM
 LOWEST     63           100 PM
 AVERAGE    77

..........................................................


THE CAPE HATTERAS NC CLIMATE NORMALS FOR TODAY
                         NORMAL    RECORD    YEAR
 MAXIMUM TEMPERATURE (F)   76        87      1992
 MINIMUM TEMPERATURE (F)   63        47      2002
                                             1990


SUNRISE AND SUNSET
MAY 24 2016...........SUNRISE   552 AM EDT   SUNSET   807 PM EDT
MAY 25 2016...........SUNRISE   552 AM EDT   SUNSET   808 PM EDT


-  INDICATES NEGATIVE NUMBERS.
R  INDICATES RECORD WAS SET OR TIED.
MM INDICATES DATA IS MISSING.
T  INDICATES TRACE AMOUNT.




$$
