000
CDUS42 KMHX 260632
CLIHSE


CLIMATE REPORT
NATIONAL WEATHER SERVICE NEWPORT/MOREHEAD CITY NC
131 AM EST SUN FEB 26 2017


...................................

...THE CAPE HATTERAS NC CLIMATE SUMMARY FOR FEBRUARY 25 2017...

CLIMATE NORMAL PERIOD 1981 TO 2010
CLIMATE RECORD PERIOD 1874 TO 2017


WEATHER ITEM   OBSERVED TIME   RECORD YEAR NORMAL DEPARTURE LAST
                VALUE   (LST)  VALUE       VALUE  FROM      YEAR
                                                  NORMAL
..................................................................
TEMPERATURE (F)
 YESTERDAY
  MAXIMUM         74R   224 PM  73    1930  55     19       66
  MINIMUM         57    257 AM  19    1967  41     16       49
  AVERAGE         66                        48     18       58

PRECIPITATION (IN)
  YESTERDAY        0.00          1.83 1960   0.15  -0.15     0.00
  MONTH TO DATE    1.33                      3.60  -2.27     8.24
  SINCE DEC 1     11.32                     13.11  -1.79    18.08
  SINCE JAN 1      6.31                      8.84  -2.53    13.11

SNOWFALL (IN)
  YESTERDAY        0.0
  MONTH TO DATE    0.0
  SINCE NOV 1      T
  SINCE JUL 1      T
  SNOW DEPTH       0

DEGREE DAYS
 HEATING
  YESTERDAY        0                        17    -17        7
  MONTH TO DATE  239                       460   -221      387
  SINCE DEC 1   1025                      1555   -530     1076
  SINCE JUL 1   1297                      1873   -576     1248

 COOLING
  YESTERDAY        1                         0      1        0
  MONTH TO DATE    6                         0      6        1
  SINCE DEC 1      9                         3      6       65
  SINCE JAN 1      6                         0      6        1
..................................................................


WIND (MPH)
  HIGHEST WIND SPEED    24   HIGHEST WIND DIRECTION    SW (240)
  HIGHEST GUST SPEED    34   HIGHEST GUST DIRECTION    SW (240)
  AVERAGE WIND SPEED     9.3


SKY COVER
  POSSIBLE SUNSHINE  MM
  AVERAGE SKY COVER 0.1


WEATHER CONDITIONS
 THE FOLLOWING WEATHER WAS RECORDED YESTERDAY.
  FOG
  HAZE


RELATIVE HUMIDITY (PERCENT)
 HIGHEST    90           100 AM
 LOWEST     68          1100 AM
 AVERAGE    79

..........................................................


THE CAPE HATTERAS NC CLIMATE NORMALS FOR TODAY
                         NORMAL    RECORD    YEAR
 MAXIMUM TEMPERATURE (F)   55        72      2000
 MINIMUM TEMPERATURE (F)   41        21      1970
                                             1967


SUNRISE AND SUNSET
FEBRUARY 26 2017......SUNRISE   636 AM EST   SUNSET   556 PM EST
FEBRUARY 27 2017......SUNRISE   634 AM EST   SUNSET   556 PM EST


-  INDICATES NEGATIVE NUMBERS.
R  INDICATES RECORD WAS SET OR TIED.
MM INDICATES DATA IS MISSING.
T  INDICATES TRACE AMOUNT.




$$
