000
CDUS42 KMHX 080530
CLIHSE


CLIMATE REPORT
NATIONAL WEATHER SERVICE NEWPORT/MOREHEAD CITY NC
1229 AM EST MON FEB 8 2016


...................................

...THE CAPE HATTERAS NC CLIMATE SUMMARY FOR FEBRUARY 7 2016...

CLIMATE NORMAL PERIOD 1981 TO 2010
CLIMATE RECORD PERIOD 1874 TO 2016


WEATHER ITEM   OBSERVED TIME   RECORD YEAR NORMAL DEPARTURE LAST
                VALUE   (LST)  VALUE       VALUE  FROM      YEAR
                                                  NORMAL
..................................................................
TEMPERATURE (F)
 YESTERDAY
  MAXIMUM         48    429 PM  68    1989  53     -5       55
  MINIMUM         43    506 AM  18    1910  39      4       28
  AVERAGE         46                        46      0       42

PRECIPITATION (IN)
  YESTERDAY        2.25          2.73 1968   0.14   2.11     0.00
  MONTH TO DATE    5.75                      1.06   4.69     2.55
  SINCE DEC 1     15.59                     10.57   5.02     9.61
  SINCE JAN 1     10.62                      6.30   4.32     7.16

SNOWFALL (IN)
  YESTERDAY        0.0
  MONTH TO DATE    0.0
  SINCE NOV 1      T
  SINCE JUL 1      T
  SNOW DEPTH       0

DEGREE DAYS
 HEATING
  YESTERDAY       19                        19      0       23
  MONTH TO DATE   52                       133    -81      168
  SINCE DEC 1    741                      1228   -487     1204
  SINCE JUL 1    913                      1546   -633     1605

 COOLING
  YESTERDAY        0                         0      0        0
  MONTH TO DATE    1                         0      1        0
  SINCE DEC 1     65                         3     62        2
  SINCE JAN 1      1                         0      1        2
..................................................................


WIND (MPH)
  HIGHEST WIND SPEED    26   HIGHEST WIND DIRECTION     N (360)
  HIGHEST GUST SPEED    52   HIGHEST GUST DIRECTION     N (20)
  AVERAGE WIND SPEED    16.5


SKY COVER
  POSSIBLE SUNSHINE  MM
  AVERAGE SKY COVER 0.9


WEATHER CONDITIONS
 THE FOLLOWING WEATHER WAS RECORDED YESTERDAY.
  HEAVY RAIN
  RAIN
  LIGHT RAIN
  FOG


RELATIVE HUMIDITY (PERCENT)
 HIGHEST   100           100 PM
 LOWEST     70           400 AM
 AVERAGE    85

..........................................................


THE CAPE HATTERAS NC CLIMATE NORMALS FOR TODAY
                         NORMAL    RECORD    YEAR
 MAXIMUM TEMPERATURE (F)   53        69      1932
 MINIMUM TEMPERATURE (F)   39        11      1895


SUNRISE AND SUNSET
FEBRUARY  8 2016......SUNRISE   656 AM EST   SUNSET   538 PM EST
FEBRUARY  9 2016......SUNRISE   655 AM EST   SUNSET   539 PM EST


-  INDICATES NEGATIVE NUMBERS.
R  INDICATES RECORD WAS SET OR TIED.
MM INDICATES DATA IS MISSING.
T  INDICATES TRACE AMOUNT.




$$
