000
CDUS42 KMHX 052125
CLIHSE


CLIMATE REPORT
NATIONAL WEATHER SERVICE NEWPORT/MOREHEAD CITY NC
525 PM EDT SUN JUL 5 2015


...................................

...THE CAPE HATTERAS NC CLIMATE SUMMARY FOR JULY 5 2015...
VALID TODAY AS OF 0500 PM LOCAL TIME.

CLIMATE NORMAL PERIOD 1981 TO 2010
CLIMATE RECORD PERIOD 1874 TO 2015


WEATHER ITEM   OBSERVED TIME   RECORD YEAR NORMAL DEPARTURE LAST
                VALUE   (LST)  VALUE       VALUE  FROM      YEAR
                                                  NORMAL
..................................................................
TEMPERATURE (F)
 TODAY
  MAXIMUM         84    137 PM  92    1993  84      0       80
                                      1966
                                      1902
  MINIMUM         76    656 AM  52    1895  73      3       65
  AVERAGE         80                        79      1       73

PRECIPITATION (IN)
  TODAY            0.00          3.75 1998   0.14  -0.14     0.00
  MONTH TO DATE    0.15                      0.72  -0.57     2.00
  SINCE JUN 1      5.88                      4.75   1.13     3.71
  SINCE JAN 1     25.51                     25.99  -0.48    26.50

SNOWFALL (IN)
  TODAY            0.0
  MONTH TO DATE    0.0
  SINCE NOV 1      2.0
  SINCE JUL 1      0.0
  SNOW DEPTH       0

DEGREE DAYS
 HEATING
  TODAY            0                         0      0        0
  MONTH TO DATE    0                         0      0        0
  SINCE JUN 1      0                         3     -3        0
  SINCE JUL 1      0                         0      0        0

 COOLING
  TODAY           15                        14      1        8
  MONTH TO DATE   73                        67      6       45
  SINCE JUN 1    501                       375    126      320
  SINCE JAN 1    668                       518    150      556
..................................................................


WIND (MPH)
  HIGHEST WIND SPEED    14   HIGHEST WIND DIRECTION    SW (210)
  HIGHEST GUST SPEED    21   HIGHEST GUST DIRECTION    SW (240)
  AVERAGE WIND SPEED    10.8


SKY COVER
  POSSIBLE SUNSHINE  MM
  AVERAGE SKY COVER 0.0


WEATHER CONDITIONS
 THE FOLLOWING WEATHER WAS RECORDED TODAY.
  NO SIGNIFICANT WEATHER WAS OBSERVED.


RELATIVE HUMIDITY (PERCENT)
 HIGHEST   100           300 AM
 LOWEST     69          1000 AM
 AVERAGE    85

..........................................................


THE CAPE HATTERAS NC CLIMATE NORMALS FOR TOMORROW
                         NORMAL    RECORD    YEAR
 MAXIMUM TEMPERATURE (F)   84        95      1969
 MINIMUM TEMPERATURE (F)   73        57      1964


SUNRISE AND SUNSET
JULY  5 2015..........SUNRISE   553 AM EDT   SUNSET   821 PM EDT
JULY  6 2015..........SUNRISE   554 AM EDT   SUNSET   820 PM EDT


-  INDICATES NEGATIVE NUMBERS.
R  INDICATES RECORD WAS SET OR TIED.
MM INDICATES DATA IS MISSING.
T  INDICATES TRACE AMOUNT.




$$
