000
CDUS43 KGID 300623
CLIHSI


CLIMATE REPORT
NATIONAL WEATHER SERVICE HASTINGS NE
123 AM CDT MON MAY 30 2016


...................................

...THE HASTINGS NE CLIMATE SUMMARY FOR MAY 29 2016...

CLIMATE NORMAL PERIOD 1981 TO 2010
CLIMATE RECORD PERIOD 1894 TO 2016


WEATHER ITEM   OBSERVED TIME   RECORD YEAR NORMAL DEPARTURE LAST
                VALUE   (LST)  VALUE       VALUE  FROM      YEAR
                                                  NORMAL
..................................................................
TEMPERATURE (F)
 YESTERDAY
  MAXIMUM         84    312 PM 105    1934  77      7       77
  MINIMUM         53    537 AM  29    1947  56     -3       52
  AVERAGE         69                        66      3       65

PRECIPITATION (IN)
  YESTERDAY        0.06          2.20 1969   0.12  -0.06     0.02
  MONTH TO DATE    2.85                      4.32  -1.47     3.86
  SINCE MAR 1      9.08                      8.67   0.41     7.61
  SINCE JAN 1     11.00                      9.57   1.43     8.72

SNOWFALL (IN)
  YESTERDAY        0.0                       0.0    0.0      0.0
  MONTH TO DATE    0.0                       0.0    0.0      0.0
  SINCE MAR 1      2.1                       6.4   -4.3      0.8
  SINCE JUL 1     32.4                      28.8    3.6     17.0
  SNOW DEPTH       0

DEGREE DAYS
 HEATING
  YESTERDAY        0                         2     -2        0
  MONTH TO DATE  176                       165     11      170
  SINCE MAR 1   1106                      1374   -268     1161
  SINCE JUL 1   5016                      6004   -988     5784

 COOLING
  YESTERDAY        4                         3      1        0
  MONTH TO DATE   23                        48    -25       27
  SINCE MAR 1     23                        53    -30       31
  SINCE JAN 1     23                        53    -30       31
..................................................................


WIND (MPH)
  HIGHEST WIND SPEED    25   HIGHEST WIND DIRECTION    SE (130)
  HIGHEST GUST SPEED    34   HIGHEST GUST DIRECTION    SE (140)
  AVERAGE WIND SPEED     6.2


SKY COVER
  AVERAGE SKY COVER 0.1


WEATHER CONDITIONS
 THE FOLLOWING WEATHER WAS RECORDED YESTERDAY.
  THUNDERSTORM
  LIGHT RAIN


RELATIVE HUMIDITY (PERCENT)
 HIGHEST    93           400 AM
 LOWEST     40           200 PM
 AVERAGE    67

..........................................................


THE HASTINGS NE CLIMATE NORMALS FOR TODAY
                         NORMAL    RECORD    YEAR
 MAXIMUM TEMPERATURE (F)   77       103      1934
 MINIMUM TEMPERATURE (F)   56        41      1930


SUNRISE AND SUNSET
MAY 30 2016...........SUNRISE   606 AM CDT   SUNSET   857 PM CDT
MAY 31 2016...........SUNRISE   605 AM CDT   SUNSET   858 PM CDT


-  INDICATES NEGATIVE NUMBERS.
R  INDICATES RECORD WAS SET OR TIED.
MM INDICATES DATA IS MISSING.
T  INDICATES TRACE AMOUNT.




$$
