000
CDUS43 KGID 300636
CLIHSI


CLIMATE REPORT
NATIONAL WEATHER SERVICE HASTINGS NE
134 AM CDT TUE JUN 30 2015


...................................

...THE HASTINGS NE CLIMATE SUMMARY FOR JUNE 29 2015...

CLIMATE NORMAL PERIOD 1981 TO 2010
CLIMATE RECORD PERIOD 1894 TO 2015


WEATHER ITEM   OBSERVED TIME   RECORD YEAR NORMAL DEPARTURE LAST
                VALUE   (LST)  VALUE       VALUE  FROM      YEAR
                                                  NORMAL
..................................................................
TEMPERATURE (F)
 YESTERDAY
  MAXIMUM         88    517 PM 108    1933  87      1       87
  MINIMUM         58    536 AM  47    1923  64     -6       69
  AVERAGE         73                        76     -3       78

PRECIPITATION (IN)
  YESTERDAY        0.00          2.45 1965   0.10  -0.10     0.07
  MONTH TO DATE    8.05                      3.70   4.35     8.68
  SINCE JUN 1      8.05                      3.70   4.35     8.68
  SINCE JAN 1     16.77                     13.52   3.25    15.62

SNOWFALL (IN)
  YESTERDAY        0.0                       0.0    0.0      0.0
  MONTH TO DATE    0.0                       0.0    0.0      0.0
  SINCE JUN 1      0.0                       0.0    0.0      0.0
  SINCE JUL 1     17.0                      28.8  -11.8     21.7
  6 AM SNOW DEPTH  0

DEGREE DAYS
 HEATING
  YESTERDAY        0                         0      0        0
  MONTH TO DATE    3                        19    -16        8
  SINCE JUN 1      3                        19    -16        8
  SINCE JUL 1   5801                      6027   -226     6325

 COOLING
  YESTERDAY        8                        11     -3       13
  MONTH TO DATE  205                       214     -9      222
  SINCE JUN 1    205                       214     -9      222
  SINCE JAN 1    236                       273    -37      340
..................................................................


WIND (MPH)
  HIGHEST WIND SPEED    15   HIGHEST WIND DIRECTION    NW (320)
  HIGHEST GUST SPEED    20   HIGHEST GUST DIRECTION    NW (320)
  AVERAGE WIND SPEED     4.3


SKY COVER
  AVERAGE SKY COVER 0.0


WEATHER CONDITIONS
 THE FOLLOWING WEATHER WAS RECORDED YESTERDAY.
  FOG
  HAZE


RELATIVE HUMIDITY (PERCENT)
 HIGHEST    87           500 AM
 LOWEST     36           400 PM
 AVERAGE    62

..........................................................


THE HASTINGS NE CLIMATE NORMALS FOR TODAY
                         NORMAL    RECORD    YEAR
 MAXIMUM TEMPERATURE (F)   87       105      1917
 MINIMUM TEMPERATURE (F)   65        48      1951
                                             1918


SUNRISE AND SUNSET
JUNE 30 2015..........SUNRISE   606 AM CDT   SUNSET   908 PM CDT
JULY  1 2015..........SUNRISE   607 AM CDT   SUNSET   908 PM CDT


-  INDICATES NEGATIVE NUMBERS.
R  INDICATES RECORD WAS SET OR TIED.
MM INDICATES DATA IS MISSING.
T  INDICATES TRACE AMOUNT.




$$
