000
CDUS43 KGID 190653
CLIHSI


CLIMATE REPORT
NATIONAL WEATHER SERVICE HASTINGS NE
1252 AM CST THU JAN 19 2017


...................................

...THE HASTINGS NE CLIMATE SUMMARY FOR JANUARY 18 2017...

CLIMATE NORMAL PERIOD 1981 TO 2010
CLIMATE RECORD PERIOD 1894 TO 2017


WEATHER ITEM   OBSERVED TIME   RECORD YEAR NORMAL DEPARTURE LAST
                VALUE   (LST)  VALUE       VALUE  FROM      YEAR
                                                  NORMAL
..................................................................
TEMPERATURE (F)
 YESTERDAY
  MAXIMUM         49    424 PM  65    1951  36     13       30
  MINIMUM         28    751 AM -21    1940  16     12        2
  AVERAGE         39                        26     13       16

PRECIPITATION (IN)
  YESTERDAY        0.00          0.50 1912   0.02  -0.02      T
  MONTH TO DATE    0.82                      0.18   0.64     0.17
  SINCE DEC 1      1.43                      0.79   0.64     2.35
  SINCE JAN 1      0.82                      0.18   0.64     0.17

SNOWFALL (IN)
  YESTERDAY        0.0           2.5  1960   0.2   -0.2       T
  MONTH TO DATE    3.7                       3.2    0.5      2.8
  SINCE DEC 1      4.7                       9.3   -4.6      7.4
  SINCE JUL 1      4.8                      13.1   -8.3     11.6
  SNOW DEPTH       0

DEGREE DAYS
 HEATING
  YESTERDAY       26                        39    -13       49
  MONTH TO DATE  775                       706     69      718
  SINCE DEC 1   1957                      1865     92     1702
  SINCE JUL 1   2824                      3146   -322     2628

 COOLING
  YESTERDAY        0                         0      0        0
  MONTH TO DATE    0                         0      0        0
  SINCE DEC 1      0                         0      0        0
  SINCE JAN 1      0                         0      0        0
..................................................................


WIND (MPH)
  HIGHEST WIND SPEED    18   HIGHEST WIND DIRECTION     S (200)
  HIGHEST GUST SPEED    24   HIGHEST GUST DIRECTION     S (190)
  AVERAGE WIND SPEED     7.6


SKY COVER
  AVERAGE SKY COVER 0.0


WEATHER CONDITIONS
 THE FOLLOWING WEATHER WAS RECORDED YESTERDAY.
  NO SIGNIFICANT WEATHER WAS OBSERVED.


RELATIVE HUMIDITY (PERCENT)
 HIGHEST    92           900 AM
 LOWEST     71           300 PM
 AVERAGE    82

..........................................................


THE HASTINGS NE CLIMATE NORMALS FOR TODAY
                         NORMAL    RECORD    YEAR
 MAXIMUM TEMPERATURE (F)   36        67      2014
 MINIMUM TEMPERATURE (F)   16       -17      1943


SUNRISE AND SUNSET
JANUARY 19 2017.......SUNRISE   753 AM CST   SUNSET   536 PM CST
JANUARY 20 2017.......SUNRISE   753 AM CST   SUNSET   538 PM CST


-  INDICATES NEGATIVE NUMBERS.
R  INDICATES RECORD WAS SET OR TIED.
MM INDICATES DATA IS MISSING.
T  INDICATES TRACE AMOUNT.




$$
