000
CDUS43 KGID 220625
CLIHSI


CLIMATE REPORT
NATIONAL WEATHER SERVICE HASTINGS NE
1224 AM CST WED FEB 22 2017


...................................

...THE HASTINGS NE CLIMATE SUMMARY FOR FEBRUARY 21 2017...

CLIMATE NORMAL PERIOD 1981 TO 2010
CLIMATE RECORD PERIOD 1894 TO 2017


WEATHER ITEM   OBSERVED TIME   RECORD YEAR NORMAL DEPARTURE LAST
                VALUE   (LST)  VALUE       VALUE  FROM      YEAR
                                                  NORMAL
..................................................................
TEMPERATURE (F)
 YESTERDAY
  MAXIMUM         77R   446 PM  73    1995  42     35       53
  MINIMUM         35    133 AM -12    1918  21     14       31
  AVERAGE         56                        31     25       42

PRECIPITATION (IN)
  YESTERDAY        0.00          0.80 1897   0.02  -0.02     0.00
  MONTH TO DATE    0.03                      0.34  -0.31     1.57
  SINCE DEC 1      1.47                      1.36   0.11     4.10
  SINCE JAN 1      0.86                      0.75   0.11     1.92

SNOWFALL (IN)
  YESTERDAY        0.0           8.0  2013   0.2   -0.2      0.0
                                      1897
  MONTH TO DATE    1.1                       5.1   -4.0     16.0
  SINCE DEC 1      5.8                      17.2  -11.4     26.1
  SINCE JUL 1      5.9                      21.0  -15.1     30.3
  SNOW DEPTH       0

DEGREE DAYS
 HEATING
  YESTERDAY        9                        34    -25       23
  MONTH TO DATE  530                       756   -226      668
  SINCE DEC 1   2862                      3124   -262     2793
  SINCE JUL 1   3729                      4405   -676     3719

 COOLING
  YESTERDAY        0                         0      0        0
  MONTH TO DATE    0                         0      0        0
  SINCE DEC 1      0                         0      0        0
  SINCE JAN 1      0                         0      0        0
..................................................................


WIND (MPH)
  HIGHEST WIND SPEED    21   HIGHEST WIND DIRECTION    SW (210)
  HIGHEST GUST SPEED    30   HIGHEST GUST DIRECTION    SW (210)
  AVERAGE WIND SPEED     8.9


SKY COVER
  AVERAGE SKY COVER 0.0


WEATHER CONDITIONS
 THE FOLLOWING WEATHER WAS RECORDED YESTERDAY.
  NO SIGNIFICANT WEATHER WAS OBSERVED.


RELATIVE HUMIDITY (PERCENT)
 HIGHEST    76           200 AM
 LOWEST     14           300 PM
 AVERAGE    45

..........................................................


THE HASTINGS NE CLIMATE NORMALS FOR TODAY
                         NORMAL    RECORD    YEAR
 MAXIMUM TEMPERATURE (F)   42        75      1982
 MINIMUM TEMPERATURE (F)   22        -9      1918


SUNRISE AND SUNSET
FEBRUARY 22 2017......SUNRISE   717 AM CST   SUNSET   617 PM CST
FEBRUARY 23 2017......SUNRISE   716 AM CST   SUNSET   619 PM CST


-  INDICATES NEGATIVE NUMBERS.
R  INDICATES RECORD WAS SET OR TIED.
MM INDICATES DATA IS MISSING.
T  INDICATES TRACE AMOUNT.




$$
