000
CDUS43 KGID 240624
CLIHSI


CLIMATE REPORT
NATIONAL WEATHER SERVICE HASTINGS NE
123 AM CDT FRI MAR 24 2017


...................................

...THE HASTINGS NE CLIMATE SUMMARY FOR MARCH 23 2017...

CLIMATE NORMAL PERIOD 1981 TO 2010
CLIMATE RECORD PERIOD 1894 TO 2017


WEATHER ITEM   OBSERVED TIME   RECORD YEAR NORMAL DEPARTURE LAST
                VALUE   (LST)  VALUE       VALUE  FROM      YEAR
                                                  NORMAL
..................................................................
TEMPERATURE (F)
 YESTERDAY
  MAXIMUM         76    501 PM  90    1910  54     22       54
  MINIMUM         48    849 AM   5    1965  31     17       29
  AVERAGE         62                        43     19       42

PRECIPITATION (IN)
  YESTERDAY        0.07          1.77 1987   0.07   0.00     0.08
  MONTH TO DATE    0.13                      1.12  -0.99     0.25
  SINCE MAR 1      0.13                      1.12  -0.99     0.25
  SINCE JAN 1      1.23                      2.02  -0.79     2.17

SNOWFALL (IN)
  YESTERDAY        0.0           3.0  1965   0.2   -0.2      0.3
  MONTH TO DATE    1.2                       4.1   -2.9      0.3
  SINCE MAR 1      1.2                       4.1   -2.9      0.3
  SINCE JUL 1     10.3                      26.5  -16.2     30.6
  SNOW DEPTH       0

DEGREE DAYS
 HEATING
  YESTERDAY        3                        22    -19       23
  MONTH TO DATE  496                       611   -115      408
  SINCE MAR 1    496                       611   -115      408
  SINCE JUL 1   4426                      5241   -815     4318

 COOLING
  YESTERDAY        0                         0      0        0
  MONTH TO DATE    0                         0      0        0
  SINCE MAR 1      0                         0      0        0
  SINCE JAN 1      0                         0      0        0
..................................................................


WIND (MPH)
  HIGHEST WIND SPEED    29   HIGHEST WIND DIRECTION    SW (240)
  HIGHEST GUST SPEED    45   HIGHEST GUST DIRECTION     S (190)
  AVERAGE WIND SPEED    16.5


SKY COVER
  AVERAGE SKY COVER 0.7


WEATHER CONDITIONS
 THE FOLLOWING WEATHER WAS RECORDED YESTERDAY.
  THUNDERSTORM
  LIGHT RAIN
  FOG
  HAZE


RELATIVE HUMIDITY (PERCENT)
 HIGHEST    93           800 AM
 LOWEST     39          1200 AM
 AVERAGE    66

..........................................................


THE HASTINGS NE CLIMATE NORMALS FOR TODAY
                         NORMAL    RECORD    YEAR
 MAXIMUM TEMPERATURE (F)   55        83      1967
 MINIMUM TEMPERATURE (F)   31         3      1965


SUNRISE AND SUNSET
MARCH 24 2017.........SUNRISE   730 AM CDT   SUNSET   750 PM CDT
MARCH 25 2017.........SUNRISE   728 AM CDT   SUNSET   751 PM CDT


-  INDICATES NEGATIVE NUMBERS.
R  INDICATES RECORD WAS SET OR TIED.
MM INDICATES DATA IS MISSING.
T  INDICATES TRACE AMOUNT.




$$
