000
CDUS43 KGID 190623
CLIHSI


CLIMATE REPORT
NATIONAL WEATHER SERVICE HASTINGS NE
1222 AM CST MON FEB 19 2018


...................................

...THE HASTINGS NE CLIMATE SUMMARY FOR FEBRUARY 18 2018...

CLIMATE NORMAL PERIOD 1981 TO 2010
CLIMATE RECORD PERIOD 1894 TO 2018


WEATHER ITEM   OBSERVED TIME   RECORD YEAR NORMAL DEPARTURE LAST
                VALUE   (LST)  VALUE       VALUE  FROM      YEAR
                                                  NORMAL
..................................................................
TEMPERATURE (F)
 YESTERDAY
  MAXIMUM         63    524 PM  74    1930  41     22       67
  MINIMUM         28   1159 PM -10    1936  20      8       28
  AVERAGE         46                        31     15       48

PRECIPITATION (IN)
  YESTERDAY        0.00          0.86 1984   0.02  -0.02     0.00
  MONTH TO DATE    0.44                      0.29   0.15     0.03
  SINCE DEC 1      1.21                      1.31  -0.10     1.47
  SINCE JAN 1      0.93                      0.70   0.23     0.86

SNOWFALL (IN)
  YESTERDAY        0.0          11.0  1984   0.2   -0.2      0.0
  MONTH TO DATE    6.8                       4.5    2.3      1.1
  SINCE DEC 1     18.5                      16.6    1.9      5.8
  SINCE JUL 1     18.7                      20.4   -1.7      5.9
  SNOW DEPTH       0

DEGREE DAYS
 HEATING
  YESTERDAY       19                        34    -15       17
  MONTH TO DATE  791                       654    137      500
  SINCE DEC 1   3205                      3022    183     2832
  SINCE JUL 1   4348                      4303     45     3699

 COOLING
  YESTERDAY        0                         0      0        0
  MONTH TO DATE    0                         0      0        0
  SINCE DEC 1      0                         0      0        0
  SINCE JAN 1      0                         0      0        0
..................................................................


WIND (MPH)
  HIGHEST WIND SPEED    33   HIGHEST WIND DIRECTION    NE (30)
  HIGHEST GUST SPEED    43   HIGHEST GUST DIRECTION     S (200)
  AVERAGE WIND SPEED    16.1


SKY COVER
  AVERAGE SKY COVER 0.1


WEATHER CONDITIONS
 THE FOLLOWING WEATHER WAS RECORDED YESTERDAY.
  NO SIGNIFICANT WEATHER WAS OBSERVED.


RELATIVE HUMIDITY (PERCENT)
 HIGHEST    78          1000 PM
 LOWEST     34           500 PM
 AVERAGE    56

..........................................................


THE HASTINGS NE CLIMATE NORMALS FOR TODAY
                         NORMAL    RECORD    YEAR
 MAXIMUM TEMPERATURE (F)   41        71      2017
 MINIMUM TEMPERATURE (F)   21        -8      1993


SUNRISE AND SUNSET
FEBRUARY 19 2018......SUNRISE   722 AM CST   SUNSET   614 PM CST
FEBRUARY 20 2018......SUNRISE   721 AM CST   SUNSET   615 PM CST


-  INDICATES NEGATIVE NUMBERS.
R  INDICATES RECORD WAS SET OR TIED.
MM INDICATES DATA IS MISSING.
T  INDICATES TRACE AMOUNT.




$$
