000
CDUS43 KGID 290716
CLIHSI


CLIMATE REPORT
NATIONAL WEATHER SERVICE HASTINGS NE
216 AM CDT TUE JUL 29 2014


...................................

...THE HASTINGS NE CLIMATE SUMMARY FOR JULY 28 2014...

CLIMATE NORMAL PERIOD 1981 TO 2010
CLIMATE RECORD PERIOD 1894 TO 2014


WEATHER ITEM   OBSERVED TIME   RECORD YEAR NORMAL DEPARTURE LAST
                VALUE   (LST)  VALUE       VALUE  FROM      YEAR
                                                  NORMAL
..................................................................
TEMPERATURE (F)
 YESTERDAY
  MAXIMUM         79    407 PM 105    1931  88     -9       69
  MINIMUM         57    547 AM  51    1994  67    -10       52
  AVERAGE         68                        77     -9       61

PRECIPITATION (IN)
  YESTERDAY        0.00          1.52 1962   0.10  -0.10     0.00
  MONTH TO DATE    1.45                      3.41  -1.96     1.10
  SINCE JUN 1     10.14                      7.21   2.93     2.34
  SINCE JAN 1     17.08                     17.03   0.05    14.14

SNOWFALL (IN)
  YESTERDAY        0.0                       0.0    0.0      0.0
  MONTH TO DATE    0.0                       0.0    0.0      0.0
  SINCE JUN 1      0.0                       0.0    0.0      0.0
  SINCE JUL 1      0.0                       0.0    0.0      0.0
  SNOW DEPTH       0

DEGREE DAYS
 HEATING
  YESTERDAY        0                         0      0        4
  MONTH TO DATE    6                         0      6        5
  SINCE JUN 1     14                        21     -7       32
  SINCE JUL 1      6                         0      6        5

 COOLING
  YESTERDAY        3                        12     -9        0
  MONTH TO DATE  259                       339    -80      321
  SINCE JUN 1    490                       564    -74      557
  SINCE JAN 1    608                       623    -15      631
..................................................................


WIND (MPH)
  HIGHEST WIND SPEED    12   HIGHEST WIND DIRECTION     N (10)
  HIGHEST GUST SPEED    15   HIGHEST GUST DIRECTION     N (360)
  AVERAGE WIND SPEED     6.4


SKY COVER
  AVERAGE SKY COVER 0.1


WEATHER CONDITIONS
 THE FOLLOWING WEATHER WAS RECORDED YESTERDAY.
  NO SIGNIFICANT WEATHER WAS OBSERVED.


RELATIVE HUMIDITY (PERCENT)
 HIGHEST    86           400 AM
 LOWEST     45           400 PM
 AVERAGE    66

..........................................................


THE HASTINGS NE CLIMATE NORMALS FOR TODAY
                         NORMAL    RECORD    YEAR
 MAXIMUM TEMPERATURE (F)   87       108      1917
 MINIMUM TEMPERATURE (F)   67        53      1971
                                             1925


SUNRISE AND SUNSET
JULY 29 2014..........SUNRISE   628 AM CDT   SUNSET   852 PM CDT
JULY 30 2014..........SUNRISE   629 AM CDT   SUNSET   851 PM CDT


-  INDICATES NEGATIVE NUMBERS.
R  INDICATES RECORD WAS SET OR TIED.
MM INDICATES DATA IS MISSING.
T  INDICATES TRACE AMOUNT.




$$
