000
CDUS43 KGID 280729
CLIHSI


CLIMATE REPORT
NATIONAL WEATHER SERVICE HASTINGS NE
128 AM CST SAT FEB 28 2015


...................................

...THE HASTINGS NE CLIMATE SUMMARY FOR FEBRUARY 27 2015...

CLIMATE NORMAL PERIOD 1981 TO 2010
CLIMATE RECORD PERIOD 1894 TO 2015


WEATHER ITEM   OBSERVED TIME   RECORD YEAR NORMAL DEPARTURE LAST
                VALUE   (LST)  VALUE       VALUE  FROM      YEAR
                                                  NORMAL
..................................................................
TEMPERATURE (F)
 YESTERDAY
  MAXIMUM         23    422 PM  77    2006  44    -21       30
  MINIMUM         -4    629 AM  -8    1962  23    -27        8
  AVERAGE         10                        34    -24       19

PRECIPITATION (IN)
  YESTERDAY        0.00          1.13 1958   0.02  -0.02     0.00
  MONTH TO DATE    0.33                      0.47  -0.14     0.34
  SINCE DEC 1      1.64                      1.49   0.15     0.85
  SINCE JAN 1      1.10                      0.88   0.22     0.71

SNOWFALL (IN)
  YESTERDAY        0.0          10.0  1915   0.2   -0.2      0.0
  MONTH TO DATE    5.3                       6.3   -1.0      7.5
  SINCE DEC 1     14.4                      18.4   -4.0     17.9
  SINCE JUL 1     16.1                      22.2   -6.1     18.3
  SNOW DEPTH       0

DEGREE DAYS
 HEATING
  YESTERDAY       55                        32     23       46
  MONTH TO DATE 1051                       951    100     1123
  SINCE DEC 1   3234                      3319    -85     3580
  SINCE JUL 1   4572                      4600    -28     4845

 COOLING
  YESTERDAY        0                         0      0        0
  MONTH TO DATE    0                         0      0        0
  SINCE DEC 1      0                         0      0        0
  SINCE JAN 1      0                         0      0        0
..................................................................


WIND (MPH)
  HIGHEST WIND SPEED    14   HIGHEST WIND DIRECTION     S (160)
  HIGHEST GUST SPEED    19   HIGHEST GUST DIRECTION    SE (140)
  AVERAGE WIND SPEED     5.2


SKY COVER
  AVERAGE SKY COVER 0.1


WEATHER CONDITIONS
 THE FOLLOWING WEATHER WAS RECORDED YESTERDAY.
  NO SIGNIFICANT WEATHER WAS OBSERVED.


RELATIVE HUMIDITY (PERCENT)
 HIGHEST    86           700 AM
 LOWEST     31           300 PM
 AVERAGE    59

..........................................................


THE HASTINGS NE CLIMATE NORMALS FOR TODAY
                         NORMAL    RECORD    YEAR
 MAXIMUM TEMPERATURE (F)   44        80      2006
 MINIMUM TEMPERATURE (F)   23       -12      1962


SUNRISE AND SUNSET
FEBRUARY 28 2015......SUNRISE   709 AM CST   SUNSET   624 PM CST
MARCH  1 2015.........SUNRISE   708 AM CST   SUNSET   625 PM CST


-  INDICATES NEGATIVE NUMBERS.
R  INDICATES RECORD WAS SET OR TIED.
MM INDICATES DATA IS MISSING.
T  INDICATES TRACE AMOUNT.




$$
