000
CDUS43 KGID 240632
CLIHSI


CLIMATE REPORT
NATIONAL WEATHER SERVICE HASTINGS NE
131 AM CDT FRI OCT 24 2014


...................................

...THE HASTINGS NE CLIMATE SUMMARY FOR OCTOBER 23 2014...

CLIMATE NORMAL PERIOD 1981 TO 2010
CLIMATE RECORD PERIOD 1894 TO 2014


WEATHER ITEM   OBSERVED TIME   RECORD YEAR NORMAL DEPARTURE LAST
                VALUE   (LST)  VALUE       VALUE  FROM      YEAR
                                                  NORMAL
..................................................................
TEMPERATURE (F)
 YESTERDAY
  MAXIMUM         63    334 PM  90    1927  61      2       65
  MINIMUM         50    753 AM  15    1917  38     12       36
  AVERAGE         57                        50      7       51

PRECIPITATION (IN)
  YESTERDAY        0.00          1.08 1906   0.06  -0.06     0.00
  MONTH TO DATE    1.76                      1.59   0.17     4.65
  SINCE SEP 1      3.54                      4.15  -0.61     5.91
  SINCE JAN 1     28.44                     24.81   3.63    23.97

SNOWFALL (IN)
  YESTERDAY        0.0           3.1  2002   0.1   -0.1      0.0
  MONTH TO DATE    0.0                       0.6   -0.6      0.0
  SINCE SEP 1      0.0                       0.8   -0.8      0.0
  SINCE JUL 1      0.0                       0.8   -0.8      0.0
  SNOW DEPTH       0

DEGREE DAYS
 HEATING
  YESTERDAY        8                        16     -8       14
  MONTH TO DATE  215                       257    -42      252
  SINCE SEP 1    324                       347    -23      281
  SINCE JUL 1    330                       353    -23      287

 COOLING
  YESTERDAY        0                         0      0        0
  MONTH TO DATE    3                        11     -8       15
  SINCE SEP 1     98                       121    -23      200
  SINCE JAN 1   1018                      1074    -56     1158
..................................................................


WIND (MPH)
  HIGHEST WIND SPEED     9   HIGHEST WIND DIRECTION     S (190)
  HIGHEST GUST SPEED    13   HIGHEST GUST DIRECTION    SW (210)
  AVERAGE WIND SPEED     4.6


SKY COVER
  AVERAGE SKY COVER 0.6


WEATHER CONDITIONS
 THE FOLLOWING WEATHER WAS RECORDED YESTERDAY.
  FOG
  FOG W/VISIBILITY <= 1/4 MILE


RELATIVE HUMIDITY (PERCENT)
 HIGHEST    96           200 AM
 LOWEST     72           300 PM
 AVERAGE    84

..........................................................


THE HASTINGS NE CLIMATE NORMALS FOR TODAY
                         NORMAL    RECORD    YEAR
 MAXIMUM TEMPERATURE (F)   61        88      1927
 MINIMUM TEMPERATURE (F)   37        16      1917


SUNRISE AND SUNSET
OCTOBER 24 2014.......SUNRISE   755 AM CDT   SUNSET   641 PM CDT
OCTOBER 25 2014.......SUNRISE   756 AM CDT   SUNSET   639 PM CDT


-  INDICATES NEGATIVE NUMBERS.
R  INDICATES RECORD WAS SET OR TIED.
MM INDICATES DATA IS MISSING.
T  INDICATES TRACE AMOUNT.




$$
