000
CDUS44 KHUN 230701
CLIHSV


CLIMATE REPORT
NATIONAL WEATHER SERVICE HUNTSVILLE AL
201 AM CDT SUN APR 23 2017


...................................

...THE HUNTSVILLE CLIMATE SUMMARY FOR APRIL 22 2017...

CLIMATE NORMAL PERIOD 1981 TO 2010
CLIMATE RECORD PERIOD 1894 TO 2017


WEATHER ITEM   OBSERVED TIME   RECORD YEAR NORMAL DEPARTURE LAST
                VALUE   (LST)  VALUE       VALUE  FROM      YEAR
                                                  NORMAL
..................................................................
TEMPERATURE (F)
 YESTERDAY
  MAXIMUM         81    221 PM  95    1925  75      6       80
  MINIMUM         62   1159 PM  34    1993  52     10       57
  AVERAGE         72                        64      8       69

PRECIPITATION (IN)
  YESTERDAY        0.87          2.18 1928   0.14   0.73     0.02
  MONTH TO DATE    2.87                      3.13  -0.26     1.82
  SINCE MAR 1      6.78                      8.34  -1.56     6.31
  SINCE JAN 1     15.65                     18.07  -2.42    16.26

SNOWFALL (IN)
  YESTERDAY        0.0
  MONTH TO DATE    0.0
  SINCE MAR 1      T
  SINCE JUL 1      T
  SNOW DEPTH       0

DEGREE DAYS
 HEATING
  YESTERDAY        0                         4     -4        0
  MONTH TO DATE   41                       131    -90      104
  SINCE MAR 1    353                       499   -146      337
  SINCE JUL 1   1920                      2951  -1031     2233

 COOLING
  YESTERDAY        7                         2      5        4
  MONTH TO DATE  112                        35     77       15
  SINCE MAR 1    137                        48     89       39
  SINCE JAN 1    142                        49     93       40
..................................................................


WIND (MPH)
  HIGHEST WIND SPEED    20   HIGHEST WIND DIRECTION    NW (330)
  HIGHEST GUST SPEED    32   HIGHEST GUST DIRECTION     N (350)
  AVERAGE WIND SPEED     7.7


SKY COVER
  POSSIBLE SUNSHINE  MM
  AVERAGE SKY COVER 0.9


WEATHER CONDITIONS
 THE FOLLOWING WEATHER WAS RECORDED YESTERDAY.
  THUNDERSTORM
  HEAVY RAIN
  RAIN
  LIGHT RAIN
  FOG


RELATIVE HUMIDITY (PERCENT)
 HIGHEST   100           800 AM
 LOWEST     62           200 PM
 AVERAGE    81

..........................................................


THE HUNTSVILLE CLIMATE NORMALS FOR TODAY
                         NORMAL    RECORD    YEAR
 MAXIMUM TEMPERATURE (F)   76        94      1925
 MINIMUM TEMPERATURE (F)   52        32      1927


SUNRISE AND SUNSET
APRIL 23 2017.........SUNRISE   605 AM CDT   SUNSET   726 PM CDT
APRIL 24 2017.........SUNRISE   604 AM CDT   SUNSET   727 PM CDT


-  INDICATES NEGATIVE NUMBERS.
R  INDICATES RECORD WAS SET OR TIED.
MM INDICATES DATA IS MISSING.
T  INDICATES TRACE AMOUNT.




$$
