000
CDUS44 KHUN 212238
CLIHSV


CLIMATE REPORT
NATIONAL WEATHER SERVICE HUNTSVILLE AL
438 PM CST SAT JAN 21 2017


...................................

...THE HUNTSVILLE CLIMATE SUMMARY FOR JANUARY 21 2017...
VALID TODAY AS OF 0400 PM LOCAL TIME.

CLIMATE NORMAL PERIOD 1981 TO 2010
CLIMATE RECORD PERIOD 1894 TO 2017


WEATHER ITEM   OBSERVED TIME   RECORD YEAR NORMAL DEPARTURE LAST
                VALUE   (LST)  VALUE       VALUE  FROM      YEAR
                                                  NORMAL
..................................................................
TEMPERATURE (F)
 TODAY
  MAXIMUM         68    341 PM  73    1937  51     17       44
  MINIMUM         57    941 AM -11    1985  32     25       39
  AVERAGE         63                        41     22       42

PRECIPITATION (IN)
  TODAY            0.87          2.36 1954   0.16   0.71     1.17
  MONTH TO DATE    3.23                      3.34  -0.11     2.03
  SINCE DEC 1      9.14                      9.11   0.03    12.71
  SINCE JAN 1      3.23                      3.34  -0.11     2.03

SNOWFALL (IN)
  TODAY            0.0
  MONTH TO DATE    T
  SINCE DEC 1      T
  SINCE JUL 1      T
  SNOW DEPTH       0

DEGREE DAYS
 HEATING
  TODAY            2                        24    -22       23
  MONTH TO DATE  266                       504   -238      541
  SINCE DEC 1    814                      1158   -344      862
  SINCE JUL 1   1078                      1685   -607     1156

 COOLING
  TODAY            0                         0      0        0
  MONTH TO DATE    1                         0      1        0
  SINCE DEC 1      5                         2      3       23
  SINCE JAN 1      1                         0      1        0
..................................................................


WIND (MPH)
  HIGHEST WIND SPEED    30   HIGHEST WIND DIRECTION     E (80)
  HIGHEST GUST SPEED    36   HIGHEST GUST DIRECTION     E (70)
  AVERAGE WIND SPEED     6.7


SKY COVER
  POSSIBLE SUNSHINE  MM
  AVERAGE SKY COVER 0.5


WEATHER CONDITIONS
 THE FOLLOWING WEATHER WAS RECORDED TODAY.
  THUNDERSTORM
  HEAVY RAIN
  RAIN
  LIGHT RAIN
  FOG


RELATIVE HUMIDITY (PERCENT)
 HIGHEST   100           500 AM
 LOWEST     59           300 PM
 AVERAGE    80

..........................................................


THE HUNTSVILLE CLIMATE NORMALS FOR TOMORROW
                         NORMAL    RECORD    YEAR
 MAXIMUM TEMPERATURE (F)   51        78      1933
 MINIMUM TEMPERATURE (F)   32         5      1985


SUNRISE AND SUNSET
JANUARY 21 2017.......SUNRISE   652 AM CST   SUNSET   506 PM CST
JANUARY 22 2017.......SUNRISE   651 AM CST   SUNSET   507 PM CST


-  INDICATES NEGATIVE NUMBERS.
R  INDICATES RECORD WAS SET OR TIED.
MM INDICATES DATA IS MISSING.
T  INDICATES TRACE AMOUNT.




$$
