000
CDUS44 KHUN 180723
CLIHSV


CLIMATE REPORT
NATIONAL WEATHER SERVICE HUNTSVILLE AL
222 AM CDT FRI APR 18 2014


...................................

...THE HUNTSVILLE CLIMATE SUMMARY FOR APRIL 17 2014...

CLIMATE NORMAL PERIOD 1981 TO 2010
CLIMATE RECORD PERIOD 1894 TO 2014


WEATHER ITEM   OBSERVED TIME   RECORD YEAR NORMAL DEPARTURE LAST
                VALUE   (LST)  VALUE       VALUE  FROM      YEAR
                                                  NORMAL
..................................................................
TEMPERATURE (F)
 YESTERDAY
  MAXIMUM         70    344 PM  90    2006  74     -4       87
                                      1955
  MINIMUM         43    423 AM  31    1956  50     -7       67
  AVERAGE         57                        62     -5       77

PRECIPITATION (IN)
  YESTERDAY        0.00          3.34 1900   0.14  -0.14     0.00
  MONTH TO DATE    3.95                      2.44   1.51     1.62
  SINCE MAR 1      6.63                      7.65  -1.02     7.17
  SINCE JAN 1     16.50                     17.38  -0.88    19.05

SNOWFALL (IN)
  YESTERDAY        0.0
  MONTH TO DATE    T
  SINCE MAR 1      T
  SINCE JUL 1      5.2
  SNOW DEPTH       0

DEGREE DAYS
 HEATING
  YESTERDAY        8                         5      3        0
  MONTH TO DATE  113                       110      3      102
  SINCE MAR 1    575                       478     97      638
  SINCE JUL 1   3410                      2930    480     2910

 COOLING
  YESTERDAY        0                         2     -2       12
  MONTH TO DATE   18                        25     -7       39
  SINCE MAR 1     18                        38    -20       39
  SINCE JAN 1     19                        39    -20       45
..................................................................


WIND (MPH)
  HIGHEST WIND SPEED    22   HIGHEST WIND DIRECTION    SE (130)
  HIGHEST GUST SPEED    30   HIGHEST GUST DIRECTION    SE (140)
  AVERAGE WIND SPEED     9.2


SKY COVER
  POSSIBLE SUNSHINE  MM
  AVERAGE SKY COVER 0.5


WEATHER CONDITIONS
 THE FOLLOWING WEATHER WAS RECORDED YESTERDAY.
  NO SIGNIFICANT WEATHER WAS OBSERVED.


RELATIVE HUMIDITY (PERCENT)
 HIGHEST    65           200 AM
 LOWEST     35           300 PM
 AVERAGE    50

..........................................................


THE HUNTSVILLE CLIMATE NORMALS FOR TODAY
                         NORMAL    RECORD    YEAR
 MAXIMUM TEMPERATURE (F)   74        90      2006
 MINIMUM TEMPERATURE (F)   51        33      1983
                                             1956


SUNRISE AND SUNSET
APRIL 18 2014.........SUNRISE   612 AM CDT   SUNSET   722 PM CDT
APRIL 19 2014.........SUNRISE   611 AM CDT   SUNSET   722 PM CDT


-  INDICATES NEGATIVE NUMBERS.
R  INDICATES RECORD WAS SET OR TIED.
MM INDICATES DATA IS MISSING.
T  INDICATES TRACE AMOUNT.




$$
