000
CDUS44 KHUN 210807
CLIHSV


CLIMATE REPORT
NATIONAL WEATHER SERVICE HUNTSVILLE AL
207 AM CST SUN DEC 21 2014


...................................

...THE HUNTSVILLE CLIMATE SUMMARY FOR DECEMBER 20 2014...

CLIMATE NORMAL PERIOD 1981 TO 2010
CLIMATE RECORD PERIOD 1894 TO 2014


WEATHER ITEM   OBSERVED TIME   RECORD YEAR NORMAL DEPARTURE LAST
                VALUE   (LST)  VALUE       VALUE  FROM      YEAR
                                                  NORMAL
..................................................................
TEMPERATURE (F)
 YESTERDAY
  MAXIMUM         54    314 PM  74    1978  52      2       68
  MINIMUM         35    711 AM  10    1981  34      1       53
  AVERAGE         45                        43      2       61

PRECIPITATION (IN)
  YESTERDAY        T             2.18 2008   0.18  -0.18     0.00
  MONTH TO DATE    2.53                      3.87  -1.34     4.29
  SINCE DEC 1      2.53                      3.87  -1.34     4.29
  SINCE JAN 1     50.27                     52.44  -2.17    56.01

SNOWFALL (IN)
  YESTERDAY        0.0
  MONTH TO DATE    0.0
  SINCE DEC 1      0.0
  SINCE JUL 1      T
  SNOW DEPTH       0

DEGREE DAYS
 HEATING
  YESTERDAY       20                        22     -2        4
  MONTH TO DATE  343                       403    -60      398
  SINCE DEC 1    343                       403    -60      398
  SINCE JUL 1    959                       930     29     1033

 COOLING
  YESTERDAY        0                         0      0        0
  MONTH TO DATE    0                         0      0        1
  SINCE DEC 1      0                         0      0        1
  SINCE JAN 1   2032                      1949     83     1835
..................................................................


WIND (MPH)
  HIGHEST WIND SPEED    13   HIGHEST WIND DIRECTION     N (10)
  HIGHEST GUST SPEED    15   HIGHEST GUST DIRECTION     N (360)
  AVERAGE WIND SPEED     5.8


SKY COVER
  POSSIBLE SUNSHINE  MM
  AVERAGE SKY COVER 0.3


WEATHER CONDITIONS
 THE FOLLOWING WEATHER WAS RECORDED YESTERDAY.
  LIGHT RAIN
  HAZE


RELATIVE HUMIDITY (PERCENT)
 HIGHEST    82           500 AM
 LOWEST     45           400 PM
 AVERAGE    64

..........................................................


THE HUNTSVILLE CLIMATE NORMALS FOR TODAY
                         NORMAL    RECORD    YEAR
 MAXIMUM TEMPERATURE (F)   52        77      1956
 MINIMUM TEMPERATURE (F)   33         7      1989


SUNRISE AND SUNSET
DECEMBER 21 2014......SUNRISE   650 AM CST   SUNSET   440 PM CST
DECEMBER 22 2014......SUNRISE   651 AM CST   SUNSET   441 PM CST


-  INDICATES NEGATIVE NUMBERS.
R  INDICATES RECORD WAS SET OR TIED.
MM INDICATES DATA IS MISSING.
T  INDICATES TRACE AMOUNT.




$$
