000
CDUS44 KHUN 060805
CLIHSV


CLIMATE REPORT
NATIONAL WEATHER SERVICE HUNTSVILLE AL
205 AM CST FRI MAR 6 2015


...................................

...THE HUNTSVILLE CLIMATE SUMMARY FOR MARCH 5 2015...

CLIMATE NORMAL PERIOD 1981 TO 2010
CLIMATE RECORD PERIOD 1894 TO 2015


WEATHER ITEM   OBSERVED TIME   RECORD YEAR NORMAL DEPARTURE LAST
                VALUE   (LST)  VALUE       VALUE  FROM      YEAR
                                                  NORMAL
..................................................................
TEMPERATURE (F)
 YESTERDAY
  MAXIMUM         38    104 AM  81    1910  61    -23       59
  MINIMUM         22   1159 PM  12    1960  40    -18       30
  AVERAGE         30                        51    -21       45

PRECIPITATION (IN)
  YESTERDAY        1.03          3.31 1924   0.17   0.86     0.00
  MONTH TO DATE    1.90                      0.83   1.07     0.76
  SINCE MAR 1      1.90                      0.83   1.07     0.76
  SINCE JAN 1      9.64                     10.56  -0.92    10.63

SNOWFALL (IN)
  YESTERDAY        1.0
  MONTH TO DATE    1.0
  SINCE MAR 1      1.0
  SINCE JUL 1      9.8
  SNOW DEPTH       T

DEGREE DAYS
 HEATING
  YESTERDAY       35                        15     20       20
  MONTH TO DATE   83                        76      7      101
  SINCE MAR 1     83                        76      7      101
  SINCE JUL 1   2724                      2528    196     2936

 COOLING
  YESTERDAY        0                         0      0        0
  MONTH TO DATE    0                         0      0        0
  SINCE MAR 1      0                         0      0        0
  SINCE JAN 1      0                         1     -1        1
..................................................................


WIND (MPH)
  HIGHEST WIND SPEED    22   HIGHEST WIND DIRECTION     N (360)
  HIGHEST GUST SPEED    30   HIGHEST GUST DIRECTION     N (350)
  AVERAGE WIND SPEED    14.4


SKY COVER
  POSSIBLE SUNSHINE  MM
  AVERAGE SKY COVER 0.7


WEATHER CONDITIONS
 THE FOLLOWING WEATHER WAS RECORDED YESTERDAY.
  HEAVY RAIN
  RAIN
  LIGHT RAIN
  FREEZING RAIN
  LT FREEZING RAIN
  LIGHT SNOW
  SLEET
  FOG


RELATIVE HUMIDITY (PERCENT)
 HIGHEST    92           800 AM
 LOWEST     68           700 PM
 AVERAGE    80

..........................................................


THE HUNTSVILLE CLIMATE NORMALS FOR TODAY
                         NORMAL    RECORD    YEAR
 MAXIMUM TEMPERATURE (F)   62        82      1910
 MINIMUM TEMPERATURE (F)   40        17      1932


SUNRISE AND SUNSET
MARCH  6 2015.........SUNRISE   610 AM CST   SUNSET   547 PM CST
MARCH  7 2015.........SUNRISE   609 AM CST   SUNSET   548 PM CST


-  INDICATES NEGATIVE NUMBERS.
R  INDICATES RECORD WAS SET OR TIED.
MM INDICATES DATA IS MISSING.
T  INDICATES TRACE AMOUNT.




$$
