000
CDUS44 KHUN 280801
CLIHSV


CLIMATE REPORT
NATIONAL WEATHER SERVICE HUNTSVILLE AL
201 AM CST WED JAN 28 2015


...................................

...THE HUNTSVILLE CLIMATE SUMMARY FOR JANUARY 27 2015...

CLIMATE NORMAL PERIOD 1981 TO 2010
CLIMATE RECORD PERIOD 1894 TO 2015


WEATHER ITEM   OBSERVED TIME   RECORD YEAR NORMAL DEPARTURE LAST
                VALUE   (LST)  VALUE       VALUE  FROM      YEAR
                                                  NORMAL
..................................................................
TEMPERATURE (F)
 YESTERDAY
  MAXIMUM         54    325 PM  74    1944  52      2       51
  MINIMUM         32    517 AM  -7    1940  32      0       20
  AVERAGE         43                        42      1       36

PRECIPITATION (IN)
  YESTERDAY        0.00          2.12 1994   0.15  -0.15      T
  MONTH TO DATE    3.97                      4.26  -0.29     3.30
  SINCE DEC 1      9.70                     10.03  -0.33     9.87
  SINCE JAN 1      3.97                      4.26  -0.29     3.30

SNOWFALL (IN)
  YESTERDAY        0.0
  MONTH TO DATE    T
  SINCE DEC 1      T
  SINCE JUL 1      T
  SNOW DEPTH       0

DEGREE DAYS
 HEATING
  YESTERDAY       22                        23     -1       29
  MONTH TO DATE  654                       642     12      798
  SINCE DEC 1   1197                      1296    -99     1430
  SINCE JUL 1   1813                      1823    -10     2065

 COOLING
  YESTERDAY        0                         0      0        0
  MONTH TO DATE    0                         0      0        0
  SINCE DEC 1      0                         2     -2        5
  SINCE JAN 1      0                         0      0        0
..................................................................


WIND (MPH)
  HIGHEST WIND SPEED    20   HIGHEST WIND DIRECTION     N (350)
  HIGHEST GUST SPEED    26   HIGHEST GUST DIRECTION     N (360)
  AVERAGE WIND SPEED     8.1


SKY COVER
  POSSIBLE SUNSHINE  MM
  AVERAGE SKY COVER 0.3


WEATHER CONDITIONS
 THE FOLLOWING WEATHER WAS RECORDED YESTERDAY.
  FOG


RELATIVE HUMIDITY (PERCENT)
 HIGHEST    89           400 AM
 LOWEST     38           200 PM
 AVERAGE    64

..........................................................


THE HUNTSVILLE CLIMATE NORMALS FOR TODAY
                         NORMAL    RECORD    YEAR
 MAXIMUM TEMPERATURE (F)   52        73      1934
 MINIMUM TEMPERATURE (F)   32        -7      1940


SUNRISE AND SUNSET
JANUARY 28 2015.......SUNRISE   648 AM CST   SUNSET   512 PM CST
JANUARY 29 2015.......SUNRISE   647 AM CST   SUNSET   513 PM CST


-  INDICATES NEGATIVE NUMBERS.
R  INDICATES RECORD WAS SET OR TIED.
MM INDICATES DATA IS MISSING.
T  INDICATES TRACE AMOUNT.


$$
