000
CDUS44 KHUN 240707
CLIHSV


CLIMATE REPORT
NATIONAL WEATHER SERVICE HUNTSVILLE AL
207 AM CDT SUN MAY 24 2015


...................................

...THE HUNTSVILLE CLIMATE SUMMARY FOR MAY 23 2015...

CLIMATE NORMAL PERIOD 1981 TO 2010
CLIMATE RECORD PERIOD 1894 TO 2015


WEATHER ITEM   OBSERVED TIME   RECORD YEAR NORMAL DEPARTURE LAST
                VALUE   (LST)  VALUE       VALUE  FROM      YEAR
                                                  NORMAL
..................................................................
TEMPERATURE (F)
 YESTERDAY
  MAXIMUM         85    414 PM  95    2010  83      2       89
  MINIMUM         52    430 AM  45    1954  61     -9       65
                                      1931
  AVERAGE         69                        72     -3       77

PRECIPITATION (IN)
  YESTERDAY        0.00          1.85 1930   0.15  -0.15     0.00
  MONTH TO DATE    1.73                      3.89  -2.16     2.14
  SINCE MAR 1     14.29                     13.42   0.87    12.94
  SINCE JAN 1     22.03                     23.15  -1.12    22.81

SNOWFALL (IN)
  YESTERDAY        0.0
  MONTH TO DATE    0.0
  SINCE MAR 1      1.0
  SINCE JUL 1      9.8
  SNOW DEPTH       0

DEGREE DAYS
 HEATING
  YESTERDAY        0                         0      0        0
  MONTH TO DATE   14                        25    -11       38
  SINCE MAR 1    389                       547   -158      628
  SINCE JUL 1   3030                      2999     31     3463

 COOLING
  YESTERDAY        4                         8     -4       12
  MONTH TO DATE  173                       122     51      132
  SINCE MAR 1    236                       193     43      174
  SINCE JAN 1    236                       194     42      175
..................................................................


WIND (MPH)
  HIGHEST WIND SPEED    16   HIGHEST WIND DIRECTION    SE (150)
  HIGHEST GUST SPEED    20   HIGHEST GUST DIRECTION    SE (120)
  AVERAGE WIND SPEED     7.3


SKY COVER
  POSSIBLE SUNSHINE  MM
  AVERAGE SKY COVER 0.2


WEATHER CONDITIONS
 THE FOLLOWING WEATHER WAS RECORDED YESTERDAY.
  NO SIGNIFICANT WEATHER WAS OBSERVED.


RELATIVE HUMIDITY (PERCENT)
 HIGHEST    83           200 AM
 LOWEST     34           200 PM
 AVERAGE    59

..........................................................


THE HUNTSVILLE CLIMATE NORMALS FOR TODAY
                         NORMAL    RECORD    YEAR
 MAXIMUM TEMPERATURE (F)   83        96      1996
                                             1944
                                             1933
 MINIMUM TEMPERATURE (F)   62        43      1931


SUNRISE AND SUNSET
MAY 24 2015...........SUNRISE   539 AM CDT   SUNSET   749 PM CDT
MAY 25 2015...........SUNRISE   538 AM CDT   SUNSET   750 PM CDT


-  INDICATES NEGATIVE NUMBERS.
R  INDICATES RECORD WAS SET OR TIED.
MM INDICATES DATA IS MISSING.
T  INDICATES TRACE AMOUNT.


$$
