000
CDUS44 KHUN 180708
CLIHSV


CLIMATE REPORT
NATIONAL WEATHER SERVICE HUNTSVILLE AL
208 AM CDT THU SEP 18 2014


...................................

...THE HUNTSVILLE CLIMATE SUMMARY FOR SEPTEMBER 17 2014...

CLIMATE NORMAL PERIOD 1981 TO 2010
CLIMATE RECORD PERIOD 1894 TO 2014


WEATHER ITEM   OBSERVED TIME   RECORD YEAR NORMAL DEPARTURE LAST
                VALUE   (LST)  VALUE       VALUE  FROM      YEAR
                                                  NORMAL
..................................................................
TEMPERATURE (F)
 YESTERDAY
  MAXIMUM         84    231 PM 103    1927  85     -1       87
  MINIMUM         64   1159 PM  47    2000  62      2       63
                                      1999
                                      1981
  AVERAGE         74                        73      1       75

PRECIPITATION (IN)
  YESTERDAY        0.00          3.69 2012   0.13  -0.13     0.00
  MONTH TO DATE    0.27                      2.06  -1.79     1.27
  SINCE SEP 1      0.27                      2.06  -1.79     1.27
  SINCE JAN 1     38.42                     38.38   0.04    44.89

SNOWFALL (IN)
  YESTERDAY        0.0
  MONTH TO DATE    0.0
  SINCE SEP 1      0.0
  SINCE JUL 1      0.0
  SNOW DEPTH       0

DEGREE DAYS
 HEATING
  YESTERDAY        0                         0      0        0
  MONTH TO DATE    0                         0      0        0
  SINCE SEP 1      0                         0      0        0
  SINCE JUL 1      0                         0      0        0

 COOLING
  YESTERDAY        9                         9      0       10
  MONTH TO DATE  251                       190     61      198
  SINCE SEP 1    251                       190     61      198
  SINCE JAN 1   1803                      1785     18     1664
..................................................................


WIND (MPH)
  HIGHEST WIND SPEED    13   HIGHEST WIND DIRECTION    NW (330)
  HIGHEST GUST SPEED    16   HIGHEST GUST DIRECTION    NW (320)
  AVERAGE WIND SPEED     4.3


SKY COVER
  POSSIBLE SUNSHINE  MM
  AVERAGE SKY COVER 0.5


WEATHER CONDITIONS
 THE FOLLOWING WEATHER WAS RECORDED YESTERDAY.
  FOG
  HAZE


RELATIVE HUMIDITY (PERCENT)
 HIGHEST    93           500 AM
 LOWEST     33           200 PM
 AVERAGE    63

..........................................................


THE HUNTSVILLE CLIMATE NORMALS FOR TODAY
                         NORMAL    RECORD    YEAR
 MAXIMUM TEMPERATURE (F)   84       102      1927
 MINIMUM TEMPERATURE (F)   62        43      1981


SUNRISE AND SUNSET
SEPTEMBER 18 2014.....SUNRISE   632 AM CDT   SUNSET   650 PM CDT
SEPTEMBER 19 2014.....SUNRISE   633 AM CDT   SUNSET   648 PM CDT


-  INDICATES NEGATIVE NUMBERS.
R  INDICATES RECORD WAS SET OR TIED.
MM INDICATES DATA IS MISSING.
T  INDICATES TRACE AMOUNT.




$$
