000
CDUS43 KAPX 140528
CLIHTL


CLIMATE REPORT
NATIONAL WEATHER SERVICE GAYLORD MI
1227 AM EST SUN FEB 14 2016


...................................

...THE HOUGHTON LAKE MI CLIMATE SUMMARY FOR FEBRUARY 13 2016...

CLIMATE NORMAL PERIOD 1981 TO 2010
CLIMATE RECORD PERIOD 1913 TO 2016


WEATHER ITEM   OBSERVED TIME   RECORD YEAR NORMAL DEPARTURE LAST
                VALUE   (LST)  VALUE       VALUE  FROM      YEAR
                                                  NORMAL
..................................................................
TEMPERATURE (F)
 YESTERDAY
  MAXIMUM         10    542 PM  46    1984  29    -19       18
  MINIMUM        -12    755 AM -22    1997  10    -22      -13
  AVERAGE         -1                        19    -20        3

PRECIPITATION (IN)
  YESTERDAY        T             0.74 1938   0.04  -0.04     0.01
  MONTH TO DATE    0.88                      0.50   0.38     0.31
  SINCE DEC 1      6.21                      3.66   2.55     2.93
  SINCE JAN 1      2.64                      2.01   0.63     1.50

SNOWFALL (IN)
  YESTERDAY        T             5.0  1923   0.5   -0.5      0.5
  MONTH TO DATE    4.9                       6.2   -1.3      4.6
  SINCE OCT 1     27.8                      48.3  -20.5     35.3
  SINCE JUL 1     27.8                      48.3  -20.5     35.3
  SNOW DEPTH      11

DEGREE DAYS
 HEATING
  YESTERDAY       66                        46     20       62
  MONTH TO DATE  569                       605    -36      688
  SINCE DEC 1   2809                      3334   -525     3401
  SINCE JUL 1   4288                      5217   -929     5404
..................................................................


WIND (MPH)
  HIGHEST WIND SPEED    17   HIGHEST WIND DIRECTION    NW (320)
  HIGHEST GUST SPEED    23   HIGHEST GUST DIRECTION    NW (320)
  AVERAGE WIND SPEED     5.2




RELATIVE HUMIDITY (PERCENT)
 HIGHEST    83
 LOWEST     50
 AVERAGE    67

..........................................................


THE HOUGHTON LAKE MI CLIMATE NORMALS FOR TODAY
                         NORMAL    RECORD    YEAR
 MAXIMUM TEMPERATURE (F)   29        49      1954
 MINIMUM TEMPERATURE (F)   10       -25      1970


SUNRISE AND SUNSET
FEBRUARY 14 2016......SUNRISE   741 AM EST   SUNSET   606 PM EST
FEBRUARY 15 2016......SUNRISE   739 AM EST   SUNSET   607 PM EST


-  INDICATES NEGATIVE NUMBERS.
R  INDICATES RECORD WAS SET OR TIED.
MM INDICATES DATA IS MISSING.
T  INDICATES TRACE AMOUNT.




$$
