000
CDUS43 KAPX 250542
CLIHTL


CLIMATE REPORT
NATIONAL WEATHER SERVICE GAYLORD MI
142 AM EDT SUN SEP 25 2016


...................................

...THE HOUGHTON LAKE MI CLIMATE SUMMARY FOR SEPTEMBER 24 2016...

CLIMATE NORMAL PERIOD 1981 TO 2010
CLIMATE RECORD PERIOD 1913 TO 2016


WEATHER ITEM   OBSERVED TIME   RECORD YEAR NORMAL DEPARTURE LAST
                VALUE   (LST)  VALUE       VALUE  FROM      YEAR
                                                  NORMAL
..................................................................
TEMPERATURE (F)
 YESTERDAY
  MAXIMUM         66    405 PM  86    2007  65      1       75
                                      1920
  MINIMUM         40    437 AM  22    1943  43     -3       47
  AVERAGE         53                        54     -1       61

PRECIPITATION (IN)
  YESTERDAY        0.00          1.26 1968   0.11  -0.11     0.00
  MONTH TO DATE    2.16                      2.49  -0.33     3.47
  SINCE SEP 1      2.16                      2.49  -0.33     3.47
  SINCE JAN 1     25.77                     21.61   4.16    19.98

DEGREE DAYS
 HEATING
  YESTERDAY       12                        11      1        4
  MONTH TO DATE   75                       178   -103       89
  SINCE SEP 1     75                       178   -103       89
  SINCE JUL 1    108                       305   -197      179

 COOLING
  YESTERDAY        0                         0      0        0
  MONTH TO DATE   48                        18     30       68
  SINCE SEP 1     48                        18     30       68
  SINCE JAN 1    457                       283    174      325
..................................................................


WIND (MPH)
  HIGHEST WIND SPEED    15   HIGHEST WIND DIRECTION     E (80)
  HIGHEST GUST SPEED    19   HIGHEST GUST DIRECTION     E (70)
  AVERAGE WIND SPEED     5.2




RELATIVE HUMIDITY (PERCENT)
 HIGHEST   100
 LOWEST     48
 AVERAGE    74

..........................................................


THE HOUGHTON LAKE MI CLIMATE NORMALS FOR TODAY
                         NORMAL    RECORD    YEAR
 MAXIMUM TEMPERATURE (F)   65        91      1920
 MINIMUM TEMPERATURE (F)   42        23      1932


SUNRISE AND SUNSET
SEPTEMBER 25 2016.....SUNRISE   730 AM EDT   SUNSET   730 PM EDT
SEPTEMBER 26 2016.....SUNRISE   731 AM EDT   SUNSET   728 PM EDT


-  INDICATES NEGATIVE NUMBERS.
R  INDICATES RECORD WAS SET OR TIED.
MM INDICATES DATA IS MISSING.
T  INDICATES TRACE AMOUNT.




$$
