000
CDUS43 KAPX 310528
CLIHTL


CLIMATE REPORT
NATIONAL WEATHER SERVICE GAYLORD MI
127 AM EDT FRI JUL 31 2015


...................................

...THE HOUGHTON LAKE MI CLIMATE SUMMARY FOR JULY 30 2015...

CLIMATE NORMAL PERIOD 1981 TO 2010
CLIMATE RECORD PERIOD 1913 TO 2015


WEATHER ITEM   OBSERVED TIME   RECORD YEAR NORMAL DEPARTURE LAST
                VALUE   (LST)  VALUE       VALUE  FROM      YEAR
                                                  NORMAL
..................................................................
TEMPERATURE (F)
 YESTERDAY
  MAXIMUM         84    226 PM 100    1933  79      5       73
  MINIMUM         61   1022 PM  30    1925  55      6       45
  AVERAGE         73                        67      6       59

PRECIPITATION (IN)
  YESTERDAY        0.00          0.99 1988   0.10  -0.10     0.00
                                      1954
  MONTH TO DATE    1.39                      2.66  -1.27     2.67
  SINCE JUN 1      4.55                      5.76  -1.21     5.29
  SINCE JAN 1     13.17                     15.62  -2.45    17.77

DEGREE DAYS
 HEATING
  YESTERDAY        0                         1     -1        6
  MONTH TO DATE   48                        42      6      103
  SINCE JUN 1    165                       166     -1      177
  SINCE JUL 1     48                        42      6      103

 COOLING
  YESTERDAY        8                         3      5        0
  MONTH TO DATE  111                       113     -2       47
  SINCE JUN 1    131                       172    -41      120
  SINCE JAN 1    156                       188    -32      135
..................................................................


WIND (MPH)
  HIGHEST WIND SPEED    23   HIGHEST WIND DIRECTION     W (290)
  HIGHEST GUST SPEED    31   HIGHEST GUST DIRECTION     W (270)
  AVERAGE WIND SPEED    11.7




RELATIVE HUMIDITY (PERCENT)
 HIGHEST    84
 LOWEST     34
 AVERAGE    59

..........................................................


THE HOUGHTON LAKE MI CLIMATE NORMALS FOR TODAY
                         NORMAL    RECORD    YEAR
 MAXIMUM TEMPERATURE (F)   79        96      1933
 MINIMUM TEMPERATURE (F)   55        30      1918


SUNRISE AND SUNSET
JULY 31 2015..........SUNRISE   624 AM EDT   SUNSET   905 PM EDT
AUGUST  1 2015........SUNRISE   626 AM EDT   SUNSET   904 PM EDT


-  INDICATES NEGATIVE NUMBERS.
R  INDICATES RECORD WAS SET OR TIED.
MM INDICATES DATA IS MISSING.
T  INDICATES TRACE AMOUNT.




$$
