000
CDUS43 KAPX 280637
CLIHTL


CLIMATE REPORT
NATIONAL WEATHER SERVICE GAYLORD MI
237 AM EDT SUN AUG 28 2016


...................................

...THE HOUGHTON LAKE MI CLIMATE SUMMARY FOR AUGUST 27 2016...

CLIMATE NORMAL PERIOD 1981 TO 2010
CLIMATE RECORD PERIOD 1913 TO 2016


WEATHER ITEM   OBSERVED TIME   RECORD YEAR NORMAL DEPARTURE LAST
                VALUE   (LST)  VALUE       VALUE  FROM      YEAR
                                                  NORMAL
..................................................................
TEMPERATURE (F)
 YESTERDAY
  MAXIMUM         71    530 PM  95    1930  76     -5       71
  MINIMUM         54    104 AM  31    1919  51      3       53
  AVERAGE         63                        63      0       62

PRECIPITATION (IN)
  YESTERDAY        0.22          0.90 1965   0.10   0.12     0.00
  MONTH TO DATE    2.88                      2.98  -0.10     3.11
  SINCE JUN 1      8.66                      8.84  -0.18     7.73
  SINCE JAN 1     22.73                     18.70   4.03    16.35

DEGREE DAYS
 HEATING
  YESTERDAY        2                         3     -1        3
  MONTH TO DATE    6                        64    -58       36
  SINCE JUN 1    138                       235    -97      201
  SINCE JUL 1     33                       111    -78       84

 COOLING
  YESTERDAY        0                         2     -2        0
  MONTH TO DATE  155                        70     85       90
  SINCE JUN 1    365                       241    124      226
  SINCE JAN 1    394                       257    137      251
..................................................................


WIND (MPH)
  HIGHEST WIND SPEED    14   HIGHEST WIND DIRECTION    SE (140)
  HIGHEST GUST SPEED    17   HIGHEST GUST DIRECTION    SE (140)
  AVERAGE WIND SPEED     5.4




RELATIVE HUMIDITY (PERCENT)
 HIGHEST    93
 LOWEST     84
 AVERAGE    89

..........................................................


THE HOUGHTON LAKE MI CLIMATE NORMALS FOR TODAY
                         NORMAL    RECORD    YEAR
 MAXIMUM TEMPERATURE (F)   75        91      1953
                                             1948
                                             1926
 MINIMUM TEMPERATURE (F)   51        29      1941


SUNRISE AND SUNSET
AUGUST 28 2016........SUNRISE   657 AM EDT   SUNSET   821 PM EDT
AUGUST 29 2016........SUNRISE   659 AM EDT   SUNSET   819 PM EDT


-  INDICATES NEGATIVE NUMBERS.
R  INDICATES RECORD WAS SET OR TIED.
MM INDICATES DATA IS MISSING.
T  INDICATES TRACE AMOUNT.




$$
