000
CDUS43 KAPX 300531
CLIHTL


CLIMATE REPORT
NATIONAL WEATHER SERVICE GAYLORD MI
130 AM EDT MON MAY 30 2016


...................................

...THE HOUGHTON LAKE MI CLIMATE SUMMARY FOR MAY 29 2016...

CLIMATE NORMAL PERIOD 1981 TO 2010
CLIMATE RECORD PERIOD 1913 TO 2016


WEATHER ITEM   OBSERVED TIME   RECORD YEAR NORMAL DEPARTURE LAST
                VALUE   (LST)  VALUE       VALUE  FROM      YEAR
                                                  NORMAL
..................................................................
TEMPERATURE (F)
 YESTERDAY
  MAXIMUM         80    223 PM  94    1929  70     10       82
  MINIMUM         65   1159 PM  27    1949  45     20       57
  AVERAGE         73                        58     15       70

PRECIPITATION (IN)
  YESTERDAY        T             1.13 1983   0.10  -0.10     0.10
  MONTH TO DATE    4.07                      2.62   1.45     3.55
  SINCE MAR 1     10.94                      6.94   4.00     6.28
  SINCE JAN 1     14.06                      9.66   4.40     8.09

DEGREE DAYS
 HEATING
  YESTERDAY        0                         8     -8        0
  MONTH TO DATE  307                       342    -35      235
  SINCE MAR 1   1990                      2131   -141     2089
  SINCE JUL 1   6903                      8003  -1100     8456

 COOLING
  YESTERDAY        8                         1      7        5
  MONTH TO DATE   28                        10     18       25
  SINCE MAR 1     28                        12     16       25
  SINCE JAN 1     28                        12     16       25
..................................................................


WIND (MPH)
  HIGHEST WIND SPEED    26   HIGHEST WIND DIRECTION    SW (230)
  HIGHEST GUST SPEED    38   HIGHEST GUST DIRECTION    SW (230)
  AVERAGE WIND SPEED    11.2




RELATIVE HUMIDITY (PERCENT)
 HIGHEST    93
 LOWEST     45
 AVERAGE    69

..........................................................


THE HOUGHTON LAKE MI CLIMATE NORMALS FOR TODAY
                         NORMAL    RECORD    YEAR
 MAXIMUM TEMPERATURE (F)   71        92      1937
 MINIMUM TEMPERATURE (F)   46        28      1947
                                             1945


SUNRISE AND SUNSET
MAY 30 2016...........SUNRISE   558 AM EDT   SUNSET   915 PM EDT
MAY 31 2016...........SUNRISE   558 AM EDT   SUNSET   916 PM EDT


-  INDICATES NEGATIVE NUMBERS.
R  INDICATES RECORD WAS SET OR TIED.
MM INDICATES DATA IS MISSING.
T  INDICATES TRACE AMOUNT.




$$
