000
CDUS43 KAPX 310542
CLIHTL


CLIMATE REPORT
NATIONAL WEATHER SERVICE GAYLORD MI
139 AM EDT FRI OCT 31 2014


...................................

...THE HOUGHTON LAKE MI CLIMATE SUMMARY FOR OCTOBER 30 2014...

CLIMATE NORMAL PERIOD 1981 TO 2010
CLIMATE RECORD PERIOD 1913 TO 2014


WEATHER ITEM   OBSERVED TIME   RECORD YEAR NORMAL DEPARTURE LAST
                VALUE   (LST)  VALUE       VALUE  FROM      YEAR
                                                  NORMAL
..................................................................
TEMPERATURE (F)
 YESTERDAY
  MAXIMUM         46        MM  75    1950  50     -4       57
  MINIMUM         34        MM   8    1925  32      2       32
  AVERAGE         40                        41     -1       45

PRECIPITATION (IN)
  YESTERDAY        0.03          2.30 1991   0.08  -0.05     0.00
  MONTH TO DATE    3.16                      2.48   0.68     2.72
  SINCE SEP 1      6.39                      5.58   0.81     4.53
  SINCE JAN 1     26.27                     24.70   1.57    24.63

SNOWFALL (IN)
  YESTERDAY        0.0           1.5  1923   0.0    0.0      0.0
  MONTH TO DATE    0.0                       0.5   -0.5       T
  SINCE OCT 1      0.0                       0.5   -0.5       T
  SINCE JUL 1      0.0                       0.5   -0.5       T
  SNOW DEPTH       0

DEGREE DAYS
 HEATING
  YESTERDAY       25                        24      1       20
  MONTH TO DATE  535                       573    -38      519
  SINCE SEP 1    786                       827    -41      781
  SINCE JUL 1    942                       954    -12      906

 COOLING
  YESTERDAY        0                         0      0        0
  MONTH TO DATE    0                         0      0        0
  SINCE SEP 1     15                        20     -5       35
  SINCE JAN 1    210                       285    -75      381
..................................................................


WIND (MPH)
  HIGHEST WIND SPEED    10   HIGHEST WIND DIRECTION     W (260)
  HIGHEST GUST SPEED    MM   HIGHEST GUST DIRECTION    MM
  AVERAGE WIND SPEED     4.7




RELATIVE HUMIDITY (PERCENT)
 HIGHEST   100
 LOWEST     76
 AVERAGE    88

..........................................................


THE HOUGHTON LAKE MI CLIMATE NORMALS FOR TODAY
                         NORMAL    RECORD    YEAR
 MAXIMUM TEMPERATURE (F)   49        79      1933
 MINIMUM TEMPERATURE (F)   32         7      1925


SUNRISE AND SUNSET
OCTOBER 31 2014.......SUNRISE   815 AM EDT   SUNSET   630 PM EDT
NOVEMBER  1 2014......SUNRISE   816 AM EDT   SUNSET   628 PM EDT


-  INDICATES NEGATIVE NUMBERS.
R  INDICATES RECORD WAS SET OR TIED.
MM INDICATES DATA IS MISSING.
T  INDICATES TRACE AMOUNT.




$$
