000
CDUS43 KAPX 230528
CLIHTL


CLIMATE REPORT
NATIONAL WEATHER SERVICE GAYLORD MI
127 AM EDT THU MAR 23 2017


...................................

...THE HOUGHTON LAKE MI CLIMATE SUMMARY FOR MARCH 22 2017...

CLIMATE NORMAL PERIOD 1981 TO 2010
CLIMATE RECORD PERIOD 1913 TO 2017


WEATHER ITEM   OBSERVED TIME   RECORD YEAR NORMAL DEPARTURE LAST
                VALUE   (LST)  VALUE       VALUE  FROM      YEAR
                                                  NORMAL
..................................................................
TEMPERATURE (F)
 YESTERDAY
  MAXIMUM         33    507 PM  77    1938  42     -9       53
  MINIMUM         14    708 AM  -8    1989  21     -7       33
  AVERAGE         24                        31     -7       43

PRECIPITATION (IN)
  YESTERDAY        0.00          0.99 1955   0.06  -0.06     0.00
  MONTH TO DATE    1.19                      1.24  -0.05     1.95
  SINCE MAR 1      1.19                      1.24  -0.05     1.95
  SINCE JAN 1      6.67                      3.96   2.71     5.07

SNOWFALL (IN)
  YESTERDAY        0.0           5.0  2011   0.2   -0.2      0.0
                                      1960
  MONTH TO DATE    9.4                       6.4    3.0      5.8
  SINCE OCT 1     75.8                      60.9   14.9     39.2
  SINCE JUL 1     75.8                      60.9   14.9     39.2
  SNOW DEPTH       0

DEGREE DAYS
 HEATING
  YESTERDAY       41                        34      7       22
  MONTH TO DATE  850                       832     18      675
  SINCE MAR 1    850                       832     18      675
  SINCE JUL 1   5700                      6704  -1004     5588

 COOLING
  YESTERDAY        0                         0      0        0
  MONTH TO DATE    0                         0      0        0
  SINCE MAR 1      0                         0      0        0
  SINCE JAN 1      0                         0      0        0
..................................................................


WIND (MPH)
  HIGHEST WIND SPEED    18   HIGHEST WIND DIRECTION     N (350)
  HIGHEST GUST SPEED    28   HIGHEST GUST DIRECTION     N (340)
  AVERAGE WIND SPEED     6.1




RELATIVE HUMIDITY (PERCENT)
 HIGHEST    71
 LOWEST     25
 AVERAGE    48

..........................................................


THE HOUGHTON LAKE MI CLIMATE NORMALS FOR TODAY
                         NORMAL    RECORD    YEAR
 MAXIMUM TEMPERATURE (F)   43        75      1938
 MINIMUM TEMPERATURE (F)   21       -12      1940


SUNRISE AND SUNSET
MARCH 23 2017.........SUNRISE   736 AM EDT   SUNSET   755 PM EDT
MARCH 24 2017.........SUNRISE   734 AM EDT   SUNSET   756 PM EDT


-  INDICATES NEGATIVE NUMBERS.
R  INDICATES RECORD WAS SET OR TIED.
MM INDICATES DATA IS MISSING.
T  INDICATES TRACE AMOUNT.




$$
