000
CDUS43 KAPX 030538
CLIHTL


CLIMATE REPORT
NATIONAL WEATHER SERVICE GAYLORD MI
138 AM EDT WED JUN 3 2015


...................................

...THE HOUGHTON LAKE MI CLIMATE SUMMARY FOR JUNE 2 2015...

CLIMATE NORMAL PERIOD 1981 TO 2010
CLIMATE RECORD PERIOD 1913 TO 2015


WEATHER ITEM   OBSERVED TIME   RECORD YEAR NORMAL DEPARTURE LAST
                VALUE   (LST)  VALUE       VALUE  FROM      YEAR
                                                  NORMAL
..................................................................
TEMPERATURE (F)
 YESTERDAY
  MAXIMUM         71    451 PM  97    1934  72     -1       84
  MINIMUM         32    530 AM  31    1966  47    -15       66
                                      1956
  AVERAGE         52                        59     -7       75

PRECIPITATION (IN)
  YESTERDAY        0.00          1.58 1945   0.11  -0.11     0.13
  MONTH TO DATE    0.00                      0.21  -0.21     0.13
  SINCE JUN 1      0.00                      0.21  -0.21     0.13
  SINCE JAN 1      8.62                     10.07  -1.45    12.61

DEGREE DAYS
 HEATING
  YESTERDAY       13                         7      6        0
  MONTH TO DATE   26                        14     12        0
  SINCE JUN 1     26                        14     12        0
  SINCE JUL 1   8508                      8033    475     8894

 COOLING
  YESTERDAY        0                         1     -1       10
  MONTH TO DATE    0                         2     -2       18
  SINCE JUN 1      0                         2     -2       18
  SINCE JAN 1     25                        18      7       33
..................................................................


WIND (MPH)
  HIGHEST WIND SPEED    13   HIGHEST WIND DIRECTION     S (170)
  HIGHEST GUST SPEED    17   HIGHEST GUST DIRECTION     S (190)
  AVERAGE WIND SPEED     4.9




RELATIVE HUMIDITY (PERCENT)
 HIGHEST   100
 LOWEST     25
 AVERAGE    63

..........................................................


THE HOUGHTON LAKE MI CLIMATE NORMALS FOR TODAY
                         NORMAL    RECORD    YEAR
 MAXIMUM TEMPERATURE (F)   72        96      1934
 MINIMUM TEMPERATURE (F)   47        26      1928
                                             1926


SUNRISE AND SUNSET
JUNE  3 2015..........SUNRISE   557 AM EDT   SUNSET   917 PM EDT
JUNE  4 2015..........SUNRISE   556 AM EDT   SUNSET   918 PM EDT


-  INDICATES NEGATIVE NUMBERS.
R  INDICATES RECORD WAS SET OR TIED.
MM INDICATES DATA IS MISSING.
T  INDICATES TRACE AMOUNT.




$$
