000
CDUS43 KAPX 302135
CLIHTL


CLIMATE REPORT
NATIONAL WEATHER SERVICE GAYLORD MI
534 PM EDT SAT JUL 30 2016


...................................

...THE HOUGHTON LAKE MI CLIMATE SUMMARY FOR JULY 30 2016...
VALID TODAY AS OF 0500 PM LOCAL TIME.

CLIMATE NORMAL PERIOD 1981 TO 2010
CLIMATE RECORD PERIOD 1913 TO 2016


WEATHER ITEM   OBSERVED TIME   RECORD YEAR NORMAL DEPARTURE LAST
                VALUE   (LST)  VALUE       VALUE  FROM      YEAR
                                                  NORMAL
..................................................................
TEMPERATURE (F)
 TODAY
  MAXIMUM         78    335 PM 100    1933  79     -1       84
  MINIMUM         54    601 AM  30    1925  55     -1       61
  AVERAGE         66                        67     -1       73

PRECIPITATION (IN)
  TODAY            0.00          0.99 1988   0.10  -0.10     0.00
                                      1954
  MONTH TO DATE    3.02                      2.66   0.36     1.39
  SINCE JUN 1      5.78                      5.76   0.02     4.55
  SINCE JAN 1     19.85                     15.62   4.23    13.17

DEGREE DAYS
 HEATING
  TODAY            0                         1     -1        0
  MONTH TO DATE   27                        42    -15       48
  SINCE JUN 1    132                       166    -34      165
  SINCE JUL 1     27                        42    -15       48

 COOLING
  TODAY            1                         3     -2        8
  MONTH TO DATE  163                       113     50      111
  SINCE JUN 1    207                       172     35      131
  SINCE JAN 1    236                       188     48      156
..................................................................


WIND (MPH)
  RESULTANT WIND SPEED   8   RESULTANT WIND DIRECTION   E (70)
  HIGHEST WIND SPEED    17   HIGHEST WIND DIRECTION     E (90)
  HIGHEST GUST SPEED    22   HIGHEST GUST DIRECTION     E (100)
  AVERAGE WIND SPEED     9.5


SKY COVER
  POSSIBLE SUNSHINE  MM
  AVERAGE SKY COVER 0.2


WEATHER CONDITIONS
 THE FOLLOWING WEATHER WAS RECORDED TODAY.
  NO SIGNIFICANT WEATHER WAS OBSERVED.


RELATIVE HUMIDITY (PERCENT)
 HIGHEST    93           500 AM
 LOWEST     50           100 PM
 AVERAGE    72

..........................................................


THE HOUGHTON LAKE MI CLIMATE NORMALS FOR TOMORROW
                         NORMAL    RECORD    YEAR
 MAXIMUM TEMPERATURE (F)   79        96      1933
 MINIMUM TEMPERATURE (F)   55        35      1978


SUNRISE AND SUNSET
JULY 30 2016..........SUNRISE   624 AM EDT   SUNSET   905 PM EDT
JULY 31 2016..........SUNRISE   625 AM EDT   SUNSET   904 PM EDT


-  INDICATES NEGATIVE NUMBERS.
R  INDICATES RECORD WAS SET OR TIED.
MM INDICATES DATA IS MISSING.
T  INDICATES TRACE AMOUNT.




$$
