000
CDUS43 KAPX 240531
CLIHTL


CLIMATE REPORT
NATIONAL WEATHER SERVICE GAYLORD MI
1230 AM EST TUE JAN 24 2017


...................................

...THE HOUGHTON LAKE MI CLIMATE SUMMARY FOR JANUARY 23 2017...

CLIMATE NORMAL PERIOD 1981 TO 2010
CLIMATE RECORD PERIOD 1913 TO 2017


WEATHER ITEM   OBSERVED TIME   RECORD YEAR NORMAL DEPARTURE LAST
                VALUE   (LST)  VALUE       VALUE  FROM      YEAR
                                                  NORMAL
..................................................................
TEMPERATURE (F)
 YESTERDAY
  MAXIMUM         39    325 PM  47    1999  26     13       27
  MINIMUM         34   1131 PM -28    1948   9     25       11
  AVERAGE         37                        17     20       19

PRECIPITATION (IN)
  YESTERDAY        0.21          0.56 1965   0.05   0.16     0.00
  MONTH TO DATE    2.12                      1.17   0.95     1.20
  SINCE DEC 1      4.34                      2.82   1.52     4.77
  SINCE JAN 1      2.12                      1.17   0.95     1.20

SNOWFALL (IN)
  YESTERDAY        0.0           4.9  1965   0.5   -0.5      0.0
  MONTH TO DATE   10.3                      12.6   -2.3     12.3
  SINCE OCT 1     52.5                      37.6   14.9     20.2
  SINCE JUL 1     52.5                      37.6   14.9     20.2
  SNOW DEPTH       4

DEGREE DAYS
 HEATING
  YESTERDAY       28                        48    -20       46
  MONTH TO DATE  940                      1075   -135     1027
  SINCE DEC 1   2182                      2349   -167     1941
  SINCE JUL 1   3502                      4232   -730     3420
..................................................................


WIND (MPH)
  HIGHEST WIND SPEED     7   HIGHEST WIND DIRECTION     E (70)
  HIGHEST GUST SPEED     9   HIGHEST GUST DIRECTION     E (70)
  AVERAGE WIND SPEED     3.2




RELATIVE HUMIDITY (PERCENT)
 HIGHEST   100
 LOWEST     92
 AVERAGE    96

..........................................................


THE HOUGHTON LAKE MI CLIMATE NORMALS FOR TODAY
                         NORMAL    RECORD    YEAR
 MAXIMUM TEMPERATURE (F)   26        49      1967
 MINIMUM TEMPERATURE (F)    9       -23      1948


SUNRISE AND SUNSET
JANUARY 24 2017.......SUNRISE   805 AM EST   SUNSET   538 PM EST
JANUARY 25 2017.......SUNRISE   804 AM EST   SUNSET   539 PM EST


-  INDICATES NEGATIVE NUMBERS.
R  INDICATES RECORD WAS SET OR TIED.
MM INDICATES DATA IS MISSING.
T  INDICATES TRACE AMOUNT.




$$
