000
CDUS43 KAPX 290529
CLIHTL


CLIMATE REPORT
NATIONAL WEATHER SERVICE GAYLORD MI
1229 AM EST SAT NOV 29 2014


...................................

...THE HOUGHTON LAKE MI CLIMATE SUMMARY FOR NOVEMBER 28 2014...

CLIMATE NORMAL PERIOD 1981 TO 2010
CLIMATE RECORD PERIOD 1913 TO 2014


WEATHER ITEM   OBSERVED TIME   RECORD YEAR NORMAL DEPARTURE LAST
                VALUE   (LST)  VALUE       VALUE  FROM      YEAR
                                                  NORMAL
..................................................................
TEMPERATURE (F)
 YESTERDAY
  MAXIMUM         21   1100 PM  61    1990  37    -16       21
  MINIMUM         11        MM   0    1955  24    -13        7
  AVERAGE         16                        30    -14       14

PRECIPITATION (IN)
  YESTERDAY        0.04          0.98 1964   0.07  -0.03     0.09
  MONTH TO DATE    3.05                      2.17   0.88     3.16
  SINCE SEP 1      9.48                      7.83   1.65     8.40
  SINCE JAN 1     29.36                     26.95   2.41    28.50

SNOWFALL (IN)
  YESTERDAY        0.6           4.1  1968   0.4    0.2      1.0
  MONTH TO DATE   12.9                       7.6    5.3      3.8
  SINCE OCT 1     12.9                       8.2    4.7      3.8
  SINCE JUL 1     12.9                       8.2    4.7      3.8
  SNOW DEPTH       3

DEGREE DAYS
 HEATING
  YESTERDAY       49                        35     14       51
  MONTH TO DATE  971                       834    137      864
  SINCE SEP 1   1786                      1685    101     1656
  SINCE JUL 1   1942                      1812    130     1781
..................................................................


WIND (MPH)
  HIGHEST WIND SPEED     9   HIGHEST WIND DIRECTION    SE (150)
  HIGHEST GUST SPEED    MM   HIGHEST GUST DIRECTION    MM
  AVERAGE WIND SPEED     5.3




RELATIVE HUMIDITY (PERCENT)
 HIGHEST    92
 LOWEST     73
 AVERAGE    83

..........................................................


THE HOUGHTON LAKE MI CLIMATE NORMALS FOR TODAY
                         NORMAL    RECORD    YEAR
 MAXIMUM TEMPERATURE (F)   36        61      1998
 MINIMUM TEMPERATURE (F)   23        -5      1995


SUNRISE AND SUNSET
NOVEMBER 29 2014......SUNRISE   752 AM EST   SUNSET   502 PM EST
NOVEMBER 30 2014......SUNRISE   753 AM EST   SUNSET   501 PM EST


-  INDICATES NEGATIVE NUMBERS.
R  INDICATES RECORD WAS SET OR TIED.
MM INDICATES DATA IS MISSING.
T  INDICATES TRACE AMOUNT.




$$
