306
CDUS43 KAPX 210528
CLIHTL


CLIMATE REPORT
NATIONAL WEATHER SERVICE GAYLORD MI
127 AM EDT FRI JUL 21 2017


...................................

...THE HOUGHTON LAKE MI CLIMATE SUMMARY FOR JULY 20 2017...

CLIMATE NORMAL PERIOD 1981 TO 2010
CLIMATE RECORD PERIOD 1913 TO 2017


WEATHER ITEM   OBSERVED TIME   RECORD YEAR NORMAL DEPARTURE LAST
                VALUE   (LST)  VALUE       VALUE  FROM      YEAR
                                                  NORMAL
..................................................................
TEMPERATURE (F)
 YESTERDAY
  MAXIMUM         86    420 PM  99    1926  80      6       89
  MINIMUM         60   1159 PM  32    1941  55      5       49
  AVERAGE         73                        67      6       69

PRECIPITATION (IN)
  YESTERDAY        0.00          1.19 1980   0.09  -0.09     0.00
  MONTH TO DATE    1.44                      1.69  -0.25     2.51
  SINCE JUN 1      6.28                      4.79   1.49     5.27
  SINCE JAN 1     22.19                     14.65   7.54    19.34

DEGREE DAYS
 HEATING
  YESTERDAY        0                         1     -1        0
  MONTH TO DATE    7                        32    -25       27
  SINCE JUN 1     75                       156    -81      132
  SINCE JUL 1      7                        32    -25       27

 COOLING
  YESTERDAY        8                         4      4        4
  MONTH TO DATE   69                        77     -8       86
  SINCE JUN 1    152                       136     16      130
  SINCE JAN 1    166                       152     14      159
..................................................................


WIND (MPH)
  HIGHEST WIND SPEED    22   HIGHEST WIND DIRECTION     W (280)
  HIGHEST GUST SPEED    30   HIGHEST GUST DIRECTION     W (280)
  AVERAGE WIND SPEED     8.7




RELATIVE HUMIDITY (PERCENT)
 HIGHEST    93
 LOWEST     48
 AVERAGE    71

..........................................................


THE HOUGHTON LAKE MI CLIMATE NORMALS FOR TODAY
                         NORMAL    RECORD    YEAR
 MAXIMUM TEMPERATURE (F)   80        99      1926
 MINIMUM TEMPERATURE (F)   55        37      1944
                                             1936


SUNRISE AND SUNSET
JULY 21 2017..........SUNRISE   615 AM EDT   SUNSET   915 PM EDT
JULY 22 2017..........SUNRISE   616 AM EDT   SUNSET   914 PM EDT


-  INDICATES NEGATIVE NUMBERS.
R  INDICATES RECORD WAS SET OR TIED.
MM INDICATES DATA IS MISSING.
T  INDICATES TRACE AMOUNT.




$$
