000
CDUS43 KAPX 240542
CLIHTL


CLIMATE REPORT
NATIONAL WEATHER SERVICE GAYLORD MI
1241 AM EST FRI FEB 24 2017


...................................

...THE HOUGHTON LAKE MI CLIMATE SUMMARY FOR FEBRUARY 23 2017...

CLIMATE NORMAL PERIOD 1981 TO 2010
CLIMATE RECORD PERIOD 1913 TO 2017


WEATHER ITEM   OBSERVED TIME   RECORD YEAR NORMAL DEPARTURE LAST
                VALUE   (LST)  VALUE       VALUE  FROM      YEAR
                                                  NORMAL
..................................................................
TEMPERATURE (F)
 YESTERDAY
  MAXIMUM         54    307 AM  59    1984  32     22       38
  MINIMUM         32   1159 PM -23    2015  12     20       21
  AVERAGE         43                        22     21       30

PRECIPITATION (IN)
  YESTERDAY        0.02          0.79 1959   0.05  -0.03      T
  MONTH TO DATE    0.83                      0.95  -0.12     1.07
  SINCE DEC 1      6.02                      4.11   1.91     6.40
  SINCE JAN 1      3.80                      2.46   1.34     2.83

SNOWFALL (IN)
  YESTERDAY        0.0           9.5  1959   0.5   -0.5       T
  MONTH TO DATE    2.3                      10.5   -8.2      6.5
  SINCE OCT 1     64.7                      52.6   12.1     29.4
  SINCE JUL 1     64.7                      52.6   12.1     29.4
  SNOW DEPTH       T

DEGREE DAYS
 HEATING
  YESTERDAY       22                        43    -21       35
  MONTH TO DATE  857                      1049   -192      975
  SINCE DEC 1   3359                      3778   -419     3215
  SINCE JUL 1   4679                      5661   -982     4694
..................................................................


WIND (MPH)
  HIGHEST WIND SPEED    17   HIGHEST WIND DIRECTION    NW (310)
  HIGHEST GUST SPEED    23   HIGHEST GUST DIRECTION    NW (300)
  AVERAGE WIND SPEED     9.5




RELATIVE HUMIDITY (PERCENT)
 HIGHEST    96
 LOWEST     75
 AVERAGE    86

..........................................................


THE HOUGHTON LAKE MI CLIMATE NORMALS FOR TODAY
                         NORMAL    RECORD    YEAR
 MAXIMUM TEMPERATURE (F)   32        61      1930
 MINIMUM TEMPERATURE (F)   12       -25      1924


SUNRISE AND SUNSET
FEBRUARY 24 2017......SUNRISE   724 AM EST   SUNSET   620 PM EST
FEBRUARY 25 2017......SUNRISE   722 AM EST   SUNSET   622 PM EST


-  INDICATES NEGATIVE NUMBERS.
R  INDICATES RECORD WAS SET OR TIED.
MM INDICATES DATA IS MISSING.
T  INDICATES TRACE AMOUNT.




$$
