000
CDUS43 KAPX 310530
CLIHTL


CLIMATE REPORT
NATIONAL WEATHER SERVICE GAYLORD MI
130 AM EDT THU JUL 31 2014


...................................

...THE HOUGHTON LAKE MI CLIMATE SUMMARY FOR JULY 30 2014...

CLIMATE NORMAL PERIOD 1981 TO 2010
CLIMATE RECORD PERIOD 1913 TO 2014


WEATHER ITEM   OBSERVED TIME   RECORD YEAR NORMAL DEPARTURE LAST
                VALUE   (LST)  VALUE       VALUE  FROM      YEAR
                                                  NORMAL
..................................................................
TEMPERATURE (F)
 YESTERDAY
  MAXIMUM         73    447 PM 100    1933  79     -6       76
  MINIMUM         45    552 AM  30    1925  55    -10       42
  AVERAGE         59                        67     -8       59

PRECIPITATION (IN)
  YESTERDAY        0.00          0.99 1988   0.10  -0.10     0.00
                                      1954
  MONTH TO DATE    2.67                      2.66   0.01     1.12
  SINCE JUN 1      5.29                      5.76  -0.47     2.41
  SINCE JAN 1     17.77                     15.62   2.15    18.35

DEGREE DAYS
 HEATING
  YESTERDAY        6                         1      5        6
  MONTH TO DATE  103                        42     61       43
  SINCE JUN 1    177                       166     11      145
  SINCE JUL 1    103                        42     61       43

 COOLING
  YESTERDAY        0                         3     -3        0
  MONTH TO DATE   47                       113    -66      146
  SINCE JUN 1    120                       172    -52      225
  SINCE JAN 1    135                       188    -53      265
..................................................................


WIND (MPH)
  HIGHEST WIND SPEED    14   HIGHEST WIND DIRECTION    NW (320)
  HIGHEST GUST SPEED    18   HIGHEST GUST DIRECTION    NW (320)
  AVERAGE WIND SPEED     5.6




RELATIVE HUMIDITY (PERCENT)
 HIGHEST   100
 LOWEST     41
 AVERAGE    71

..........................................................


THE HOUGHTON LAKE MI CLIMATE NORMALS FOR TODAY
                         NORMAL    RECORD    YEAR
 MAXIMUM TEMPERATURE (F)   79        96      1933
 MINIMUM TEMPERATURE (F)   55        30      1918


SUNRISE AND SUNSET
JULY 31 2014..........SUNRISE   625 AM EDT   SUNSET   905 PM EDT
AUGUST  1 2014........SUNRISE   626 AM EDT   SUNSET   904 PM EDT


-  INDICATES NEGATIVE NUMBERS.
R  INDICATES RECORD WAS SET OR TIED.
MM INDICATES DATA IS MISSING.
T  INDICATES TRACE AMOUNT.




$$
