000
CDUS41 KRLX 100907
CLIHTS


CLIMATE REPORT
NATIONAL WEATHER SERVICE CHARLESTON WV
406 AM EST WED FEB 10 2016


...................................

...THE HUNTINGTON WV CLIMATE SUMMARY FOR FEBRUARY 9 2016...

CLIMATE NORMAL PERIOD 1981 TO 2010
CLIMATE RECORD PERIOD 1897 TO 2016


WEATHER ITEM   OBSERVED TIME   RECORD YEAR NORMAL DEPARTURE LAST
                VALUE   (LST)  VALUE       VALUE  FROM      YEAR
                                                  NORMAL
..................................................................
TEMPERATURE (F)
 YESTERDAY
  MAXIMUM         32   1212 AM  74    1937  45    -13       53
  MINIMUM         22   1159 PM -24    1899  27     -5       27
  AVERAGE         27                        36     -9       40

PRECIPITATION (IN)
  YESTERDAY        0.01          1.22 1937   0.10  -0.09     0.02
  MONTH TO DATE    1.61                      0.96   0.65     0.56
  SINCE JAN 1      3.60                      3.93  -0.33     2.73

SNOWFALL (IN)
  YESTERDAY        T
  MONTH TO DATE    T
  SINCE SEP 1     13.8
  SNOW DEPTH       T

DEGREE DAYS
 HEATING
  YESTERDAY       38                        29      9       25
  MONTH TO DATE  219                       267    -48      254
  SINCE DEC 1   1778                      2104   -326     2083
  SINCE JUL 1   2498                      2991   -493     3162

 COOLING
  YESTERDAY        0                         0      0        0
  MONTH TO DATE    0                         0      0        0
  SINCE DEC 1      0                         1     -1        0
  SINCE JAN 1      0                         0      0        0
..................................................................


WIND (MPH)
  HIGHEST WIND SPEED    16   HIGHEST WIND DIRECTION     W (250)
  HIGHEST GUST SPEED    27   HIGHEST GUST DIRECTION     W (280)
  AVERAGE WIND SPEED     9.8


SKY COVER
  POSSIBLE SUNSHINE  MM


WEATHER CONDITIONS
 THE FOLLOWING WEATHER WAS RECORDED YESTERDAY.
  LIGHT SNOW
  FOG
  HAZE


RELATIVE HUMIDITY (PERCENT)
 HIGHEST    81          1000 PM
 LOWEST     60          1000 AM
 AVERAGE    71

..........................................................


THE HUNTINGTON WV CLIMATE NORMALS FOR TODAY
                         NORMAL    RECORD    YEAR
 MAXIMUM TEMPERATURE (F)   45        76      1932
 MINIMUM TEMPERATURE (F)   27        -2      1899
                                             1895


SUNRISE AND SUNSET
FEBRUARY 10 2016......SUNRISE   727 AM EST   SUNSET   602 PM EST
FEBRUARY 11 2016......SUNRISE   726 AM EST   SUNSET   603 PM EST


-  INDICATES NEGATIVE NUMBERS.
R  INDICATES RECORD WAS SET OR TIED.
MM INDICATES DATA IS MISSING.
T  INDICATES TRACE AMOUNT.




$$
