000
CDUS41 KRLX 312116
CLIHTS


CLIMATE REPORT
NATIONAL WEATHER SERVICE CHARLESTON WV
515 PM EDT THU JUL 31 2014


...................................

...THE HUNTINGTON WV CLIMATE SUMMARY FOR JULY 31 2014...
VALID TODAY AS OF 0500 PM LOCAL TIME.

CLIMATE NORMAL PERIOD 1981 TO 2010
CLIMATE RECORD PERIOD 1897 TO 2014


WEATHER ITEM   OBSERVED TIME   RECORD YEAR NORMAL DEPARTURE LAST
                VALUE   (LST)  VALUE       VALUE  FROM      YEAR
                                                  NORMAL
..................................................................
TEMPERATURE (F)
 TODAY
  MAXIMUM         82    305 PM 100    1999  86     -4       74
  MINIMUM         56    559 AM  53    1936  65     -9       66
  AVERAGE         69                        76     -7       70

PRECIPITATION (IN)
  TODAY            0.00          1.99 2009   0.15  -0.15     0.07
  MONTH TO DATE    4.08                      4.55  -0.47     7.90
  SINCE JUN 1      8.60                      8.43   0.17    13.66
  SINCE JAN 1     28.14                     26.51   1.63    27.24

DEGREE DAYS
 HEATING
  TODAY            0                         0      0        0
  MONTH TO DATE    3                         0      3        0
  SINCE JUN 1      3                        12     -9        0
  SINCE JUL 1      3                         0      3        0

 COOLING
  TODAY            4                        11     -7        5
  MONTH TO DATE  236                       332    -96      337
  SINCE JUN 1    481                       557    -76      594
  SINCE JAN 1    595                       670    -75      764
..................................................................


WIND (MPH)
  HIGHEST WIND SPEED    12   HIGHEST WIND DIRECTION     S (190)
  HIGHEST GUST SPEED    15   HIGHEST GUST DIRECTION     S (180)
  AVERAGE WIND SPEED     3.9


SKY COVER
  POSSIBLE SUNSHINE  MM
  AVERAGE SKY COVER 0.1


WEATHER CONDITIONS
 THE FOLLOWING WEATHER WAS RECORDED TODAY.
  FOG


RELATIVE HUMIDITY (PERCENT)
 HIGHEST   100          1200 AM
 LOWEST     42           300 PM
 AVERAGE    71

..........................................................


THE HUNTINGTON WV CLIMATE NORMALS FOR TOMORROW
                         NORMAL    RECORD    YEAR
 MAXIMUM TEMPERATURE (F)   86        98      1931
                                             1917
 MINIMUM TEMPERATURE (F)   65        52      1914


SUNRISE AND SUNSET
JULY 31 2014..........SUNRISE   632 AM EDT   SUNSET   841 PM EDT
AUGUST  1 2014........SUNRISE   632 AM EDT   SUNSET   840 PM EDT


-  INDICATES NEGATIVE NUMBERS.
R  INDICATES RECORD WAS SET OR TIED.
MM INDICATES DATA IS MISSING.
T  INDICATES TRACE AMOUNT.




$$
