000
CDUS41 KRLX 242235
CLIHTS


CLIMATE REPORT
NATIONAL WEATHER SERVICE CHARLESTON WV
635 PM EDT SUN JUL 24 2016


...................................

...THE HUNTINGTON WV CLIMATE SUMMARY FOR JULY 24 2016...
VALID TODAY AS OF 0500 PM LOCAL TIME.

CLIMATE NORMAL PERIOD 1981 TO 2010
CLIMATE RECORD PERIOD 1897 TO 2016


WEATHER ITEM   OBSERVED TIME   RECORD YEAR NORMAL DEPARTURE LAST
                VALUE   (LST)  VALUE       VALUE  FROM      YEAR
                                                  NORMAL
..................................................................
TEMPERATURE (F)
 TODAY
  MAXIMUM         95    344 PM 103    1934  86      9       84
  MINIMUM         73    611 AM  50    1947  66      7       60
                                      1905
  AVERAGE         84                        76      8       72

PRECIPITATION (IN)
  TODAY            0.00          1.30 1923   0.16  -0.16     0.00
  MONTH TO DATE    3.44                      3.50  -0.06     7.96
  SINCE JUN 1     10.69                      7.38   3.31    13.16
  SINCE JAN 1     30.33                     25.46   4.87    33.59

DEGREE DAYS
 HEATING
  TODAY            0                         0      0        0
  MONTH TO DATE    0                         0      0        0
  SINCE JUN 1      1                        12    -11       14
  SINCE JUL 1      0                         0      0        0

 COOLING
  TODAY           19                        11      8        7
  MONTH TO DATE  291                       261     30      213
  SINCE JUN 1    571                       486     85      486
  SINCE JAN 1    711                       599    112      652
..................................................................


WIND (MPH)
  HIGHEST WIND SPEED     9   HIGHEST WIND DIRECTION     S (200)
  HIGHEST GUST SPEED    13   HIGHEST GUST DIRECTION    SW (210)
  AVERAGE WIND SPEED     3.3


SKY COVER
  POSSIBLE SUNSHINE  MM
  AVERAGE SKY COVER 0.1


WEATHER CONDITIONS
 THE FOLLOWING WEATHER WAS RECORDED TODAY.
  FOG


RELATIVE HUMIDITY (PERCENT)
 HIGHEST    94           100 AM
 LOWEST     46           500 PM
 AVERAGE    70

..........................................................


THE HUNTINGTON WV CLIMATE NORMALS FOR TOMORROW
                         NORMAL    RECORD    YEAR
 MAXIMUM TEMPERATURE (F)   86       104      1934
 MINIMUM TEMPERATURE (F)   66        52      1947


SUNRISE AND SUNSET
JULY 24 2016..........SUNRISE   626 AM EDT   SUNSET   847 PM EDT
JULY 25 2016..........SUNRISE   627 AM EDT   SUNSET   846 PM EDT


-  INDICATES NEGATIVE NUMBERS.
R  INDICATES RECORD WAS SET OR TIED.
MM INDICATES DATA IS MISSING.
T  INDICATES TRACE AMOUNT.




$$
