483
CDUS41 KRLX 110817
CLIHTS


CLIMATE REPORT
NATIONAL WEATHER SERVICE CHARLESTON WV
317 AM EST SUN DEC 11 2016


...................................

...THE HUNTINGTON WV CLIMATE SUMMARY FOR DECEMBER 10 2016...

CLIMATE NORMAL PERIOD 1981 TO 2010
CLIMATE RECORD PERIOD 1897 TO 2016


WEATHER ITEM   OBSERVED TIME   RECORD YEAR NORMAL DEPARTURE LAST
                VALUE   (LST)  VALUE       VALUE  FROM      YEAR
                                                  NORMAL
..................................................................
TEMPERATURE (F)
 YESTERDAY
  MAXIMUM         32    343 PM  76    1971  47    -15       60
  MINIMUM         23    831 AM   0    1917  30     -7       41
  AVERAGE         28                        38    -10       51

PRECIPITATION (IN)
  YESTERDAY        0.00          1.26 1952   0.11  -0.11     0.00
  MONTH TO DATE    0.58                      1.11  -0.53     2.58
  SINCE JAN 1     42.87                     40.39   2.48    45.49

SNOWFALL (IN)
  YESTERDAY        0.0
  MONTH TO DATE    0.5
  SINCE SEP 1      0.5
  SNOW DEPTH       0

DEGREE DAYS
 HEATING
  YESTERDAY       37                        27     10       14
  MONTH TO DATE  273                       255     18      219
  SINCE DEC 1    273                       255     18      219
  SINCE JUL 1    871                      1142   -271      939

 COOLING
  YESTERDAY        0                         0      0        0
  MONTH TO DATE    0                         0      0        0
  SINCE DEC 1      0                         0      0        0
  SINCE JAN 1   1589                      1134    455     1137
..................................................................


WIND (MPH)
  HIGHEST WIND SPEED    12   HIGHEST WIND DIRECTION    SW (210)
  HIGHEST GUST SPEED    15   HIGHEST GUST DIRECTION    SW (210)
  AVERAGE WIND SPEED     3.0


SKY COVER
  POSSIBLE SUNSHINE  MM


WEATHER CONDITIONS
 THE FOLLOWING WEATHER WAS RECORDED YESTERDAY.
  NO SIGNIFICANT WEATHER WAS OBSERVED.


RELATIVE HUMIDITY (PERCENT)
 HIGHEST    68           900 PM
 LOWEST     45           200 PM
 AVERAGE    57

..........................................................


THE HUNTINGTON WV CLIMATE NORMALS FOR TODAY
                         NORMAL    RECORD    YEAR
 MAXIMUM TEMPERATURE (F)   46        73      2007
 MINIMUM TEMPERATURE (F)   30        -1      1917


SUNRISE AND SUNSET
DECEMBER 11 2016......SUNRISE   737 AM EST   SUNSET   510 PM EST
DECEMBER 12 2016......SUNRISE   738 AM EST   SUNSET   510 PM EST


-  INDICATES NEGATIVE NUMBERS.
R  INDICATES RECORD WAS SET OR TIED.
MM INDICATES DATA IS MISSING.
T  INDICATES TRACE AMOUNT.




$$
