000
CDUS41 KRLX 272116
CLIHTS


CLIMATE REPORT
NATIONAL WEATHER SERVICE CHARLESTON WV
516 PM EDT TUE JUN 27 2017


...................................

...THE HUNTINGTON WV CLIMATE SUMMARY FOR JUNE 27 2017...
VALID TODAY AS OF 0500 PM LOCAL TIME.

CLIMATE NORMAL PERIOD 1981 TO 2010
CLIMATE RECORD PERIOD 1897 TO 2017


WEATHER ITEM   OBSERVED TIME   RECORD YEAR NORMAL DEPARTURE LAST
                VALUE   (LST)  VALUE       VALUE  FROM      YEAR
                                                  NORMAL
..................................................................
TEMPERATURE (F)
 TODAY
  MAXIMUM         76    355 PM 100    1921  85     -9       88
  MINIMUM         57    604 AM  51    2012  64     -7       72
  AVERAGE         67                        75     -8       80

PRECIPITATION (IN)
  TODAY            0.03          1.87 1940   0.12  -0.09     0.01
  MONTH TO DATE    4.86                      3.54   1.32     7.25
  SINCE JUN 1      4.86                      3.54   1.32     7.25
  SINCE JAN 1     23.07                     21.62   1.45    26.89

DEGREE DAYS
 HEATING
  TODAY            0                         0      0        0
  MONTH TO DATE    4                         9     -5        1
  SINCE JUN 1      4                         9     -5        1
  SINCE JUL 1   3446                      4509  -1063     3789

 COOLING
  TODAY            2                        10     -8       15
  MONTH TO DATE  200                       197      3      256
  SINCE JUN 1    200                       197      3      256
  SINCE JAN 1    372                       310     62      396
..................................................................


WIND (MPH)
  HIGHEST WIND SPEED    14   HIGHEST WIND DIRECTION    NW (320)
  HIGHEST GUST SPEED    22   HIGHEST GUST DIRECTION    NW (320)
  AVERAGE WIND SPEED     5.7


SKY COVER
  POSSIBLE SUNSHINE  MM
  AVERAGE SKY COVER 0.5


WEATHER CONDITIONS
 THE FOLLOWING WEATHER WAS RECORDED TODAY.
  NO SIGNIFICANT WEATHER WAS OBSERVED.


RELATIVE HUMIDITY (PERCENT)
 HIGHEST    86           500 AM
 LOWEST     38           100 PM
 AVERAGE    62

..........................................................


THE HUNTINGTON WV CLIMATE NORMALS FOR TOMORROW
                         NORMAL    RECORD    YEAR
 MAXIMUM TEMPERATURE (F)   85       102      1934
 MINIMUM TEMPERATURE (F)   64        47      1915


SUNRISE AND SUNSET
JUNE 27 2017..........SUNRISE   609 AM EDT   SUNSET   858 PM EDT
JUNE 28 2017..........SUNRISE   609 AM EDT   SUNSET   858 PM EDT


-  INDICATES NEGATIVE NUMBERS.
R  INDICATES RECORD WAS SET OR TIED.
MM INDICATES DATA IS MISSING.
T  INDICATES TRACE AMOUNT.




$$
