000
CDUS41 KRLX 270822
CLIHTS


CLIMATE REPORT
NATIONAL WEATHER SERVICE CHARLESTON WV
318 AM EST FRI FEB 27 2015


...................................

...THE HUNTINGTON WV CLIMATE SUMMARY FOR FEBRUARY 26 2015...

CLIMATE NORMAL PERIOD 1981 TO 2010
CLIMATE RECORD PERIOD 1897 TO 2015


WEATHER ITEM   OBSERVED TIME   RECORD YEAR NORMAL DEPARTURE LAST
                VALUE   (LST)  VALUE       VALUE  FROM      YEAR
                                                  NORMAL
..................................................................
TEMPERATURE (F)
 YESTERDAY
  MAXIMUM         35    332 PM  79    1977  50    -15       31
  MINIMUM         17   1159 PM   2    1967  30    -13       20
  AVERAGE         26                        40    -14       26

PRECIPITATION (IN)
  YESTERDAY        T             2.04 1945   0.11  -0.11     0.04
  MONTH TO DATE    3.27                      2.84   0.43     5.06
  SINCE JAN 1      5.44                      5.81  -0.37     7.36

SNOWFALL (IN)
  YESTERDAY       MM
  MONTH TO DATE   20.1
  SINCE SEP 1     22.8
  SNOW DEPTH       3

DEGREE DAYS
 HEATING
  YESTERDAY       39                        25     14       39
  MONTH TO DATE 1020                       728    292      773
  SINCE DEC 1   2849                      2565    284     2733
  SINCE JUL 1   3928                      3452    476     3684

 COOLING
  YESTERDAY        0                         0      0        0
  MONTH TO DATE    0                         0      0        0
  SINCE DEC 1      0                         1     -1        2
  SINCE JAN 1      0                         0      0        0
..................................................................


WIND (MPH)
  HIGHEST WIND SPEED    14   HIGHEST WIND DIRECTION    NW (330)
  HIGHEST GUST SPEED    19   HIGHEST GUST DIRECTION    NW (330)
  AVERAGE WIND SPEED     7.6


SKY COVER
  POSSIBLE SUNSHINE  MM


WEATHER CONDITIONS
 THE FOLLOWING WEATHER WAS RECORDED YESTERDAY.
  LIGHT SNOW
  FOG


RELATIVE HUMIDITY (PERCENT)
 HIGHEST    73          1000 PM
 LOWEST     47           300 PM
 AVERAGE    60

..........................................................


THE HUNTINGTON WV CLIMATE NORMALS FOR TODAY
                         NORMAL    RECORD    YEAR
 MAXIMUM TEMPERATURE (F)   50        77      1996
 MINIMUM TEMPERATURE (F)   31         2      1963
                                             1934


SUNRISE AND SUNSET
FEBRUARY 27 2015......SUNRISE   705 AM EST   SUNSET   621 PM EST
FEBRUARY 28 2015......SUNRISE   704 AM EST   SUNSET   622 PM EST


-  INDICATES NEGATIVE NUMBERS.
R  INDICATES RECORD WAS SET OR TIED.
MM INDICATES DATA IS MISSING.
T  INDICATES TRACE AMOUNT.




$$
