000
CDUS41 KRLX 300750
CLIHTS


CLIMATE REPORT
NATIONAL WEATHER SERVICE CHARLESTON WV
349 AM EDT THU JUL 30 2015


...................................

...THE HUNTINGTON WV CLIMATE SUMMARY FOR JULY 29 2015...

CLIMATE NORMAL PERIOD 1981 TO 2010
CLIMATE RECORD PERIOD 1897 TO 2015


WEATHER ITEM   OBSERVED TIME   RECORD YEAR NORMAL DEPARTURE LAST
                VALUE   (LST)  VALUE       VALUE  FROM      YEAR
                                                  NORMAL
..................................................................
TEMPERATURE (F)
 YESTERDAY
  MAXIMUM         91    404 PM 101    1930  86      5       70
  MINIMUM         70    534 AM  52    1925  65      5       55
  AVERAGE         81                        76      5       63

PRECIPITATION (IN)
  YESTERDAY        0.00          2.94 1939   0.15  -0.15     0.00
  MONTH TO DATE    7.97                      4.26   3.71     3.77
  SINCE JAN 1     33.60                     26.22   7.38    27.83

SNOWFALL (IN)
  YESTERDAY        0.0
  MONTH TO DATE    0.0
  SINCE SEP 1     36.6
  SNOW DEPTH       0

DEGREE DAYS
 HEATING
  YESTERDAY        0                         0      0        2
  MONTH TO DATE    0                         0      0        3
  SINCE JUN 1     14                        12      2        3
  SINCE JUL 1      0                         0      0        3

 COOLING
  YESTERDAY       16                        11      5        0
  MONTH TO DATE  278                       316    -38      232
  SINCE JUN 1    551                       541     10      477
  SINCE JAN 1    717                       654     63      591
..................................................................


WIND (MPH)
  HIGHEST WIND SPEED     9   HIGHEST WIND DIRECTION    SW (240)
  HIGHEST GUST SPEED    12   HIGHEST GUST DIRECTION     W (260)
  AVERAGE WIND SPEED     2.8


SKY COVER
  POSSIBLE SUNSHINE  MM


WEATHER CONDITIONS
 THE FOLLOWING WEATHER WAS RECORDED YESTERDAY.
  FOG
  FOG W/VISIBILITY <= 1/4 MILE


RELATIVE HUMIDITY (PERCENT)
 HIGHEST   100           300 AM
 LOWEST     52           400 PM
 AVERAGE    76

..........................................................


THE HUNTINGTON WV CLIMATE NORMALS FOR TODAY
                         NORMAL    RECORD    YEAR
 MAXIMUM TEMPERATURE (F)   86       101      1999
 MINIMUM TEMPERATURE (F)   65        53      2014


SUNRISE AND SUNSET
JULY 30 2015..........SUNRISE   630 AM EDT   SUNSET   842 PM EDT
JULY 31 2015..........SUNRISE   631 AM EDT   SUNSET   841 PM EDT


-  INDICATES NEGATIVE NUMBERS.
R  INDICATES RECORD WAS SET OR TIED.
MM INDICATES DATA IS MISSING.
T  INDICATES TRACE AMOUNT.




$$
