366
CDUS41 KRLX 170819
CLIHTS


CLIMATE REPORT
NATIONAL WEATHER SERVICE CHARLESTON WV
319 AM EST TUE JAN 17 2017


...................................

...THE HUNTINGTON WV CLIMATE SUMMARY FOR JANUARY 16 2017...

CLIMATE NORMAL PERIOD 1981 TO 2010
CLIMATE RECORD PERIOD 1897 TO 2017


WEATHER ITEM   OBSERVED TIME   RECORD YEAR NORMAL DEPARTURE LAST
                VALUE   (LST)  VALUE       VALUE  FROM      YEAR
                                                  NORMAL
..................................................................
TEMPERATURE (F)
 YESTERDAY
  MAXIMUM         54    451 PM  72    1949  42     12       45
  MINIMUM         39    457 AM  -9    1994  25     14       31
                                      1972
  AVERAGE         47                        34     13       38

PRECIPITATION (IN)
  YESTERDAY        0.04          1.15 1935   0.09  -0.05     0.01
  MONTH TO DATE    2.37                      1.52   0.85     0.71
  SINCE JAN 1      2.37                      1.52   0.85     0.71

SNOWFALL (IN)
  YESTERDAY        0.0
  MONTH TO DATE    2.3
  SINCE SEP 1      4.1
  SNOW DEPTH       0

DEGREE DAYS
 HEATING
  YESTERDAY       18                        32    -14       27
  MONTH TO DATE  421                       501    -80      502
  SINCE DEC 1   1230                      1369   -139     1022
  SINCE JUL 1   1828                      2256   -428     1742

 COOLING
  YESTERDAY        0                         0      0        0
  MONTH TO DATE    0                         0      0        0
  SINCE DEC 1      0                         1     -1        0
  SINCE JAN 1      0                         0      0        0
..................................................................


WIND (MPH)
  HIGHEST WIND SPEED     8   HIGHEST WIND DIRECTION    NE (30)
  HIGHEST GUST SPEED     9   HIGHEST GUST DIRECTION    NE (40)
  AVERAGE WIND SPEED     2.3


SKY COVER
  POSSIBLE SUNSHINE  MM


WEATHER CONDITIONS
 THE FOLLOWING WEATHER WAS RECORDED YESTERDAY.
  LIGHT RAIN
  FOG
  FOG W/VISIBILITY <= 1/4 MILE
  HAZE


RELATIVE HUMIDITY (PERCENT)
 HIGHEST    96          1100 AM
 LOWEST     83           200 PM
 AVERAGE    90

..........................................................


THE HUNTINGTON WV CLIMATE NORMALS FOR TODAY
                         NORMAL    RECORD    YEAR
 MAXIMUM TEMPERATURE (F)   42        74      1932
 MINIMUM TEMPERATURE (F)   25       -14      1982


SUNRISE AND SUNSET
JANUARY 17 2017.......SUNRISE   745 AM EST   SUNSET   536 PM EST
JANUARY 18 2017.......SUNRISE   745 AM EST   SUNSET   537 PM EST


-  INDICATES NEGATIVE NUMBERS.
R  INDICATES RECORD WAS SET OR TIED.
MM INDICATES DATA IS MISSING.
T  INDICATES TRACE AMOUNT.




$$
