000
CDUS43 KIND 300533
CLIHUF


CLIMATE REPORT
NATIONAL WEATHER SERVICE INDIANAPOLIS IN
131 AM EDT FRI SEP 30 2016


...................................

...THE TERRE HAUTE IN CLIMATE SUMMARY FOR SEPTEMBER 29 2016...

CLIMATE NORMAL PERIOD 1981 TO 2010
CLIMATE RECORD PERIOD 9999 TO 9999


WEATHER ITEM   OBSERVED TIME   NORMAL DEPARTURE LAST
                VALUE   (LST)  VALUE  FROM      YEAR
                                      NORMAL
......................................................
TEMPERATURE (F)
 YESTERDAY
  MAXIMUM         69    450 PM  73     -4       70
  MINIMUM         54    840 PM  48      6       61
  AVERAGE         62            60      2       66

PRECIPITATION (IN)
  YESTERDAY        0.10          0.11  -0.01     0.53
  MONTH TO DATE    3.32          3.31   0.01     2.23
  SINCE SEP 1      3.32          3.31   0.01     2.23
  SINCE JAN 1     30.28         34.59  -4.31    27.61

DEGREE DAYS
 HEATING
  YESTERDAY        3             6     -3        0
  MONTH TO DATE   12            66    -54       32
  SINCE SEP 1     12            66    -54       32
  SINCE JUL 1     16            71    -55       36

 COOLING
  YESTERDAY        0             1     -1        1
  MONTH TO DATE  191            98     93      151
  SINCE SEP 1    191            98     93      151
  SINCE JAN 1   1339           977    362     1080
......................................................


WIND (MPH)
  HIGHEST WIND SPEED    12   HIGHEST WIND DIRECTION    NE (40)
  HIGHEST GUST SPEED    17   HIGHEST GUST DIRECTION    NE (30)
  AVERAGE WIND SPEED     5.3


SKY COVER
  AVERAGE SKY COVER 0.8


WEATHER CONDITIONS
 THE FOLLOWING WEATHER WAS RECORDED YESTERDAY.
  RAIN
  LIGHT RAIN
  FOG


RELATIVE HUMIDITY (PERCENT)
 HIGHEST    93           600 AM
 LOWEST     53           500 PM
 AVERAGE    73

..........................................................


THE TERRE HAUTE IN CLIMATE NORMALS FOR TODAY
                         NORMAL
 MAXIMUM TEMPERATURE (F)   72
 MINIMUM TEMPERATURE (F)   48


SUNRISE AND SUNSET
SEPTEMBER 30 2016.....SUNRISE   745 AM EDT   SUNSET   732 PM EDT
OCTOBER  1 2016.......SUNRISE   746 AM EDT   SUNSET   731 PM EDT


-  INDICATES NEGATIVE NUMBERS.
R  INDICATES RECORD WAS SET OR TIED.
MM INDICATES DATA IS MISSING.
T  INDICATES TRACE AMOUNT.




$$
