000
CDUS43 KIND 220532
CLIHUF


CLIMATE REPORT
NATIONAL WEATHER SERVICE INDIANAPOLIS IN
131 AM EDT FRI AUG 22 2014


...................................

...THE TERRE HAUTE IN CLIMATE SUMMARY FOR AUGUST 21 2014...

CLIMATE NORMAL PERIOD 1981 TO 2010
CLIMATE RECORD PERIOD 9999 TO 9999


WEATHER ITEM   OBSERVED TIME   NORMAL DEPARTURE LAST
                VALUE   (LST)  VALUE  FROM      YEAR
                                      NORMAL
......................................................
TEMPERATURE (F)
 YESTERDAY
  MAXIMUM         89    346 PM  84      5       88
  MINIMUM         68    704 AM  62      6       60
  AVERAGE         79            73      6       74

PRECIPITATION (IN)
  YESTERDAY        0.01          0.12  -0.11     0.00
  MONTH TO DATE    1.29          2.18  -0.89     1.03
  SINCE JUN 1     11.62         11.41   0.21    11.76
  SINCE JAN 1     26.63         29.85  -3.22    32.79

DEGREE DAYS
 HEATING
  YESTERDAY        0             0      0        0
  MONTH TO DATE    3             0      3        8
  SINCE JUN 1     13            14     -1       17
  SINCE JUL 1     11             1     10       10

 COOLING
  YESTERDAY       14             8      6        9
  MONTH TO DATE  135           178    -43      132
  SINCE JUN 1    589           724   -135      635
  SINCE JAN 1    716           810    -94      749
......................................................


WIND (MPH)
  HIGHEST WIND SPEED    13   HIGHEST WIND DIRECTION    SW (210)
  HIGHEST GUST SPEED    17   HIGHEST GUST DIRECTION    SW (240)
  AVERAGE WIND SPEED     6.3


SKY COVER
  AVERAGE SKY COVER 0.1


WEATHER CONDITIONS
 THE FOLLOWING WEATHER WAS RECORDED YESTERDAY.
  THUNDERSTORM
  LIGHT RAIN


RELATIVE HUMIDITY (PERCENT)
 HIGHEST    93           100 AM
 LOWEST     65          1200 PM
 AVERAGE    79

..........................................................


THE TERRE HAUTE IN CLIMATE NORMALS FOR TODAY
                         NORMAL
 MAXIMUM TEMPERATURE (F)   84
 MINIMUM TEMPERATURE (F)   62


SUNRISE AND SUNSET
AUGUST 22 2014........SUNRISE   708 AM EDT   SUNSET   835 PM EDT
AUGUST 23 2014........SUNRISE   709 AM EDT   SUNSET   834 PM EDT


-  INDICATES NEGATIVE NUMBERS.
R  INDICATES RECORD WAS SET OR TIED.
MM INDICATES DATA IS MISSING.
T  INDICATES TRACE AMOUNT.




$$
