000
CDUS43 KIND 282052
CLIHUF


CLIMATE REPORT
NATIONAL WEATHER SERVICE INDIANAPOLIS IN
452 PM EDT SUN AUG 28 2016


...................................

...THE TERRE HAUTE IN CLIMATE SUMMARY FOR AUGUST 28 2016...
VALID TODAY AS OF 0400 PM LOCAL TIME.

CLIMATE NORMAL PERIOD 1981 TO 2010
CLIMATE RECORD PERIOD 9999 TO 9999


WEATHER ITEM   OBSERVED TIME   NORMAL DEPARTURE LAST
                VALUE   (LST)  VALUE  FROM      YEAR
                                      NORMAL
......................................................
TEMPERATURE (F)
 TODAY
  MAXIMUM         92    125 PM  83      9       81
  MINIMUM         69    557 AM  60      9       53
  AVERAGE         81            72      9       67

PRECIPITATION (IN)
  TODAY            0.00          0.15  -0.15     0.00
  MONTH TO DATE    1.34          3.15  -1.81     0.65
  SINCE JUN 1     13.15         12.38   0.77    10.75
  SINCE JAN 1     26.93         30.82  -3.89    25.38

......................................................


WIND (MPH)
  HIGHEST WIND SPEED     7   HIGHEST WIND DIRECTION    SE (150)
  HIGHEST GUST SPEED    10   HIGHEST GUST DIRECTION    SW (220)
  AVERAGE WIND SPEED     1.4


SKY COVER
  AVERAGE SKY COVER 0.2


WEATHER CONDITIONS
 THE FOLLOWING WEATHER WAS RECORDED TODAY.
  FOG
  FOG W/VISIBILITY <= 1/4 MILE


RELATIVE HUMIDITY (PERCENT)
 HIGHEST    97           400 AM
 LOWEST     49           300 PM

..........................................................


THE TERRE HAUTE IN CLIMATE NORMALS FOR TOMORROW
                         NORMAL
 MAXIMUM TEMPERATURE (F)   83
 MINIMUM TEMPERATURE (F)   60


SUNRISE AND SUNSET
AUGUST 28 2016........SUNRISE   714 AM EDT   SUNSET   825 PM EDT
AUGUST 29 2016........SUNRISE   715 AM EDT   SUNSET   824 PM EDT


-  INDICATES NEGATIVE NUMBERS.
R  INDICATES RECORD WAS SET OR TIED.
MM INDICATES DATA IS MISSING.
T  INDICATES TRACE AMOUNT.




$$
