000
CDUS43 KIND 051200
CLIHUF


CLIMATE REPORT
NATIONAL WEATHER SERVICE INDIANAPOLIS IN
659 AM EST MON DEC 5 2016


...................................

...THE TERRE HAUTE IN CLIMATE SUMMARY FOR DECEMBER 4 2016...

CLIMATE NORMAL PERIOD 1981 TO 2010
CLIMATE RECORD PERIOD 9999 TO 9999


WEATHER ITEM   OBSERVED TIME   NORMAL DEPARTURE LAST
                VALUE   (LST)  VALUE  FROM      YEAR
                                      NORMAL
......................................................
TEMPERATURE (F)
 YESTERDAY
  MAXIMUM         41    551 PM  43     -2       38
  MINIMUM         34   1159 PM  27      7       31
  AVERAGE         38            35      3       35

PRECIPITATION (IN)
  YESTERDAY        0.23          0.09   0.14     0.00
  MONTH TO DATE    0.23          0.35  -0.12     0.12
  SINCE DEC 1      0.23          0.35  -0.12     0.12
  SINCE JAN 1     34.51         42.46  -7.95    33.57

DEGREE DAYS
 HEATING
  YESTERDAY       27            30     -3       30
  MONTH TO DATE  109           116     -7      121
  SINCE DEC 1    109           116     -7      121
  SINCE JUL 1    835          1194   -359      949

 COOLING
  YESTERDAY        0             0      0        0
  MONTH TO DATE    0             0      0        0
  SINCE DEC 1      0             0      0        0
  SINCE JAN 1   1391           993    398     1093
......................................................


WIND (MPH)
  HIGHEST WIND SPEED    16   HIGHEST WIND DIRECTION     W (290)
  HIGHEST GUST SPEED    22   HIGHEST GUST DIRECTION     W (250)
  AVERAGE WIND SPEED     6.7


SKY COVER
  AVERAGE SKY COVER 0.9


WEATHER CONDITIONS
 THE FOLLOWING WEATHER WAS RECORDED YESTERDAY.
  RAIN
  LIGHT RAIN
  FOG
  HAZE


RELATIVE HUMIDITY (PERCENT)
 HIGHEST    93           500 PM
 LOWEST     75           600 AM
 AVERAGE    84

..........................................................


THE TERRE HAUTE IN CLIMATE NORMALS FOR TODAY
                         NORMAL
 MAXIMUM TEMPERATURE (F)   43
 MINIMUM TEMPERATURE (F)   27


SUNRISE AND SUNSET
DECEMBER  5 2016......SUNRISE   755 AM EST   SUNSET   525 PM EST
DECEMBER  6 2016......SUNRISE   755 AM EST   SUNSET   525 PM EST


-  INDICATES NEGATIVE NUMBERS.
R  INDICATES RECORD WAS SET OR TIED.
MM INDICATES DATA IS MISSING.
T  INDICATES TRACE AMOUNT.




$$
