000
CDUS43 KIND 200533
CLIHUF


CLIMATE REPORT
NATIONAL WEATHER SERVICE INDIANAPOLIS IN
1233 AM EST MON FEB 20 2017


...................................

...THE TERRE HAUTE IN CLIMATE SUMMARY FOR FEBRUARY 19 2017...

CLIMATE NORMAL PERIOD 1981 TO 2010
CLIMATE RECORD PERIOD 9999 TO 9999


WEATHER ITEM   OBSERVED TIME   NORMAL DEPARTURE LAST
                VALUE   (LST)  VALUE  FROM      YEAR
                                      NORMAL
......................................................
TEMPERATURE (F)
 YESTERDAY
  MAXIMUM         65    348 PM  42     23       62
  MINIMUM         41   1159 PM  25     16       43
  AVERAGE         53            34     19       53

PRECIPITATION (IN)
  YESTERDAY        0.00          0.08  -0.08     0.00
  MONTH TO DATE    0.18          1.37  -1.19     0.40
  SINCE DEC 1      5.30          6.78  -1.48     7.57
  SINCE JAN 1      3.66          3.73  -0.07     1.08

DEGREE DAYS
 HEATING
  YESTERDAY       12            32    -20       12
  MONTH TO DATE  490           645   -155      646
  SINCE DEC 1   2480          2817   -337     2412
  SINCE JUL 1   3206          3895   -689     3240

 COOLING
  YESTERDAY        0             0      0        0
  MONTH TO DATE    0             0      0        0
  SINCE DEC 1      0             0      0        0
  SINCE JAN 1      0             0      0        0
......................................................


WIND (MPH)
  HIGHEST WIND SPEED    16   HIGHEST WIND DIRECTION    SW (240)
  HIGHEST GUST SPEED    20   HIGHEST GUST DIRECTION    SW (240)
  AVERAGE WIND SPEED     4.7


SKY COVER
  AVERAGE SKY COVER 0.6


WEATHER CONDITIONS
 THE FOLLOWING WEATHER WAS RECORDED YESTERDAY.
  FOG
  HAZE


RELATIVE HUMIDITY (PERCENT)
 HIGHEST    92          1100 PM
 LOWEST     52           400 PM
 AVERAGE    72

..........................................................


THE TERRE HAUTE IN CLIMATE NORMALS FOR TODAY
                         NORMAL
 MAXIMUM TEMPERATURE (F)   43
 MINIMUM TEMPERATURE (F)   25


SUNRISE AND SUNSET
FEBRUARY 20 2017......SUNRISE   734 AM EST   SUNSET   632 PM EST
FEBRUARY 21 2017......SUNRISE   733 AM EST   SUNSET   633 PM EST


-  INDICATES NEGATIVE NUMBERS.
R  INDICATES RECORD WAS SET OR TIED.
MM INDICATES DATA IS MISSING.
T  INDICATES TRACE AMOUNT.




$$
