000
CDUS43 KIND 290533
CLIHUF


CLIMATE REPORT
NATIONAL WEATHER SERVICE INDIANAPOLIS IN
131 AM EDT SAT APR 29 2017


...................................

...THE TERRE HAUTE IN CLIMATE SUMMARY FOR APRIL 28 2017...

CLIMATE NORMAL PERIOD 1981 TO 2010
CLIMATE RECORD PERIOD 9999 TO 9999


WEATHER ITEM   OBSERVED TIME   NORMAL DEPARTURE LAST
                VALUE   (LST)  VALUE  FROM      YEAR
                                      NORMAL
......................................................
TEMPERATURE (F)
 YESTERDAY
  MAXIMUM         61    311 PM  68     -7       72
  MINIMUM         44    129 AM  46     -2       55
  AVERAGE         53            57     -4       64

PRECIPITATION (IN)
  YESTERDAY        1.10          0.23   0.87     0.43
  MONTH TO DATE    5.05          3.62   1.43     4.76
  SINCE MAR 1      8.62          6.99   1.63     8.76
  SINCE JAN 1     12.96         11.28   1.68    11.21

DEGREE DAYS
 HEATING
  YESTERDAY       12             8      4        1
  MONTH TO DATE  211           350   -139      314
  SINCE MAR 1    782          1041   -259      802
  SINCE JUL 1   4117          5204  -1087     4264

 COOLING
  YESTERDAY        0             1     -1        0
  MONTH TO DATE   25            14     11        9
  SINCE MAR 1     27            15     12        9
  SINCE JAN 1     27            15     12        9
......................................................


WIND (MPH)
  HIGHEST WIND SPEED    30   HIGHEST WIND DIRECTION    NW (320)
  HIGHEST GUST SPEED    40   HIGHEST GUST DIRECTION    NW (310)
  AVERAGE WIND SPEED     8.1


SKY COVER
  AVERAGE SKY COVER 0.6


WEATHER CONDITIONS
 THE FOLLOWING WEATHER WAS RECORDED YESTERDAY.
  THUNDERSTORM
  HEAVY RAIN
  RAIN
  LIGHT RAIN
  FOG


RELATIVE HUMIDITY (PERCENT)
 HIGHEST    93           100 AM
 LOWEST     72           300 PM
 AVERAGE    83

..........................................................


THE TERRE HAUTE IN CLIMATE NORMALS FOR TODAY
                         NORMAL
 MAXIMUM TEMPERATURE (F)   69
 MINIMUM TEMPERATURE (F)   46


SUNRISE AND SUNSET
APRIL 29 2017.........SUNRISE   652 AM EDT   SUNSET   841 PM EDT
APRIL 30 2017.........SUNRISE   651 AM EDT   SUNSET   842 PM EDT


-  INDICATES NEGATIVE NUMBERS.
R  INDICATES RECORD WAS SET OR TIED.
MM INDICATES DATA IS MISSING.
T  INDICATES TRACE AMOUNT.




$$
