000
CDUS43 KIND 020531
CLIHUF


CLIMATE REPORT
NATIONAL WEATHER SERVICE INDIANAPOLIS IN
131 AM EDT SUN AUG 2 2015


...................................

...THE TERRE HAUTE IN CLIMATE SUMMARY FOR AUGUST 1 2015...

CLIMATE NORMAL PERIOD 1981 TO 2010
CLIMATE RECORD PERIOD 9999 TO 9999


WEATHER ITEM   OBSERVED TIME   NORMAL DEPARTURE LAST
                VALUE   (LST)  VALUE  FROM      YEAR
                                      NORMAL
......................................................
TEMPERATURE (F)
 YESTERDAY
  MAXIMUM         85    533 PM  85      0       82
  MINIMUM         58    549 AM  63     -5       56
  AVERAGE         72            74     -2       69

PRECIPITATION (IN)
  YESTERDAY        0.00          0.13  -0.13     0.04
  MONTH TO DATE    0.00          0.13  -0.13     0.04
  SINCE JUN 1     10.10          9.36   0.74    10.37
  SINCE JAN 1     24.73         27.80  -3.07    25.38

DEGREE DAYS
 HEATING
  YESTERDAY        0             0      0        0
  MONTH TO DATE    0             0      0        0
  SINCE JUN 1     13            14     -1       10
  SINCE JUL 1      0             1     -1        8

 COOLING
  YESTERDAY        7             9     -2        4
  MONTH TO DATE    7             9     -2        4
  SINCE JUN 1    575           555     20      458
  SINCE JAN 1    719           641     78      585
......................................................


WIND (MPH)
  HIGHEST WIND SPEED    10   HIGHEST WIND DIRECTION     N (20)
  HIGHEST GUST SPEED    14   HIGHEST GUST DIRECTION     N (20)
  AVERAGE WIND SPEED     3.0


SKY COVER
  AVERAGE SKY COVER 0.0


WEATHER CONDITIONS
 THE FOLLOWING WEATHER WAS RECORDED YESTERDAY.
  NO SIGNIFICANT WEATHER WAS OBSERVED.


RELATIVE HUMIDITY (PERCENT)
 HIGHEST    93          1100 PM
 LOWEST     34           200 PM
 AVERAGE    64

..........................................................


THE TERRE HAUTE IN CLIMATE NORMALS FOR TODAY
                         NORMAL
 MAXIMUM TEMPERATURE (F)   84
 MINIMUM TEMPERATURE (F)   63


SUNRISE AND SUNSET
AUGUST  2 2015........SUNRISE   650 AM EDT   SUNSET   901 PM EDT
AUGUST  3 2015........SUNRISE   650 AM EDT   SUNSET   900 PM EDT


-  INDICATES NEGATIVE NUMBERS.
R  INDICATES RECORD WAS SET OR TIED.
MM INDICATES DATA IS MISSING.
T  INDICATES TRACE AMOUNT.




$$
