000
CDUS43 KIND 300533
CLIHUF


CLIMATE REPORT
NATIONAL WEATHER SERVICE INDIANAPOLIS IN
133 AM EDT MON MAR 30 2015


...................................

...THE TERRE HAUTE IN CLIMATE SUMMARY FOR MARCH 29 2015...

CLIMATE NORMAL PERIOD 1981 TO 2010
CLIMATE RECORD PERIOD 9999 TO 9999


WEATHER ITEM   OBSERVED TIME   NORMAL DEPARTURE LAST
                VALUE   (LST)  VALUE  FROM      YEAR
                                      NORMAL
......................................................
TEMPERATURE (F)
 YESTERDAY
  MAXIMUM         51    347 PM  59     -8       42
  MINIMUM         26    346 AM  37    -11       32
  AVERAGE         39            48     -9       37

PRECIPITATION (IN)
  YESTERDAY        0.02          0.13  -0.11     0.36
  MONTH TO DATE    3.40          3.12   0.28     1.75
  SINCE MAR 1      3.40          3.12   0.28     1.75
  SINCE JAN 1      6.30          7.41  -1.11     5.78

DEGREE DAYS
 HEATING
  YESTERDAY       26            18      8       28
  MONTH TO DATE  777           657    120      824
  SINCE MAR 1    777           657    120      824
  SINCE JUL 1   5411          4820    591     5559

 COOLING
  YESTERDAY        0             0      0        0
  MONTH TO DATE    0             0      0        0
  SINCE MAR 1      0             0      0        0
  SINCE JAN 1      0             0      0        0
......................................................


WIND (MPH)
  HIGHEST WIND SPEED    29   HIGHEST WIND DIRECTION     S (180)
  HIGHEST GUST SPEED    38   HIGHEST GUST DIRECTION     S (160)
  AVERAGE WIND SPEED    12.8


SKY COVER
  AVERAGE SKY COVER 0.3


WEATHER CONDITIONS
 THE FOLLOWING WEATHER WAS RECORDED YESTERDAY.
  LIGHT RAIN


RELATIVE HUMIDITY (PERCENT)
 HIGHEST    82           800 PM
 LOWEST     39           300 PM
 AVERAGE    61

..........................................................


THE TERRE HAUTE IN CLIMATE NORMALS FOR TODAY
                         NORMAL
 MAXIMUM TEMPERATURE (F)   59
 MINIMUM TEMPERATURE (F)   37


SUNRISE AND SUNSET
MARCH 30 2015.........SUNRISE   737 AM EDT   SUNSET   811 PM EDT
MARCH 31 2015.........SUNRISE   736 AM EDT   SUNSET   812 PM EDT


-  INDICATES NEGATIVE NUMBERS.
R  INDICATES RECORD WAS SET OR TIED.
MM INDICATES DATA IS MISSING.
T  INDICATES TRACE AMOUNT.




$$
