000
CDUS41 KCAR 022027
CLIHUL


CLIMATE REPORT
NATIONAL WEATHER SERVICE CARIBOU, ME
427 PM EDT SUN AUG 2 2015


...................................

...THE HOULTON ME CLIMATE SUMMARY FOR AUGUST 2 2015...
VALID TODAY AS OF 0400 PM LOCAL TIME.

CLIMATE NORMAL PERIOD 1981 TO 2010
CLIMATE RECORD PERIOD 1948 TO 2015


WEATHER ITEM   OBSERVED TIME   RECORD YEAR NORMAL DEPARTURE LAST
                VALUE   (LST)  VALUE       VALUE  FROM      YEAR
                                                  NORMAL
..................................................................
TEMPERATURE (F)
 TODAY
  MAXIMUM         80    242 PM  99    1975  78      2       78
  MINIMUM         49    424 AM  40    1953  54     -5       60
  AVERAGE         65                        66     -1       69

PRECIPITATION (IN)
  TODAY            0.00          2.03 1970   0.14  -0.14     0.00
  MONTH TO DATE    0.03                      0.27  -0.24     0.00
  SINCE JUN 1      5.65                      7.58  -1.93    10.69
  SINCE JAN 1     15.00                     22.21  -7.21    25.39

SNOWFALL (IN)
  TODAY           MM             0.0  2003   0.0   MM       MM
  MONTH TO DATE   MM                         0.0   MM       MM
  SINCE JUN 1     MM                         0.0   MM       MM
  SINCE JUL 1     MM                         0.0   MM       MM
  SNOW DEPTH      MM

DEGREE DAYS
 HEATING
  TODAY            0                         2     -2        0
  MONTH TO DATE    0                         4     -4        0
  SINCE JUN 1    300                       245     55      166
  SINCE JUL 1     63                        64     -1       37

 COOLING
  TODAY            0                         3     -3        4
  MONTH TO DATE    3                         6     -3        7
  SINCE JUN 1     56                       122    -66      162
  SINCE JAN 1     81                       126    -45      163
..................................................................


WIND (MPH)
  HIGHEST WIND SPEED    16   HIGHEST WIND DIRECTION     W (250)
  HIGHEST GUST SPEED    19   HIGHEST GUST DIRECTION     W (250)
  AVERAGE WIND SPEED     6.2


SKY COVER
  POSSIBLE SUNSHINE  MM
  AVERAGE SKY COVER 0.1


WEATHER CONDITIONS
 THE FOLLOWING WEATHER WAS RECORDED TODAY.
  FOG


RELATIVE HUMIDITY (PERCENT)
 HIGHEST   100           200 AM
 LOWEST     39          1200 PM
 AVERAGE    70

..........................................................


THE HOULTON ME CLIMATE NORMALS FOR TOMORROW
                         NORMAL    RECORD    YEAR
 MAXIMUM TEMPERATURE (F)   78        94      1944
 MINIMUM TEMPERATURE (F)   54        39      1982


SUNRISE AND SUNSET
AUGUST  2 2015........SUNRISE   514 AM EDT   SUNSET   800 PM EDT
AUGUST  3 2015........SUNRISE   515 AM EDT   SUNSET   759 PM EDT


-  INDICATES NEGATIVE NUMBERS.
R  INDICATES RECORD WAS SET OR TIED.
MM INDICATES DATA IS MISSING.
T  INDICATES TRACE AMOUNT.




$$
