000
CDUS41 KCAR 302034
CLIHUL


CLIMATE REPORT
NATIONAL WEATHER SERVICE CARIBOU, ME
432 PM EDT TUE JUN 30 2015


...................................

...THE HOULTON ME CLIMATE SUMMARY FOR JUNE 30 2015...
VALID TODAY AS OF 0400 PM LOCAL TIME.

CLIMATE NORMAL PERIOD 1981 TO 2010
CLIMATE RECORD PERIOD 1948 TO 2015


WEATHER ITEM   OBSERVED TIME   RECORD YEAR NORMAL DEPARTURE LAST
                VALUE   (LST)  VALUE       VALUE  FROM      YEAR
                                                  NORMAL
..................................................................
TEMPERATURE (F)
 TODAY
  MAXIMUM         76    259 PM  92    1971  76      0       87
  MINIMUM         55   1236 AM  39    1989  52      3       61
  AVERAGE         66                        64      2       74

PRECIPITATION (IN)
  TODAY            0.00          1.02 2008   0.14  -0.14     0.00
  MONTH TO DATE    4.02                      3.65   0.37     4.26
  SINCE JUN 1      4.02                      3.65   0.37     4.26
  SINCE JAN 1     13.37                     18.28  -4.91    18.96

SNOWFALL (IN)
  TODAY           MM             0.0  2003   0.0   MM       MM
  MONTH TO DATE    0.0                       0.0    0.0     MM
  SINCE JUN 1      0.0                       0.0    0.0     MM
  SINCE JUL 1      0.0                      89.5  -89.5     MM
  SNOW DEPTH      MM

DEGREE DAYS
 HEATING
  TODAY            0                         3     -3        0
  MONTH TO DATE  237                       178     59      129
  SINCE JUN 1    237                       181     56      129
  SINCE JUL 1   9352                      9188    164     9429

 COOLING
  TODAY            1                         2     -1        9
  MONTH TO DATE   12                        35    -23       25
  SINCE JUN 1     12                        35    -23       25
  SINCE JAN 1     37                        39     -2       26
..................................................................


WIND (MPH)
  HIGHEST WIND SPEED    12   HIGHEST WIND DIRECTION     W (250)
  HIGHEST GUST SPEED    15   HIGHEST GUST DIRECTION     W (260)
  AVERAGE WIND SPEED     5.2


SKY COVER
  POSSIBLE SUNSHINE  MM
  AVERAGE SKY COVER 0.8


WEATHER CONDITIONS
 THE FOLLOWING WEATHER WAS RECORDED TODAY.
  NO SIGNIFICANT WEATHER WAS OBSERVED.


RELATIVE HUMIDITY (PERCENT)
 HIGHEST    93          1200 AM
 LOWEST     49           200 PM
 AVERAGE    71

..........................................................


THE HOULTON ME CLIMATE NORMALS FOR TOMORROW
                         NORMAL    RECORD    YEAR
 MAXIMUM TEMPERATURE (F)   76        90      1997
 MINIMUM TEMPERATURE (F)   52        37      1989


SUNRISE AND SUNSET
JUNE 30 2015..........SUNRISE   443 AM EDT   SUNSET   826 PM EDT
JULY  1 2015..........SUNRISE   444 AM EDT   SUNSET   826 PM EDT


-  INDICATES NEGATIVE NUMBERS.
R  INDICATES RECORD WAS SET OR TIED.
MM INDICATES DATA IS MISSING.
T  INDICATES TRACE AMOUNT.




$$
