913
CDUS41 KCAR 072126
CLIHUL


CLIMATE REPORT
NATIONAL WEATHER SERVICE CARIBOU, ME
426 PM EST WED DEC 7 2016


...................................

...THE HOULTON ME CLIMATE SUMMARY FOR DECEMBER 7 2016...
VALID TODAY AS OF 0400 PM LOCAL TIME.

CLIMATE NORMAL PERIOD 1981 TO 2010
CLIMATE RECORD PERIOD 1948 TO 2016


WEATHER ITEM   OBSERVED TIME   RECORD YEAR NORMAL DEPARTURE LAST
                VALUE   (LST)  VALUE       VALUE  FROM      YEAR
                                                  NORMAL
..................................................................
TEMPERATURE (F)
 TODAY
  MAXIMUM         24    359 PM  52    1998  32     -8       42
  MINIMUM          7   1250 AM -20    1991  15     -8       23
  AVERAGE         16                        23     -7       33

PRECIPITATION (IN)
  TODAY            0.00          1.26 1953   0.11  -0.11     0.00
  MONTH TO DATE    1.00                      0.84   0.16     0.98
  SINCE DEC 1      1.00                      0.84   0.16     0.98
  SINCE JAN 1     33.82                     37.53  -3.71    34.72

SNOWFALL (IN)
  TODAY           MM             3.9  1957   0.5   MM       MM
  MONTH TO DATE   MM                         3.3   MM       MM
  SINCE DEC 1     MM                         3.3   MM       MM
  SINCE JUL 1     MM                        11.4   MM       MM
  SNOW DEPTH      MM

DEGREE DAYS
 HEATING
  TODAY           49                        42      7       32
  MONTH TO DATE  301                       284     17      234
  SINCE DEC 1    301                       284     17      234
  SINCE JUL 1   2044                      2392   -348     2029

 COOLING
  TODAY            0                         0      0        0
  MONTH TO DATE    0                         0      0        0
  SINCE DEC 1      0                         0      0        0
  SINCE JAN 1    229                       191     38      236
..................................................................


WIND (MPH)
  HIGHEST WIND SPEED     8   HIGHEST WIND DIRECTION     S (180)
  HIGHEST GUST SPEED    10   HIGHEST GUST DIRECTION     S (170)
  AVERAGE WIND SPEED     1.0


SKY COVER
  POSSIBLE SUNSHINE  MM
  AVERAGE SKY COVER 0.5


WEATHER CONDITIONS
 THE FOLLOWING WEATHER WAS RECORDED TODAY.
  NO SIGNIFICANT WEATHER WAS OBSERVED.


RELATIVE HUMIDITY (PERCENT)
 HIGHEST   100           900 AM
 LOWEST     83           100 AM
 AVERAGE    92

..........................................................


THE HOULTON ME CLIMATE NORMALS FOR TOMORROW
                         NORMAL    RECORD    YEAR
 MAXIMUM TEMPERATURE (F)   31        50      1951
 MINIMUM TEMPERATURE (F)   14       -17      1964


SUNRISE AND SUNSET
DECEMBER  7 2016......SUNRISE   700 AM EST   SUNSET   346 PM EST
DECEMBER  8 2016......SUNRISE   701 AM EST   SUNSET   345 PM EST


-  INDICATES NEGATIVE NUMBERS.
R  INDICATES RECORD WAS SET OR TIED.
MM INDICATES DATA IS MISSING.
T  INDICATES TRACE AMOUNT.




$$
