000
CDUS41 KCAR 280546
CLIHUL


CLIMATE REPORT
NATIONAL WEATHER SERVICE CARIBOU, ME
145 AM EDT THU AUG 28 2014


...................................

...THE HOULTON ME CLIMATE SUMMARY FOR AUGUST 27 2014...

CLIMATE NORMAL PERIOD 1981 TO 2010
CLIMATE RECORD PERIOD 1948 TO 2014


WEATHER ITEM   OBSERVED TIME   RECORD YEAR NORMAL DEPARTURE LAST
                VALUE   (LST)  VALUE       VALUE  FROM      YEAR
                                                  NORMAL
..................................................................
TEMPERATURE (F)
 YESTERDAY
  MAXIMUM         84    123 PM  93    1952  74     10       81
  MINIMUM         59   1118 PM  32    1987  50      9       54
  AVERAGE         72                        62     10       68

PRECIPITATION (IN)
  YESTERDAY        0.00          2.46 1990   0.11  -0.11     0.00
  MONTH TO DATE    2.22                      3.29  -1.07     4.28
  SINCE JUN 1     12.91                     10.60   2.31    15.91
  SINCE JAN 1     27.61                     25.23   2.38    27.14

SNOWFALL (IN)
  YESTERDAY       MM             0.0  2003   0.0   MM       MM
  MONTH TO DATE   MM                         0.0   MM       MM
  SINCE JUN 1     MM                         0.0   MM       MM
  SINCE JUL 1     MM                         0.0   MM       MM
  SNOW DEPTH      MM

DEGREE DAYS
 HEATING
  YESTERDAY        0                         5     -5        0
  MONTH TO DATE   37                        76    -39       75
  SINCE JUN 1    203                       317   -114      309
  SINCE JUL 1     74                       136    -62      112

 COOLING
  YESTERDAY        7                         1      6        3
  MONTH TO DATE   45                        51     -6       30
  SINCE JUN 1    200                       167     33      173
  SINCE JAN 1    201                       171     30      177
..................................................................


WIND (MPH)
  HIGHEST WIND SPEED    21   HIGHEST WIND DIRECTION     W (250)
  HIGHEST GUST SPEED    29   HIGHEST GUST DIRECTION    SW (240)
  AVERAGE WIND SPEED     7.3


SKY COVER
  POSSIBLE SUNSHINE  MM
  AVERAGE SKY COVER 0.1


WEATHER CONDITIONS
 THE FOLLOWING WEATHER WAS RECORDED YESTERDAY.
  NO SIGNIFICANT WEATHER WAS OBSERVED.


RELATIVE HUMIDITY (PERCENT)
 HIGHEST    90           800 PM
 LOWEST     40           100 PM
 AVERAGE    65

..........................................................


THE HOULTON ME CLIMATE NORMALS FOR TODAY
                         NORMAL    RECORD    YEAR
 MAXIMUM TEMPERATURE (F)   74        94      1952
 MINIMUM TEMPERATURE (F)   49        30      1978


SUNRISE AND SUNSET
AUGUST 28 2014........SUNRISE   547 AM EDT   SUNSET   717 PM EDT
AUGUST 29 2014........SUNRISE   548 AM EDT   SUNSET   715 PM EDT


-  INDICATES NEGATIVE NUMBERS.
R  INDICATES RECORD WAS SET OR TIED.
MM INDICATES DATA IS MISSING.
T  INDICATES TRACE AMOUNT.




$$
