000
CDUS41 KCAR 240546
CLIHUL


CLIMATE REPORT
NATIONAL WEATHER SERVICE CARIBOU, ME
143 AM EDT SAT JUN 24 2017


...................................

...THE HOULTON ME CLIMATE SUMMARY FOR JUNE 23 2017...

CLIMATE NORMAL PERIOD 1981 TO 2010
CLIMATE RECORD PERIOD 1948 TO 2017


WEATHER ITEM   OBSERVED TIME   RECORD YEAR NORMAL DEPARTURE LAST
                VALUE   (LST)  VALUE       VALUE  FROM      YEAR
                                                  NORMAL
..................................................................
TEMPERATURE (F)
 YESTERDAY
  MAXIMUM         69   1049 AM  93    1975  75     -6       72
  MINIMUM         46    315 AM  35    2005  50     -4       48
  AVERAGE         58                        62     -4       60

PRECIPITATION (IN)
  YESTERDAY        0.24          2.93 2012   0.13   0.11     0.01
  MONTH TO DATE    1.78                      2.73  -0.95     2.06
  SINCE JUN 1      1.78                      2.73  -0.95     2.06
  SINCE JAN 1     16.53                     17.36  -0.83    16.44

SNOWFALL (IN)
  YESTERDAY       MM             0.0  2003   0.0   MM       MM
  MONTH TO DATE   MM                         0.0   MM       MM
  SINCE JUN 1     MM                         0.0   MM       MM
  SINCE JUL 1     MM                        89.5   MM       MM
  SNOW DEPTH      MM

DEGREE DAYS
 HEATING
  YESTERDAY        7                         4      3        5
  MONTH TO DATE  137                       153    -16      164
  SINCE JUN 1    137                       153    -16      164
  SINCE JUL 1   8555                      9160   -605     8181

 COOLING
  YESTERDAY        0                         2     -2        0
  MONTH TO DATE   39                        21     18       11
  SINCE JUN 1     39                        21     18       11
  SINCE JAN 1     45                        25     20       18
..................................................................


WIND (MPH)
  HIGHEST WIND SPEED     9   HIGHEST WIND DIRECTION     S (170)
  HIGHEST GUST SPEED    18   HIGHEST GUST DIRECTION    SE (150)
  AVERAGE WIND SPEED     5.0


SKY COVER
  POSSIBLE SUNSHINE  MM
  AVERAGE SKY COVER 0.6


WEATHER CONDITIONS
 THE FOLLOWING WEATHER WAS RECORDED YESTERDAY.
  RAIN
  LIGHT RAIN
  FOG


RELATIVE HUMIDITY (PERCENT)
 HIGHEST   100          1200 AM
 LOWEST     63          1100 AM
 AVERAGE    82

..........................................................


THE HOULTON ME CLIMATE NORMALS FOR TODAY
                         NORMAL    RECORD    YEAR
 MAXIMUM TEMPERATURE (F)   75        92      1995
 MINIMUM TEMPERATURE (F)   51        35      1984


SUNRISE AND SUNSET
JUNE 24 2017..........SUNRISE   441 AM EDT   SUNSET   827 PM EDT
JUNE 25 2017..........SUNRISE   441 AM EDT   SUNSET   827 PM EDT


-  INDICATES NEGATIVE NUMBERS.
R  INDICATES RECORD WAS SET OR TIED.
MM INDICATES DATA IS MISSING.
T  INDICATES TRACE AMOUNT.




$$
