000
CDUS41 KCAR 010526
CLIHUL


CLIMATE REPORT
NATIONAL WEATHER SERVICE CARIBOU, ME
126 AM EDT TUE SEP 1 2015


...................................

...THE HOULTON ME CLIMATE SUMMARY FOR AUGUST 31 2015...

CLIMATE NORMAL PERIOD 1981 TO 2010
CLIMATE RECORD PERIOD 1948 TO 2015


WEATHER ITEM   OBSERVED TIME   RECORD YEAR NORMAL DEPARTURE LAST
                VALUE   (LST)  VALUE       VALUE  FROM      YEAR
                                                  NORMAL
..................................................................
TEMPERATURE (F)
 YESTERDAY
  MAXIMUM         78    224 PM  93    2010  73      5       76
  MINIMUM         60    435 AM  32    1965  49     11       58
  AVERAGE         69                        61      8       67

PRECIPITATION (IN)
  YESTERDAY        0.00          1.25 2005   0.09  -0.09     0.02
  MONTH TO DATE    3.79                      3.68   0.11     2.27
  SINCE JUN 1      9.41                     10.99  -1.58    12.96
  SINCE JAN 1     18.76                     25.62  -6.86    27.66

SNOWFALL (IN)
  YESTERDAY       MM             0.0  2003   0.0   MM       MM
  MONTH TO DATE    0.0                       0.0    0.0     MM
  SINCE JUN 1      0.0                       0.0    0.0     MM
  SINCE JUL 1      0.0                       0.0    0.0     MM
  SNOW DEPTH      MM

DEGREE DAYS
 HEATING
  YESTERDAY        0                         5     -5        0
  MONTH TO DATE   24                        96    -72       48
  SINCE JUN 1    324                       337    -13      214
  SINCE JUL 1     87                       156    -69       85

 COOLING
  YESTERDAY        4                         1      3        2
  MONTH TO DATE  112                        58     54       47
  SINCE JUN 1    165                       174     -9      202
  SINCE JAN 1    190                       178     12      203
..................................................................


WIND (MPH)
  HIGHEST WIND SPEED    23   HIGHEST WIND DIRECTION     W (270)
  HIGHEST GUST SPEED    32   HIGHEST GUST DIRECTION     W (260)
  AVERAGE WIND SPEED     9.8


SKY COVER
  POSSIBLE SUNSHINE  MM
  AVERAGE SKY COVER 0.3


WEATHER CONDITIONS
 THE FOLLOWING WEATHER WAS RECORDED YESTERDAY.
  NO SIGNIFICANT WEATHER WAS OBSERVED.


RELATIVE HUMIDITY (PERCENT)
 HIGHEST    90          1200 AM
 LOWEST     50           300 PM
 AVERAGE    70

..........................................................


THE HOULTON ME CLIMATE NORMALS FOR TODAY
                         NORMAL    RECORD    YEAR
 MAXIMUM TEMPERATURE (F)   73        93      2010
 MINIMUM TEMPERATURE (F)   48        34      1991


SUNRISE AND SUNSET
SEPTEMBER  1 2015.....SUNRISE   551 AM EDT   SUNSET   710 PM EDT
SEPTEMBER  2 2015.....SUNRISE   553 AM EDT   SUNSET   708 PM EDT


-  INDICATES NEGATIVE NUMBERS.
R  INDICATES RECORD WAS SET OR TIED.
MM INDICATES DATA IS MISSING.
T  INDICATES TRACE AMOUNT.




$$
