000
CDUS41 KCAR 220535
CLIHUL


CLIMATE REPORT
NATIONAL WEATHER SERVICE CARIBOU, ME
1234 AM EST WED FEB 22 2017


...................................

...THE HOULTON ME CLIMATE SUMMARY FOR FEBRUARY 21 2017...

CLIMATE NORMAL PERIOD 1981 TO 2010
CLIMATE RECORD PERIOD 1948 TO 2017


WEATHER ITEM   OBSERVED TIME   RECORD YEAR NORMAL DEPARTURE LAST
                VALUE   (LST)  VALUE       VALUE  FROM      YEAR
                                                  NORMAL
..................................................................
TEMPERATURE (F)
 YESTERDAY
  MAXIMUM         36        MM  50    1953  29      7       40
  MINIMUM         -7        MM -36    1993   5    -12       22
  AVERAGE         15                        17     -2       31

PRECIPITATION (IN)
  YESTERDAY        0.00          0.75 1989   0.07  -0.07     0.02
  MONTH TO DATE    1.00                      1.48  -0.48     1.97
  SINCE DEC 1      6.75                      7.63  -0.88     7.58
  SINCE JAN 1      3.83                      4.34  -0.51     3.39

SNOWFALL (IN)
  YESTERDAY       MM             7.2  1982   0.6   MM       MM
  MONTH TO DATE   MM                        13.3   MM       MM
  SINCE DEC 1     MM                        53.0   MM       MM
  SINCE JUL 1     MM                        61.1   MM       MM
  SNOW DEPTH      MM

DEGREE DAYS
 HEATING
  YESTERDAY       50                        48      2       34
  MONTH TO DATE 1122                      1070     52      978
  SINCE DEC 1   4004                      4137   -133     3501
  SINCE JUL 1   5747                      6245   -498     5296

 COOLING
  YESTERDAY        0                         0      0        0
  MONTH TO DATE    0                         0      0        0
  SINCE DEC 1      0                         0      0        0
  SINCE JAN 1      0                         0      0        0
..................................................................


WIND (MPH)
  HIGHEST WIND SPEED     8   HIGHEST WIND DIRECTION     S (190)
  HIGHEST GUST SPEED    MM   HIGHEST GUST DIRECTION    MM
  AVERAGE WIND SPEED     2.8


SKY COVER
  POSSIBLE SUNSHINE  MM
  AVERAGE SKY COVER 0.1


WEATHER CONDITIONS
 THE FOLLOWING WEATHER WAS RECORDED YESTERDAY.
  NO SIGNIFICANT WEATHER WAS OBSERVED.


RELATIVE HUMIDITY (PERCENT)
 HIGHEST    95           800 AM
 LOWEST     27           300 PM
 AVERAGE    61

..........................................................


THE HOULTON ME CLIMATE NORMALS FOR TODAY
                         NORMAL    RECORD    YEAR
 MAXIMUM TEMPERATURE (F)   29        55      1981
 MINIMUM TEMPERATURE (F)    6       -22      2000


SUNRISE AND SUNSET
FEBRUARY 22 2017......SUNRISE   622 AM EST   SUNSET   508 PM EST
FEBRUARY 23 2017......SUNRISE   620 AM EST   SUNSET   509 PM EST


-  INDICATES NEGATIVE NUMBERS.
R  INDICATES RECORD WAS SET OR TIED.
MM INDICATES DATA IS MISSING.
T  INDICATES TRACE AMOUNT.




$$
