000
CDUS41 KCAR 280537
CLIHUL


CLIMATE REPORT
NATIONAL WEATHER SERVICE CARIBOU, ME
133 AM EDT SAT MAR 28 2015


...................................

...THE HOULTON ME CLIMATE SUMMARY FOR MARCH 27 2015...

CLIMATE NORMAL PERIOD 1981 TO 2010
CLIMATE RECORD PERIOD 1948 TO 2015


WEATHER ITEM   OBSERVED TIME   RECORD YEAR NORMAL DEPARTURE LAST
                VALUE   (LST)  VALUE       VALUE  FROM      YEAR
                                                  NORMAL
..................................................................
TEMPERATURE (F)
 YESTERDAY
  MAXIMUM         41    158 PM  68    1993  40      1       31
  MINIMUM         24   1159 PM   0    1990  20      4        8
  AVERAGE         33                        30      3       20

PRECIPITATION (IN)
  YESTERDAY        T             0.95 2002   0.08  -0.08     0.00
  MONTH TO DATE    0.69                      2.25  -1.56     1.53
  SINCE MAR 1      0.69                      2.25  -1.56     1.53
  SINCE JAN 1      2.79                      7.11  -4.32     7.11

SNOWFALL (IN)
  YESTERDAY       MM             5.0  1955   0.5   MM       MM
  MONTH TO DATE   MM                        16.3   MM       MM
  SINCE MAR 1     MM                        16.3   MM       MM
  SINCE JUL 1     MM                        81.9   MM       MM
  SNOW DEPTH      MM

DEGREE DAYS
 HEATING
  YESTERDAY       32                        35     -3       45
  MONTH TO DATE 1251                      1088    163     1363
  SINCE MAR 1   1251                      1088    163     1363
  SINCE JUL 1   7819                      7661    158     7953

 COOLING
  YESTERDAY        0                         0      0        0
  MONTH TO DATE    0                         0      0        0
  SINCE MAR 1      0                         0      0        0
  SINCE JAN 1      0                         0      0        0
..................................................................


WIND (MPH)
  HIGHEST WIND SPEED    14   HIGHEST WIND DIRECTION     N (10)
  HIGHEST GUST SPEED    15   HIGHEST GUST DIRECTION     N (10)
  AVERAGE WIND SPEED     3.6


SKY COVER
  POSSIBLE SUNSHINE  MM
  AVERAGE SKY COVER 0.7


WEATHER CONDITIONS
 THE FOLLOWING WEATHER WAS RECORDED YESTERDAY.
  LIGHT SNOW
  FOG


RELATIVE HUMIDITY (PERCENT)
 HIGHEST   100           100 AM
 LOWEST     59           300 PM
 AVERAGE    80

..........................................................


THE HOULTON ME CLIMATE NORMALS FOR TODAY
                         NORMAL    RECORD    YEAR
 MAXIMUM TEMPERATURE (F)   40        69      1993
 MINIMUM TEMPERATURE (F)   20        -3      1974


SUNRISE AND SUNSET
MARCH 28 2015.........SUNRISE   619 AM EDT   SUNSET   654 PM EDT
MARCH 29 2015.........SUNRISE   617 AM EDT   SUNSET   655 PM EDT


-  INDICATES NEGATIVE NUMBERS.
R  INDICATES RECORD WAS SET OR TIED.
MM INDICATES DATA IS MISSING.
T  INDICATES TRACE AMOUNT.




$$
