000
CDUS45 KTFX 292252
CLIHVR


CLIMATE REPORT
NATIONAL WEATHER SERVICE GREAT FALLS MT
451 PM MDT FRI AUG 29 2014


...................................

...THE HAVRE MT CLIMATE SUMMARY FOR AUGUST 29 2014...
VALID TODAY AS OF 0400 PM LOCAL TIME.

CLIMATE NORMAL PERIOD 1981 TO 2010
CLIMATE RECORD PERIOD 1880 TO 2014


WEATHER ITEM   OBSERVED TIME   RECORD YEAR NORMAL DEPARTURE LAST
                VALUE   (LST)  VALUE       VALUE  FROM      YEAR
                                                  NORMAL
..................................................................
TEMPERATURE (F)
 TODAY
  MAXIMUM         79    251 PM 102    2005  79      0       93
  MINIMUM         53    604 AM  37    2000  48      5       54
                                      1946
                                      1937
  AVERAGE         66                        64      2       74

PRECIPITATION (IN)
  TODAY            T             0.52 1956   0.03  -0.03     0.09
  MONTH TO DATE    2.65                      1.04   1.61     1.14
  SINCE OCT 1     11.30                     10.01   1.29    17.58
  SINCE JAN 1      9.29                      8.60   0.69    15.10

SNOWFALL (IN)
  TODAY            0.0           0.0  1999   0.0    0.0      0.0
                                      1998
  MONTH TO DATE    0.0                       0.0    0.0      0.0
  SINCE JUN 1      0.0                       0.0    0.0      0.0
  SINCE JUL 1      0.0                       0.0    0.0      0.0
  SNOW DEPTH       0

DEGREE DAYS
 HEATING
  TODAY            0                         4     -4        0
  MONTH TO DATE   42                        46     -4        8
  SINCE JUN 1    217                       209      8      129
  SINCE JUL 1     42                        76    -34       16

 COOLING
  TODAY            1                         2     -1        9
  MONTH TO DATE  175                       143     32      172
  SINCE JUN 1    382                       353     29      361
  SINCE JAN 1    389                       364     25      368
..................................................................


WIND (MPH)
  HIGHEST WIND SPEED    16   HIGHEST WIND DIRECTION    NW (310)
  HIGHEST GUST SPEED    19   HIGHEST GUST DIRECTION     W (290)
  AVERAGE WIND SPEED     4.5


SKY COVER
  AVERAGE SKY COVER 0.6


WEATHER CONDITIONS
 THE FOLLOWING WEATHER WAS RECORDED TODAY.
  LIGHT RAIN


RELATIVE HUMIDITY (PERCENT)
 HIGHEST    93           400 AM
 LOWEST     37           300 PM
 AVERAGE    65

..........................................................


THE HAVRE MT CLIMATE NORMALS FOR TOMORROW
                         NORMAL    RECORD    YEAR
 MAXIMUM TEMPERATURE (F)   79       100      1999
 MINIMUM TEMPERATURE (F)   48        36      1969
                                             1910


SUNRISE AND SUNSET
AUGUST 29 2014........SUNRISE   632 AM MDT   SUNSET   807 PM MDT
AUGUST 30 2014........SUNRISE   634 AM MDT   SUNSET   805 PM MDT


-  INDICATES NEGATIVE NUMBERS.
R  INDICATES RECORD WAS SET OR TIED.
MM INDICATES DATA IS MISSING.
T  INDICATES TRACE AMOUNT.




$$
