000
CDUS45 KTFX 292232
CLIHVR


CLIMATE REPORT
NATIONAL WEATHER SERVICE GREAT FALLS MT
430 PM MDT MON AUG 29 2016


...................................

...THE HAVRE MT CLIMATE SUMMARY FOR AUGUST 29 2016...
VALID TODAY AS OF 0400 PM LOCAL TIME.

CLIMATE NORMAL PERIOD 1981 TO 2010
CLIMATE RECORD PERIOD 1880 TO 2016


WEATHER ITEM   OBSERVED TIME   RECORD YEAR NORMAL DEPARTURE LAST
                VALUE   (LST)  VALUE       VALUE  FROM      YEAR
                                                  NORMAL
..................................................................
TEMPERATURE (F)
 TODAY
  MAXIMUM         83    259 PM 102    2005  79      4       95
  MINIMUM         51    600 AM  37    2000  48      3       59
                                      1946
                                      1937
  AVERAGE         67                        64      3       77

PRECIPITATION (IN)
  TODAY            0.00          0.52 1956   0.03  -0.03     0.07
  MONTH TO DATE    1.02                      1.04  -0.02     0.74
  SINCE OCT 1     15.20                     10.01   5.19    10.14
  SINCE JAN 1     13.27                      8.60   4.67     8.57

SNOWFALL (IN)
  TODAY            0.0           0.0  1999   0.0    0.0      0.0
                                      1998
  MONTH TO DATE    0.0                       0.0    0.0      0.0
  SINCE JUN 1      0.0                       0.0    0.0       T
  SINCE JUL 1      0.0                       0.0    0.0       T

DEGREE DAYS
 HEATING
  TODAY            0                         4     -4        0
  MONTH TO DATE   42                        46     -4       50
  SINCE JUN 1    146                       209    -63      132
  SINCE JUL 1     61                        76    -15       75

 COOLING
  TODAY            2                         2      0       12
  MONTH TO DATE   93                       143    -50      143
  SINCE JUN 1    298                       353    -55      406
  SINCE JAN 1    299                       364    -65      406
..................................................................


WIND (MPH)
  HIGHEST WIND SPEED    20   HIGHEST WIND DIRECTION     E (80)
  HIGHEST GUST SPEED    22   HIGHEST GUST DIRECTION     E (80)
  AVERAGE WIND SPEED     9.7


SKY COVER
  AVERAGE SKY COVER 0.1


WEATHER CONDITIONS
 THE FOLLOWING WEATHER WAS RECORDED TODAY.
  NO SIGNIFICANT WEATHER WAS OBSERVED.


RELATIVE HUMIDITY (PERCENT)
 HIGHEST    77           100 AM
 LOWEST     26           300 PM
 AVERAGE    52

..........................................................


THE HAVRE MT CLIMATE NORMALS FOR TOMORROW
                         NORMAL    RECORD    YEAR
 MAXIMUM TEMPERATURE (F)   79       100      1999
 MINIMUM TEMPERATURE (F)   48        36      1969
                                             1910


SUNRISE AND SUNSET
AUGUST 29 2016........SUNRISE   633 AM MDT   SUNSET   806 PM MDT
AUGUST 30 2016........SUNRISE   634 AM MDT   SUNSET   804 PM MDT


-  INDICATES NEGATIVE NUMBERS.
R  INDICATES RECORD WAS SET OR TIED.
MM INDICATES DATA IS MISSING.
T  INDICATES TRACE AMOUNT.




$$
