026
CDUS45 KTFX 291100
CLIHVR


CLIMATE REPORT
NATIONAL WEATHER SERVICE GREAT FALLS MT
456 AM MDT THU SEP 29 2016


...................................

...THE HAVRE MT CLIMATE SUMMARY FOR SEPTEMBER 28 2016...

CLIMATE NORMAL PERIOD 1981 TO 2010
CLIMATE RECORD PERIOD 1880 TO 2016


WEATHER ITEM   OBSERVED TIME   RECORD YEAR NORMAL DEPARTURE LAST
                VALUE   (LST)  VALUE       VALUE  FROM      YEAR
                                                  NORMAL
..................................................................
TEMPERATURE (F)
 YESTERDAY
  MAXIMUM         69    421 PM  92    1892  66      3       68
  MINIMUM         40    542 AM  18    1984  37      3       31
  AVERAGE         55                        52      3       50

PRECIPITATION (IN)
  YESTERDAY        0.00          1.05 1882   0.03  -0.03     0.00
  MONTH TO DATE    1.80                      1.05   0.75     1.67
  SINCE OCT 1     17.22                     11.13   6.09    11.81
  SINCE JAN 1     15.29                      9.72   5.57    10.24

SNOWFALL (IN)
  YESTERDAY        0.0           2.4  1954   0.0    0.0      0.0
  MONTH TO DATE    0.0                       0.2   -0.2      0.0
  SINCE SEP 1      0.0                       0.2   -0.2      0.0
  SINCE JUL 1      0.0                       0.2   -0.2       T
  SNOW DEPTH       0

DEGREE DAYS
 HEATING
  YESTERDAY       10                        13     -3       15
  MONTH TO DATE  245                       247     -2      221
  SINCE SEP 1    245                       247     -2      221
  SINCE JUL 1    306                       330    -24      296

 COOLING
  YESTERDAY        0                         0      0        0
  MONTH TO DATE   20                        17      3        6
  SINCE SEP 1     20                        17      3        6
  SINCE JAN 1    344                       384    -40      416
..................................................................


WIND (MPH)
  HIGHEST WIND SPEED    22   HIGHEST WIND DIRECTION     E (80)
  HIGHEST GUST SPEED    27   HIGHEST GUST DIRECTION    NE (60)
  AVERAGE WIND SPEED    10.9


SKY COVER
  AVERAGE SKY COVER 0.0


WEATHER CONDITIONS
 THE FOLLOWING WEATHER WAS RECORDED YESTERDAY.
  NO SIGNIFICANT WEATHER WAS OBSERVED.


RELATIVE HUMIDITY (PERCENT)
 HIGHEST    93           600 AM
 LOWEST     45           200 PM
 AVERAGE    69

..........................................................


THE HAVRE MT CLIMATE NORMALS FOR TODAY
                         NORMAL    RECORD    YEAR
 MAXIMUM TEMPERATURE (F)   66        90      1976
 MINIMUM TEMPERATURE (F)   37        21      1985


SUNRISE AND SUNSET
SEPTEMBER 29 2016.....SUNRISE   716 AM MDT   SUNSET   701 PM MDT
SEPTEMBER 30 2016.....SUNRISE   718 AM MDT   SUNSET   659 PM MDT


-  INDICATES NEGATIVE NUMBERS.
R  INDICATES RECORD WAS SET OR TIED.
MM INDICATES DATA IS MISSING.
T  INDICATES TRACE AMOUNT.




$$
