000
CDUS45 KTFX 010804
CLIHVR


CLIMATE REPORT
NATIONAL WEATHER SERVICE GREAT FALLS MT
103 AM MST SUN MAR 1 2015


...................................

...THE HAVRE MT CLIMATE SUMMARY FOR FEBRUARY 28 2015...

CLIMATE NORMAL PERIOD 1981 TO 2010
CLIMATE RECORD PERIOD 1880 TO 2015


WEATHER ITEM   OBSERVED TIME   RECORD YEAR NORMAL DEPARTURE LAST
                VALUE   (LST)  VALUE       VALUE  FROM      YEAR
                                                  NORMAL
..................................................................
TEMPERATURE (F)
 YESTERDAY
  MAXIMUM         27    415 PM  68    1992  38    -11       15
  MINIMUM          8    726 AM -30    1962  14     -6      -10
  AVERAGE         18                        26     -8        3

PRECIPITATION (IN)
  YESTERDAY        T             0.35 1896   0.01  -0.01      T
  MONTH TO DATE    0.33                      0.28   0.05     0.24
  SINCE OCT 1      3.20                      2.02   1.18     2.67
  SINCE JAN 1      1.63                      0.61   1.02     0.66

SNOWFALL (IN)
  YESTERDAY        T             3.5  1896   0.2   -0.2       T
  MONTH TO DATE    5.2                       5.8   -0.6      4.2
  SINCE DEC 1     16.0                      20.3   -4.3     31.6
  SINCE JUL 1     20.6                      27.9   -7.3     37.4
  SNOW DEPTH       0

DEGREE DAYS
 HEATING
  YESTERDAY       47                        39      8       62
  MONTH TO DATE 1119                      1195    -76     1463
  SINCE DEC 1   3731                      4077   -346     4315
  SINCE JUL 1   5668                      6120   -452     6241

 COOLING
  YESTERDAY        0                         0      0        0
  MONTH TO DATE    0                         0      0        0
  SINCE DEC 1      0                         0      0        0
  SINCE JAN 1      0                         0      0        0
..................................................................


WIND (MPH)
  HIGHEST WIND SPEED    21   HIGHEST WIND DIRECTION    NW (310)
  HIGHEST GUST SPEED    25   HIGHEST GUST DIRECTION    SW (220)
  AVERAGE WIND SPEED    11.0


SKY COVER
  AVERAGE SKY COVER 0.7


WEATHER CONDITIONS
 THE FOLLOWING WEATHER WAS RECORDED YESTERDAY.
  LIGHT SNOW


RELATIVE HUMIDITY (PERCENT)
 HIGHEST    83           200 AM
 LOWEST     37           400 PM
 AVERAGE    60

..........................................................


THE HAVRE MT CLIMATE NORMALS FOR TODAY
                         NORMAL    RECORD    YEAR
 MAXIMUM TEMPERATURE (F)   38        66      1905
 MINIMUM TEMPERATURE (F)   15       -26      1919


SUNRISE AND SUNSET
MARCH  1 2015.........SUNRISE   701 AM MST   SUNSET   603 PM MST
MARCH  2 2015.........SUNRISE   659 AM MST   SUNSET   604 PM MST


-  INDICATES NEGATIVE NUMBERS.
R  INDICATES RECORD WAS SET OR TIED.
MM INDICATES DATA IS MISSING.
T  INDICATES TRACE AMOUNT.




$$
