381
CDUS45 KTFX 230857
CLIHVR


CLIMATE REPORT
NATIONAL WEATHER SERVICE GREAT FALLS MT
256 AM MDT SAT JUL 23 2016


...................................

...THE HAVRE MT CLIMATE SUMMARY FOR JULY 22 2016...

CLIMATE NORMAL PERIOD 1981 TO 2010
CLIMATE RECORD PERIOD 1880 TO 2016


WEATHER ITEM   OBSERVED TIME   RECORD YEAR NORMAL DEPARTURE LAST
                VALUE   (LST)  VALUE       VALUE  FROM      YEAR
                                                  NORMAL
..................................................................
TEMPERATURE (F)
 YESTERDAY
  MAXIMUM         97    543 PM 105    1960  87     10       88
                                      1936
  MINIMUM         62    102 AM  40    1984  55      7       54
  AVERAGE         80                        71      9       71

PRECIPITATION (IN)
  YESTERDAY        T             0.83 1925   0.04  -0.04      T
  MONTH TO DATE    2.10                      1.30   0.80     0.80
  SINCE OCT 1     13.85                      8.63   5.22     6.93
  SINCE JAN 1     11.92                      7.22   4.70     5.36

SNOWFALL (IN)
  YESTERDAY        0.0           0.0  1999   0.0    0.0      0.0
                                      2001
                                      1998
  MONTH TO DATE    0.0                       0.0    0.0       T
  SINCE JUN 1      0.0                       0.0    0.0       T
  SINCE JUL 1      0.0                       0.0    0.0       T
  SNOW DEPTH       0

DEGREE DAYS
 HEATING
  YESTERDAY        0                         1     -1        0
  MONTH TO DATE   19                        29    -10       18
  SINCE JUN 1    104                       162    -58       75
  SINCE JUL 1     19                        29    -10       18

 COOLING
  YESTERDAY       15                         6      9        6
  MONTH TO DATE   89                       102    -13      111
  SINCE JUN 1    143                       150     -7      221
  SINCE JAN 1    144                       161    -17      221
..................................................................


WIND (MPH)
  HIGHEST WIND SPEED    36   HIGHEST WIND DIRECTION     W (290)
  HIGHEST GUST SPEED    46   HIGHEST GUST DIRECTION    NW (300)
  AVERAGE WIND SPEED    14.4


SKY COVER
  AVERAGE SKY COVER 0.0


WEATHER CONDITIONS
 THE FOLLOWING WEATHER WAS RECORDED YESTERDAY.
  LIGHT RAIN


RELATIVE HUMIDITY (PERCENT)
 HIGHEST    65           100 AM
 LOWEST     16           500 PM
 AVERAGE    41

..........................................................


THE HAVRE MT CLIMATE NORMALS FOR TODAY
                         NORMAL    RECORD    YEAR
 MAXIMUM TEMPERATURE (F)   87       106      2007
 MINIMUM TEMPERATURE (F)   55        44      1918


SUNRISE AND SUNSET
JULY 23 2016..........SUNRISE   543 AM MDT   SUNSET   908 PM MDT
JULY 24 2016..........SUNRISE   544 AM MDT   SUNSET   906 PM MDT


-  INDICATES NEGATIVE NUMBERS.
R  INDICATES RECORD WAS SET OR TIED.
MM INDICATES DATA IS MISSING.
T  INDICATES TRACE AMOUNT.




$$
