000
CDUS45 KTFX 051027
CLIHVR


CLIMATE REPORT
NATIONAL WEATHER SERVICE GREAT FALLS MT
423 AM MDT THU MAY 5 2016


...................................

...THE HAVRE MT CLIMATE SUMMARY FOR MAY 4 2016...

CLIMATE NORMAL PERIOD 1981 TO 2010
CLIMATE RECORD PERIOD 1880 TO 2016


WEATHER ITEM   OBSERVED TIME   RECORD YEAR NORMAL DEPARTURE LAST
                VALUE   (LST)  VALUE       VALUE  FROM      YEAR
                                                  NORMAL
..................................................................
TEMPERATURE (F)
 YESTERDAY
  MAXIMUM         84    442 PM  89    1936  64     20       78
  MINIMUM         40    447 AM  17    1899  36      4       38
  AVERAGE         62                        50     12       58

PRECIPITATION (IN)
  YESTERDAY        0.00          0.71 1940   0.04  -0.04     0.00
  MONTH TO DATE    0.00                      0.17  -0.17     0.00
  SINCE OCT 1      6.34                      3.57   2.77     4.06
  SINCE JAN 1      4.41                      2.16   2.25     2.49

SNOWFALL (IN)
  YESTERDAY        0.0           0.1  1982   0.0    0.0      0.0
  MONTH TO DATE    0.0                       0.2   -0.2      0.0
  SINCE MAR 1      3.0                       9.5   -6.5      0.2
  SINCE JUL 1     17.3                      37.4  -20.1     20.8
  SNOW DEPTH       0

DEGREE DAYS
 HEATING
  YESTERDAY        3                        15    -12        7
  MONTH TO DATE   31                        62    -31       46
  SINCE MAR 1   1325                      1679   -354     1386
  SINCE JUL 1   6750                      7799  -1049     7054

 COOLING
  YESTERDAY        0                         0      0        0
  MONTH TO DATE    0                         0      0        0
  SINCE MAR 1      0                         1     -1        0
  SINCE JAN 1      0                         1     -1        0
..................................................................


WIND (MPH)
  HIGHEST WIND SPEED    15   HIGHEST WIND DIRECTION    SW (230)
  HIGHEST GUST SPEED    20   HIGHEST GUST DIRECTION     W (250)
  AVERAGE WIND SPEED     4.9


SKY COVER
  AVERAGE SKY COVER 0.0


WEATHER CONDITIONS
 THE FOLLOWING WEATHER WAS RECORDED YESTERDAY.
  NO SIGNIFICANT WEATHER WAS OBSERVED.


RELATIVE HUMIDITY (PERCENT)
 HIGHEST    92           400 AM
 LOWEST     19           300 PM
 AVERAGE    56

..........................................................


THE HAVRE MT CLIMATE NORMALS FOR TODAY
                         NORMAL    RECORD    YEAR
 MAXIMUM TEMPERATURE (F)   65        91      1911
 MINIMUM TEMPERATURE (F)   36        24      1967


SUNRISE AND SUNSET
MAY  5 2016...........SUNRISE   552 AM MDT   SUNSET   840 PM MDT
MAY  6 2016...........SUNRISE   550 AM MDT   SUNSET   842 PM MDT


-  INDICATES NEGATIVE NUMBERS.
R  INDICATES RECORD WAS SET OR TIED.
MM INDICATES DATA IS MISSING.
T  INDICATES TRACE AMOUNT.




$$
