000
CDUS45 KTFX 170921
CLIHVR


CLIMATE REPORT
NATIONAL WEATHER SERVICE GREAT FALLS MT
320 AM MDT THU APR 17 2014


...................................

...THE HAVRE MT CLIMATE SUMMARY FOR APRIL 16 2014...

CLIMATE NORMAL PERIOD 1981 TO 2010
CLIMATE RECORD PERIOD 1880 TO 2014


WEATHER ITEM   OBSERVED TIME   RECORD YEAR NORMAL DEPARTURE LAST
                VALUE   (LST)  VALUE       VALUE  FROM      YEAR
                                                  NORMAL
..................................................................
TEMPERATURE (F)
 YESTERDAY
  MAXIMUM         45    446 PM  83    1977  58    -13       35
  MINIMUM         31   1159 PM   7    1896  31      0       21
  AVERAGE         38                        45     -7       28

PRECIPITATION (IN)
  YESTERDAY        0.02          0.78 1898   0.03  -0.01     0.03
  MONTH TO DATE    0.07                      0.38  -0.31     0.62
  SINCE OCT 1      3.88                      2.94   0.94     5.02
  SINCE JAN 1      1.87                      1.53   0.34     2.54

SNOWFALL (IN)
  YESTERDAY        T             2.5  1963   0.1   -0.1      0.2
  MONTH TO DATE    T                         2.1   -2.1      3.5
  SINCE MAR 1      7.0                       8.4   -1.4      6.3
  SINCE JUL 1     44.4                      36.3    8.1     50.5
  SNOW DEPTH       T

DEGREE DAYS
 HEATING
  YESTERDAY       27                        20      7       37
  MONTH TO DATE  375                       365     10      423
  SINCE MAR 1   1537                      1363    174     1470
  SINCE JUL 1   7778                      7483    295     7286

 COOLING
  YESTERDAY        0                         0      0        0
  MONTH TO DATE    0                         0      0        0
  SINCE MAR 1      0                         0      0        0
  SINCE JAN 1      0                         0      0        0
..................................................................


WIND (MPH)
  HIGHEST WIND SPEED    17   HIGHEST WIND DIRECTION     E (90)
  HIGHEST GUST SPEED    21   HIGHEST GUST DIRECTION    SE (120)
  AVERAGE WIND SPEED     7.4


SKY COVER
  AVERAGE SKY COVER 0.8


WEATHER CONDITIONS
 THE FOLLOWING WEATHER WAS RECORDED YESTERDAY.
  LIGHT SNOW
  FOG


RELATIVE HUMIDITY (PERCENT)
 HIGHEST   100           600 AM
 LOWEST     53           500 PM
 AVERAGE    77

..........................................................


THE HAVRE MT CLIMATE NORMALS FOR TODAY
                         NORMAL    RECORD    YEAR
 MAXIMUM TEMPERATURE (F)   59        83      1923
 MINIMUM TEMPERATURE (F)   31         6      1896


SUNRISE AND SUNSET
APRIL 17 2014.........SUNRISE   625 AM MDT   SUNSET   813 PM MDT
APRIL 18 2014.........SUNRISE   623 AM MDT   SUNSET   815 PM MDT


-  INDICATES NEGATIVE NUMBERS.
R  INDICATES RECORD WAS SET OR TIED.
MM INDICATES DATA IS MISSING.
T  INDICATES TRACE AMOUNT.




$$
