000
CDUS45 KTFX 280942
CLIHVR


CLIMATE REPORT
NATIONAL WEATHER SERVICE GREAT FALLS MT
240 AM MST SUN DEC 28 2014


...................................

...THE HAVRE MT CLIMATE SUMMARY FOR DECEMBER 27 2014...

CLIMATE NORMAL PERIOD 1981 TO 2010
CLIMATE RECORD PERIOD 1880 TO 2014


WEATHER ITEM   OBSERVED TIME   RECORD YEAR NORMAL DEPARTURE LAST
                VALUE   (LST)  VALUE       VALUE  FROM      YEAR
                                                  NORMAL
..................................................................
TEMPERATURE (F)
 YESTERDAY
  MAXIMUM         32    317 PM  60    1980  28      4       45
  MINIMUM         10   1207 AM -32    1904   6      4       35
  AVERAGE         21                        17      4       40

PRECIPITATION (IN)
  YESTERDAY        0.00          0.95 1917   0.01  -0.01     0.00
  MONTH TO DATE    0.33                      0.34  -0.01     1.01
  SINCE OCT 1      1.56                      1.35   0.21     1.73
  SINCE JAN 1     12.72                     11.14   1.58    18.88

SNOWFALL (IN)
  YESTERDAY        0.0           3.4  1958   0.3   -0.3      0.0
  MONTH TO DATE    0.1                       6.3   -6.2     15.7
  SINCE DEC 1      0.1                       6.3   -6.2     15.7
  SINCE JUL 1      4.7                      13.9   -9.2     21.5
  SNOW DEPTH       T

DEGREE DAYS
 HEATING
  YESTERDAY       44                        48     -4       25
  MONTH TO DATE 1032                      1231   -199     1439
  SINCE DEC 1   1032                      1231   -199     1439
  SINCE JUL 1   2969                      3274   -305     3365

 COOLING
  YESTERDAY        0                         0      0        0
  MONTH TO DATE    0                         0      0        0
  SINCE DEC 1      0                         0      0        0
  SINCE JAN 1    402                       387     15      445
..................................................................


WIND (MPH)
  HIGHEST WIND SPEED    20   HIGHEST WIND DIRECTION    SW (220)
  HIGHEST GUST SPEED    24   HIGHEST GUST DIRECTION    SW (230)
  AVERAGE WIND SPEED    11.9


SKY COVER
  AVERAGE SKY COVER 0.3


WEATHER CONDITIONS
 THE FOLLOWING WEATHER WAS RECORDED YESTERDAY.
  NO SIGNIFICANT WEATHER WAS OBSERVED.


RELATIVE HUMIDITY (PERCENT)
 HIGHEST    92           100 AM
 LOWEST     63           100 PM
 AVERAGE    78

..........................................................


THE HAVRE MT CLIMATE NORMALS FOR TODAY
                         NORMAL    RECORD    YEAR
 MAXIMUM TEMPERATURE (F)   28        57      2011
 MINIMUM TEMPERATURE (F)    6       -39      1968


SUNRISE AND SUNSET
DECEMBER 28 2014......SUNRISE   811 AM MST   SUNSET   431 PM MST
DECEMBER 29 2014......SUNRISE   811 AM MST   SUNSET   431 PM MST


-  INDICATES NEGATIVE NUMBERS.
R  INDICATES RECORD WAS SET OR TIED.
MM INDICATES DATA IS MISSING.
T  INDICATES TRACE AMOUNT.




$$
