000
CDUS45 KTFX 292333
CLIHVR


CLIMATE REPORT
NATIONAL WEATHER SERVICE GREAT FALLS MT
532 PM MDT FRI MAY 29 2015


...................................

...THE HAVRE MT CLIMATE SUMMARY FOR MAY 29 2015...
VALID TODAY AS OF 0500 PM LOCAL TIME.

CLIMATE NORMAL PERIOD 1981 TO 2010
CLIMATE RECORD PERIOD 1880 TO 2015


WEATHER ITEM   OBSERVED TIME   RECORD YEAR NORMAL DEPARTURE LAST
                VALUE   (LST)  VALUE       VALUE  FROM      YEAR
                                                  NORMAL
..................................................................
TEMPERATURE (F)
 TODAY
  MAXIMUM         67    336 PM  98    1936  71     -4       72
  MINIMUM         35    403 AM  31    1895  45    -10       43
  AVERAGE         51                        58     -7       58

PRECIPITATION (IN)
  TODAY            0.00          1.35 1953   0.07  -0.07     0.00
  MONTH TO DATE    1.57                      1.60  -0.03     0.87
  SINCE OCT 1      5.63                      5.00   0.63     5.60
  SINCE JAN 1      4.06                      3.59   0.47     3.59

SNOWFALL (IN)
  TODAY            0.0           5.2  1982   0.0    0.0      0.0
  MONTH TO DATE    0.0                       1.7   -1.7      0.0
  SINCE MAR 1      0.2                      11.0  -10.8      7.0
  SINCE JUL 1     20.8                      38.9  -18.1     44.4
  SNOW DEPTH      MM

DEGREE DAYS
 HEATING
  TODAY           14                         8      6        7
  MONTH TO DATE  388                       337     51      354
  SINCE MAR 1   1728                      1954   -226     2126
  SINCE JUL 1   7396                      8074   -678     8367

 COOLING
  TODAY            0                         1     -1        0
  MONTH TO DATE    0                         4     -4        7
  SINCE MAR 1      0                         5     -5        7
  SINCE JAN 1      0                         5     -5        7
..................................................................


WIND (MPH)
  HIGHEST WIND SPEED    15   HIGHEST WIND DIRECTION     E (90)
  HIGHEST GUST SPEED    17   HIGHEST GUST DIRECTION     E (90)
  AVERAGE WIND SPEED     4.6


SKY COVER
  AVERAGE SKY COVER 0.3


WEATHER CONDITIONS
 THE FOLLOWING WEATHER WAS RECORDED TODAY.
  FOG
  FOG W/VISIBILITY <= 1/4 MILE


RELATIVE HUMIDITY (PERCENT)
 HIGHEST   100           400 AM
 LOWEST     45           300 PM
 AVERAGE    73

..........................................................


THE HAVRE MT CLIMATE NORMALS FOR TOMORROW
                         NORMAL    RECORD    YEAR
 MAXIMUM TEMPERATURE (F)   71        95      1936
 MINIMUM TEMPERATURE (F)   45        27      1892


SUNRISE AND SUNSET
MAY 29 2015...........SUNRISE   524 AM MDT   SUNSET   910 PM MDT
MAY 30 2015...........SUNRISE   523 AM MDT   SUNSET   911 PM MDT


-  INDICATES NEGATIVE NUMBERS.
R  INDICATES RECORD WAS SET OR TIED.
MM INDICATES DATA IS MISSING.
T  INDICATES TRACE AMOUNT.




$$
