000
CDUS45 KTFX 202230
CLIHVR


CLIMATE REPORT
NATIONAL WEATHER SERVICE GREAT FALLS MT
430 PM MDT WED SEP 20 2017


...................................

...THE HAVRE MT CLIMATE SUMMARY FOR SEPTEMBER 20 2017...
VALID TODAY AS OF 0400 PM LOCAL TIME.

CLIMATE NORMAL PERIOD 1981 TO 2010
CLIMATE RECORD PERIOD 1880 TO 2017


WEATHER ITEM   OBSERVED TIME   RECORD YEAR NORMAL DEPARTURE LAST
                VALUE   (LST)  VALUE       VALUE  FROM      YEAR
                                                  NORMAL
..................................................................
TEMPERATURE (F)
 TODAY
  MAXIMUM         63    259 PM  96    1922  69     -6       65
  MINIMUM         36    624 AM  24    1995  40     -4       46
  AVERAGE         50                        55     -5       56

PRECIPITATION (IN)
  TODAY            0.00          0.82 1968   0.04  -0.04     0.00
  MONTH TO DATE    0.97                      0.77   0.20     0.96
  SINCE OCT 1      8.55                     10.85  -2.30    16.38
  SINCE JAN 1      4.56                      9.44  -4.88    14.45

SNOWFALL (IN)
  TODAY            0.0           0.1  1995   0.0    0.0      0.0
  MONTH TO DATE    0.0                       0.1   -0.1      0.0
  SINCE SEP 1      0.0                       0.1   -0.1      0.0
  SINCE JUL 1      0.0                       0.1   -0.1      0.0

DEGREE DAYS
 HEATING
  TODAY           15                        11      4        9
  MONTH TO DATE  128                       150    -22      167
  SINCE SEP 1    128                       150    -22      167
  SINCE JUL 1    140                       233    -93      228

 COOLING
  TODAY            0                         0      0        0
  MONTH TO DATE   39                        17     22       17
  SINCE SEP 1     39                        17     22       17
  SINCE JAN 1    526                       384    142      341
..................................................................


WIND (MPH)
  HIGHEST WIND SPEED    30   HIGHEST WIND DIRECTION    SW (230)
  HIGHEST GUST SPEED    37   HIGHEST GUST DIRECTION    SW (220)
  AVERAGE WIND SPEED    17.2


SKY COVER
  AVERAGE SKY COVER 0.1


WEATHER CONDITIONS
 THE FOLLOWING WEATHER WAS RECORDED TODAY.
  NO SIGNIFICANT WEATHER WAS OBSERVED.


RELATIVE HUMIDITY (PERCENT)
 HIGHEST    89           600 AM
 LOWEST     25           200 PM
 AVERAGE    57

..........................................................


THE HAVRE MT CLIMATE NORMALS FOR TOMORROW
                         NORMAL    RECORD    YEAR
 MAXIMUM TEMPERATURE (F)   69        94      1936
 MINIMUM TEMPERATURE (F)   40        18      1995


SUNRISE AND SUNSET
SEPTEMBER 20 2017.....SUNRISE   703 AM MDT   SUNSET   720 PM MDT
SEPTEMBER 21 2017.....SUNRISE   705 AM MDT   SUNSET   718 PM MDT


-  INDICATES NEGATIVE NUMBERS.
R  INDICATES RECORD WAS SET OR TIED.
MM INDICATES DATA IS MISSING.
T  INDICATES TRACE AMOUNT.




$$
