000
CDUS45 KTFX 250918
CLIHVR


CLIMATE REPORT
NATIONAL WEATHER SERVICE GREAT FALLS MT
317 AM MDT THU MAY 25 2017


...................................

...THE HAVRE MT CLIMATE SUMMARY FOR MAY 24 2017...

CLIMATE NORMAL PERIOD 1981 TO 2010
CLIMATE RECORD PERIOD 1880 TO 2017


WEATHER ITEM   OBSERVED TIME   RECORD YEAR NORMAL DEPARTURE LAST
                VALUE   (LST)  VALUE       VALUE  FROM      YEAR
                                                  NORMAL
..................................................................
TEMPERATURE (F)
 YESTERDAY
  MAXIMUM         73    933 AM  96    2001  70      3       61
  MINIMUM         44   1052 PM  30    2000  44      0       44
  AVERAGE         59                        57      2       53

PRECIPITATION (IN)
  YESTERDAY        T             1.31 1953   0.07  -0.07     0.04
  MONTH TO DATE    0.29                      1.26  -0.97     2.91
  SINCE OCT 1      6.47                      4.66   1.81     9.25
  SINCE JAN 1      2.48                      3.25  -0.77     7.32

SNOWFALL (IN)
  YESTERDAY        0.0           6.0  1904   0.0    0.0      0.0
  MONTH TO DATE    0.0                       1.4   -1.4      0.0
  SINCE MAR 1      1.0                      10.7   -9.7      3.0
  SINCE JUL 1     32.9                      38.6   -5.7     17.3
  SNOW DEPTH       0

DEGREE DAYS
 HEATING
  YESTERDAY        6                         9     -3       12
  MONTH TO DATE  240                       296    -56      291
  SINCE MAR 1   1736                      1913   -177     1585
  SINCE JUL 1   7735                      8033   -298     7010

 COOLING
  YESTERDAY        0                         0      0        0
  MONTH TO DATE    6                         0      6        1
  SINCE MAR 1      6                         1      5        1
  SINCE JAN 1      6                         1      5        1
..................................................................


WIND (MPH)
  HIGHEST WIND SPEED    47   HIGHEST WIND DIRECTION    SW (240)
  HIGHEST GUST SPEED    58   HIGHEST GUST DIRECTION     W (260)
  AVERAGE WIND SPEED    28.8


SKY COVER
  AVERAGE SKY COVER 0.2


WEATHER CONDITIONS
 THE FOLLOWING WEATHER WAS RECORDED YESTERDAY.
  LIGHT RAIN


RELATIVE HUMIDITY (PERCENT)
 HIGHEST    71          1000 PM
 LOWEST      9          1100 AM
 AVERAGE    40

..........................................................


THE HAVRE MT CLIMATE NORMALS FOR TODAY
                         NORMAL    RECORD    YEAR
 MAXIMUM TEMPERATURE (F)   70        94      1928
 MINIMUM TEMPERATURE (F)   44        29      1918
                                             1893


SUNRISE AND SUNSET
MAY 25 2017...........SUNRISE   527 AM MDT   SUNSET   906 PM MDT
MAY 26 2017...........SUNRISE   526 AM MDT   SUNSET   907 PM MDT


-  INDICATES NEGATIVE NUMBERS.
R  INDICATES RECORD WAS SET OR TIED.
MM INDICATES DATA IS MISSING.
T  INDICATES TRACE AMOUNT.




$$
