000
CDUS45 KTFX 231209
CLIHVR


CLIMATE REPORT
NATIONAL WEATHER SERVICE GREAT FALLS MT
509 AM MST THU FEB 23 2017


...................................

...THE HAVRE MT CLIMATE SUMMARY FOR FEBRUARY 22 2017...

CLIMATE NORMAL PERIOD 1981 TO 2010
CLIMATE RECORD PERIOD 1880 TO 2017


WEATHER ITEM   OBSERVED TIME   RECORD YEAR NORMAL DEPARTURE LAST
                VALUE   (LST)  VALUE       VALUE  FROM      YEAR
                                                  NORMAL
..................................................................
TEMPERATURE (F)
 YESTERDAY
  MAXIMUM         37    321 PM  64    2002  36      1       46
  MINIMUM         30   1159 PM -33    1910  12     18       21
  AVERAGE         34                        24     10       34

PRECIPITATION (IN)
  YESTERDAY        0.11          0.26 1889   0.01   0.10     0.00
  MONTH TO DATE    0.53                      0.22   0.31     0.03
  SINCE OCT 1      5.21                      1.96   3.25     2.32
  SINCE JAN 1      1.22                      0.55   0.67     0.39

SNOWFALL (IN)
  YESTERDAY        1.1           4.3  1982   0.2    0.9      0.0
  MONTH TO DATE    6.1                       4.6    1.5       T
  SINCE DEC 1     22.3                      19.1    3.2     10.8
  SINCE JUL 1     27.8                      26.7    1.1     13.8
  SNOW DEPTH       1

DEGREE DAYS
 HEATING
  YESTERDAY       31                        41    -10       31
  MONTH TO DATE  863                       956    -93      661
  SINCE DEC 1   3993                      3836    157     3368
  SINCE JUL 1   5740                      5879   -139     5221

 COOLING
  YESTERDAY        0                         0      0        0
  MONTH TO DATE    0                         0      0        0
  SINCE DEC 1      0                         0      0        0
  SINCE JAN 1      0                         0      0        0
..................................................................


WIND (MPH)
  HIGHEST WIND SPEED    14   HIGHEST WIND DIRECTION     E (70)
  HIGHEST GUST SPEED    17   HIGHEST GUST DIRECTION     E (80)
  AVERAGE WIND SPEED     7.5


SKY COVER
  AVERAGE SKY COVER 1.0


WEATHER CONDITIONS
 THE FOLLOWING WEATHER WAS RECORDED YESTERDAY.
  LIGHT SNOW
  FOG


RELATIVE HUMIDITY (PERCENT)
 HIGHEST   100          1200 AM
 LOWEST     70           200 PM
 AVERAGE    85

..........................................................


THE HAVRE MT CLIMATE NORMALS FOR TODAY
                         NORMAL    RECORD    YEAR
 MAXIMUM TEMPERATURE (F)   36        63      1976
                                             1886
 MINIMUM TEMPERATURE (F)   13       -29      1979


SUNRISE AND SUNSET
FEBRUARY 23 2017......SUNRISE   711 AM MST   SUNSET   554 PM MST
FEBRUARY 24 2017......SUNRISE   710 AM MST   SUNSET   556 PM MST


-  INDICATES NEGATIVE NUMBERS.
R  INDICATES RECORD WAS SET OR TIED.
MM INDICATES DATA IS MISSING.
T  INDICATES TRACE AMOUNT.




$$
