000
CDUS45 KTFX 272228
CLIHVR


CLIMATE REPORT
NATIONAL WEATHER SERVICE GREAT FALLS MT
425 PM MDT MON JUL 27 2015


...................................

...THE HAVRE MT CLIMATE SUMMARY FOR JULY 27 2015...
VALID TODAY AS OF 0400 PM LOCAL TIME.

CLIMATE NORMAL PERIOD 1981 TO 2010
CLIMATE RECORD PERIOD 1880 TO 2015


WEATHER ITEM   OBSERVED TIME   RECORD YEAR NORMAL DEPARTURE LAST
                VALUE   (LST)  VALUE       VALUE  FROM      YEAR
                                                  NORMAL
..................................................................
TEMPERATURE (F)
 TODAY
  MAXIMUM         61    313 AM 106    1975  87    -26       87
  MINIMUM         55   1124 AM  40    1913  55      0       46
  AVERAGE         58                        71    -13       67

PRECIPITATION (IN)
  TODAY            0.89          1.31 1909   0.04   0.85     0.00
  MONTH TO DATE    1.91                      1.50   0.41     0.26
  SINCE OCT 1      8.04                      8.83  -0.79     8.65
  SINCE JAN 1      6.47                      7.42  -0.95     6.64

SNOWFALL (IN)
  TODAY            0.0           0.0  1999   0.0    0.0      0.0
                                      1998
  MONTH TO DATE    0.0                       0.0    0.0      0.0
  SINCE JUN 1      0.0                       0.0    0.0      0.0
  SINCE JUL 1      0.0                       0.0    0.0      0.0
  SNOW DEPTH       0

DEGREE DAYS
 HEATING
  TODAY            7                         0      7        0
  MONTH TO DATE   25                        29     -4        0
  SINCE JUN 1     82                       162    -80      175
  SINCE JUL 1     25                        29     -4        0

 COOLING
  TODAY            0                         7     -7        2
  MONTH TO DATE  137                       135      2      152
  SINCE JUN 1    247                       183     64      158
  SINCE JAN 1    247                       194     53      165
..................................................................


WIND (MPH)
  HIGHEST WIND SPEED    21   HIGHEST WIND DIRECTION     N (360)
  HIGHEST GUST SPEED    26   HIGHEST GUST DIRECTION     N (360)
  AVERAGE WIND SPEED     8.6


SKY COVER
  AVERAGE SKY COVER 0.9


WEATHER CONDITIONS
 THE FOLLOWING WEATHER WAS RECORDED TODAY.
  THUNDERSTORM
  HEAVY RAIN
  RAIN
  LIGHT RAIN
  FOG


RELATIVE HUMIDITY (PERCENT)
 HIGHEST   100           300 AM
 LOWEST     86           300 PM
 AVERAGE    93

..........................................................


THE HAVRE MT CLIMATE NORMALS FOR TOMORROW
                         NORMAL    RECORD    YEAR
 MAXIMUM TEMPERATURE (F)   87       103      2007
                                             1939
 MINIMUM TEMPERATURE (F)   55        31      1892


SUNRISE AND SUNSET
JULY 27 2015..........SUNRISE   547 AM MDT   SUNSET   904 PM MDT
JULY 28 2015..........SUNRISE   548 AM MDT   SUNSET   902 PM MDT


-  INDICATES NEGATIVE NUMBERS.
R  INDICATES RECORD WAS SET OR TIED.
MM INDICATES DATA IS MISSING.
T  INDICATES TRACE AMOUNT.




$$
