000
CDUS45 KTFX 201329
CLIHVR


CLIMATE REPORT
NATIONAL WEATHER SERVICE GREAT FALLS MT
728 AM MDT THU JUL 20 2017


...................................

...THE HAVRE MT CLIMATE SUMMARY FOR JULY 19 2017...

CLIMATE NORMAL PERIOD 1981 TO 2010
CLIMATE RECORD PERIOD 1880 TO 2017


WEATHER ITEM   OBSERVED TIME   RECORD YEAR NORMAL DEPARTURE LAST
                VALUE   (LST)  VALUE       VALUE  FROM      YEAR
                                                  NORMAL
..................................................................
TEMPERATURE (F)
 YESTERDAY
  MAXIMUM         92    432 PM 104    1960  86      6       94
  MINIMUM         56   1151 PM  41    1915  54      2       57
                                      1895
  AVERAGE         74                        70      4       76

PRECIPITATION (IN)
  YESTERDAY        0.00          1.01 1885   0.05  -0.05     0.45
  MONTH TO DATE    0.23                      1.17  -0.94     2.05
  SINCE OCT 1      7.43                      8.50  -1.07    13.80
  SINCE JAN 1      3.44                      7.09  -3.65    11.87

SNOWFALL (IN)
  YESTERDAY        0.0           0.0  1999   0.0    0.0      0.0
                                      2001
                                      1998
  MONTH TO DATE    0.0                       0.0    0.0      0.0
  SINCE JUN 1      0.0                       0.0    0.0      0.0
  SINCE JUL 1      0.0                       0.0    0.0      0.0
  SNOW DEPTH       0

DEGREE DAYS
 HEATING
  YESTERDAY        0                         1     -1        0
  MONTH TO DATE    1                        26    -25       19
  SINCE JUN 1     84                       159    -75      104
  SINCE JUL 1      1                        26    -25       19

 COOLING
  YESTERDAY        9                         6      3       11
  MONTH TO DATE  194                        84    110       59
  SINCE JUN 1    257                       132    125      113
  SINCE JAN 1    268                       143    125      114
..................................................................


WIND (MPH)
  HIGHEST WIND SPEED    17   HIGHEST WIND DIRECTION    NW (310)
  HIGHEST GUST SPEED    25   HIGHEST GUST DIRECTION    NW (310)
  AVERAGE WIND SPEED     7.5


SKY COVER
  AVERAGE SKY COVER 0.0


WEATHER CONDITIONS
 THE FOLLOWING WEATHER WAS RECORDED YESTERDAY.
  NO SIGNIFICANT WEATHER WAS OBSERVED.


RELATIVE HUMIDITY (PERCENT)
 HIGHEST    59           500 AM
 LOWEST     10           500 PM
 AVERAGE    35

..........................................................


THE HAVRE MT CLIMATE NORMALS FOR TODAY
                         NORMAL    RECORD    YEAR
 MAXIMUM TEMPERATURE (F)   86       102      1921
                                             1893
 MINIMUM TEMPERATURE (F)   55        36      1895


SUNRISE AND SUNSET
JULY 20 2017..........SUNRISE   539 AM MDT   SUNSET   911 PM MDT
JULY 21 2017..........SUNRISE   540 AM MDT   SUNSET   910 PM MDT


-  INDICATES NEGATIVE NUMBERS.
R  INDICATES RECORD WAS SET OR TIED.
MM INDICATES DATA IS MISSING.
T  INDICATES TRACE AMOUNT.




$$
