000
CDUS43 KUNR 090832
CLIICR


CLIMATE REPORT
NATIONAL WEATHER SERVICE RAPID CITY SD
232 AM MDT WED JUL 9 2014


...................................

...THE WINNER REGIONAL AIRPORT SD CLIMATE SUMMARY FOR JULY 8 2014...

CLIMATE NORMAL PERIOD 1981 TO 2010
CLIMATE RECORD PERIOD 9999 TO 9999


WEATHER ITEM   OBSERVED TIME   NORMAL DEPARTURE LAST
                VALUE   (LST)  VALUE  FROM      YEAR
                                      NORMAL
......................................................
TEMPERATURE (F)
 YESTERDAY
  MAXIMUM         82    407 PM  87     -5       88
  MINIMUM         58    434 AM  62     -4       62
  AVERAGE         70            75     -5       75

PRECIPITATION (IN)
  YESTERDAY        0.00          0.11  -0.11     0.01
  MONTH TO DATE    0.15          0.96  -0.81     0.49
  SINCE JUN 1      4.31          4.61  -0.30     4.00
  SINCE JAN 1      9.10         12.68  -3.58    11.39

DEGREE DAYS
 HEATING
  YESTERDAY        0             0      0        0
  MONTH TO DATE    7             0      7        0
  SINCE JUN 1     44            54    -10       53
  SINCE JUL 1      7             0      7        0

 COOLING
  YESTERDAY        5            10     -5       10
  MONTH TO DATE   63            73    -10       71
  SINCE JUN 1    180           218    -38      203
  SINCE JAN 1    261           248     13      242
......................................................


WIND (MPH)
  HIGHEST WIND SPEED    22   HIGHEST WIND DIRECTION    NW (320)
  HIGHEST GUST SPEED    30   HIGHEST GUST DIRECTION    NW (310)
  AVERAGE WIND SPEED    12.3


SKY COVER
  AVERAGE SKY COVER 0.2


WEATHER CONDITIONS
 THE FOLLOWING WEATHER WAS RECORDED YESTERDAY.
  HAZE


RELATIVE HUMIDITY (PERCENT)
 HIGHEST    86           400 AM
 LOWEST     36           200 PM
 AVERAGE    61

..........................................................




SUNRISE AND SUNSET
JULY  9 2014..........SUNRISE   608 AM CDT   SUNSET   921 PM CDT
JULY 10 2014..........SUNRISE   609 AM CDT   SUNSET   921 PM CDT


-  INDICATES NEGATIVE NUMBERS.
R  INDICATES RECORD WAS SET OR TIED.
MM INDICATES DATA IS MISSING.
T  INDICATES TRACE AMOUNT.




$$
