000
CDUS43 KUNR 010831
CLIICR


CLIMATE REPORT
NATIONAL WEATHER SERVICE RAPID CITY SD
231 AM MDT TUE SEP 1 2015


...................................

...THE WINNER REGIONAL AIRPORT SD CLIMATE SUMMARY FOR AUGUST 31 2015...

CLIMATE NORMAL PERIOD 1981 TO 2010
CLIMATE RECORD PERIOD 9999 TO 9999


WEATHER ITEM   OBSERVED TIME   NORMAL DEPARTURE LAST
                VALUE   (LST)  VALUE  FROM      YEAR
                                      NORMAL
......................................................
TEMPERATURE (F)
 YESTERDAY
  MAXIMUM         87   1021 AM  84      3       77
  MINIMUM         68   1124 PM  58     10       60
  AVERAGE         78            71      7       69

PRECIPITATION (IN)
  YESTERDAY        T             0.06  -0.06     0.43
  MONTH TO DATE    3.09          2.32   0.77     3.87
  SINCE JUN 1      9.13          8.93   0.20     8.28
  SINCE JAN 1     12.80         17.00  -4.20    13.07

DEGREE DAYS
 HEATING
  YESTERDAY        0             1     -1        0
  MONTH TO DATE   14             5      9        1
  SINCE JUN 1     17            68    -51       50
  SINCE JUL 1     14            14      0       13

 COOLING
  YESTERDAY       13             7      6        4
  MONTH TO DATE  312           300     12      246
  SINCE JUN 1    905           776    129      649
  SINCE JAN 1    940           806    134      730
......................................................


WIND (MPH)
  HIGHEST WIND SPEED    29   HIGHEST WIND DIRECTION     S (190)
  HIGHEST GUST SPEED    38   HIGHEST GUST DIRECTION     S (200)
  AVERAGE WIND SPEED    15.0


SKY COVER
  AVERAGE SKY COVER 0.0


WEATHER CONDITIONS
 THE FOLLOWING WEATHER WAS RECORDED YESTERDAY.
  LIGHT RAIN
  HAZE


RELATIVE HUMIDITY (PERCENT)
 HIGHEST    73           900 PM
 LOWEST     31          1000 AM
 AVERAGE    52

..........................................................




SUNRISE AND SUNSET
SEPTEMBER  1 2015.....SUNRISE   703 AM CDT   SUNSET   815 PM CDT
SEPTEMBER  2 2015.....SUNRISE   704 AM CDT   SUNSET   813 PM CDT


-  INDICATES NEGATIVE NUMBERS.
R  INDICATES RECORD WAS SET OR TIED.
MM INDICATES DATA IS MISSING.
T  INDICATES TRACE AMOUNT.




$$
