994
CDUS43 KUNR 020833
CLIICR


CLIMATE REPORT
NATIONAL WEATHER SERVICE RAPID CITY SD
232 AM MDT MON MAY 2 2016


...................................

...THE WINNER REGIONAL AIRPORT SD CLIMATE SUMMARY FOR MAY 1 2016...

CLIMATE NORMAL PERIOD 1981 TO 2010
CLIMATE RECORD PERIOD 9999 TO 9999


WEATHER ITEM   OBSERVED TIME   NORMAL DEPARTURE LAST
                VALUE   (LST)  VALUE  FROM      YEAR
                                      NORMAL
......................................................
TEMPERATURE (F)
 YESTERDAY
  MAXIMUM         60    425 PM  65     -5       74
  MINIMUM         35    612 AM  42     -7       46
  AVERAGE         48            53     -5       60

PRECIPITATION (IN)
  YESTERDAY        T             0.12  -0.12     0.01
  MONTH TO DATE    T             0.12  -0.12     0.01
  SINCE MAR 1      6.14          3.99   2.15     0.86
  SINCE JAN 1      6.53          4.75   1.78     0.95

DEGREE DAYS
 HEATING
  YESTERDAY       17            12      5        5
  MONTH TO DATE   17            12      5        5
  SINCE MAR 1   1116          1407   -291     1018
  SINCE JUL 1   5409          6416  -1007     5778

 COOLING
  YESTERDAY        0             0      0        0
  MONTH TO DATE    0             0      0        0
  SINCE MAR 1      9             2      7       12
  SINCE JAN 1      9             2      7       12
......................................................


WIND (MPH)
  HIGHEST WIND SPEED    25   HIGHEST WIND DIRECTION     N (10)
  HIGHEST GUST SPEED    31   HIGHEST GUST DIRECTION     N (10)
  AVERAGE WIND SPEED    10.9


SKY COVER
  AVERAGE SKY COVER 0.2


WEATHER CONDITIONS
 THE FOLLOWING WEATHER WAS RECORDED YESTERDAY.
  LIGHT RAIN
  FOG


RELATIVE HUMIDITY (PERCENT)
 HIGHEST    92           400 AM
 LOWEST     36           500 PM
 AVERAGE    64

..........................................................




SUNRISE AND SUNSET
MAY  2 2016...........SUNRISE   630 AM CDT   SUNSET   843 PM CDT
MAY  3 2016...........SUNRISE   629 AM CDT   SUNSET   844 PM CDT


-  INDICATES NEGATIVE NUMBERS.
R  INDICATES RECORD WAS SET OR TIED.
MM INDICATES DATA IS MISSING.
T  INDICATES TRACE AMOUNT.




$$
