000
CDUS43 KUNR 300841
CLIICR


CLIMATE REPORT
NATIONAL WEATHER SERVICE RAPID CITY SD
138 AM MST FRI JAN 30 2015


...................................

...THE WINNER REGIONAL AIRPORT SD CLIMATE SUMMARY FOR JANUARY 29 2015...

CLIMATE NORMAL PERIOD 1981 TO 2010
CLIMATE RECORD PERIOD 9999 TO 9999


WEATHER ITEM   OBSERVED TIME   NORMAL DEPARTURE LAST
                VALUE   (LST)  VALUE  FROM      YEAR
                                      NORMAL
......................................................
TEMPERATURE (F)
 YESTERDAY
  MAXIMUM         43    228 PM  36      7       55
  MINIMUM         21   1158 PM  14      7       11
  AVERAGE         32            25      7       33

PRECIPITATION (IN)
  YESTERDAY        0.00          0.01  -0.01      T
  MONTH TO DATE    0.05          0.23  -0.18     0.02
  SINCE DEC 1      0.25          0.57  -0.32     0.10
  SINCE JAN 1      0.05          0.23  -0.18     0.02

DEGREE DAYS
 HEATING
  YESTERDAY       33            40     -7       32
  MONTH TO DATE 1089          1165    -76     1148
  SINCE DEC 1   2122          2400   -278     2552
  SINCE JUL 1   3578          3871   -293     3989

 COOLING
  YESTERDAY        0             0      0        0
  MONTH TO DATE    0             0      0        0
  SINCE DEC 1      0             0      0        0
  SINCE JAN 1      0             0      0        0
......................................................


WIND (MPH)
  HIGHEST WIND SPEED    32   HIGHEST WIND DIRECTION    NW (320)
  HIGHEST GUST SPEED    43   HIGHEST GUST DIRECTION    NW (330)
  AVERAGE WIND SPEED    15.8


SKY COVER
  AVERAGE SKY COVER 0.5


WEATHER CONDITIONS
 THE FOLLOWING WEATHER WAS RECORDED YESTERDAY.
  NO SIGNIFICANT WEATHER WAS OBSERVED.


RELATIVE HUMIDITY (PERCENT)
 HIGHEST    81          1100 PM
 LOWEST     43           400 PM
 AVERAGE    62

..........................................................




SUNRISE AND SUNSET
JANUARY 30 2015.......SUNRISE   758 AM CST   SUNSET   548 PM CST
JANUARY 31 2015.......SUNRISE   757 AM CST   SUNSET   550 PM CST


-  INDICATES NEGATIVE NUMBERS.
R  INDICATES RECORD WAS SET OR TIED.
MM INDICATES DATA IS MISSING.
T  INDICATES TRACE AMOUNT.




$$
