000
CDUS43 KUNR 260849
CLIICR


CLIMATE REPORT
NATIONAL WEATHER SERVICE RAPID CITY SD
243 AM MDT THU MAY 26 2016


...................................

...THE WINNER REGIONAL AIRPORT SD CLIMATE SUMMARY FOR MAY 25 2016...

CLIMATE NORMAL PERIOD 1981 TO 2010
CLIMATE RECORD PERIOD 9999 TO 9999


WEATHER ITEM   OBSERVED TIME   NORMAL DEPARTURE LAST
                VALUE   (LST)  VALUE  FROM      YEAR
                                      NORMAL
......................................................
TEMPERATURE (F)
 YESTERDAY
  MAXIMUM         80    341 PM  73      7       64
  MINIMUM         55   1141 PM  49      6       55
  AVERAGE         68            61      7       60

PRECIPITATION (IN)
  YESTERDAY        0.43          0.13   0.30     0.10
  MONTH TO DATE    2.02          2.65  -0.63     2.69
  SINCE MAR 1      8.16          6.52   1.64     3.54
  SINCE JAN 1      8.55          7.28   1.27     3.63

DEGREE DAYS
 HEATING
  YESTERDAY        0             5     -5        5
  MONTH TO DATE  175           214    -39      228
  SINCE MAR 1   1274          1609   -335     1241
  SINCE JUL 1   5567          6618  -1051     6001

 COOLING
  YESTERDAY        3             1      2        0
  MONTH TO DATE   29            20      9       12
  SINCE MAR 1     38            22     16       24
  SINCE JAN 1     38            22     16       24
......................................................


WIND (MPH)
  HIGHEST WIND SPEED    25   HIGHEST WIND DIRECTION     W (270)
  HIGHEST GUST SPEED    31   HIGHEST GUST DIRECTION     W (260)
  AVERAGE WIND SPEED     7.4


SKY COVER
  AVERAGE SKY COVER 0.5


WEATHER CONDITIONS
 THE FOLLOWING WEATHER WAS RECORDED YESTERDAY.
  THUNDERSTORM
  HEAVY RAIN
  RAIN
  LIGHT RAIN
  FOG


RELATIVE HUMIDITY (PERCENT)
 HIGHEST    87           300 AM
 LOWEST     47           400 PM
 AVERAGE    67

..........................................................




SUNRISE AND SUNSET
MAY 26 2016...........SUNRISE   605 AM CDT   SUNSET   909 PM CDT
MAY 27 2016...........SUNRISE   604 AM CDT   SUNSET   909 PM CDT


-  INDICATES NEGATIVE NUMBERS.
R  INDICATES RECORD WAS SET OR TIED.
MM INDICATES DATA IS MISSING.
T  INDICATES TRACE AMOUNT.




$$
