000
CDUS43 KICT 240710
CLIICT

CLIMATE REPORT
NATIONAL WEATHER SERVICE WICHITA KS
109 AM CST SAT FEB 24 2018

...................................

...THE WICHITA EISENHOWER NATIONAL CLIMATE SUMMARY FOR FEBRUARY 23 2018...

CLIMATE NORMAL PERIOD 1981 TO 2010
CLIMATE RECORD PERIOD 1888 TO 2018


WEATHER ITEM   OBSERVED TIME   RECORD YEAR NORMAL DEPARTURE LAST
                VALUE   (LST)  VALUE       VALUE  FROM      YEAR
                                                  NORMAL
..................................................................
TEMPERATURE (F)
 YESTERDAY
  MAXIMUM         35    422 PM  82    1930  51    -16       73
  MINIMUM         32    952 PM   0    1889  29      3       41
  AVERAGE         34                        40     -6       57

PRECIPITATION (IN)
  YESTERDAY        0.04          1.31 2001   0.05  -0.01     0.00
  MONTH TO DATE    0.27                      0.94  -0.67     0.83
  SINCE DEC 1      0.50                      2.97  -2.47     4.28
  SINCE JAN 1      0.47                      1.77  -1.30     3.62

SNOWFALL (IN)
  YESTERDAY        0.0          10.2  2003   0.1   -0.1      0.0
  MONTH TO DATE    0.7                       2.8   -2.1      0.0
  SINCE DEC 1      1.0                      10.6   -9.6      2.0
  SINCE JUL 1      1.0                      12.0  -11.0      2.0
  SNOW DEPTH       0

DEGREE DAYS
 HEATING
  YESTERDAY       31                        25      6        8
  MONTH TO DATE  711                       657     54      416
  SINCE DEC 1   2528                      2641   -113     2275
  SINCE JUL 1   3258                      3517   -259     2728

 COOLING
  YESTERDAY        0                         0      0        0
  MONTH TO DATE    0                         0      0        0
  SINCE DEC 1      0                         0      0        0
  SINCE JAN 1      0                         0      0        0
..................................................................


WIND (MPH)
  HIGHEST WIND SPEED    15   HIGHEST WIND DIRECTION    NE (60)
  HIGHEST GUST SPEED    18   HIGHEST GUST DIRECTION    NE (60)
  AVERAGE WIND SPEED     7.9


SKY COVER
  POSSIBLE SUNSHINE  MM
  AVERAGE SKY COVER 1.0


WEATHER CONDITIONS
 THE FOLLOWING WEATHER WAS RECORDED YESTERDAY.
  LIGHT RAIN
  FOG


RELATIVE HUMIDITY (PERCENT)
 HIGHEST   100          1200 AM
 LOWEST     89           800 AM
 AVERAGE    95

..........................................................


THE WICHITA EISENHOWER NATIONAL CLIMATE NORMALS FOR TODAY
                         NORMAL    RECORD    YEAR
 MAXIMUM TEMPERATURE (F)   51        79      1956
                                             1930
 MINIMUM TEMPERATURE (F)   29        -4      1913


SUNRISE AND SUNSET
FEBRUARY 24 2018......SUNRISE   708 AM CST   SUNSET   618 PM CST
FEBRUARY 25 2018......SUNRISE   706 AM CST   SUNSET   619 PM CST


-  INDICATES NEGATIVE NUMBERS.
R  INDICATES RECORD WAS SET OR TIED.
MM INDICATES DATA IS MISSING.
T  INDICATES TRACE AMOUNT.

$$
