000
CDUS43 KICT 291245
CLIICT


CLIMATE REPORT
NATIONAL WEATHER SERVICE WICHITA KS
745 AM CDT SAT AUG 29 2015


...................................

...THE WICHITA EISENHOWER NATIONAL CLIMATE SUMMARY FOR AUGUST 28 2015...

CLIMATE NORMAL PERIOD 1981 TO 2010
CLIMATE RECORD PERIOD 1888 TO 2015


WEATHER ITEM   OBSERVED TIME   RECORD YEAR NORMAL DEPARTURE LAST
                VALUE   (LST)  VALUE       VALUE  FROM      YEAR
                                                  NORMAL
..................................................................
TEMPERATURE (F)
 YESTERDAY
  MAXIMUM         90    536 PM 107    1984  90      0       81
  MINIMUM         71    757 AM  53    1986  67      4       68
                                      1967
                                      1935
  AVERAGE         81                        78      3       75

PRECIPITATION (IN)
  YESTERDAY        0.03          1.82 1991   0.12  -0.09     0.12
  MONTH TO DATE    6.38                      3.33   3.05     2.24
  SINCE JUN 1     15.98                     11.85   4.13    15.77
  SINCE JAN 1     32.42                     23.71   8.71    21.84

SNOWFALL (IN)
  YESTERDAY        0.0           0.0  2007   0.0    0.0      0.0
  MONTH TO DATE    0.0                       0.0    0.0      0.0
  SINCE JUN 1      0.0                       0.0    0.0      0.0
  SINCE JUL 1      0.0                       0.0    0.0      0.0
  SNOW DEPTH       0

DEGREE DAYS
 HEATING
  YESTERDAY        0                         0      0        0
  MONTH TO DATE    0                         0      0        0
  SINCE JUN 1      0                         6     -6        1
  SINCE JUL 1      0                         0      0        1

 COOLING
  YESTERDAY       16                        13      3       10
  MONTH TO DATE  347                       427    -80      457
  SINCE JUN 1   1349                      1253     96     1182
  SINCE JAN 1   1462                      1389     73     1449
..................................................................


WIND (MPH)
  HIGHEST WIND SPEED    23   HIGHEST WIND DIRECTION    NE (40)
  HIGHEST GUST SPEED    29   HIGHEST GUST DIRECTION    NE (40)
  AVERAGE WIND SPEED    10.2


SKY COVER
  POSSIBLE SUNSHINE  MM
  AVERAGE SKY COVER 0.5


WEATHER CONDITIONS
 THE FOLLOWING WEATHER WAS RECORDED YESTERDAY.
  LIGHT RAIN


RELATIVE HUMIDITY (PERCENT)
 HIGHEST    90           600 AM
 LOWEST     52           400 PM
 AVERAGE    71

..........................................................


THE WICHITA EISENHOWER NATIONAL CLIMATE NORMALS FOR TODAY
                         NORMAL    RECORD    YEAR
 MAXIMUM TEMPERATURE (F)   89       110      1984
 MINIMUM TEMPERATURE (F)   67        45      1893


SUNRISE AND SUNSET
AUGUST 29 2015........SUNRISE   657 AM CDT   SUNSET   803 PM CDT
AUGUST 30 2015........SUNRISE   658 AM CDT   SUNSET   802 PM CDT


-  INDICATES NEGATIVE NUMBERS.
R  INDICATES RECORD WAS SET OR TIED.
MM INDICATES DATA IS MISSING.
T  INDICATES TRACE AMOUNT.




$$
