000
CDUS43 KICT 262305
CLIICT

CLIMATE REPORT
NATIONAL WEATHER SERVICE WICHITA KS
503 PM CST WED NOV 26 2014

...................................

...THE WICHITA MID CONTINENT CLIMATE SUMMARY FOR NOVEMBER 26 2014...
VALID TODAY AS OF 500 PM LOCAL TIME.

CLIMATE NORMAL PERIOD 1981 TO 2010
CLIMATE RECORD PERIOD 1888 TO 2014


WEATHER ITEM   OBSERVED TIME   RECORD YEAR NORMAL DEPARTURE LAST
                VALUE   (LST)  VALUE       VALUE  FROM      YEAR
                                                  NORMAL
..................................................................
TEMPERATURE (F)
 TODAY
  MAXIMUM         49   1232 PM  79    1910  51     -2       41
  MINIMUM         40    314 AM   1    1975  30     10       23
  AVERAGE         45                        40      5       32

PRECIPITATION (IN)
  TODAY            0.00          1.57 1935   0.04  -0.04     0.00
  MONTH TO DATE    0.45                      1.26  -0.81     0.60
  SINCE SEP 1      2.33                      7.18  -4.85     5.68
  SINCE JAN 1     24.31                     31.27  -6.96    39.85

SNOWFALL (IN)
  TODAY            0.0           3.0  1931   0.0    0.0      0.0
  MONTH TO DATE    1.8                       0.9    0.9       T
  SINCE SEP 1      1.8                       1.0    0.8       T
  SINCE JUL 1      1.8                       1.0    0.8       T
  SNOW DEPTH       0

DEGREE DAYS
 HEATING
  TODAY           20                        25     -5       33
  MONTH TO DATE  626                       484    142      517
  SINCE SEP 1    788                       769     19      770
  SINCE JUL 1    789                       770     19      771

 COOLING
  TODAY            0                         0      0        0
  MONTH TO DATE    0                         0      0        0
  SINCE SEP 1    353                       257     96      365
  SINCE JAN 1   1849                      1684    165     1778
..................................................................


WIND (MPH)
  HIGHEST WIND SPEED    33   HIGHEST WIND DIRECTION    NW (330)
  HIGHEST GUST SPEED    40   HIGHEST GUST DIRECTION    NW (310)
  AVERAGE WIND SPEED    17.7


SKY COVER
  POSSIBLE SUNSHINE  MM
  AVERAGE SKY COVER 0.7


WEATHER CONDITIONS
 THE FOLLOWING WEATHER WAS RECORDED TODAY.
  NO SIGNIFICANT WEATHER WAS OBSERVED.


RELATIVE HUMIDITY (PERCENT)
 HIGHEST    64           300 AM
 LOWEST     34          1200 PM
 AVERAGE    49

..........................................................


THE WICHITA MID CONTINENT CLIMATE NORMALS FOR TOMORROW
                         NORMAL    RECORD    YEAR
 MAXIMUM TEMPERATURE (F)   50        72      1933
                                             1905
 MINIMUM TEMPERATURE (F)   29         3      1975


SUNRISE AND SUNSET
NOVEMBER 26 2014......SUNRISE   721 AM CST   SUNSET   513 PM CST
NOVEMBER 27 2014......SUNRISE   722 AM CST   SUNSET   512 PM CST


-  INDICATES NEGATIVE NUMBERS.
R  INDICATES RECORD WAS SET OR TIED.
MM INDICATES DATA IS MISSING.
T  INDICATES TRACE AMOUNT.

$$
