000
CDUS45 KPIH 050732
CLIIDA


CLIMATE REPORT
NATIONAL WEATHER SERVICE POCATELLO ID
132 AM MDT SUN JUL 5 2015


...................................

...THE IDAHO FALLS ID CLIMATE SUMMARY FOR JULY 4 2015...

CLIMATE NORMAL PERIOD 1981 TO 2010
CLIMATE RECORD PERIOD 1948 TO 2015


WEATHER ITEM   OBSERVED TIME   RECORD YEAR NORMAL DEPARTURE LAST
                VALUE   (LST)  VALUE       VALUE  FROM      YEAR
                                                  NORMAL
..................................................................
TEMPERATURE (F)
 YESTERDAY
  MAXIMUM         94    308 PM  97    2014  83     11       97
  MINIMUM         53    449 AM  39    1983  49      4       51
  AVERAGE         74                        66      8       74

PRECIPITATION (IN)
  YESTERDAY        0.00          0.37 1961   0.02  -0.02     0.00
  MONTH TO DATE    0.00                      0.06  -0.06      T
  SINCE OCT 1      6.87                      8.57  -1.70     5.14
  SINCE JAN 1      5.41                      6.00  -0.59     3.84

SNOWFALL (IN)
  YESTERDAY       MM
  MONTH TO DATE   MM
  SINCE JUN 1     MM
  SINCE JUL 1     MM
  SNOW DEPTH      MM

DEGREE DAYS
 HEATING
  YESTERDAY        0                         2     -2        0
  MONTH TO DATE    0                         8     -8        2
  SINCE JUN 1     46                       161   -115      130
  SINCE JUL 1      0                         8     -8        2

 COOLING
  YESTERDAY        9                         3      6        9
  MONTH TO DATE   39                        11     28       18
  SINCE JUN 1    135                        41     94       27
  SINCE JAN 1    136                        43     93       28
..................................................................


WIND (MPH)
  HIGHEST WIND SPEED    20   HIGHEST WIND DIRECTION     S (180)
  HIGHEST GUST SPEED    25   HIGHEST GUST DIRECTION     S (190)
  AVERAGE WIND SPEED     7.3


SKY COVER
  POSSIBLE SUNSHINE  MM
  AVERAGE SKY COVER 0.0


WEATHER CONDITIONS
 THE FOLLOWING WEATHER WAS RECORDED YESTERDAY.
  HAZE


RELATIVE HUMIDITY (PERCENT)
 HIGHEST    93           500 AM
 LOWEST     10           300 PM
 AVERAGE    52

..........................................................


THE IDAHO FALLS ID CLIMATE NORMALS FOR TODAY
                         NORMAL    RECORD    YEAR
 MAXIMUM TEMPERATURE (F)   84        96      1990
 MINIMUM TEMPERATURE (F)   49        34      1999


SUNRISE AND SUNSET
JULY  5 2015..........SUNRISE   553 AM MDT   SUNSET   912 PM MDT
JULY  6 2015..........SUNRISE   554 AM MDT   SUNSET   912 PM MDT


-  INDICATES NEGATIVE NUMBERS.
R  INDICATES RECORD WAS SET OR TIED.
MM INDICATES DATA IS MISSING.
T  INDICATES TRACE AMOUNT.




$$
