000
CDUS45 KPIH 312323
CLIIDA


CLIMATE REPORT
NATIONAL WEATHER SERVICE POCATELLO ID
520 PM MDT WED AUG 31 2016


...................................

...THE IDAHO FALLS ID CLIMATE SUMMARY FOR AUGUST 31 2016...
VALID TODAY AS OF 0500 PM LOCAL TIME.

CLIMATE NORMAL PERIOD 1981 TO 2010
CLIMATE RECORD PERIOD 1948 TO 2016


WEATHER ITEM   OBSERVED TIME   RECORD YEAR NORMAL DEPARTURE LAST
                VALUE   (LST)  VALUE       VALUE  FROM      YEAR
                                                  NORMAL
..................................................................
TEMPERATURE (F)
 TODAY
  MAXIMUM         94R  1253 PM  94    1991  81     13       80
  MINIMUM         47    451 AM  30    1965  46      1       46
  AVERAGE         71                        63      8       63

PRECIPITATION (IN)
  TODAY            0.00          0.90 1963   0.02  -0.02     0.00
  MONTH TO DATE    0.09                      0.54  -0.45     1.21
  SINCE OCT 1      7.76                      9.55  -1.79     9.02
  SINCE JAN 1      5.44                      6.98  -1.54     7.56

SNOWFALL (IN)
  TODAY           MM
  MONTH TO DATE   MM
  SINCE JUN 1     MM
  SINCE JUL 1     MM
  SNOW DEPTH      MM

DEGREE DAYS
 HEATING
  TODAY            0                         3     -3        2
  MONTH TO DATE   44                        37      7       28
  SINCE JUN 1    151                       218    -67      116
  SINCE JUL 1     77                        65     12       70

 COOLING
  TODAY            6                         2      4        0
  MONTH TO DATE   68                        97    -29      106
  SINCE JUN 1    244                       250     -6      301
  SINCE JAN 1    244                       252     -8      302
..................................................................


WIND (MPH)
  HIGHEST WIND SPEED    18   HIGHEST WIND DIRECTION     S (200)
  HIGHEST GUST SPEED    25   HIGHEST GUST DIRECTION     S (200)
  AVERAGE WIND SPEED     8.0


SKY COVER
  POSSIBLE SUNSHINE  MM
  AVERAGE SKY COVER 0.3


WEATHER CONDITIONS
 THE FOLLOWING WEATHER WAS RECORDED TODAY.
  NO SIGNIFICANT WEATHER WAS OBSERVED.


RELATIVE HUMIDITY (PERCENT)
 HIGHEST    66           400 AM
 LOWEST     11          1200 PM
 AVERAGE    39

..........................................................


THE IDAHO FALLS ID CLIMATE NORMALS FOR TOMORROW
                         NORMAL    RECORD    YEAR
 MAXIMUM TEMPERATURE (F)   81        94      1983
 MINIMUM TEMPERATURE (F)   45        32      2006
                                             1965


SUNRISE AND SUNSET
AUGUST 31 2016........SUNRISE   652 AM MDT   SUNSET   804 PM MDT
SEPTEMBER  1 2016.....SUNRISE   653 AM MDT   SUNSET   803 PM MDT


-  INDICATES NEGATIVE NUMBERS.
R  INDICATES RECORD WAS SET OR TIED.
MM INDICATES DATA IS MISSING.
T  INDICATES TRACE AMOUNT.




$$
