000
CDUS45 KPIH 010731
CLIIDA


CLIMATE REPORT
NATIONAL WEATHER SERVICE POCATELLO ID
129 AM MDT WED OCT 1 2014


...................................

...THE IDAHO FALLS ID CLIMATE SUMMARY FOR SEPTEMBER 30 2014...

CLIMATE NORMAL PERIOD 1981 TO 2010
CLIMATE RECORD PERIOD 1948 TO 2014


WEATHER ITEM   OBSERVED TIME   RECORD YEAR NORMAL DEPARTURE LAST
                VALUE   (LST)  VALUE       VALUE  FROM      YEAR
                                                  NORMAL
..................................................................
TEMPERATURE (F)
 YESTERDAY
  MAXIMUM         59    407 PM  90    1957  67     -8       68
  MINIMUM         44   1159 PM  18    1985  35      9       46
  AVERAGE         52                        51      1       57

PRECIPITATION (IN)
  YESTERDAY        0.21          0.77 1971   0.03   0.18     0.02
  MONTH TO DATE    2.49                      0.84   1.65     2.32
  SINCE OCT 1     10.13                     10.39  -0.26     7.71
  SINCE JAN 1      8.83                      7.82   1.01     5.02

SNOWFALL (IN)
  YESTERDAY       MM
  MONTH TO DATE   MM
  SINCE SEP 1     MM
  SINCE JUL 1     MM
  SNOW DEPTH      MM

DEGREE DAYS
 HEATING
  YESTERDAY       13                        14     -1        8
  MONTH TO DATE  157                       242    -85      159
  SINCE SEP 1    157                       243    -86      159
  SINCE JUL 1    212                       308    -96      159

 COOLING
  YESTERDAY        0                         0      0        0
  MONTH TO DATE   21                        12      9       50
  SINCE SEP 1     21                        12      9       50
  SINCE JAN 1    303                       264     39      510
..................................................................


WIND (MPH)
  HIGHEST WIND SPEED    26   HIGHEST WIND DIRECTION    SW (210)
  HIGHEST GUST SPEED    34   HIGHEST GUST DIRECTION    SW (210)
  AVERAGE WIND SPEED    15.5


SKY COVER
  POSSIBLE SUNSHINE  MM
  AVERAGE SKY COVER 0.9


WEATHER CONDITIONS
 THE FOLLOWING WEATHER WAS RECORDED YESTERDAY.
  RAIN
  LIGHT RAIN
  FOG


RELATIVE HUMIDITY (PERCENT)
 HIGHEST    93           200 AM
 LOWEST     47           500 PM
 AVERAGE    70

..........................................................


THE IDAHO FALLS ID CLIMATE NORMALS FOR TODAY
                         NORMAL    RECORD    YEAR
 MAXIMUM TEMPERATURE (F)   67        87      1992
 MINIMUM TEMPERATURE (F)   35        21      1985


SUNRISE AND SUNSET
OCTOBER  1 2014.......SUNRISE   726 AM MDT   SUNSET   709 PM MDT
OCTOBER  2 2014.......SUNRISE   727 AM MDT   SUNSET   707 PM MDT


-  INDICATES NEGATIVE NUMBERS.
R  INDICATES RECORD WAS SET OR TIED.
MM INDICATES DATA IS MISSING.
T  INDICATES TRACE AMOUNT.




$$
