000
CDUS45 KPIH 270738
CLIIDA


CLIMATE REPORT
NATIONAL WEATHER SERVICE POCATELLO ID
1236 AM MST SAT DEC 27 2014


...................................

...THE IDAHO FALLS ID CLIMATE SUMMARY FOR DECEMBER 26 2014...

CLIMATE NORMAL PERIOD 1981 TO 2010
CLIMATE RECORD PERIOD 1948 TO 2014


WEATHER ITEM   OBSERVED TIME   RECORD YEAR NORMAL DEPARTURE LAST
                VALUE   (LST)  VALUE       VALUE  FROM      YEAR
                                                  NORMAL
..................................................................
TEMPERATURE (F)
 YESTERDAY
  MAXIMUM         21    410 PM  53    1980  28     -7       23
  MINIMUM         -4    802 AM -13    1988  11    -15        4
  AVERAGE          9                        19    -10       14

PRECIPITATION (IN)
  YESTERDAY        T             0.27 1955   0.03  -0.03     0.00
  MONTH TO DATE    0.77                      0.74   0.03     0.13
  SINCE OCT 1      1.33                      2.44  -1.11     1.28
  SINCE JAN 1     10.16                     10.26  -0.10     6.30

SNOWFALL (IN)
  YESTERDAY       MM
  MONTH TO DATE   MM
  SINCE DEC 1     MM
  SINCE JUL 1     MM
  SNOW DEPTH      MM

DEGREE DAYS
 HEATING
  YESTERDAY       56                        46     10       51
  MONTH TO DATE  831                      1142   -311     1305
  SINCE DEC 1    831                      1142   -311     1305
  SINCE JUL 1   2520                      3045   -525     3029

 COOLING
  YESTERDAY        0                         0      0        0
  MONTH TO DATE    0                         0      0        0
  SINCE DEC 1      0                         0      0        0
  SINCE JAN 1    303                       264     39      510
..................................................................


WIND (MPH)
  HIGHEST WIND SPEED    13   HIGHEST WIND DIRECTION    SW (220)
  HIGHEST GUST SPEED    15   HIGHEST GUST DIRECTION    SW (220)
  AVERAGE WIND SPEED     5.3


SKY COVER
  POSSIBLE SUNSHINE  MM
  AVERAGE SKY COVER 0.5


WEATHER CONDITIONS
 THE FOLLOWING WEATHER WAS RECORDED YESTERDAY.
  FOG
  FOG W/VISIBILITY <= 1/4 MILE
  HAZE


RELATIVE HUMIDITY (PERCENT)
 HIGHEST    95           500 AM
 LOWEST     67          1200 AM
 AVERAGE    81

..........................................................


THE IDAHO FALLS ID CLIMATE NORMALS FOR TODAY
                         NORMAL    RECORD    YEAR
 MAXIMUM TEMPERATURE (F)   28        53      1980
 MINIMUM TEMPERATURE (F)   11       -17      1954


SUNRISE AND SUNSET
DECEMBER 27 2014......SUNRISE   800 AM MST   SUNSET   458 PM MST
DECEMBER 28 2014......SUNRISE   801 AM MST   SUNSET   459 PM MST


-  INDICATES NEGATIVE NUMBERS.
R  INDICATES RECORD WAS SET OR TIED.
MM INDICATES DATA IS MISSING.
T  INDICATES TRACE AMOUNT.




$$
