000
CDUS45 KPIH 220729
CLIIDA


CLIMATE REPORT
NATIONAL WEATHER SERVICE POCATELLO ID
129 AM MDT SUN OCT 22 2017


...................................

...THE IDAHO FALLS ID CLIMATE SUMMARY FOR OCTOBER 21 2017...

CLIMATE NORMAL PERIOD 1981 TO 2010
CLIMATE RECORD PERIOD 1948 TO 2017


WEATHER ITEM   OBSERVED TIME   RECORD YEAR NORMAL DEPARTURE LAST
                VALUE   (LST)  VALUE       VALUE  FROM      YEAR
                                                  NORMAL
..................................................................
TEMPERATURE (F)
 YESTERDAY
  MAXIMUM         44    900 PM  77    2003  57    -13       62
  MINIMUM         31    539 AM  19    1999  30      1       28
  AVERAGE         38                        43     -5       45

PRECIPITATION (IN)
  YESTERDAY        0.04          0.80 1961   0.02   0.02     0.00
  MONTH TO DATE    0.88                      0.57   0.31     1.56
  SINCE OCT 1      0.88                      0.57   0.31     1.56
  SINCE JAN 1      9.87                      8.39   1.48     8.78

SNOWFALL (IN)
  YESTERDAY       MM
  MONTH TO DATE   MM
  SINCE SEP 1     MM
  SINCE JUL 1     MM
  SNOW DEPTH      MM

DEGREE DAYS
 HEATING
  YESTERDAY       27                        22      5       20
  MONTH TO DATE  479                       378    101      384
  SINCE SEP 1    754                       621    133      624
  SINCE JUL 1    763                       686     77      701

 COOLING
  YESTERDAY        0                         0      0        0
  MONTH TO DATE    0                         0      0        0
  SINCE SEP 1     40                        12     28       16
  SINCE JAN 1    362                       264     98      260
..................................................................


WIND (MPH)
  HIGHEST WIND SPEED    26   HIGHEST WIND DIRECTION    SW (220)
  HIGHEST GUST SPEED    33   HIGHEST GUST DIRECTION    SW (220)
  AVERAGE WIND SPEED    17.1


SKY COVER
  POSSIBLE SUNSHINE  MM
  AVERAGE SKY COVER 0.7


WEATHER CONDITIONS
 THE FOLLOWING WEATHER WAS RECORDED YESTERDAY.
  LIGHT RAIN


RELATIVE HUMIDITY (PERCENT)
 HIGHEST    92          1100 PM
 LOWEST     41           500 PM
 AVERAGE    67

..........................................................


THE IDAHO FALLS ID CLIMATE NORMALS FOR TODAY
                         NORMAL    RECORD    YEAR
 MAXIMUM TEMPERATURE (F)   57        79      2003
 MINIMUM TEMPERATURE (F)   30        17      2008


SUNRISE AND SUNSET
OCTOBER 22 2017.......SUNRISE   751 AM MDT   SUNSET   633 PM MDT
OCTOBER 23 2017.......SUNRISE   753 AM MDT   SUNSET   632 PM MDT


-  INDICATES NEGATIVE NUMBERS.
R  INDICATES RECORD WAS SET OR TIED.
MM INDICATES DATA IS MISSING.
T  INDICATES TRACE AMOUNT.




$$
