000
CDUS45 KPIH 252332
CLIIDA


CLIMATE REPORT
NATIONAL WEATHER SERVICE POCATELLO ID
524 PM MDT SAT OCT 25 2014


...................................

...THE IDAHO FALLS ID CLIMATE SUMMARY FOR OCTOBER 25 2014...
VALID TODAY AS OF 0500 PM LOCAL TIME.

CLIMATE NORMAL PERIOD 1981 TO 2010
CLIMATE RECORD PERIOD 1948 TO 2014


WEATHER ITEM   OBSERVED TIME   RECORD YEAR NORMAL DEPARTURE LAST
                VALUE   (LST)  VALUE       VALUE  FROM      YEAR
                                                  NORMAL
..................................................................
TEMPERATURE (F)
 TODAY
  MAXIMUM         76R   156 PM  71    2005  55     21       65
                                      1990
  MINIMUM         32    704 AM  17    2003  29      3       25
  AVERAGE         54                        42     12       45

PRECIPITATION (IN)
  TODAY            0.00          0.28 2012   0.03  -0.03     0.00
  MONTH TO DATE    0.03                      0.68  -0.65     0.51
  SINCE OCT 1      0.03                      0.68  -0.65     0.51
  SINCE JAN 1      8.86                      8.50   0.36     5.53

SNOWFALL (IN)
  TODAY           MM
  MONTH TO DATE   MM
  SINCE SEP 1     MM
  SINCE JUL 1     MM
  SNOW DEPTH      MM

DEGREE DAYS
 HEATING
  TODAY           11                        23    -12       20
  MONTH TO DATE  338                       468   -130      532
  SINCE SEP 1    495                       711   -216      691
  SINCE JUL 1    550                       776   -226      691

 COOLING
  TODAY            0                         0      0        0
  MONTH TO DATE    0                         0      0        0
  SINCE SEP 1     21                        12      9       50
  SINCE JAN 1    303                       264     39      510
..................................................................


WIND (MPH)
  HIGHEST WIND SPEED    32   HIGHEST WIND DIRECTION    SW (220)
  HIGHEST GUST SPEED    38   HIGHEST GUST DIRECTION    SW (220)
  AVERAGE WIND SPEED    10.6


SKY COVER
  POSSIBLE SUNSHINE  MM
  AVERAGE SKY COVER 0.0


WEATHER CONDITIONS
 THE FOLLOWING WEATHER WAS RECORDED TODAY.
  SANDSTORM


RELATIVE HUMIDITY (PERCENT)
 HIGHEST    82           700 AM
 LOWEST     19           100 PM
 AVERAGE    51

..........................................................


THE IDAHO FALLS ID CLIMATE NORMALS FOR TOMORROW
                         NORMAL    RECORD    YEAR
 MAXIMUM TEMPERATURE (F)   55        71      1999
 MINIMUM TEMPERATURE (F)   29        17      2011


SUNRISE AND SUNSET
OCTOBER 25 2014.......SUNRISE   755 AM MDT   SUNSET   629 PM MDT
OCTOBER 26 2014.......SUNRISE   756 AM MDT   SUNSET   628 PM MDT


-  INDICATES NEGATIVE NUMBERS.
R  INDICATES RECORD WAS SET OR TIED.
MM INDICATES DATA IS MISSING.
T  INDICATES TRACE AMOUNT.




$$
