000
CDUS45 KPIH 270740
CLIIDA


CLIMATE REPORT
NATIONAL WEATHER SERVICE POCATELLO ID
137 AM MDT WED MAY 27 2015


...................................

...THE IDAHO FALLS ID CLIMATE SUMMARY FOR MAY 26 2015...

CLIMATE NORMAL PERIOD 1981 TO 2010
CLIMATE RECORD PERIOD 1948 TO 2015


WEATHER ITEM   OBSERVED TIME   RECORD YEAR NORMAL DEPARTURE LAST
                VALUE   (LST)  VALUE       VALUE  FROM      YEAR
                                                  NORMAL
..................................................................
TEMPERATURE (F)
 YESTERDAY
  MAXIMUM         67    255 PM  85    2014  70     -3       85
                                      1988
  MINIMUM         43    515 AM  25    1975  42      1       46
  AVERAGE         55                        56     -1       66

PRECIPITATION (IN)
  YESTERDAY        0.42          0.97 1981   0.05   0.37     0.00
  MONTH TO DATE    3.71                      1.25   2.46     0.17
  SINCE OCT 1      6.10                      7.17  -1.07     4.73
  SINCE JAN 1      4.64                      4.60   0.04     3.43

SNOWFALL (IN)
  YESTERDAY       MM
  MONTH TO DATE   MM
  SINCE MAR 1     MM
  SINCE JUL 1     MM
  SNOW DEPTH      MM

DEGREE DAYS
 HEATING
  YESTERDAY       10                        10      0        0
  MONTH TO DATE  274                       334    -60      281
  SINCE MAR 1   1541                      1845   -304     1673
  SINCE JUL 1   6359                      7647  -1288     7190

 COOLING
  YESTERDAY        0                         0      0        1
  MONTH TO DATE    0                         0      0        1
  SINCE MAR 1      0                         0      0        1
  SINCE JAN 1      0                         0      0        1
..................................................................


WIND (MPH)
  HIGHEST WIND SPEED    21   HIGHEST WIND DIRECTION    SE (130)
  HIGHEST GUST SPEED    25   HIGHEST GUST DIRECTION    SW (210)
  AVERAGE WIND SPEED     9.8


SKY COVER
  POSSIBLE SUNSHINE  MM
  AVERAGE SKY COVER 0.8


WEATHER CONDITIONS
 THE FOLLOWING WEATHER WAS RECORDED YESTERDAY.
  THUNDERSTORM
  HEAVY RAIN
  RAIN
  LIGHT RAIN
  FOG


RELATIVE HUMIDITY (PERCENT)
 HIGHEST    96           500 AM
 LOWEST     48           300 PM
 AVERAGE    72

..........................................................


THE IDAHO FALLS ID CLIMATE NORMALS FOR TODAY
                         NORMAL    RECORD    YEAR
 MAXIMUM TEMPERATURE (F)   70        88      1966
 MINIMUM TEMPERATURE (F)   42        29      1973


SUNRISE AND SUNSET
MAY 27 2015...........SUNRISE   553 AM MDT   SUNSET   858 PM MDT
MAY 28 2015...........SUNRISE   553 AM MDT   SUNSET   859 PM MDT


-  INDICATES NEGATIVE NUMBERS.
R  INDICATES RECORD WAS SET OR TIED.
MM INDICATES DATA IS MISSING.
T  INDICATES TRACE AMOUNT.




$$
