000
CDUS45 KPIH 250730
CLIIDA


CLIMATE REPORT
NATIONAL WEATHER SERVICE POCATELLO ID
130 AM MDT TUE APR 25 2017


...................................

...THE IDAHO FALLS ID CLIMATE SUMMARY FOR APRIL 24 2017...

CLIMATE NORMAL PERIOD 1981 TO 2010
CLIMATE RECORD PERIOD 1948 TO 2017


WEATHER ITEM   OBSERVED TIME   RECORD YEAR NORMAL DEPARTURE LAST
                VALUE   (LST)  VALUE       VALUE  FROM      YEAR
                                                  NORMAL
..................................................................
TEMPERATURE (F)
 YESTERDAY
  MAXIMUM         48    530 PM  81    1977  61    -13       55
  MINIMUM         39   1159 PM  19    2002  33      6       41
                                      1950
  AVERAGE         44                        47     -3       48

PRECIPITATION (IN)
  YESTERDAY        0.28          0.54 1971   0.05   0.23     0.04
  MONTH TO DATE    0.51                      0.85  -0.34     0.57
  SINCE OCT 1      7.27                      5.63   1.64     5.56
  SINCE JAN 1      2.99                      3.06  -0.07     3.24

SNOWFALL (IN)
  YESTERDAY       MM
  MONTH TO DATE   MM
  SINCE MAR 1     MM
  SINCE JUL 1     MM
  SNOW DEPTH      MM

DEGREE DAYS
 HEATING
  YESTERDAY       21                        18      3       17
  MONTH TO DATE  503                       506     -3      382
  SINCE MAR 1   1237                      1408   -171     1177
  SINCE JUL 1   7034                      7210   -176     6759

 COOLING
  YESTERDAY        0                         0      0        0
  MONTH TO DATE    0                         0      0        0
  SINCE MAR 1      0                         0      0        0
  SINCE JAN 1      0                         0      0        0
..................................................................


WIND (MPH)
  HIGHEST WIND SPEED    22   HIGHEST WIND DIRECTION    SW (210)
  HIGHEST GUST SPEED    29   HIGHEST GUST DIRECTION    SW (230)
  AVERAGE WIND SPEED    13.2


SKY COVER
  POSSIBLE SUNSHINE  MM
  AVERAGE SKY COVER 1.0


WEATHER CONDITIONS
 THE FOLLOWING WEATHER WAS RECORDED YESTERDAY.
  RAIN
  LIGHT RAIN
  FOG


RELATIVE HUMIDITY (PERCENT)
 HIGHEST    96           300 PM
 LOWEST     61          1200 AM
 AVERAGE    79

..........................................................


THE IDAHO FALLS ID CLIMATE NORMALS FOR TODAY
                         NORMAL    RECORD    YEAR
 MAXIMUM TEMPERATURE (F)   61        82      1977
 MINIMUM TEMPERATURE (F)   33        23      2009


SUNRISE AND SUNSET
APRIL 25 2017.........SUNRISE   629 AM MDT   SUNSET   824 PM MDT
APRIL 26 2017.........SUNRISE   628 AM MDT   SUNSET   825 PM MDT


-  INDICATES NEGATIVE NUMBERS.
R  INDICATES RECORD WAS SET OR TIED.
MM INDICATES DATA IS MISSING.
T  INDICATES TRACE AMOUNT.




$$
