000
CDUS45 KPIH 180732
CLIIDA


CLIMATE REPORT
NATIONAL WEATHER SERVICE POCATELLO ID
131 AM MDT FRI AUG 18 2017


...................................

...THE IDAHO FALLS ID CLIMATE SUMMARY FOR AUGUST 17 2017...

CLIMATE NORMAL PERIOD 1981 TO 2010
CLIMATE RECORD PERIOD 1948 TO 2017


WEATHER ITEM   OBSERVED TIME   RECORD YEAR NORMAL DEPARTURE LAST
                VALUE   (LST)  VALUE       VALUE  FROM      YEAR
                                                  NORMAL
..................................................................
TEMPERATURE (F)
 YESTERDAY
  MAXIMUM         85    454 PM  95    2013  86     -1       94
  MINIMUM         53    600 AM  39    1985  48      5       47
  AVERAGE         69                        67      2       71

PRECIPITATION (IN)
  YESTERDAY        0.00          0.25 2004   0.02  -0.02     0.00
  MONTH TO DATE    0.03                      0.26  -0.23     0.09
  SINCE OCT 1     10.37                      9.27   1.10     7.76
  SINCE JAN 1      6.09                      6.70  -0.61     5.44

SNOWFALL (IN)
  YESTERDAY       MM
  MONTH TO DATE   MM
  SINCE JUN 1     MM
  SINCE JUL 1     MM
  SNOW DEPTH      MM

DEGREE DAYS
 HEATING
  YESTERDAY        0                         1     -1        0
  MONTH TO DATE    9                         9      0       14
  SINCE JUN 1    117                       189    -72      121
  SINCE JUL 1      9                        36    -27       47

 COOLING
  YESTERDAY        4                         3      1        6
  MONTH TO DATE   53                        64    -11       46
  SINCE JUN 1    287                       217     70      222
  SINCE JAN 1    289                       219     70      222
..................................................................


WIND (MPH)
  HIGHEST WIND SPEED    22   HIGHEST WIND DIRECTION     S (200)
  HIGHEST GUST SPEED    28   HIGHEST GUST DIRECTION     S (200)
  AVERAGE WIND SPEED    12.2


SKY COVER
  POSSIBLE SUNSHINE  MM
  AVERAGE SKY COVER 0.0


WEATHER CONDITIONS
 THE FOLLOWING WEATHER WAS RECORDED YESTERDAY.
  NO SIGNIFICANT WEATHER WAS OBSERVED.


RELATIVE HUMIDITY (PERCENT)
 HIGHEST    64           600 AM
 LOWEST     16           400 PM
 AVERAGE    40

..........................................................


THE IDAHO FALLS ID CLIMATE NORMALS FOR TODAY
                         NORMAL    RECORD    YEAR
 MAXIMUM TEMPERATURE (F)   86        94      1986
 MINIMUM TEMPERATURE (F)   48        35      1978


SUNRISE AND SUNSET
AUGUST 18 2017........SUNRISE   637 AM MDT   SUNSET   826 PM MDT
AUGUST 19 2017........SUNRISE   638 AM MDT   SUNSET   825 PM MDT


-  INDICATES NEGATIVE NUMBERS.
R  INDICATES RECORD WAS SET OR TIED.
MM INDICATES DATA IS MISSING.
T  INDICATES TRACE AMOUNT.




$$
