000
CDUS45 KPIH 052325
CLIIDA


CLIMATE REPORT
NATIONAL WEATHER SERVICE POCATELLO ID
523 PM MDT THU MAY 5 2016


...................................

...THE IDAHO FALLS ID CLIMATE SUMMARY FOR MAY 5 2016...
VALID TODAY AS OF 0500 PM LOCAL TIME.

CLIMATE NORMAL PERIOD 1981 TO 2010
CLIMATE RECORD PERIOD 1948 TO 2016


WEATHER ITEM   OBSERVED TIME   RECORD YEAR NORMAL DEPARTURE LAST
                VALUE   (LST)  VALUE       VALUE  FROM      YEAR
                                                  NORMAL
..................................................................
TEMPERATURE (F)
 TODAY
  MAXIMUM         83    251 PM  85    1966  64     19       74
  MINIMUM         44    602 AM  17    1982  36      8       42
  AVERAGE         64                        50     14       58

PRECIPITATION (IN)
  TODAY            0.00          0.35 1993   0.04  -0.04     0.10
  MONTH TO DATE    0.00                      0.23  -0.23     0.12
  SINCE OCT 1      5.59                      6.15  -0.56     2.51
  SINCE JAN 1      3.27                      3.58  -0.31     1.05

SNOWFALL (IN)
  TODAY           MM
  MONTH TO DATE   MM
  SINCE MAR 1     MM
  SINCE JUL 1     MM
  SNOW DEPTH      MM

DEGREE DAYS
 HEATING
  TODAY            1                        15    -14        7
  MONTH TO DATE   54                        78    -24       35
  SINCE MAR 1   1346                      1589   -243     1302
  SINCE JUL 1   6928                      7391   -463     6120

 COOLING
  TODAY            0                         0      0        0
  MONTH TO DATE    0                         0      0        0
  SINCE MAR 1      0                         0      0        0
  SINCE JAN 1      0                         0      0        0
..................................................................


WIND (MPH)
  HIGHEST WIND SPEED    20   HIGHEST WIND DIRECTION     S (160)
  HIGHEST GUST SPEED    26   HIGHEST GUST DIRECTION     S (160)
  AVERAGE WIND SPEED     5.8


SKY COVER
  POSSIBLE SUNSHINE  MM
  AVERAGE SKY COVER 0.3


WEATHER CONDITIONS
 THE FOLLOWING WEATHER WAS RECORDED TODAY.
  NO SIGNIFICANT WEATHER WAS OBSERVED.


RELATIVE HUMIDITY (PERCENT)
 HIGHEST    71           200 AM
 LOWEST     12           200 PM
 AVERAGE    42

..........................................................


THE IDAHO FALLS ID CLIMATE NORMALS FOR TOMORROW
                         NORMAL    RECORD    YEAR
 MAXIMUM TEMPERATURE (F)   64        86      1992
 MINIMUM TEMPERATURE (F)   36        25      2001


SUNRISE AND SUNSET
MAY  5 2016...........SUNRISE   615 AM MDT   SUNSET   836 PM MDT
MAY  6 2016...........SUNRISE   613 AM MDT   SUNSET   837 PM MDT


-  INDICATES NEGATIVE NUMBERS.
R  INDICATES RECORD WAS SET OR TIED.
MM INDICATES DATA IS MISSING.
T  INDICATES TRACE AMOUNT.




$$
