000
CDUS45 KPIH 222324
CLIIDA


CLIMATE REPORT
NATIONAL WEATHER SERVICE POCATELLO ID
521 PM MDT MON MAY 22 2017


...................................

...THE IDAHO FALLS ID CLIMATE SUMMARY FOR MAY 22 2017...
VALID TODAY AS OF 0500 PM LOCAL TIME.

CLIMATE NORMAL PERIOD 1981 TO 2010
CLIMATE RECORD PERIOD 1948 TO 2017


WEATHER ITEM   OBSERVED TIME   RECORD YEAR NORMAL DEPARTURE LAST
                VALUE   (LST)  VALUE       VALUE  FROM      YEAR
                                                  NORMAL
..................................................................
TEMPERATURE (F)
 TODAY
  MAXIMUM         75    320 PM  87    1967  69      6       59
  MINIMUM         35    525 AM  29    1966  41     -6       32
  AVERAGE         55                        54      1       46

PRECIPITATION (IN)
  TODAY            0.00          0.56 1971   0.05  -0.05      T
  MONTH TO DATE    0.34                      1.05  -0.71     1.34
  SINCE OCT 1      8.13                      6.97   1.16     6.93
  SINCE JAN 1      3.85                      4.40  -0.55     4.61

SNOWFALL (IN)
  TODAY           MM
  MONTH TO DATE   MM
  SINCE MAR 1     MM
  SINCE JUL 1     MM
  SNOW DEPTH      MM

DEGREE DAYS
 HEATING
  TODAY           10                        11     -1       19
  MONTH TO DATE  283                       294    -11      254
  SINCE MAR 1   1651                      1805   -154     1546
  SINCE JUL 1   7448                      7607   -159     7128

 COOLING
  TODAY            0                         0      0        0
  MONTH TO DATE    0                         0      0        0
  SINCE MAR 1      0                         0      0        0
  SINCE JAN 1      0                         0      0        0
..................................................................


WIND (MPH)
  HIGHEST WIND SPEED    17   HIGHEST WIND DIRECTION     W (280)
  HIGHEST GUST SPEED    22   HIGHEST GUST DIRECTION     W (280)
  AVERAGE WIND SPEED     5.8


SKY COVER
  POSSIBLE SUNSHINE  MM
  AVERAGE SKY COVER 0.2


WEATHER CONDITIONS
 THE FOLLOWING WEATHER WAS RECORDED TODAY.
  NO SIGNIFICANT WEATHER WAS OBSERVED.


RELATIVE HUMIDITY (PERCENT)
 HIGHEST    92           500 AM
 LOWEST     22           200 PM
 AVERAGE    57

..........................................................


THE IDAHO FALLS ID CLIMATE NORMALS FOR TOMORROW
                         NORMAL    RECORD    YEAR
 MAXIMUM TEMPERATURE (F)   69        88      1979
 MINIMUM TEMPERATURE (F)   41        25      1966


SUNRISE AND SUNSET
MAY 22 2017...........SUNRISE   557 AM MDT   SUNSET   854 PM MDT
MAY 23 2017...........SUNRISE   556 AM MDT   SUNSET   855 PM MDT


-  INDICATES NEGATIVE NUMBERS.
R  INDICATES RECORD WAS SET OR TIED.
MM INDICATES DATA IS MISSING.
T  INDICATES TRACE AMOUNT.




$$
