589
CDUS45 KPIH 040729
CLIIDA


CLIMATE REPORT
NATIONAL WEATHER SERVICE POCATELLO ID
1229 AM MST SUN DEC 4 2016


...................................

...THE IDAHO FALLS ID CLIMATE SUMMARY FOR DECEMBER 3 2016...

CLIMATE NORMAL PERIOD 1981 TO 2010
CLIMATE RECORD PERIOD 1948 TO 2016


WEATHER ITEM   OBSERVED TIME   RECORD YEAR NORMAL DEPARTURE LAST
                VALUE   (LST)  VALUE       VALUE  FROM      YEAR
                                                  NORMAL
..................................................................
TEMPERATURE (F)
 YESTERDAY
  MAXIMUM         31   1039 PM  56    1987  32     -1       36
  MINIMUM         24    410 AM -15    1992  15      9       14
  AVERAGE         28                        24      4       25

PRECIPITATION (IN)
  YESTERDAY        T             0.59 1972   0.03  -0.03     0.00
  MONTH TO DATE    0.03                      0.10  -0.07     0.00
  SINCE OCT 1      2.98                      1.80   1.18     1.93
  SINCE JAN 1     10.20                      9.62   0.58    10.01

SNOWFALL (IN)
  YESTERDAY       MM
  MONTH TO DATE   MM
  SINCE DEC 1     MM
  SINCE JUL 1     MM
  SNOW DEPTH      MM

DEGREE DAYS
 HEATING
  YESTERDAY       37                        41     -4       40
  MONTH TO DATE  127                       122      5      147
  SINCE DEC 1    127                       122      5      147
  SINCE JUL 1   1745                      2025   -280     1847

 COOLING
  YESTERDAY        0                         0      0        0
  MONTH TO DATE    0                         0      0        0
  SINCE DEC 1      0                         0      0        0
  SINCE JAN 1    260                       264     -4      326
..................................................................


WIND (MPH)
  HIGHEST WIND SPEED    18   HIGHEST WIND DIRECTION    SW (210)
  HIGHEST GUST SPEED    22   HIGHEST GUST DIRECTION    SW (220)
  AVERAGE WIND SPEED     9.6


SKY COVER
  POSSIBLE SUNSHINE  MM
  AVERAGE SKY COVER 1.0


WEATHER CONDITIONS
 THE FOLLOWING WEATHER WAS RECORDED YESTERDAY.
  NO SIGNIFICANT WEATHER WAS OBSERVED.


RELATIVE HUMIDITY (PERCENT)
 HIGHEST    88           800 PM
 LOWEST     63          1200 PM
 AVERAGE    76

..........................................................


THE IDAHO FALLS ID CLIMATE NORMALS FOR TODAY
                         NORMAL    RECORD    YEAR
 MAXIMUM TEMPERATURE (F)   32        53      2007
 MINIMUM TEMPERATURE (F)   15       -19      1992


SUNRISE AND SUNSET
DECEMBER  4 2016......SUNRISE   745 AM MST   SUNSET   452 PM MST
DECEMBER  5 2016......SUNRISE   746 AM MST   SUNSET   452 PM MST


-  INDICATES NEGATIVE NUMBERS.
R  INDICATES RECORD WAS SET OR TIED.
MM INDICATES DATA IS MISSING.
T  INDICATES TRACE AMOUNT.




$$
