000
CDUS45 KPIH 122326
CLIIDA


CLIMATE REPORT
NATIONAL WEATHER SERVICE POCATELLO ID
425 PM MST FRI FEB 12 2016


...................................

...THE IDAHO FALLS ID CLIMATE SUMMARY FOR FEBRUARY 12 2016...
VALID TODAY AS OF 0400 PM LOCAL TIME.

CLIMATE NORMAL PERIOD 1981 TO 2010
CLIMATE RECORD PERIOD 1948 TO 2016


WEATHER ITEM   OBSERVED TIME   RECORD YEAR NORMAL DEPARTURE LAST
                VALUE   (LST)  VALUE       VALUE  FROM      YEAR
                                                  NORMAL
..................................................................
TEMPERATURE (F)
 TODAY
  MAXIMUM         32    331 PM  53    2015  33     -1       53
  MINIMUM         11    808 AM -22    1949  14     -3       32
  AVERAGE         22                        23     -1       43

PRECIPITATION (IN)
  TODAY            0.00          0.24 1962   0.02  -0.02     0.00
  MONTH TO DATE    0.07                      0.25  -0.18     0.17
  SINCE OCT 1      3.34                      3.51  -0.17     1.91
  SINCE JAN 1      1.02                      0.94   0.08     0.45

SNOWFALL (IN)
  TODAY           MM
  MONTH TO DATE   MM
  SINCE DEC 1     MM
  SINCE JUL 1     MM
  SNOW DEPTH      MM

DEGREE DAYS
 HEATING
  TODAY           43                        42      1       22
  MONTH TO DATE  588                       517     71      288
  SINCE DEC 1   3324                      3277     47     2635
  SINCE JUL 1   5024                      5180   -156     4324

 COOLING
  TODAY            0                         0      0        0
  MONTH TO DATE    0                         0      0        0
  SINCE DEC 1      0                         0      0        0
  SINCE JAN 1      0                         0      0        0
..................................................................


WIND (MPH)
  HIGHEST WIND SPEED     9   HIGHEST WIND DIRECTION     N (360)
  HIGHEST GUST SPEED    12   HIGHEST GUST DIRECTION     N (360)
  AVERAGE WIND SPEED     5.1


SKY COVER
  POSSIBLE SUNSHINE  MM
  AVERAGE SKY COVER 0.5


WEATHER CONDITIONS
 THE FOLLOWING WEATHER WAS RECORDED TODAY.
  FOG
  HAZE


RELATIVE HUMIDITY (PERCENT)
 HIGHEST   100           300 AM
 LOWEST     75          1100 AM
 AVERAGE    88

..........................................................


THE IDAHO FALLS ID CLIMATE NORMALS FOR TOMORROW
                         NORMAL    RECORD    YEAR
 MAXIMUM TEMPERATURE (F)   33        55      2015
 MINIMUM TEMPERATURE (F)   14       -28      1949


SUNRISE AND SUNSET
FEBRUARY 12 2016......SUNRISE   731 AM MST   SUNSET   554 PM MST
FEBRUARY 13 2016......SUNRISE   730 AM MST   SUNSET   556 PM MST


-  INDICATES NEGATIVE NUMBERS.
R  INDICATES RECORD WAS SET OR TIED.
MM INDICATES DATA IS MISSING.
T  INDICATES TRACE AMOUNT.




$$
