000
CDUS45 KPIH 310730
CLIIDA


CLIMATE REPORT
NATIONAL WEATHER SERVICE POCATELLO ID
130 AM MDT FRI OCT 31 2014


...................................

...THE IDAHO FALLS ID CLIMATE SUMMARY FOR OCTOBER 30 2014...

CLIMATE NORMAL PERIOD 1981 TO 2010
CLIMATE RECORD PERIOD 1948 TO 2014


WEATHER ITEM   OBSERVED TIME   RECORD YEAR NORMAL DEPARTURE LAST
                VALUE   (LST)  VALUE       VALUE  FROM      YEAR
                                                  NORMAL
..................................................................
TEMPERATURE (F)
 YESTERDAY
  MAXIMUM         67    249 PM  68    2008  53     14       41
                                      1962
  MINIMUM         33    525 AM   8    1991  28      5       35
  AVERAGE         50                        40     10       38

PRECIPITATION (IN)
  YESTERDAY        0.00          0.49 1974   0.02  -0.02      T
  MONTH TO DATE    0.05                      0.80  -0.75     0.86
  SINCE OCT 1      0.05                      0.80  -0.75     0.86
  SINCE JAN 1      8.88                      8.62   0.26     5.88

SNOWFALL (IN)
  YESTERDAY       MM
  MONTH TO DATE   MM
  SINCE SEP 1     MM
  SINCE JUL 1     MM
  SNOW DEPTH      MM

DEGREE DAYS
 HEATING
  YESTERDAY       15                        25    -10       27
  MONTH TO DATE  451                       588   -137      643
  SINCE SEP 1    608                       831   -223      802
  SINCE JUL 1    663                       896   -233      802

 COOLING
  YESTERDAY        0                         0      0        0
  MONTH TO DATE    0                         0      0        0
  SINCE SEP 1     21                        12      9       50
  SINCE JAN 1    303                       264     39      510
..................................................................


WIND (MPH)
  HIGHEST WIND SPEED    12   HIGHEST WIND DIRECTION     N (360)
  HIGHEST GUST SPEED    14   HIGHEST GUST DIRECTION     N (360)
  AVERAGE WIND SPEED     5.5


SKY COVER
  POSSIBLE SUNSHINE  MM
  AVERAGE SKY COVER 0.5


WEATHER CONDITIONS
 THE FOLLOWING WEATHER WAS RECORDED YESTERDAY.
  HAZE


RELATIVE HUMIDITY (PERCENT)
 HIGHEST    82           500 AM
 LOWEST     28           200 PM
 AVERAGE    55

..........................................................


THE IDAHO FALLS ID CLIMATE NORMALS FOR TODAY
                         NORMAL    RECORD    YEAR
 MAXIMUM TEMPERATURE (F)   52        67      1988
 MINIMUM TEMPERATURE (F)   28         8      2003


SUNRISE AND SUNSET
OCTOBER 31 2014.......SUNRISE   803 AM MDT   SUNSET   621 PM MDT
NOVEMBER  1 2014......SUNRISE   804 AM MDT   SUNSET   619 PM MDT


-  INDICATES NEGATIVE NUMBERS.
R  INDICATES RECORD WAS SET OR TIED.
MM INDICATES DATA IS MISSING.
T  INDICATES TRACE AMOUNT.




$$
