000
CDUS43 KUNR 310831
CLIIEN


CLIMATE REPORT
NATIONAL WEATHER SERVICE RAPID CITY SD
230 AM MDT FRI OCT 31 2014


...................................

...THE PINE RIDGE SD CLIMATE SUMMARY FOR OCTOBER 30 2014...

CLIMATE NORMAL PERIOD 1981 TO 2010
CLIMATE RECORD PERIOD 9999 TO 9999


WEATHER ITEM   OBSERVED TIME   NORMAL DEPARTURE LAST
                VALUE   (LST)  VALUE  FROM      YEAR
                                      NORMAL
......................................................
TEMPERATURE (F)
 YESTERDAY
  MAXIMUM         59   1257 PM  57      2       49
  MINIMUM         22   1138 PM  27     -5       30
  AVERAGE         41            42     -1       40

PRECIPITATION (IN)
  YESTERDAY        0.00          0.02  -0.02     0.03
  MONTH TO DATE    0.56          1.17  -0.61     3.30
  SINCE SEP 1      3.17          2.78   0.39     4.86
  SINCE JAN 1     21.40         16.57   4.83    19.13

DEGREE DAYS
 HEATING
  YESTERDAY       24            23      1       25
  MONTH TO DATE  440           509    -69      644
  SINCE SEP 1    618           694    -76      749
  SINCE JUL 1    662           731    -69      751

 COOLING
  YESTERDAY        0             0      0        0
  MONTH TO DATE    3             0      3        0
  SINCE SEP 1     64            66     -2      152
  SINCE JAN 1    482           714   -232      804
......................................................


WIND (MPH)
  HIGHEST WIND SPEED    17   HIGHEST WIND DIRECTION    NE (30)
  HIGHEST GUST SPEED    23   HIGHEST GUST DIRECTION     N (10)
  AVERAGE WIND SPEED     6.3


SKY COVER
  AVERAGE SKY COVER 0.1


WEATHER CONDITIONS
 THE FOLLOWING WEATHER WAS RECORDED YESTERDAY.
  NO SIGNIFICANT WEATHER WAS OBSERVED.


RELATIVE HUMIDITY (PERCENT)
 HIGHEST    92           800 PM
 LOWEST     40          1200 PM
 AVERAGE    66

..........................................................




SUNRISE AND SUNSET
OCTOBER 31 2014.......SUNRISE   723 AM MDT   SUNSET   543 PM MDT
NOVEMBER  1 2014......SUNRISE   725 AM MDT   SUNSET   542 PM MDT


-  INDICATES NEGATIVE NUMBERS.
R  INDICATES RECORD WAS SET OR TIED.
MM INDICATES DATA IS MISSING.
T  INDICATES TRACE AMOUNT.




$$
