000
CDUS43 KUNR 010832
CLIIEN


CLIMATE REPORT
NATIONAL WEATHER SERVICE RAPID CITY SD
230 AM MDT SAT AUG 1 2015


...................................

...THE PINE RIDGE SD CLIMATE SUMMARY FOR JULY 31 2015...

CLIMATE NORMAL PERIOD 1981 TO 2010
CLIMATE RECORD PERIOD 9999 TO 9999


WEATHER ITEM   OBSERVED TIME   NORMAL DEPARTURE LAST
                VALUE   (LST)  VALUE  FROM      YEAR
                                      NORMAL
......................................................
TEMPERATURE (F)
 YESTERDAY
  MAXIMUM         93    412 PM  91      2       86
  MINIMUM         49    415 AM  59    -10       47
  AVERAGE         71            75     -4       67

PRECIPITATION (IN)
  YESTERDAY        0.00          0.10  -0.10     0.00
  MONTH TO DATE    2.64          2.27   0.37     2.56
  SINCE JUN 1      6.41          5.70   0.71     7.10
  SINCE JAN 1     16.09         11.94   4.15    14.70

DEGREE DAYS
 HEATING
  YESTERDAY        0             0      0        0
  MONTH TO DATE    8             4      4       28
  SINCE JUN 1     18            99    -81      136
  SINCE JUL 1      8            12     -4       28

 COOLING
  YESTERDAY        6            10     -4        2
  MONTH TO DATE  196           281    -85      176
  SINCE JUN 1    317           391    -74      233
  SINCE JAN 1    317           408    -91      258
......................................................


WIND (MPH)
  HIGHEST WIND SPEED    15   HIGHEST WIND DIRECTION     E (80)
  HIGHEST GUST SPEED    18   HIGHEST GUST DIRECTION     E (70)
  AVERAGE WIND SPEED     5.3


SKY COVER
  AVERAGE SKY COVER 0.0


WEATHER CONDITIONS
 THE FOLLOWING WEATHER WAS RECORDED YESTERDAY.
  NO SIGNIFICANT WEATHER WAS OBSERVED.


RELATIVE HUMIDITY (PERCENT)
 HIGHEST    89           400 AM
 LOWEST     21           200 PM
 AVERAGE    55

..........................................................




SUNRISE AND SUNSET
AUGUST  1 2015........SUNRISE   541 AM MDT   SUNSET   812 PM MDT
AUGUST  2 2015........SUNRISE   542 AM MDT   SUNSET   810 PM MDT


-  INDICATES NEGATIVE NUMBERS.
R  INDICATES RECORD WAS SET OR TIED.
MM INDICATES DATA IS MISSING.
T  INDICATES TRACE AMOUNT.




$$
