000
CDUS43 KUNR 290841
CLIIEN


CLIMATE REPORT
NATIONAL WEATHER SERVICE RAPID CITY SD
239 AM MDT FRI MAY 29 2015


...................................

...THE PINE RIDGE SD CLIMATE SUMMARY FOR MAY 28 2015...

CLIMATE NORMAL PERIOD 1981 TO 2010
CLIMATE RECORD PERIOD 9999 TO 9999


WEATHER ITEM   OBSERVED TIME   NORMAL DEPARTURE LAST
                VALUE   (LST)  VALUE  FROM      YEAR
                                      NORMAL
......................................................
TEMPERATURE (F)
 YESTERDAY
  MAXIMUM         76   1251 PM  74      2       90
  MINIMUM         52   1124 PM  46      6       54
  AVERAGE         64            60      4       72

PRECIPITATION (IN)
  YESTERDAY        0.03          0.09  -0.06     0.00
  MONTH TO DATE    7.09          2.29   4.80     3.54
  SINCE MAR 1      9.15          5.07   4.08     7.04
  SINCE JAN 1      9.61          5.86   3.75     7.31

DEGREE DAYS
 HEATING
  YESTERDAY        1             6     -5        0
  MONTH TO DATE  358           287     71      323
  SINCE MAR 1   1618          1757   -139     1878
  SINCE JUL 1   6828          7107   -279     7360

 COOLING
  YESTERDAY        0             1     -1        7
  MONTH TO DATE    0            11    -11       10
  SINCE MAR 1      0            11    -11       11
  SINCE JAN 1      0            11    -11       11
......................................................


WIND (MPH)
  HIGHEST WIND SPEED    30   HIGHEST WIND DIRECTION    NW (330)
  HIGHEST GUST SPEED    41   HIGHEST GUST DIRECTION    NW (330)
  AVERAGE WIND SPEED     8.1


SKY COVER
  AVERAGE SKY COVER 0.1


WEATHER CONDITIONS
 THE FOLLOWING WEATHER WAS RECORDED YESTERDAY.
  THUNDERSTORM
  LIGHT RAIN
  FOG


RELATIVE HUMIDITY (PERCENT)
 HIGHEST    93          1000 PM
 LOWEST     38          1200 PM
 AVERAGE    66

..........................................................




SUNRISE AND SUNSET
MAY 29 2015...........SUNRISE   515 AM MDT   SUNSET   820 PM MDT
MAY 30 2015...........SUNRISE   515 AM MDT   SUNSET   821 PM MDT


-  INDICATES NEGATIVE NUMBERS.
R  INDICATES RECORD WAS SET OR TIED.
MM INDICATES DATA IS MISSING.
T  INDICATES TRACE AMOUNT.




$$
