000
CDUS43 KUNR 130832
CLIIEN


CLIMATE REPORT
NATIONAL WEATHER SERVICE RAPID CITY SD
131 AM MST WED DEC 13 2017


...................................

...THE PINE RIDGE SD CLIMATE SUMMARY FOR DECEMBER 12 2017...

CLIMATE NORMAL PERIOD 1981 TO 2010
CLIMATE RECORD PERIOD 9999 TO 9999


WEATHER ITEM   OBSERVED TIME   NORMAL DEPARTURE LAST
                VALUE   (LST)  VALUE  FROM      YEAR
                                      NORMAL
......................................................
TEMPERATURE (F)
 YESTERDAY
  MAXIMUM         60    310 PM  36     24       27
  MINIMUM         13    322 AM  10      3      -10
  AVERAGE         37            23     14        9

PRECIPITATION (IN)
  YESTERDAY        0.00          0.02  -0.02     0.01
  MONTH TO DATE    0.19          0.13   0.06     0.13
  SINCE DEC 1      0.19          0.13   0.06     0.13
  SINCE JAN 1     15.38         17.30  -1.92    14.69

DEGREE DAYS
 HEATING
  YESTERDAY       28            42    -14       56
  MONTH TO DATE  387           488   -101      601
  SINCE DEC 1    387           488   -101      601
  SINCE JUL 1   1884          2178   -294     1774

 COOLING
  YESTERDAY        0             0      0        0
  MONTH TO DATE    0             0      0        0
  SINCE DEC 1      0             0      0        0
  SINCE JAN 1    780           717     63      774
......................................................


WIND (MPH)
  HIGHEST WIND SPEED    14   HIGHEST WIND DIRECTION     W (280)
  HIGHEST GUST SPEED    20   HIGHEST GUST DIRECTION     W (280)
  AVERAGE WIND SPEED     5.9


SKY COVER
  AVERAGE SKY COVER 0.2


WEATHER CONDITIONS
 THE FOLLOWING WEATHER WAS RECORDED YESTERDAY.
  NO SIGNIFICANT WEATHER WAS OBSERVED.


RELATIVE HUMIDITY (PERCENT)
 HIGHEST    92          1200 AM
 LOWEST     24           300 PM
 AVERAGE    58

..........................................................




SUNRISE AND SUNSET
DECEMBER 13 2017......SUNRISE   713 AM MST   SUNSET   416 PM MST
DECEMBER 14 2017......SUNRISE   714 AM MST   SUNSET   416 PM MST


-  INDICATES NEGATIVE NUMBERS.
R  INDICATES RECORD WAS SET OR TIED.
MM INDICATES DATA IS MISSING.
T  INDICATES TRACE AMOUNT.




$$
