000
CDUS43 KUNR 250833
CLIIEN


CLIMATE REPORT
NATIONAL WEATHER SERVICE RAPID CITY SD
133 AM MST TUE NOV 25 2014


...................................

...THE PINE RIDGE SD CLIMATE SUMMARY FOR NOVEMBER 24 2014...

CLIMATE NORMAL PERIOD 1981 TO 2010
CLIMATE RECORD PERIOD 9999 TO 9999


WEATHER ITEM   OBSERVED TIME   NORMAL DEPARTURE LAST
                VALUE   (LST)  VALUE  FROM      YEAR
                                      NORMAL
......................................................
TEMPERATURE (F)
 YESTERDAY
  MAXIMUM         34   1127 AM  43     -9       37
  MINIMUM         18    630 AM  16      2       15
  AVERAGE         26            29     -3       26

PRECIPITATION (IN)
  YESTERDAY        0.04          0.01   0.03     0.00
  MONTH TO DATE    0.70          0.51   0.19     0.83
  SINCE SEP 1      3.87          3.32   0.55     5.69
  SINCE JAN 1     22.10         17.11   4.99    19.96

DEGREE DAYS
 HEATING
  YESTERDAY       39            36      3       39
  MONTH TO DATE  908           712    196      747
  SINCE SEP 1   1553          1430    123     1522
  SINCE JUL 1   1597          1467    130     1524

 COOLING
  YESTERDAY        0             0      0        0
  MONTH TO DATE    0             0      0        0
  SINCE SEP 1     64            69     -5      152
  SINCE JAN 1    482           717   -235      804
......................................................


WIND (MPH)
  HIGHEST WIND SPEED    14   HIGHEST WIND DIRECTION     N (360)
  HIGHEST GUST SPEED    17   HIGHEST GUST DIRECTION    NW (330)
  AVERAGE WIND SPEED     6.3


SKY COVER
  AVERAGE SKY COVER 0.5


WEATHER CONDITIONS
 THE FOLLOWING WEATHER WAS RECORDED YESTERDAY.
  LIGHT SNOW
  FOG


RELATIVE HUMIDITY (PERCENT)
 HIGHEST    92           300 PM
 LOWEST     61          1000 AM
 AVERAGE    77

..........................................................




SUNRISE AND SUNSET
NOVEMBER 25 2014......SUNRISE   655 AM MST   SUNSET   419 PM MST
NOVEMBER 26 2014......SUNRISE   656 AM MST   SUNSET   418 PM MST


-  INDICATES NEGATIVE NUMBERS.
R  INDICATES RECORD WAS SET OR TIED.
MM INDICATES DATA IS MISSING.
T  INDICATES TRACE AMOUNT.




$$
