000
CDUS43 KUNR 240840
CLIIEN


CLIMATE REPORT
NATIONAL WEATHER SERVICE RAPID CITY SD
238 AM MDT WED MAY 24 2017


...................................

...THE PINE RIDGE SD CLIMATE SUMMARY FOR MAY 23 2017...

CLIMATE NORMAL PERIOD 1981 TO 2010
CLIMATE RECORD PERIOD 9999 TO 9999


WEATHER ITEM   OBSERVED TIME   NORMAL DEPARTURE LAST
                VALUE   (LST)  VALUE  FROM      YEAR
                                      NORMAL
......................................................
TEMPERATURE (F)
 YESTERDAY
  MAXIMUM         62    346 PM  72    -10       74
  MINIMUM         39    409 AM  44     -5       46
  AVERAGE         51            58     -7       60

PRECIPITATION (IN)
  YESTERDAY        0.00          0.08  -0.08     0.00
  MONTH TO DATE    3.77          1.88   1.89     0.44
  SINCE MAR 1      8.03          4.66   3.37     5.29
  SINCE JAN 1      9.17          5.45   3.72     5.79

DEGREE DAYS
 HEATING
  YESTERDAY       14             8      6        5
  MONTH TO DATE  247           254     -7      288
  SINCE MAR 1   1450          1724   -274     1551
  SINCE JUL 1   6616          7074   -458     6420

 COOLING
  YESTERDAY        0             1     -1        0
  MONTH TO DATE   15             6      9        6
  SINCE MAR 1     16             6     10        7
  SINCE JAN 1     16             6     10        7
......................................................


WIND (MPH)
  HIGHEST WIND SPEED    23   HIGHEST WIND DIRECTION     N (350)
  HIGHEST GUST SPEED    31   HIGHEST GUST DIRECTION     N (20)
  AVERAGE WIND SPEED    10.1


SKY COVER
  AVERAGE SKY COVER 0.5


WEATHER CONDITIONS
 THE FOLLOWING WEATHER WAS RECORDED YESTERDAY.
  NO SIGNIFICANT WEATHER WAS OBSERVED.


RELATIVE HUMIDITY (PERCENT)
 HIGHEST    93           200 AM
 LOWEST     39           500 PM
 AVERAGE    66

..........................................................




SUNRISE AND SUNSET
MAY 24 2017...........SUNRISE   518 AM MDT   SUNSET   816 PM MDT
MAY 25 2017...........SUNRISE   518 AM MDT   SUNSET   817 PM MDT


-  INDICATES NEGATIVE NUMBERS.
R  INDICATES RECORD WAS SET OR TIED.
MM INDICATES DATA IS MISSING.
T  INDICATES TRACE AMOUNT.




$$
