000
CDUS43 KUNR 280833
CLIIEN


CLIMATE REPORT
NATIONAL WEATHER SERVICE RAPID CITY SD
232 AM MDT WED JUN 28 2017


...................................

...THE PINE RIDGE SD CLIMATE SUMMARY FOR JUNE 27 2017...

CLIMATE NORMAL PERIOD 1981 TO 2010
CLIMATE RECORD PERIOD 9999 TO 9999


WEATHER ITEM   OBSERVED TIME   NORMAL DEPARTURE LAST
                VALUE   (LST)  VALUE  FROM      YEAR
                                      NORMAL
......................................................
TEMPERATURE (F)
 YESTERDAY
  MAXIMUM         93    249 PM  84      9       86
  MINIMUM         56   1112 PM  55      1       56
  AVERAGE         75            70      5       71

PRECIPITATION (IN)
  YESTERDAY        0.02          0.08  -0.06     0.02
  MONTH TO DATE    1.11          3.20  -2.09     1.41
  SINCE JUN 1      1.11          3.20  -2.09     1.41
  SINCE JAN 1     10.57          9.44   1.13     7.49

DEGREE DAYS
 HEATING
  YESTERDAY        0             1     -1        0
  MONTH TO DATE   31            84    -53       26
  SINCE JUN 1     31            84    -53       26
  SINCE JUL 1   6715          7211   -496     6507

 COOLING
  YESTERDAY       10             6      4        6
  MONTH TO DATE   95            92      3      201
  SINCE JUN 1     95            92      3      201
  SINCE JAN 1    111           109      2      209
......................................................


WIND (MPH)
  HIGHEST WIND SPEED    43   HIGHEST WIND DIRECTION     S (200)
  HIGHEST GUST SPEED    55   HIGHEST GUST DIRECTION     S (200)
  AVERAGE WIND SPEED    20.0


SKY COVER
  AVERAGE SKY COVER 0.1


WEATHER CONDITIONS
 THE FOLLOWING WEATHER WAS RECORDED YESTERDAY.
  THUNDERSTORM
  LIGHT RAIN
  HAZE


RELATIVE HUMIDITY (PERCENT)
 HIGHEST    93           800 PM
 LOWEST     32           200 PM
 AVERAGE    63

..........................................................




SUNRISE AND SUNSET
JUNE 28 2017..........SUNRISE   513 AM MDT   SUNSET   833 PM MDT
JUNE 29 2017..........SUNRISE   514 AM MDT   SUNSET   833 PM MDT


-  INDICATES NEGATIVE NUMBERS.
R  INDICATES RECORD WAS SET OR TIED.
MM INDICATES DATA IS MISSING.
T  INDICATES TRACE AMOUNT.




$$
