000
CDUS43 KUNR 160831
CLIIEN


CLIMATE REPORT
NATIONAL WEATHER SERVICE RAPID CITY SD
230 AM MDT WED AUG 16 2017


...................................

...THE PINE RIDGE SD CLIMATE SUMMARY FOR AUGUST 15 2017...

CLIMATE NORMAL PERIOD 1981 TO 2010
CLIMATE RECORD PERIOD 9999 TO 9999


WEATHER ITEM   OBSERVED TIME   NORMAL DEPARTURE LAST
                VALUE   (LST)  VALUE  FROM      YEAR
                                      NORMAL
......................................................
TEMPERATURE (F)
 YESTERDAY
  MAXIMUM         88    251 PM  89     -1       87
  MINIMUM         62   1115 PM  57      5       60
  AVERAGE         75            73      2       74

PRECIPITATION (IN)
  YESTERDAY        0.30          0.06   0.24     0.00
  MONTH TO DATE    0.67          1.00  -0.33     1.85
  SINCE JUN 1      3.27          6.70  -3.43     5.92
  SINCE JAN 1     12.73         12.94  -0.21    12.00

DEGREE DAYS
 HEATING
  YESTERDAY        0             1     -1        0
  MONTH TO DATE   11             3      8        0
  SINCE JUN 1     46           102    -56       28
  SINCE JUL 1     11            15     -4        2

 COOLING
  YESTERDAY       10             8      2        9
  MONTH TO DATE   49           139    -90      129
  SINCE JUN 1    535           530      5      638
  SINCE JAN 1    551           547      4      646
......................................................


WIND (MPH)
  HIGHEST WIND SPEED    25   HIGHEST WIND DIRECTION     W (250)
  HIGHEST GUST SPEED    32   HIGHEST GUST DIRECTION    SW (240)
  AVERAGE WIND SPEED     5.8


SKY COVER
  AVERAGE SKY COVER 0.3


WEATHER CONDITIONS
 THE FOLLOWING WEATHER WAS RECORDED YESTERDAY.
  THUNDERSTORM
  RAIN
  LIGHT RAIN
  FOG


RELATIVE HUMIDITY (PERCENT)
 HIGHEST    93           500 AM
 LOWEST     34           300 PM
 AVERAGE    64

..........................................................




SUNRISE AND SUNSET
AUGUST 16 2017........SUNRISE   557 AM MDT   SUNSET   750 PM MDT
AUGUST 17 2017........SUNRISE   558 AM MDT   SUNSET   749 PM MDT


-  INDICATES NEGATIVE NUMBERS.
R  INDICATES RECORD WAS SET OR TIED.
MM INDICATES DATA IS MISSING.
T  INDICATES TRACE AMOUNT.




$$
