000
CDUS43 KUNR 290838
CLIIEN


CLIMATE REPORT
NATIONAL WEATHER SERVICE RAPID CITY SD
235 AM MDT WED MAR 29 2017


...................................

...THE PINE RIDGE SD CLIMATE SUMMARY FOR MARCH 28 2017...

CLIMATE NORMAL PERIOD 1981 TO 2010
CLIMATE RECORD PERIOD 9999 TO 9999


WEATHER ITEM   OBSERVED TIME   NORMAL DEPARTURE LAST
                VALUE   (LST)  VALUE  FROM      YEAR
                                      NORMAL
......................................................
TEMPERATURE (F)
 YESTERDAY
  MAXIMUM         49    254 AM  54     -5       71
  MINIMUM         41   1146 PM  27     14       26
  AVERAGE         45            40      5       49

PRECIPITATION (IN)
  YESTERDAY        1.24          0.04   1.20     0.00
  MONTH TO DATE    1.65          0.76   0.89     0.95
  SINCE MAR 1      1.65          0.76   0.89     0.95
  SINCE JAN 1      2.79          1.55   1.24     1.45

DEGREE DAYS
 HEATING
  YESTERDAY       20            25     -5       16
  MONTH TO DATE  623           815   -192      671
  SINCE MAR 1    623           815   -192      671
  SINCE JUL 1   5789          6165   -376     5540

 COOLING
  YESTERDAY        0             0      0        0
  MONTH TO DATE    0             0      0        0
  SINCE MAR 1      0             0      0        0
  SINCE JAN 1      0             0      0        0
......................................................


WIND (MPH)
  HIGHEST WIND SPEED    18   HIGHEST WIND DIRECTION    SE (120)
  HIGHEST GUST SPEED    22   HIGHEST GUST DIRECTION    SE (120)
  AVERAGE WIND SPEED     3.8


SKY COVER
  AVERAGE SKY COVER 1.0


WEATHER CONDITIONS
 THE FOLLOWING WEATHER WAS RECORDED YESTERDAY.
  HEAVY RAIN
  RAIN
  LIGHT RAIN
  FOG


RELATIVE HUMIDITY (PERCENT)
 HIGHEST   100           500 AM
 LOWEST     83          1200 AM
 AVERAGE    92

..........................................................




SUNRISE AND SUNSET
MARCH 29 2017.........SUNRISE   637 AM MDT   SUNSET   713 PM MDT
MARCH 30 2017.........SUNRISE   635 AM MDT   SUNSET   714 PM MDT


-  INDICATES NEGATIVE NUMBERS.
R  INDICATES RECORD WAS SET OR TIED.
MM INDICATES DATA IS MISSING.
T  INDICATES TRACE AMOUNT.




$$
