000
CDUS43 KUNR 290839
CLIIEN


CLIMATE REPORT
NATIONAL WEATHER SERVICE RAPID CITY SD
238 AM MDT THU SEP 29 2016


...................................

...THE PINE RIDGE SD CLIMATE SUMMARY FOR SEPTEMBER 28 2016...

CLIMATE NORMAL PERIOD 1981 TO 2010
CLIMATE RECORD PERIOD 9999 TO 9999


WEATHER ITEM   OBSERVED TIME   NORMAL DEPARTURE LAST
                VALUE   (LST)  VALUE  FROM      YEAR
                                      NORMAL
......................................................
TEMPERATURE (F)
 YESTERDAY
  MAXIMUM         82    233 PM  72     10       68
  MINIMUM         35    557 AM  39     -4       54
  AVERAGE         59            55      4       61

PRECIPITATION (IN)
  YESTERDAY        0.00          0.04  -0.04     0.24
  MONTH TO DATE    0.68          1.52  -0.84     0.61
  SINCE SEP 1      0.68          1.52  -0.84     0.61
  SINCE JAN 1     13.60         15.31  -1.71    16.92

DEGREE DAYS
 HEATING
  YESTERDAY        6            10     -4        4
  MONTH TO DATE  131           163    -32       81
  SINCE SEP 1    131           163    -32       81
  SINCE JUL 1    164           200    -36      131

 COOLING
  YESTERDAY        0             1     -1        0
  MONTH TO DATE   52            67    -15      109
  SINCE SEP 1     52            67    -15      109
  SINCE JAN 1    764           715     49      614
......................................................


WIND (MPH)
  HIGHEST WIND SPEED    14   HIGHEST WIND DIRECTION     E (80)
  HIGHEST GUST SPEED    20   HIGHEST GUST DIRECTION     E (90)
  AVERAGE WIND SPEED     5.0


SKY COVER
  AVERAGE SKY COVER 0.0


WEATHER CONDITIONS
 THE FOLLOWING WEATHER WAS RECORDED YESTERDAY.
  FOG
  HAZE


RELATIVE HUMIDITY (PERCENT)
 HIGHEST   100           600 AM
 LOWEST     24           200 PM
 AVERAGE    62

..........................................................




SUNRISE AND SUNSET
SEPTEMBER 29 2016.....SUNRISE   646 AM MDT   SUNSET   634 PM MDT
SEPTEMBER 30 2016.....SUNRISE   647 AM MDT   SUNSET   632 PM MDT


-  INDICATES NEGATIVE NUMBERS.
R  INDICATES RECORD WAS SET OR TIED.
MM INDICATES DATA IS MISSING.
T  INDICATES TRACE AMOUNT.




$$
