000
CDUS43 KUNR 260838
CLIIEN


CLIMATE REPORT
NATIONAL WEATHER SERVICE RAPID CITY SD
138 AM MST MON JAN 26 2015


...................................

...THE PINE RIDGE SD CLIMATE SUMMARY FOR JANUARY 25 2015...

CLIMATE NORMAL PERIOD 1981 TO 2010
CLIMATE RECORD PERIOD 9999 TO 9999


WEATHER ITEM   OBSERVED TIME   NORMAL DEPARTURE LAST
                VALUE   (LST)  VALUE  FROM      YEAR
                                      NORMAL
......................................................
TEMPERATURE (F)
 YESTERDAY
  MAXIMUM         49    258 PM  38     11       56
  MINIMUM         24    521 AM  11     13       38
  AVERAGE         37            24     13       47

PRECIPITATION (IN)
  YESTERDAY        0.00          0.02  -0.02      T
  MONTH TO DATE    0.17          0.24  -0.07     0.06
  SINCE DEC 1      0.72          0.59   0.13     0.29
  SINCE JAN 1      0.17          0.24  -0.07     0.06

DEGREE DAYS
 HEATING
  YESTERDAY       28            41    -13       18
  MONTH TO DATE 1054          1040     14      920
  SINCE DEC 1   2240          2340   -100     2196
  SINCE JUL 1   4039          4030      9     3911

 COOLING
  YESTERDAY        0             0      0        0
  MONTH TO DATE    0             0      0        0
  SINCE DEC 1      0             0      0        0
  SINCE JAN 1      0             0      0        0
......................................................


WIND (MPH)
  HIGHEST WIND SPEED    18   HIGHEST WIND DIRECTION     W (280)
  HIGHEST GUST SPEED    25   HIGHEST GUST DIRECTION     W (280)
  AVERAGE WIND SPEED     6.6


SKY COVER
  AVERAGE SKY COVER 0.3


WEATHER CONDITIONS
 THE FOLLOWING WEATHER WAS RECORDED YESTERDAY.
  HAZE


RELATIVE HUMIDITY (PERCENT)
 HIGHEST    81           200 AM
 LOWEST     46           200 PM
 AVERAGE    64

..........................................................




SUNRISE AND SUNSET
JANUARY 26 2015.......SUNRISE   711 AM MST   SUNSET   454 PM MST
JANUARY 27 2015.......SUNRISE   710 AM MST   SUNSET   456 PM MST


-  INDICATES NEGATIVE NUMBERS.
R  INDICATES RECORD WAS SET OR TIED.
MM INDICATES DATA IS MISSING.
T  INDICATES TRACE AMOUNT.




$$
