000
CDUS43 KUNR 080832
CLIIEN


CLIMATE REPORT
NATIONAL WEATHER SERVICE RAPID CITY SD
131 AM MST MON FEB 8 2016


...................................

...THE PINE RIDGE SD CLIMATE SUMMARY FOR FEBRUARY 7 2016...

CLIMATE NORMAL PERIOD 1981 TO 2010
CLIMATE RECORD PERIOD 9999 TO 9999


WEATHER ITEM   OBSERVED TIME   NORMAL DEPARTURE LAST
                VALUE   (LST)  VALUE  FROM      YEAR
                                      NORMAL
......................................................
TEMPERATURE (F)
 YESTERDAY
  MAXIMUM         41    135 PM  38      3       71
  MINIMUM         22   1141 PM  12     10       31
  AVERAGE         32            25      7       51

PRECIPITATION (IN)
  YESTERDAY        0.00          0.02  -0.02      T
  MONTH TO DATE    0.06          0.13  -0.07     0.04
  SINCE DEC 1      1.29          0.80   0.49     0.78
  SINCE JAN 1      0.27          0.45  -0.18     0.23

DEGREE DAYS
 HEATING
  YESTERDAY       33            40     -7       14
  MONTH TO DATE  263           283    -20      232
  SINCE DEC 1   2806          2870    -64     2629
  SINCE JUL 1   4294          4560   -266     4428

 COOLING
  YESTERDAY        0             0      0        0
  MONTH TO DATE    0             0      0        0
  SINCE DEC 1      0             0      0        0
  SINCE JAN 1      0             0      0        0
......................................................


WIND (MPH)
  HIGHEST WIND SPEED    39   HIGHEST WIND DIRECTION    NW (310)
  HIGHEST GUST SPEED    54   HIGHEST GUST DIRECTION    NW (310)
  AVERAGE WIND SPEED    16.8


SKY COVER
  AVERAGE SKY COVER 0.3


WEATHER CONDITIONS
 THE FOLLOWING WEATHER WAS RECORDED YESTERDAY.
  NO SIGNIFICANT WEATHER WAS OBSERVED.


RELATIVE HUMIDITY (PERCENT)
 HIGHEST    64           100 AM
 LOWEST     21           300 PM
 AVERAGE    43

..........................................................




SUNRISE AND SUNSET
FEBRUARY  8 2016......SUNRISE   658 AM MST   SUNSET   511 PM MST
FEBRUARY  9 2016......SUNRISE   656 AM MST   SUNSET   513 PM MST


-  INDICATES NEGATIVE NUMBERS.
R  INDICATES RECORD WAS SET OR TIED.
MM INDICATES DATA IS MISSING.
T  INDICATES TRACE AMOUNT.




$$
