058
CDUS43 KUNR 170834
CLIIEN


CLIMATE REPORT
NATIONAL WEATHER SERVICE RAPID CITY SD
134 AM MST TUE JAN 17 2017


...................................

...THE PINE RIDGE SD CLIMATE SUMMARY FOR JANUARY 16 2017...

CLIMATE NORMAL PERIOD 1981 TO 2010
CLIMATE RECORD PERIOD 9999 TO 9999


WEATHER ITEM   OBSERVED TIME   NORMAL DEPARTURE LAST
                VALUE   (LST)  VALUE  FROM      YEAR
                                      NORMAL
......................................................
TEMPERATURE (F)
 YESTERDAY
  MAXIMUM         32    317 PM  37     -5       26
  MINIMUM          4   1159 PM  10     -6        6
  AVERAGE         18            24     -6       16

PRECIPITATION (IN)
  YESTERDAY        0.00          0.01  -0.01      T
  MONTH TO DATE    0.05          0.13  -0.08     0.07
  SINCE DEC 1      0.88          0.48   0.40     1.09
  SINCE JAN 1      0.05          0.13  -0.08     0.07

DEGREE DAYS
 HEATING
  YESTERDAY       47            41      6       49
  MONTH TO DATE  865           671    194      721
  SINCE DEC 1   2438          1971    467     2013
  SINCE JUL 1   3611          3661    -50     3501

 COOLING
  YESTERDAY        0             0      0        0
  MONTH TO DATE    0             0      0        0
  SINCE DEC 1      0             0      0        0
  SINCE JAN 1      0             0      0        0
......................................................


WIND (MPH)
  HIGHEST WIND SPEED    10   HIGHEST WIND DIRECTION     W (270)
  HIGHEST GUST SPEED    12   HIGHEST GUST DIRECTION     W (260)
  AVERAGE WIND SPEED     2.4


SKY COVER
  AVERAGE SKY COVER 0.3


WEATHER CONDITIONS
 THE FOLLOWING WEATHER WAS RECORDED YESTERDAY.
  NO SIGNIFICANT WEATHER WAS OBSERVED.


RELATIVE HUMIDITY (PERCENT)
 HIGHEST   100           700 AM
 LOWEST     63          1200 PM
 AVERAGE    82

..........................................................




SUNRISE AND SUNSET
JANUARY 17 2017.......SUNRISE   717 AM MST   SUNSET   444 PM MST
JANUARY 18 2017.......SUNRISE   717 AM MST   SUNSET   445 PM MST


-  INDICATES NEGATIVE NUMBERS.
R  INDICATES RECORD WAS SET OR TIED.
MM INDICATES DATA IS MISSING.
T  INDICATES TRACE AMOUNT.




$$
