000
CDUS45 KVEF 250829
CLIIGM


CLIMATE REPORT
NATIONAL WEATHER SERVICE LAS VEGAS, NV
128 AM PDT THU AUG 25 2016


...................................

...THE KINGMAN AZ CLIMATE SUMMARY FOR AUGUST 24 2016...

CLIMATE NORMAL PERIOD 1981 TO 2010
CLIMATE RECORD PERIOD 1901 TO 2016


WEATHER ITEM   OBSERVED TIME   RECORD YEAR NORMAL DEPARTURE LAST
                VALUE   (LST)  VALUE       VALUE  FROM      YEAR
                                                  NORMAL
..................................................................
TEMPERATURE (F)
 YESTERDAY
  MAXIMUM         94    405 PM 107    2011  95     -1      101
  MINIMUM         66    207 AM  52    1927  68     -2       70
  AVERAGE         80                        82     -2       86

PRECIPITATION (IN)
  YESTERDAY        0.00          2.10 1904   0.04  -0.04     0.00
  MONTH TO DATE    3.00                      0.62   2.38     0.99
  SINCE OCT 1      8.60                      7.02   1.58     8.52
  SINCE JAN 1      7.08                      4.92   2.16     6.39

DEGREE DAYS
 HEATING
  YESTERDAY        0                         0      0        0
  MONTH TO DATE    0                         0      0        0
  SINCE JUN 1      0                         3     -3        0
  SINCE JUL 1      0                         0      0        0

 COOLING
  YESTERDAY       15                        17     -2       21
  MONTH TO DATE  417                       431    -14      461
  SINCE JUN 1   1644                      1392    252     1451
  SINCE JAN 1   1784                      1590    194     1557
..................................................................


WIND (MPH)
  RESULTANT WIND SPEED   7   RESULTANT WIND DIRECTION   S (190)
  HIGHEST WIND SPEED    17   HIGHEST WIND DIRECTION    SW (220)
  HIGHEST GUST SPEED    24   HIGHEST GUST DIRECTION    SW (230)
  AVERAGE WIND SPEED     9.2


SKY COVER
  POSSIBLE SUNSHINE  MM
  AVERAGE SKY COVER 0.0


WEATHER CONDITIONS
 THE FOLLOWING WEATHER WAS RECORDED YESTERDAY.
  NO SIGNIFICANT WEATHER WAS OBSERVED.


RELATIVE HUMIDITY (PERCENT)
 HIGHEST    81           200 AM
 LOWEST     17           500 PM
 AVERAGE    49

..........................................................


THE KINGMAN AZ CLIMATE NORMALS FOR TODAY
                         NORMAL    RECORD    YEAR
 MAXIMUM TEMPERATURE (F)   95       106      1924
 MINIMUM TEMPERATURE (F)   68        53      1951


SUNRISE AND SUNSET
AUGUST 25 2016........SUNRISE   603 AM MST   SUNSET   711 PM MST
AUGUST 26 2016........SUNRISE   604 AM MST   SUNSET   710 PM MST


-  INDICATES NEGATIVE NUMBERS.
R  INDICATES RECORD WAS SET OR TIED.
MM INDICATES DATA IS MISSING.
T  INDICATES TRACE AMOUNT.




$$
