000
CDUS45 KVEF 240826
CLIIGM


CLIMATE REPORT
NATIONAL WEATHER SERVICE LAS VEGAS, NV
126 AM PDT SUN JUL 24 2016


...................................

...THE KINGMAN AZ CLIMATE SUMMARY FOR JULY 23 2016...

CLIMATE NORMAL PERIOD 1981 TO 2010
CLIMATE RECORD PERIOD 1901 TO 2016


WEATHER ITEM   OBSERVED TIME   RECORD YEAR NORMAL DEPARTURE LAST
                VALUE   (LST)  VALUE       VALUE  FROM      YEAR
                                                  NORMAL
..................................................................
TEMPERATURE (F)
 YESTERDAY
  MAXIMUM        105    319 PM 107    1996  98      7       94
  MINIMUM         78    421 AM  60    2001  71      7       67
  AVERAGE         92                        84      8       81

PRECIPITATION (IN)
  YESTERDAY        0.00          0.70 1946   0.03  -0.03     0.00
  MONTH TO DATE    0.32                      0.52  -0.20     0.92
  SINCE OCT 1      5.48                      6.17  -0.69     7.53
  SINCE JAN 1      3.96                      4.07  -0.11     5.40

DEGREE DAYS
 HEATING
  YESTERDAY        0                         0      0        0
  MONTH TO DATE    0                         0      0        0
  SINCE JUN 1      0                         3     -3        0
  SINCE JUL 1      0                         0      0        0

 COOLING
  YESTERDAY       27                        19      8       16
  MONTH TO DATE  471                       423     48      378
  SINCE JUN 1   1033                       808    225      855
  SINCE JAN 1   1173                      1006    167      961
..................................................................


WIND (MPH)
  RESULTANT WIND SPEED  10   RESULTANT WIND DIRECTION   S (200)
  HIGHEST WIND SPEED    24   HIGHEST WIND DIRECTION    SW (230)
  HIGHEST GUST SPEED    34   HIGHEST GUST DIRECTION    SW (220)
  AVERAGE WIND SPEED    13.8


SKY COVER
  POSSIBLE SUNSHINE  MM
  AVERAGE SKY COVER 0.0


WEATHER CONDITIONS
 THE FOLLOWING WEATHER WAS RECORDED YESTERDAY.
  NO SIGNIFICANT WEATHER WAS OBSERVED.


RELATIVE HUMIDITY (PERCENT)
 HIGHEST    31           200 AM
 LOWEST     11           300 PM
 AVERAGE    21

..........................................................


THE KINGMAN AZ CLIMATE NORMALS FOR TODAY
                         NORMAL    RECORD    YEAR
 MAXIMUM TEMPERATURE (F)   97       107      1928
 MINIMUM TEMPERATURE (F)   71        57      1977


SUNRISE AND SUNSET
JULY 24 2016..........SUNRISE   539 AM MST   SUNSET   745 PM MST
JULY 25 2016..........SUNRISE   540 AM MST   SUNSET   744 PM MST


-  INDICATES NEGATIVE NUMBERS.
R  INDICATES RECORD WAS SET OR TIED.
MM INDICATES DATA IS MISSING.
T  INDICATES TRACE AMOUNT.




$$
