724
CDUS45 KVEF 060829
CLIIGM


CLIMATE REPORT
NATIONAL WEATHER SERVICE LAS VEGAS, NV
1228 AM PST SAT FEB 6 2016


...................................

...THE KINGMAN AZ CLIMATE SUMMARY FOR FEBRUARY 5 2016...

CLIMATE NORMAL PERIOD 1981 TO 2010
CLIMATE RECORD PERIOD 1901 TO 2016


WEATHER ITEM   OBSERVED TIME   RECORD YEAR NORMAL DEPARTURE LAST
                VALUE   (LST)  VALUE       VALUE  FROM      YEAR
                                                  NORMAL
..................................................................
TEMPERATURE (F)
 YESTERDAY
  MAXIMUM         56    411 PM  78    1963  59     -3       75
  MINIMUM         28    549 AM  12    1919  33     -5       36
  AVERAGE         42                        46     -4       56

PRECIPITATION (IN)
  YESTERDAY        0.00          2.24 1931   0.04  -0.04     0.00
  MONTH TO DATE    T                         0.21  -0.21     0.00
  SINCE OCT 1      2.70                      3.33  -0.63     2.95
  SINCE JAN 1      1.18                      1.23  -0.05     0.82

DEGREE DAYS
 HEATING
  YESTERDAY       23                        19      4        9
  MONTH TO DATE  143                        98     45       60
  SINCE DEC 1   1525                      1437     88     1297
  SINCE JUL 1   2101                      2003     98     1711

 COOLING
  YESTERDAY        0                         0      0        0
  MONTH TO DATE    0                         0      0        0
  SINCE DEC 1      0                         0      0        0
  SINCE JAN 1      0                         0      0        0
..................................................................


WIND (MPH)
  RESULTANT WIND SPEED   8   RESULTANT WIND DIRECTION  NE (40)
  HIGHEST WIND SPEED    20   HIGHEST WIND DIRECTION     N (20)
  HIGHEST GUST SPEED    26   HIGHEST GUST DIRECTION    NE (30)
  AVERAGE WIND SPEED    11.1


SKY COVER
  POSSIBLE SUNSHINE  MM
  AVERAGE SKY COVER 0.0


WEATHER CONDITIONS
 THE FOLLOWING WEATHER WAS RECORDED YESTERDAY.
  NO SIGNIFICANT WEATHER WAS OBSERVED.


RELATIVE HUMIDITY (PERCENT)
 HIGHEST    75           600 AM
 LOWEST     24           300 PM
 AVERAGE    50

..........................................................


THE KINGMAN AZ CLIMATE NORMALS FOR TODAY
                         NORMAL    RECORD    YEAR
 MAXIMUM TEMPERATURE (F)   59        79      1963
 MINIMUM TEMPERATURE (F)   33        12      1989


SUNRISE AND SUNSET
FEBRUARY  6 2016......SUNRISE   731 AM MST   SUNSET   609 PM MST
FEBRUARY  7 2016......SUNRISE   730 AM MST   SUNSET   610 PM MST


-  INDICATES NEGATIVE NUMBERS.
R  INDICATES RECORD WAS SET OR TIED.
MM INDICATES DATA IS MISSING.
T  INDICATES TRACE AMOUNT.




$$
