000
CDUS45 KIGM 230825
CLIIGM


CLIMATE REPORT
NATIONAL WEATHER SERVICE LAS VEGAS, NV
125 AM PDT WED JUL 23 2014


...................................

...THE KINGMAN AZ CLIMATE SUMMARY FOR JULY 22 2014...

CLIMATE NORMAL PERIOD 1981 TO 2010
CLIMATE RECORD PERIOD 1901 TO 2014


WEATHER ITEM   OBSERVED TIME   RECORD YEAR NORMAL DEPARTURE LAST
                VALUE   (LST)  VALUE       VALUE  FROM      YEAR
                                                  NORMAL
..................................................................
TEMPERATURE (F)
 YESTERDAY
  MAXIMUM        101    356 PM 105    1937  98      3       91
  MINIMUM         67    431 AM  57    1958  71     -4       68
  AVERAGE         84                        84      0       80

PRECIPITATION (IN)
  YESTERDAY        0.00          1.14 1915   0.03  -0.03     0.09
  MONTH TO DATE    1.10                      0.49   0.61     0.23
  SINCE OCT 1      2.77                      6.14  -3.37     2.59
  SINCE JAN 1      1.89                      4.04  -2.15     1.42

DEGREE DAYS
 HEATING
  YESTERDAY        0                         0      0        0
  MONTH TO DATE    0                         0      0        0
  SINCE JUN 1      0                         3     -3        0
  SINCE JUL 1      0                         0      0        0

 COOLING
  YESTERDAY       19                        19      0       15
  MONTH TO DATE  400                       404     -4      459
  SINCE JUN 1    840                       789     51      959
  SINCE JAN 1   1065                       987     78     1181
..................................................................


WIND (MPH)
  RESULTANT WIND SPEED   6   RESULTANT WIND DIRECTION   S (200)
  HIGHEST WIND SPEED    20   HIGHEST WIND DIRECTION    SW (240)
  HIGHEST GUST SPEED    24   HIGHEST GUST DIRECTION     W (250)
  AVERAGE WIND SPEED     8.7


SKY COVER
  POSSIBLE SUNSHINE  MM
  AVERAGE SKY COVER 0.0


WEATHER CONDITIONS
 THE FOLLOWING WEATHER WAS RECORDED YESTERDAY.
  NO SIGNIFICANT WEATHER WAS OBSERVED.


RELATIVE HUMIDITY (PERCENT)
 HIGHEST    31           100 AM
 LOWEST      5           400 PM
 AVERAGE    18

..........................................................


THE KINGMAN AZ CLIMATE NORMALS FOR TODAY
                         NORMAL    RECORD    YEAR
 MAXIMUM TEMPERATURE (F)   98       107      1996
 MINIMUM TEMPERATURE (F)   71        60      2001


SUNRISE AND SUNSET
JULY 23 2014..........SUNRISE   538 AM MST   SUNSET   746 PM MST
JULY 24 2014..........SUNRISE   539 AM MST   SUNSET   745 PM MST


-  INDICATES NEGATIVE NUMBERS.
R  INDICATES RECORD WAS SET OR TIED.
MM INDICATES DATA IS MISSING.
T  INDICATES TRACE AMOUNT.




$$
