000
CDUS45 KVEF 290033
CLIIGM


CLIMATE REPORT
NATIONAL WEATHER SERVICE LAS VEGAS, NV
427 PM PST FRI NOV 28 2014


...................................

...THE KINGMAN AZ CLIMATE SUMMARY FOR NOVEMBER 28 2014...
VALID TODAY AS OF 0400 PM LOCAL TIME.

CLIMATE NORMAL PERIOD 1981 TO 2010
CLIMATE RECORD PERIOD 1901 TO 2014


WEATHER ITEM   OBSERVED TIME   RECORD YEAR NORMAL DEPARTURE LAST
                VALUE   (LST)  VALUE       VALUE  FROM      YEAR
                                                  NORMAL
..................................................................
TEMPERATURE (F)
 TODAY
  MAXIMUM         75    208 PM  78    1999  59     16       63
  MINIMUM         33    645 AM  18    1976  34     -1       33
  AVERAGE         54                        46      8       48

PRECIPITATION (IN)
  TODAY            0.00          6.03 1919   0.02  -0.02     0.00
  MONTH TO DATE    0.00                      0.61  -0.61     0.71
  SINCE OCT 1      0.76                      1.32  -0.56     0.84
  SINCE JAN 1      7.25                      7.61  -0.36     6.68

DEGREE DAYS
 HEATING
  TODAY           11                        19     -8       17
  MONTH TO DATE  367                       388    -21      359
  SINCE SEP 1    394                       527   -133      596
  SINCE JUL 1    394                       527   -133      596

 COOLING
  TODAY            0                         0      0        0
  MONTH TO DATE    0                         0      0        0
  SINCE SEP 1    388                       391     -3      232
  SINCE JAN 1   2070                      2092    -22     2106
..................................................................


WIND (MPH)
  RESULTANT WIND SPEED   5   RESULTANT WIND DIRECTION  SW (210)
  HIGHEST WIND SPEED    20   HIGHEST WIND DIRECTION    SW (230)
  HIGHEST GUST SPEED    22   HIGHEST GUST DIRECTION    SW (220)
  AVERAGE WIND SPEED     6.4


SKY COVER
  POSSIBLE SUNSHINE  MM
  AVERAGE SKY COVER 0.0


WEATHER CONDITIONS
 THE FOLLOWING WEATHER WAS RECORDED TODAY.
  NO SIGNIFICANT WEATHER WAS OBSERVED.


RELATIVE HUMIDITY (PERCENT)
 HIGHEST    41           700 AM
 LOWEST     10           400 PM
 AVERAGE    26

..........................................................


THE KINGMAN AZ CLIMATE NORMALS FOR TOMORROW
                         NORMAL    RECORD    YEAR
 MAXIMUM TEMPERATURE (F)   58        77      1949
 MINIMUM TEMPERATURE (F)   34        13      1919


SUNRISE AND SUNSET
NOVEMBER 28 2014......SUNRISE   723 AM MST   SUNSET   524 PM MST
NOVEMBER 29 2014......SUNRISE   724 AM MST   SUNSET   524 PM MST


-  INDICATES NEGATIVE NUMBERS.
R  INDICATES RECORD WAS SET OR TIED.
MM INDICATES DATA IS MISSING.
T  INDICATES TRACE AMOUNT.




$$
