000
CDUS45 KVEF 260026
CLIIGM


CLIMATE REPORT
NATIONAL WEATHER SERVICE LAS VEGAS, NV
525 PM PDT SUN JUN 25 2017


...................................

...THE KINGMAN AZ CLIMATE SUMMARY FOR JUNE 25 2017...
VALID TODAY AS OF 0500 PM LOCAL TIME.

CLIMATE NORMAL PERIOD 1981 TO 2010
CLIMATE RECORD PERIOD 1901 TO 2017


WEATHER ITEM   OBSERVED TIME   RECORD YEAR NORMAL DEPARTURE LAST
                VALUE   (LST)  VALUE       VALUE  FROM      YEAR
                                                  NORMAL
..................................................................
TEMPERATURE (F)
 TODAY
  MAXIMUM        108    218 PM 109    1970  95     13      101
  MINIMUM         77    553 AM  43    1941  66     11       69
  AVERAGE         93                        80     13       85

PRECIPITATION (IN)
  TODAY            0.00          0.50 1954   0.01  -0.01     0.00
  MONTH TO DATE    0.00                      0.05  -0.05     0.00
  SINCE OCT 1      6.45                      5.61   0.84     4.61
  SINCE JAN 1      2.89                      3.51  -0.62     3.09

DEGREE DAYS
 HEATING
  TODAY            0                         0      0        0
  MONTH TO DATE    0                         0      0        0
  SINCE JUN 1      0                         0      0        0
  SINCE JUL 1   2491                      3100   -609     2828

 COOLING
  TODAY           28                        15     13       20
  MONTH TO DATE  421                       304    117      447
  SINCE JUN 1    421                       304    117      447
  SINCE JAN 1    581                       502     79      587
..................................................................


WIND (MPH)
  RESULTANT WIND SPEED   7   RESULTANT WIND DIRECTION   S (180)
  HIGHEST WIND SPEED    26   HIGHEST WIND DIRECTION    SW (230)
  HIGHEST GUST SPEED    35   HIGHEST GUST DIRECTION    SW (220)
  AVERAGE WIND SPEED    11.5


SKY COVER
  POSSIBLE SUNSHINE  MM
  AVERAGE SKY COVER 0.0


WEATHER CONDITIONS
 THE FOLLOWING WEATHER WAS RECORDED TODAY.
  NO SIGNIFICANT WEATHER WAS OBSERVED.


RELATIVE HUMIDITY (PERCENT)
 HIGHEST    18           500 AM
 LOWEST      9           200 PM
 AVERAGE    14

..........................................................


THE KINGMAN AZ CLIMATE NORMALS FOR TOMORROW
                         NORMAL    RECORD    YEAR
 MAXIMUM TEMPERATURE (F)   95       109      1970
 MINIMUM TEMPERATURE (F)   66        49      1933


SUNRISE AND SUNSET
JUNE 25 2017..........SUNRISE   523 AM MST   SUNSET   754 PM MST
JUNE 26 2017..........SUNRISE   523 AM MST   SUNSET   754 PM MST


-  INDICATES NEGATIVE NUMBERS.
R  INDICATES RECORD WAS SET OR TIED.
MM INDICATES DATA IS MISSING.
T  INDICATES TRACE AMOUNT.




$$
