000
CDUS45 KVEF 180825
CLIIGM


CLIMATE REPORT
NATIONAL WEATHER SERVICE LAS VEGAS, NV
125 AM PDT FRI AUG 18 2017


...................................

...THE KINGMAN AZ CLIMATE SUMMARY FOR AUGUST 17 2017...

CLIMATE NORMAL PERIOD 1981 TO 2010
CLIMATE RECORD PERIOD 1901 TO 2017


WEATHER ITEM   OBSERVED TIME   RECORD YEAR NORMAL DEPARTURE LAST
                VALUE   (LST)  VALUE       VALUE  FROM      YEAR
                                                  NORMAL
..................................................................
TEMPERATURE (F)
 YESTERDAY
  MAXIMUM         95    350 PM 106    2001  96     -1       98
  MINIMUM         64    254 AM  52    1954  69     -5       72
  AVERAGE         80                        83     -3       85

PRECIPITATION (IN)
  YESTERDAY        0.00          1.30 1977   0.02  -0.02     0.09
  MONTH TO DATE    0.42                      0.42   0.00     1.56
  SINCE OCT 1      9.76                      6.82   2.94     7.16
  SINCE JAN 1      6.20                      4.72   1.48     5.64

DEGREE DAYS
 HEATING
  YESTERDAY        0                         0      0        0
  MONTH TO DATE    0                         0      0        0
  SINCE JUN 1      0                         3     -3        0
  SINCE JUL 1      0                         0      0        0

 COOLING
  YESTERDAY       15                        18     -3       20
  MONTH TO DATE  296                       312    -16      318
  SINCE JUN 1   1455                      1273    182     1545
  SINCE JAN 1   1615                      1471    144     1685
..................................................................


WIND (MPH)
  RESULTANT WIND SPEED   4   RESULTANT WIND DIRECTION   S (200)
  HIGHEST WIND SPEED    15   HIGHEST WIND DIRECTION    SW (210)
  HIGHEST GUST SPEED    21   HIGHEST GUST DIRECTION    NE (50)
  AVERAGE WIND SPEED     6.3


SKY COVER
  POSSIBLE SUNSHINE  MM
  AVERAGE SKY COVER 0.0


WEATHER CONDITIONS
 THE FOLLOWING WEATHER WAS RECORDED YESTERDAY.
  NO SIGNIFICANT WEATHER WAS OBSERVED.


RELATIVE HUMIDITY (PERCENT)
 HIGHEST    37           200 AM
 LOWEST     15           200 PM
 AVERAGE    26

..........................................................


THE KINGMAN AZ CLIMATE NORMALS FOR TODAY
                         NORMAL    RECORD    YEAR
 MAXIMUM TEMPERATURE (F)   96       109      1915
 MINIMUM TEMPERATURE (F)   69        50      1949


SUNRISE AND SUNSET
AUGUST 18 2017........SUNRISE   558 AM MST   SUNSET   721 PM MST
AUGUST 19 2017........SUNRISE   559 AM MST   SUNSET   719 PM MST


-  INDICATES NEGATIVE NUMBERS.
R  INDICATES RECORD WAS SET OR TIED.
MM INDICATES DATA IS MISSING.
T  INDICATES TRACE AMOUNT.




$$
