000
CDUS45 KIGM 310828
CLIIGM


CLIMATE REPORT
NATIONAL WEATHER SERVICE LAS VEGAS, NV
128 AM PDT SUN AUG 31 2014


...................................

...THE KINGMAN AZ CLIMATE SUMMARY FOR AUGUST 30 2014...

CLIMATE NORMAL PERIOD 1981 TO 2010
CLIMATE RECORD PERIOD 1901 TO 2014


WEATHER ITEM   OBSERVED TIME   RECORD YEAR NORMAL DEPARTURE LAST
                VALUE   (LST)  VALUE       VALUE  FROM      YEAR
                                                  NORMAL
..................................................................
TEMPERATURE (F)
 YESTERDAY
  MAXIMUM         99    234 PM 108    1915  94      5       82
  MINIMUM         66    624 AM  43    1907  67     -1       70
  AVERAGE         83                        81      2       76

PRECIPITATION (IN)
  YESTERDAY        0.00          1.62 1988   0.06  -0.06     0.01
  MONTH TO DATE    2.05                      0.92   1.13     1.37
  SINCE OCT 1      4.97                      7.32  -2.35     5.21
  SINCE JAN 1      4.09                      5.22  -1.13     4.04

DEGREE DAYS
 HEATING
  YESTERDAY        0                         0      0        0
  MONTH TO DATE    0                         0      0        0
  SINCE JUN 1      0                         3     -3        0
  SINCE JUL 1      0                         0      0        0

 COOLING
  YESTERDAY       18                        16      2       11
  MONTH TO DATE  412                       528   -116      506
  SINCE JUN 1   1437                      1489    -52     1638
  SINCE JAN 1   1662                      1687    -25     1860
..................................................................


WIND (MPH)
  RESULTANT WIND SPEED   9   RESULTANT WIND DIRECTION   S (190)
  HIGHEST WIND SPEED    25   HIGHEST WIND DIRECTION    SW (210)
  HIGHEST GUST SPEED    32   HIGHEST GUST DIRECTION    SW (220)
  AVERAGE WIND SPEED    10.7


SKY COVER
  POSSIBLE SUNSHINE  MM
  AVERAGE SKY COVER 0.0


WEATHER CONDITIONS
 THE FOLLOWING WEATHER WAS RECORDED YESTERDAY.
  NO SIGNIFICANT WEATHER WAS OBSERVED.


RELATIVE HUMIDITY (PERCENT)
 HIGHEST    32           600 AM
 LOWEST     10           100 PM
 AVERAGE    21

..........................................................


THE KINGMAN AZ CLIMATE NORMALS FOR TODAY
                         NORMAL    RECORD    YEAR
 MAXIMUM TEMPERATURE (F)   94       107      1915
 MINIMUM TEMPERATURE (F)   67        46      1957


SUNRISE AND SUNSET
AUGUST 31 2014........SUNRISE   608 AM MST   SUNSET   704 PM MST
SEPTEMBER  1 2014.....SUNRISE   608 AM MST   SUNSET   703 PM MST


-  INDICATES NEGATIVE NUMBERS.
R  INDICATES RECORD WAS SET OR TIED.
MM INDICATES DATA IS MISSING.
T  INDICATES TRACE AMOUNT.




$$
