000
CDUS45 KVEF 260041
CLIIGM


CLIMATE REPORT
NATIONAL WEATHER SERVICE LAS VEGAS, NV
438 PM PST THU DEC 25 2014


...................................

...THE KINGMAN AZ CLIMATE SUMMARY FOR DECEMBER 25 2014...
VALID TODAY AS OF 0400 PM LOCAL TIME.

CLIMATE NORMAL PERIOD 1981 TO 2010
CLIMATE RECORD PERIOD 1901 TO 2014


WEATHER ITEM   OBSERVED TIME   RECORD YEAR NORMAL DEPARTURE LAST
                VALUE   (LST)  VALUE       VALUE  FROM      YEAR
                                                  NORMAL
..................................................................
TEMPERATURE (F)
 TODAY
  MAXIMUM         49   1241 PM  70    1919  54     -5       58
  MINIMUM         39    215 AM   9    1990  31      8       32
  AVERAGE         44                        42      2       45

PRECIPITATION (IN)
  TODAY            0.00          1.70 1921   0.03  -0.03     0.00
  MONTH TO DATE    0.89                      0.58   0.31     0.04
  SINCE OCT 1      1.65                      1.94  -0.29     0.88
  SINCE JAN 1      8.14                      8.23  -0.09     6.72

DEGREE DAYS
 HEATING
  TODAY           21                        23     -2       20
  MONTH TO DATE  438                       548   -110      615
  SINCE DEC 1    438                       548   -110      615
  SINCE JUL 1    852                      1114   -262     1248

 COOLING
  TODAY            0                         0      0        0
  MONTH TO DATE    0                         0      0        0
  SINCE DEC 1      0                         0      0        0
  SINCE JAN 1   2070                      2093    -23     2106
..................................................................


WIND (MPH)
  RESULTANT WIND SPEED   6   RESULTANT WIND DIRECTION   W (290)
  HIGHEST WIND SPEED    28   HIGHEST WIND DIRECTION     N (350)
  HIGHEST GUST SPEED    36   HIGHEST GUST DIRECTION    SW (210)
  AVERAGE WIND SPEED    15.1


SKY COVER
  POSSIBLE SUNSHINE  MM
  AVERAGE SKY COVER 0.4


WEATHER CONDITIONS
 THE FOLLOWING WEATHER WAS RECORDED TODAY.
  NO SIGNIFICANT WEATHER WAS OBSERVED.


RELATIVE HUMIDITY (PERCENT)
 HIGHEST    43           800 AM
 LOWEST     19           400 PM
 AVERAGE    31

..........................................................


THE KINGMAN AZ CLIMATE NORMALS FOR TOMORROW
                         NORMAL    RECORD    YEAR
 MAXIMUM TEMPERATURE (F)   54        74      1933
 MINIMUM TEMPERATURE (F)   31        11      1911


SUNRISE AND SUNSET
DECEMBER 25 2014......SUNRISE   742 AM MST   SUNSET   530 PM MST
DECEMBER 26 2014......SUNRISE   743 AM MST   SUNSET   530 PM MST


-  INDICATES NEGATIVE NUMBERS.
R  INDICATES RECORD WAS SET OR TIED.
MM INDICATES DATA IS MISSING.
T  INDICATES TRACE AMOUNT.




$$
