328
CDUS45 KVEF 300825
CLIIGM


CLIMATE REPORT
NATIONAL WEATHER SERVICE LAS VEGAS, NV
125 AM PDT FRI SEP 30 2016


...................................

...THE KINGMAN AZ CLIMATE SUMMARY FOR SEPTEMBER 29 2016...

CLIMATE NORMAL PERIOD 1981 TO 2010
CLIMATE RECORD PERIOD 1901 TO 2016


WEATHER ITEM   OBSERVED TIME   RECORD YEAR NORMAL DEPARTURE LAST
                VALUE   (LST)  VALUE       VALUE  FROM      YEAR
                                                  NORMAL
..................................................................
TEMPERATURE (F)
 YESTERDAY
  MAXIMUM         87    136 PM  98    2010  85      2       95
  MINIMUM         63    111 AM  40    2013  56      7       66
                                      1909
  AVERAGE         75                        70      5       81

PRECIPITATION (IN)
  YESTERDAY        0.00          0.25 1935   0.01  -0.01     0.00
  MONTH TO DATE    0.23                      1.01  -0.78     0.20
  SINCE OCT 1      8.89                      8.38   0.51     8.81
  SINCE JAN 1      7.37                      6.28   1.09     6.68

DEGREE DAYS
 HEATING
  YESTERDAY        0                         1     -1        0
  MONTH TO DATE   10                         4      6        0
  SINCE SEP 1     10                         4      6        0
  SINCE JUL 1     10                         4      6        0

 COOLING
  YESTERDAY       10                         6      4       16
  MONTH TO DATE  251                       320    -69      415
  SINCE SEP 1    251                       320    -69      415
  SINCE JAN 1   2127                      2021    106     2102
..................................................................


WIND (MPH)
  RESULTANT WIND SPEED   6   RESULTANT WIND DIRECTION   S (160)
  HIGHEST WIND SPEED    21   HIGHEST WIND DIRECTION    SW (240)
  HIGHEST GUST SPEED    26   HIGHEST GUST DIRECTION    SW (240)
  AVERAGE WIND SPEED     9.6


SKY COVER
  POSSIBLE SUNSHINE  MM
  AVERAGE SKY COVER 0.5


WEATHER CONDITIONS
 THE FOLLOWING WEATHER WAS RECORDED YESTERDAY.
  THUNDERSTORM


RELATIVE HUMIDITY (PERCENT)
 HIGHEST    56           100 AM
 LOWEST     25           200 PM
 AVERAGE    41

..........................................................


THE KINGMAN AZ CLIMATE NORMALS FOR TODAY
                         NORMAL    RECORD    YEAR
 MAXIMUM TEMPERATURE (F)   84        99      1980
 MINIMUM TEMPERATURE (F)   56        34      1907


SUNRISE AND SUNSET
SEPTEMBER 30 2016.....SUNRISE   630 AM MST   SUNSET   620 PM MST
OCTOBER  1 2016.......SUNRISE   631 AM MST   SUNSET   619 PM MST


-  INDICATES NEGATIVE NUMBERS.
R  INDICATES RECORD WAS SET OR TIED.
MM INDICATES DATA IS MISSING.
T  INDICATES TRACE AMOUNT.




$$
