000
CDUS45 KIGM 190830
CLIIGM


CLIMATE REPORT
NATIONAL WEATHER SERVICE LAS VEGAS, NV
130 AM PDT SAT APR 19 2014


...................................

...THE KINGMAN AZ CLIMATE SUMMARY FOR APRIL 18 2014...

CLIMATE NORMAL PERIOD 1981 TO 2010
CLIMATE RECORD PERIOD 1901 TO 2014


WEATHER ITEM   OBSERVED TIME   RECORD YEAR NORMAL DEPARTURE LAST
                VALUE   (LST)  VALUE       VALUE  FROM      YEAR
                                                  NORMAL
..................................................................
TEMPERATURE (F)
 YESTERDAY
  MAXIMUM         77    126 PM  95    1938  74      3       63
  MINIMUM         55   1155 PM  29    1976  45     10       33
  AVERAGE         66                        59      7       48

PRECIPITATION (IN)
  YESTERDAY        0.01          0.22 2000   0.02  -0.01     0.00
  MONTH TO DATE    0.01                      0.30  -0.29     0.05
  SINCE OCT 1      1.44                      5.32  -3.88     2.35
  SINCE JAN 1      0.56                      3.22  -2.66     1.18

DEGREE DAYS
 HEATING
  YESTERDAY        0                         6     -6       17
  MONTH TO DATE  106                       155    -49      123
  SINCE MAR 1    412                       573   -161      381
  SINCE JUL 1   2734                      2986   -252     2848

 COOLING
  YESTERDAY        1                         1      0        0
  MONTH TO DATE   20                        11      9        2
  SINCE MAR 1     20                        14      6        8
  SINCE JAN 1     20                        14      6        8
..................................................................


WIND (MPH)
  RESULTANT WIND SPEED  10   RESULTANT WIND DIRECTION   S (160)
  HIGHEST WIND SPEED    28   HIGHEST WIND DIRECTION    SE (130)
  HIGHEST GUST SPEED    33   HIGHEST GUST DIRECTION    SE (130)
  AVERAGE WIND SPEED    12.6


SKY COVER
  POSSIBLE SUNSHINE  MM
  AVERAGE SKY COVER 0.3


WEATHER CONDITIONS
 THE FOLLOWING WEATHER WAS RECORDED YESTERDAY.
  LIGHT RAIN


RELATIVE HUMIDITY (PERCENT)
 HIGHEST    37          1000 PM
 LOWEST     13           300 PM
 AVERAGE    25

..........................................................


THE KINGMAN AZ CLIMATE NORMALS FOR TODAY
                         NORMAL    RECORD    YEAR
 MAXIMUM TEMPERATURE (F)   75        97      1938
 MINIMUM TEMPERATURE (F)   45        29      1975


SUNRISE AND SUNSET
APRIL 19 2014.........SUNRISE   558 AM MST   SUNSET   712 PM MST
APRIL 20 2014.........SUNRISE   557 AM MST   SUNSET   713 PM MST


-  INDICATES NEGATIVE NUMBERS.
R  INDICATES RECORD WAS SET OR TIED.
MM INDICATES DATA IS MISSING.
T  INDICATES TRACE AMOUNT.




$$
