000
CDUS45 KIGM 200825
CLIIGM


CLIMATE REPORT
NATIONAL WEATHER SERVICE LAS VEGAS, NV
125 AM PDT SAT SEP 20 2014


...................................

...THE KINGMAN AZ CLIMATE SUMMARY FOR SEPTEMBER 19 2014...

CLIMATE NORMAL PERIOD 1981 TO 2010
CLIMATE RECORD PERIOD 1901 TO 2014


WEATHER ITEM   OBSERVED TIME   RECORD YEAR NORMAL DEPARTURE LAST
                VALUE   (LST)  VALUE       VALUE  FROM      YEAR
                                                  NORMAL
..................................................................
TEMPERATURE (F)
 YESTERDAY
  MAXIMUM         90    328 PM 104    1922  89      1       90
  MINIMUM         61    618 AM  40    1955  60      1       49
  AVERAGE         76                        75      1       70

PRECIPITATION (IN)
  YESTERDAY        0.00          0.47 1972   0.03  -0.03     0.00
  MONTH TO DATE    1.52                      0.81   0.71     1.80
  SINCE OCT 1      6.49                      8.18  -1.69     7.01
  SINCE JAN 1      5.61                      6.08  -0.47     5.84

DEGREE DAYS
 HEATING
  YESTERDAY        0                         0      0        0
  MONTH TO DATE    0                         0      0        0
  SINCE SEP 1      0                         0      0        0
  SINCE JUL 1      0                         0      0        0

 COOLING
  YESTERDAY       11                        10      1        5
  MONTH TO DATE  255                       243     12      198
  SINCE SEP 1    255                       243     12      198
  SINCE JAN 1   1937                      1944     -7     2072
..................................................................


WIND (MPH)
  RESULTANT WIND SPEED   6   RESULTANT WIND DIRECTION   S (190)
  HIGHEST WIND SPEED    22   HIGHEST WIND DIRECTION    SW (240)
  HIGHEST GUST SPEED    32   HIGHEST GUST DIRECTION     W (250)
  AVERAGE WIND SPEED     9.5


SKY COVER
  POSSIBLE SUNSHINE  MM
  AVERAGE SKY COVER 0.0


WEATHER CONDITIONS
 THE FOLLOWING WEATHER WAS RECORDED YESTERDAY.
  NO SIGNIFICANT WEATHER WAS OBSERVED.


RELATIVE HUMIDITY (PERCENT)
 HIGHEST    60           500 AM
 LOWEST     17          1100 AM
 AVERAGE    39

..........................................................


THE KINGMAN AZ CLIMATE NORMALS FOR TODAY
                         NORMAL    RECORD    YEAR
 MAXIMUM TEMPERATURE (F)   89       102      1928
 MINIMUM TEMPERATURE (F)   60        38      1965


SUNRISE AND SUNSET
SEPTEMBER 20 2014.....SUNRISE   622 AM MST   SUNSET   635 PM MST
SEPTEMBER 21 2014.....SUNRISE   623 AM MST   SUNSET   634 PM MST


-  INDICATES NEGATIVE NUMBERS.
R  INDICATES RECORD WAS SET OR TIED.
MM INDICATES DATA IS MISSING.
T  INDICATES TRACE AMOUNT.




$$
