000
CDUS45 KVEF 250040
CLIIGM


CLIMATE REPORT
NATIONAL WEATHER SERVICE LAS VEGAS, NV
540 PM PDT WED MAY 24 2017


...................................

...THE KINGMAN AZ CLIMATE SUMMARY FOR MAY 24 2017...
VALID TODAY AS OF 0500 PM LOCAL TIME.

CLIMATE NORMAL PERIOD 1981 TO 2010
CLIMATE RECORD PERIOD 1901 TO 2017


WEATHER ITEM   OBSERVED TIME   RECORD YEAR NORMAL DEPARTURE LAST
                VALUE   (LST)  VALUE       VALUE  FROM      YEAR
                                                  NORMAL
..................................................................
TEMPERATURE (F)
 TODAY
  MAXIMUM         98    244 PM 101    2001  88     10       75
  MINIMUM         58    251 AM  34    1909  55      3       53
  AVERAGE         78                        71      7       64

PRECIPITATION (IN)
  TODAY            0.00          0.45 1917   0.00   0.00     0.00
  MONTH TO DATE    0.19                      0.11   0.08     0.38
  SINCE OCT 1      6.45                      5.54   0.91     4.61
  SINCE JAN 1      2.89                      3.44  -0.55     3.09

DEGREE DAYS
 HEATING
  TODAY            0                         1     -1        1
  MONTH TO DATE   85                        49     36       41
  SINCE MAR 1    494                       682   -188      470
  SINCE JUL 1   2491                      3095   -604     2822

 COOLING
  TODAY           13                         7      6        0
  MONTH TO DATE   81                       112    -31       83
  SINCE MAR 1     96                       143    -47      103
  SINCE JAN 1     96                       143    -47      103
..................................................................


WIND (MPH)
  RESULTANT WIND SPEED  15   RESULTANT WIND DIRECTION  SW (220)
  HIGHEST WIND SPEED    30   HIGHEST WIND DIRECTION    SW (210)
  HIGHEST GUST SPEED    38   HIGHEST GUST DIRECTION    SW (210)
  AVERAGE WIND SPEED    16.5


SKY COVER
  POSSIBLE SUNSHINE  MM
  AVERAGE SKY COVER 0.0


WEATHER CONDITIONS
 THE FOLLOWING WEATHER WAS RECORDED TODAY.
  NO SIGNIFICANT WEATHER WAS OBSERVED.


RELATIVE HUMIDITY (PERCENT)
 HIGHEST    25           300 AM
 LOWEST      8           200 PM
 AVERAGE    17

..........................................................


THE KINGMAN AZ CLIMATE NORMALS FOR TOMORROW
                         NORMAL    RECORD    YEAR
 MAXIMUM TEMPERATURE (F)   88        99      2001
 MINIMUM TEMPERATURE (F)   55        36      2010


SUNRISE AND SUNSET
MAY 24 2017...........SUNRISE   526 AM MST   SUNSET   740 PM MST
MAY 25 2017...........SUNRISE   525 AM MST   SUNSET   741 PM MST


-  INDICATES NEGATIVE NUMBERS.
R  INDICATES RECORD WAS SET OR TIED.
MM INDICATES DATA IS MISSING.
T  INDICATES TRACE AMOUNT.




$$
