000
CDUS45 KVEF 220028
CLIIGM


CLIMATE REPORT
NATIONAL WEATHER SERVICE LAS VEGAS, NV
527 PM PDT SAT OCT 21 2017


...................................

...THE KINGMAN AZ CLIMATE SUMMARY FOR OCTOBER 21 2017...
VALID TODAY AS OF 0500 PM LOCAL TIME.

CLIMATE NORMAL PERIOD 1981 TO 2010
CLIMATE RECORD PERIOD 1901 TO 2017


WEATHER ITEM   OBSERVED TIME   RECORD YEAR NORMAL DEPARTURE LAST
                VALUE   (LST)  VALUE       VALUE  FROM      YEAR
                                                  NORMAL
..................................................................
TEMPERATURE (F)
 TODAY
  MAXIMUM         71    335 PM  95    1921  75     -4       88
  MINIMUM         47    644 AM  29    1949  46      1       46
  AVERAGE         59                        61     -2       67

PRECIPITATION (IN)
  TODAY            0.00          0.86 1978   0.02  -0.02     0.00
  MONTH TO DATE    0.00                      0.43  -0.43      T
  SINCE OCT 1      0.00                      0.43  -0.43      T
  SINCE JAN 1      7.97                      6.72   1.25     7.43

DEGREE DAYS
 HEATING
  TODAY            6                         5      1        0
  MONTH TO DATE   37                        60    -23       18
  SINCE SEP 1     64                        66     -2       28
  SINCE JUL 1     64                        66     -2       28

 COOLING
  TODAY            0                         1     -1        2
  MONTH TO DATE   24                        59    -35       68
  SINCE SEP 1    300                       384    -84      326
  SINCE JAN 1   2170                      2085     85     2202
..................................................................


WIND (MPH)
  RESULTANT WIND SPEED   6   RESULTANT WIND DIRECTION  NE (60)
  HIGHEST WIND SPEED    16   HIGHEST WIND DIRECTION     N (10)
  HIGHEST GUST SPEED    20   HIGHEST GUST DIRECTION     N (10)
  AVERAGE WIND SPEED     9.2


SKY COVER
  POSSIBLE SUNSHINE  MM
  AVERAGE SKY COVER 0.0


WEATHER CONDITIONS
 THE FOLLOWING WEATHER WAS RECORDED TODAY.
  NO SIGNIFICANT WEATHER WAS OBSERVED.


RELATIVE HUMIDITY (PERCENT)
 HIGHEST    46           100 AM
 LOWEST     10           300 PM
 AVERAGE    28

..........................................................


THE KINGMAN AZ CLIMATE NORMALS FOR TOMORROW
                         NORMAL    RECORD    YEAR
 MAXIMUM TEMPERATURE (F)   75        93      2003
 MINIMUM TEMPERATURE (F)   46        30      1996


SUNRISE AND SUNSET
OCTOBER 21 2017.......SUNRISE   647 AM MST   SUNSET   553 PM MST
OCTOBER 22 2017.......SUNRISE   648 AM MST   SUNSET   552 PM MST


-  INDICATES NEGATIVE NUMBERS.
R  INDICATES RECORD WAS SET OR TIED.
MM INDICATES DATA IS MISSING.
T  INDICATES TRACE AMOUNT.




$$
