000
CDUS41 KPHI 230550
CLIILG


CLIMATE REPORT
NATIONAL WEATHER SERVICE MOUNT HOLLY NJ
1249 AM EST TUE JAN 23 2018


...................................

...THE WILMINGTON DE CLIMATE SUMMARY FOR JANUARY 22 2018...

CLIMATE NORMAL PERIOD 1981 TO 2010
CLIMATE RECORD PERIOD 1894 TO 2018


WEATHER ITEM   OBSERVED TIME   RECORD YEAR NORMAL DEPARTURE LAST
                VALUE   (LST)  VALUE       VALUE  FROM      YEAR
                                                  NORMAL
..................................................................
TEMPERATURE (F)
 YESTERDAY
  MAXIMUM         60    320 PM  67    1906  40     20       51
  MINIMUM         39    608 AM -14    1984  24     15       44
  AVERAGE         50                        32     18       48

PRECIPITATION (IN)
  YESTERDAY        T             2.60 1902   0.10  -0.10     0.11
  MONTH TO DATE    1.70                      2.13  -0.43     2.17
  SINCE DEC 1      2.93                      5.61  -2.68     4.76
  SINCE JAN 1      1.70                      2.13  -0.43     2.17

SNOWFALL (IN)
  YESTERDAY        0.0          12.1  1987   0.2   -0.2      0.0
  MONTH TO DATE    3.4                       3.6   -0.2      4.0
  SINCE DEC 1     11.2                       7.0    4.2      4.0
  SINCE JUL 1     11.2                       7.4    3.8      4.0
  SNOW DEPTH       0

DEGREE DAYS
 HEATING
  YESTERDAY       15                        33    -18       17
  MONTH TO DATE  793                       720     73      615
  SINCE DEC 1   1717                      1599    118     1446
  SINCE JUL 1   2445                      2497    -52     2170

 COOLING
  YESTERDAY        0                         0      0        0
  MONTH TO DATE    0                         0      0        0
  SINCE DEC 1      0                         0      0        0
  SINCE JAN 1      0                         0      0        0
..................................................................


WIND (MPH)
  HIGHEST WIND SPEED    12   HIGHEST WIND DIRECTION    SE (150)
  HIGHEST GUST SPEED    14   HIGHEST GUST DIRECTION     S (160)
  AVERAGE WIND SPEED     3.6


SKY COVER
  POSSIBLE SUNSHINE  MM
  AVERAGE SKY COVER 0.6


WEATHER CONDITIONS
 THE FOLLOWING WEATHER WAS RECORDED YESTERDAY.
  LIGHT RAIN


RELATIVE HUMIDITY (PERCENT)
 HIGHEST    86           500 AM
 LOWEST     53           300 PM
 AVERAGE    70

..........................................................


THE WILMINGTON DE CLIMATE NORMALS FOR TODAY
                         NORMAL    RECORD    YEAR
 MAXIMUM TEMPERATURE (F)   40        69      1906
 MINIMUM TEMPERATURE (F)   25        -4      1936


SUNRISE AND SUNSET
JANUARY 23 2018.......SUNRISE   717 AM EST   SUNSET   512 PM EST
JANUARY 24 2018.......SUNRISE   717 AM EST   SUNSET   513 PM EST


-  INDICATES NEGATIVE NUMBERS.
R  INDICATES RECORD WAS SET OR TIED.
MM INDICATES DATA IS MISSING.
T  INDICATES TRACE AMOUNT.




$$
