000
CDUS41 KPHI 180627
CLIILG


CLIMATE REPORT
NATIONAL WEATHER SERVICE MOUNT HOLLY NJ
227 AM EDT THU SEP 18 2014


...................................

...THE WILMINGTON DE CLIMATE SUMMARY FOR SEPTEMBER 17 2014...

CLIMATE NORMAL PERIOD 1981 TO 2010
CLIMATE RECORD PERIOD 1894 TO 2014


WEATHER ITEM   OBSERVED TIME   RECORD YEAR NORMAL DEPARTURE LAST
                VALUE   (LST)  VALUE       VALUE  FROM      YEAR
                                                  NORMAL
..................................................................
TEMPERATURE (F)
 YESTERDAY
  MAXIMUM         74   1219 PM  92    1991  77     -3       67
  MINIMUM         53    418 AM  43    1986  58     -5       48
  AVERAGE         64                        68     -4       58

PRECIPITATION (IN)
  YESTERDAY        0.00          1.85 1993   0.17  -0.17     0.00
  MONTH TO DATE    1.57                      2.28  -0.71     0.46
  SINCE SEP 1      1.57                      2.28  -0.71     0.46
  SINCE JAN 1     39.64                     31.04   8.60    36.79

SNOWFALL (IN)
  YESTERDAY        0.0           0.0  1894   0.0    0.0      0.0
  MONTH TO DATE    0.0                       0.0    0.0      0.0
  SINCE SEP 1      0.0                       0.0    0.0      0.0
  SINCE JUL 1      0.0                       0.0    0.0      0.0
  SNOW DEPTH       0

DEGREE DAYS
 HEATING
  YESTERDAY        1                         2     -1        7
  MONTH TO DATE   14                        11      3       22
  SINCE SEP 1     14                        11      3       22
  SINCE JUL 1     14                        13      1       22

 COOLING
  YESTERDAY        0                         4     -4        0
  MONTH TO DATE  126                       100     26      105
  SINCE SEP 1    126                       100     26      105
  SINCE JAN 1   1032                      1093    -61     1190
..................................................................


WIND (MPH)
  HIGHEST WIND SPEED     9   HIGHEST WIND DIRECTION     S (200)
  HIGHEST GUST SPEED    14   HIGHEST GUST DIRECTION    SE (120)
  AVERAGE WIND SPEED     3.3


SKY COVER
  POSSIBLE SUNSHINE  MM
  AVERAGE SKY COVER 0.3


WEATHER CONDITIONS
 THE FOLLOWING WEATHER WAS RECORDED YESTERDAY.
  NO SIGNIFICANT WEATHER WAS OBSERVED.


RELATIVE HUMIDITY (PERCENT)
 HIGHEST    93           100 AM
 LOWEST     41          1100 AM
 AVERAGE    67

..........................................................


THE WILMINGTON DE CLIMATE NORMALS FOR TODAY
                         NORMAL    RECORD    YEAR
 MAXIMUM TEMPERATURE (F)   77        89      1941
 MINIMUM TEMPERATURE (F)   57        40      1990
                                             1959


SUNRISE AND SUNSET
SEPTEMBER 18 2014.....SUNRISE   646 AM EDT   SUNSET   706 PM EDT
SEPTEMBER 19 2014.....SUNRISE   647 AM EDT   SUNSET   704 PM EDT


-  INDICATES NEGATIVE NUMBERS.
R  INDICATES RECORD WAS SET OR TIED.
MM INDICATES DATA IS MISSING.
T  INDICATES TRACE AMOUNT.




$$
