000
CDUS41 KPHI 310634
CLIILG


CLIMATE REPORT
NATIONAL WEATHER SERVICE MOUNT HOLLY NJ
132 AM EST SAT JAN 31 2015


...................................

...THE WILMINGTON DE CLIMATE SUMMARY FOR JANUARY 30 2015...

CLIMATE NORMAL PERIOD 1981 TO 2010
CLIMATE RECORD PERIOD 1894 TO 2015


WEATHER ITEM   OBSERVED TIME   RECORD YEAR NORMAL DEPARTURE LAST
                VALUE   (LST)  VALUE       VALUE  FROM      YEAR
                                                  NORMAL
..................................................................
TEMPERATURE (F)
 YESTERDAY
  MAXIMUM         42   1246 PM  70    2013  41      1       27
  MINIMUM         20   1159 PM   3    2014  25     -5        3
  AVERAGE         31                        33     -2       15

PRECIPITATION (IN)
  YESTERDAY        T             1.53 1939   0.11  -0.11     0.00
  MONTH TO DATE    4.45                      2.91   1.54     3.23
  SINCE DEC 1      7.46                      6.39   1.07     8.45
  SINCE JAN 1      4.45                      2.91   1.54     3.23

SNOWFALL (IN)
  YESTERDAY        T             6.8  1966   0.3   -0.3      0.0
  MONTH TO DATE    3.7                       5.6   -1.9     17.5
  SINCE DEC 1      3.9                       9.0   -5.1     29.4
  SINCE JUL 1      4.2                       9.4   -5.2     29.4
  SNOW DEPTH       0

DEGREE DAYS
 HEATING
  YESTERDAY       34                        32      2       50
  MONTH TO DATE 1023                       980     43     1121
  SINCE DEC 1   1788                      1859    -71     1964
  SINCE JUL 1   2677                      2757    -80     2885

 COOLING
  YESTERDAY        0                         0      0        0
  MONTH TO DATE    0                         0      0        0
  SINCE DEC 1      0                         0      0        0
  SINCE JAN 1      0                         0      0        0
..................................................................


WIND (MPH)
  HIGHEST WIND SPEED    33   HIGHEST WIND DIRECTION    NW (310)
  HIGHEST GUST SPEED    43   HIGHEST GUST DIRECTION    NW (320)
  AVERAGE WIND SPEED    17.7


SKY COVER
  POSSIBLE SUNSHINE  MM
  AVERAGE SKY COVER 0.7


WEATHER CONDITIONS
 THE FOLLOWING WEATHER WAS RECORDED YESTERDAY.
  LIGHT SNOW
  HAZE


RELATIVE HUMIDITY (PERCENT)
 HIGHEST    75           100 AM
 LOWEST     41           200 PM
 AVERAGE    58

..........................................................


THE WILMINGTON DE CLIMATE NORMALS FOR TODAY
                         NORMAL    RECORD    YEAR
 MAXIMUM TEMPERATURE (F)   41        65      2013
                                             1947
 MINIMUM TEMPERATURE (F)   25         3      1948
                                             1935


SUNRISE AND SUNSET
JANUARY 31 2015.......SUNRISE   711 AM EST   SUNSET   521 PM EST
FEBRUARY  1 2015......SUNRISE   710 AM EST   SUNSET   522 PM EST


-  INDICATES NEGATIVE NUMBERS.
R  INDICATES RECORD WAS SET OR TIED.
MM INDICATES DATA IS MISSING.
T  INDICATES TRACE AMOUNT.




$$
