000
CDUS41 KPHI 300629
CLIILG


CLIMATE REPORT
NATIONAL WEATHER SERVICE MOUNT HOLLY NJ
228 AM EDT MON MAR 30 2015


...................................

...THE WILMINGTON DE CLIMATE SUMMARY FOR MARCH 29 2015...

CLIMATE NORMAL PERIOD 1981 TO 2010
CLIMATE RECORD PERIOD 1894 TO 2015


WEATHER ITEM   OBSERVED TIME   RECORD YEAR NORMAL DEPARTURE LAST
                VALUE   (LST)  VALUE       VALUE  FROM      YEAR
                                                  NORMAL
..................................................................
TEMPERATURE (F)
 YESTERDAY
  MAXIMUM         45    409 PM  85    1945  57    -12       55
  MINIMUM         22    407 AM  13    1923  38    -16       47
  AVERAGE         34                        47    -13       51

PRECIPITATION (IN)
  YESTERDAY        0.00          1.51 2014   0.14  -0.14     1.51
  MONTH TO DATE    5.26                      3.65   1.61     3.14
  SINCE MAR 1      5.26                      3.65   1.61     3.14
  SINCE JAN 1     11.87                      9.34   2.53    11.72

SNOWFALL (IN)
  YESTERDAY        0.0           0.4  1970   0.0    0.0      0.0
  MONTH TO DATE    8.6                       1.9    6.7      7.7
  SINCE MAR 1      8.6                       1.9    6.7      7.7
  SINCE JUL 1     23.4                      19.9    3.5     56.1
  SNOW DEPTH       0

DEGREE DAYS
 HEATING
  YESTERDAY       31                        18     13       14
  MONTH TO DATE  799                       647    152      783
  SINCE MAR 1    799                       647    152      783
  SINCE JUL 1   4638                      4270    368     4638

 COOLING
  YESTERDAY        0                         0      0        0
  MONTH TO DATE    0                         0      0        0
  SINCE MAR 1      0                         0      0        0
  SINCE JAN 1      0                         0      0        0
..................................................................


WIND (MPH)
  HIGHEST WIND SPEED    21   HIGHEST WIND DIRECTION    NW (330)
  HIGHEST GUST SPEED    27   HIGHEST GUST DIRECTION    NW (320)
  AVERAGE WIND SPEED    10.2


SKY COVER
  POSSIBLE SUNSHINE  MM
  AVERAGE SKY COVER 0.1


WEATHER CONDITIONS
 THE FOLLOWING WEATHER WAS RECORDED YESTERDAY.
  NO SIGNIFICANT WEATHER WAS OBSERVED.


RELATIVE HUMIDITY (PERCENT)
 HIGHEST    50           400 AM
 LOWEST     22           400 PM
 AVERAGE    36

..........................................................


THE WILMINGTON DE CLIMATE NORMALS FOR TODAY
                         NORMAL    RECORD    YEAR
 MAXIMUM TEMPERATURE (F)   58        86      1998
 MINIMUM TEMPERATURE (F)   38        23      1941


SUNRISE AND SUNSET
MARCH 30 2015.........SUNRISE   650 AM EDT   SUNSET   724 PM EDT
MARCH 31 2015.........SUNRISE   649 AM EDT   SUNSET   725 PM EDT


-  INDICATES NEGATIVE NUMBERS.
R  INDICATES RECORD WAS SET OR TIED.
MM INDICATES DATA IS MISSING.
T  INDICATES TRACE AMOUNT.




$$
