000
CDUS41 KPHI 020627
CLIILG


CLIMATE REPORT
NATIONAL WEATHER SERVICE MOUNT HOLLY NJ
126 AM EST FRI DEC 2 2016


...................................

...THE WILMINGTON DE CLIMATE SUMMARY FOR DECEMBER 1 2016...

CLIMATE NORMAL PERIOD 1981 TO 2010
CLIMATE RECORD PERIOD 1894 TO 2016


WEATHER ITEM   OBSERVED TIME   RECORD YEAR NORMAL DEPARTURE LAST
                VALUE   (LST)  VALUE       VALUE  FROM      YEAR
                                                  NORMAL
..................................................................
TEMPERATURE (F)
 YESTERDAY
  MAXIMUM         63    204 AM  74    2006  50     13       56
  MINIMUM         43   1159 PM  10    1936  33     10       45
  AVERAGE         53                        41     12       51

PRECIPITATION (IN)
  YESTERDAY        0.03          1.37 1920   0.12  -0.09     1.04
  MONTH TO DATE    0.03                      0.12  -0.09     1.04
  SINCE DEC 1      0.03                      0.12  -0.09     1.04
  SINCE JAN 1     38.22                     39.72  -1.50    44.57

SNOWFALL (IN)
  YESTERDAY        0.0           0.5  1924   0.1   -0.1      0.0
  MONTH TO DATE    0.0                       0.1   -0.1      0.0
  SINCE DEC 1      0.0                       0.1   -0.1      0.0
  SINCE JUL 1      0.0                       0.5   -0.5      0.0
  SNOW DEPTH       0

DEGREE DAYS
 HEATING
  YESTERDAY       12                        24    -12       14
  MONTH TO DATE   12                        24    -12       14
  SINCE DEC 1     12                        24    -12       14
  SINCE JUL 1    736                       922   -186      718

 COOLING
  YESTERDAY        0                         0      0        0
  MONTH TO DATE    0                         0      0        0
  SINCE DEC 1      0                         0      0        0
  SINCE JAN 1   1489                      1145    344     1388
..................................................................


WIND (MPH)
  HIGHEST WIND SPEED    26   HIGHEST WIND DIRECTION     W (290)
  HIGHEST GUST SPEED    41   HIGHEST GUST DIRECTION     W (250)
  AVERAGE WIND SPEED    14.1


SKY COVER
  POSSIBLE SUNSHINE  MM
  AVERAGE SKY COVER 0.6


WEATHER CONDITIONS
 THE FOLLOWING WEATHER WAS RECORDED YESTERDAY.
  RAIN
  LIGHT RAIN
  FOG


RELATIVE HUMIDITY (PERCENT)
 HIGHEST    93          1200 AM
 LOWEST     44           400 PM
 AVERAGE    69

..........................................................


THE WILMINGTON DE CLIMATE NORMALS FOR TODAY
                         NORMAL    RECORD    YEAR
 MAXIMUM TEMPERATURE (F)   49        67      1970
 MINIMUM TEMPERATURE (F)   33        11      1967


SUNRISE AND SUNSET
DECEMBER  2 2016......SUNRISE   706 AM EST   SUNSET   438 PM EST
DECEMBER  3 2016......SUNRISE   706 AM EST   SUNSET   438 PM EST


-  INDICATES NEGATIVE NUMBERS.
R  INDICATES RECORD WAS SET OR TIED.
MM INDICATES DATA IS MISSING.
T  INDICATES TRACE AMOUNT.




$$
