000
CDUS41 KPHI 280630
CLIILG


CLIMATE REPORT
NATIONAL WEATHER SERVICE MOUNT HOLLY NJ
128 AM EST SAT FEB 28 2015


...................................

...THE WILMINGTON DE CLIMATE SUMMARY FOR FEBRUARY 27 2015...

CLIMATE NORMAL PERIOD 1981 TO 2010
CLIMATE RECORD PERIOD 1894 TO 2015


WEATHER ITEM   OBSERVED TIME   RECORD YEAR NORMAL DEPARTURE LAST
                VALUE   (LST)  VALUE       VALUE  FROM      YEAR
                                                  NORMAL
..................................................................
TEMPERATURE (F)
 YESTERDAY
  MAXIMUM         29    415 PM  73    1997  47    -18       37
  MINIMUM         20   1159 PM   5    1934  29     -9       13
  AVERAGE         25                        38    -13       25

PRECIPITATION (IN)
  YESTERDAY        0.01          2.48 1921   0.09  -0.08      T
  MONTH TO DATE    2.16                      2.58  -0.42     5.35
  SINCE DEC 1      9.62                      9.07   0.55    13.80
  SINCE JAN 1      6.61                      5.59   1.02     8.58

SNOWFALL (IN)
  YESTERDAY        0.2           0.7  2003   0.2    0.0       T
  MONTH TO DATE   10.6                       8.1    2.5     19.0
  SINCE DEC 1     14.5                      17.4   -2.9     48.4
  SINCE JUL 1     14.8                      17.8   -3.0     48.4
  SNOW DEPTH       2

DEGREE DAYS
 HEATING
  YESTERDAY       40                        27     13       40
  MONTH TO DATE 1077                       809    268      887
  SINCE DEC 1   2908                      2698    210     2887
  SINCE JUL 1   3797                      3596    201     3808

 COOLING
  YESTERDAY        0                         0      0        0
  MONTH TO DATE    0                         0      0        0
  SINCE DEC 1      0                         0      0        0
  SINCE JAN 1      0                         0      0        0
..................................................................


WIND (MPH)
  HIGHEST WIND SPEED    20   HIGHEST WIND DIRECTION    NW (320)
  HIGHEST GUST SPEED    24   HIGHEST GUST DIRECTION    NW (310)
  AVERAGE WIND SPEED     8.2


SKY COVER
  POSSIBLE SUNSHINE  MM
  AVERAGE SKY COVER 0.5


WEATHER CONDITIONS
 THE FOLLOWING WEATHER WAS RECORDED YESTERDAY.
  LIGHT SNOW
  FOG
  HAZE


RELATIVE HUMIDITY (PERCENT)
 HIGHEST    81           400 AM
 LOWEST     42           500 PM
 AVERAGE    62

..........................................................


THE WILMINGTON DE CLIMATE NORMALS FOR TODAY
                         NORMAL    RECORD    YEAR
 MAXIMUM TEMPERATURE (F)   47        66      2011
                                             1976
                                             1954
 MINIMUM TEMPERATURE (F)   29        -5      1934


SUNRISE AND SUNSET
FEBRUARY 28 2015......SUNRISE   637 AM EST   SUNSET   553 PM EST
MARCH  1 2015.........SUNRISE   636 AM EST   SUNSET   554 PM EST


-  INDICATES NEGATIVE NUMBERS.
R  INDICATES RECORD WAS SET OR TIED.
MM INDICATES DATA IS MISSING.
T  INDICATES TRACE AMOUNT.




$$
