000
CDUS41 KPHI 280628
CLIILG


CLIMATE REPORT
NATIONAL WEATHER SERVICE MOUNT HOLLY NJ
127 AM EST TUE FEB 28 2017


...................................

...THE WILMINGTON DE CLIMATE SUMMARY FOR FEBRUARY 27 2017...

CLIMATE NORMAL PERIOD 1981 TO 2010
CLIMATE RECORD PERIOD 1894 TO 2017


WEATHER ITEM   OBSERVED TIME   RECORD YEAR NORMAL DEPARTURE LAST
                VALUE   (LST)  VALUE       VALUE  FROM      YEAR
                                                  NORMAL
..................................................................
TEMPERATURE (F)
 YESTERDAY
  MAXIMUM         55    202 PM  73    1997  47      8       44
  MINIMUM         28    306 AM   5    1934  29     -1       24
  AVERAGE         42                        38      4       34

PRECIPITATION (IN)
  YESTERDAY        0.00          2.48 1921   0.09  -0.09     0.00
  MONTH TO DATE    1.24                      2.58  -1.34     4.43
  SINCE DEC 1      6.50                      9.07  -2.57    11.94
  SINCE JAN 1      3.91                      5.59  -1.68     6.73

SNOWFALL (IN)
  YESTERDAY        0.0           3.0  1935   0.2   -0.2      0.0
  MONTH TO DATE    1.1                       8.1   -7.0      5.8
  SINCE DEC 1      5.6                      17.4  -11.8     22.7
  SINCE JUL 1      5.6                      17.8  -12.2     22.7
  SNOW DEPTH       0

DEGREE DAYS
 HEATING
  YESTERDAY       23                        27     -4       31
  MONTH TO DATE  594                       809   -215      788
  SINCE DEC 1   2266                      2698   -432     2274
  SINCE JUL 1   2990                      3596   -606     2978

 COOLING
  YESTERDAY        0                         0      0        0
  MONTH TO DATE    0                         0      0        0
  SINCE DEC 1      0                         0      0        1
  SINCE JAN 1      0                         0      0        0
..................................................................


WIND (MPH)
  HIGHEST WIND SPEED    16   HIGHEST WIND DIRECTION    SW (230)
  HIGHEST GUST SPEED    20   HIGHEST GUST DIRECTION    SW (210)
  AVERAGE WIND SPEED     4.7


SKY COVER
  POSSIBLE SUNSHINE  MM
  AVERAGE SKY COVER 0.5


WEATHER CONDITIONS
 THE FOLLOWING WEATHER WAS RECORDED YESTERDAY.
  NO SIGNIFICANT WEATHER WAS OBSERVED.


RELATIVE HUMIDITY (PERCENT)
 HIGHEST    78           600 AM
 LOWEST     26           300 PM
 AVERAGE    52

..........................................................


THE WILMINGTON DE CLIMATE NORMALS FOR TODAY
                         NORMAL    RECORD    YEAR
 MAXIMUM TEMPERATURE (F)   47        66      2011
                                             1976
                                             1954
 MINIMUM TEMPERATURE (F)   29        -5      1934


SUNRISE AND SUNSET
FEBRUARY 28 2017......SUNRISE   637 AM EST   SUNSET   554 PM EST
MARCH  1 2017.........SUNRISE   635 AM EST   SUNSET   555 PM EST


-  INDICATES NEGATIVE NUMBERS.
R  INDICATES RECORD WAS SET OR TIED.
MM INDICATES DATA IS MISSING.
T  INDICATES TRACE AMOUNT.




$$
