000
CDUS41 KPHI 260647
CLIILG


CLIMATE REPORT
NATIONAL WEATHER SERVICE MOUNT HOLLY NJ
247 AM EDT SUN OCT 26 2014


...................................

...THE WILMINGTON DE CLIMATE SUMMARY FOR OCTOBER 25 2014...

CLIMATE NORMAL PERIOD 1981 TO 2010
CLIMATE RECORD PERIOD 1894 TO 2014


WEATHER ITEM   OBSERVED TIME   RECORD YEAR NORMAL DEPARTURE LAST
                VALUE   (LST)  VALUE       VALUE  FROM      YEAR
                                                  NORMAL
..................................................................
TEMPERATURE (F)
 YESTERDAY
  MAXIMUM         70    319 PM  79    2001  63      7       56
  MINIMUM         41    613 AM  30    1962  43     -2       34
                                      1937
  AVERAGE         56                        53      3       45

PRECIPITATION (IN)
  YESTERDAY        0.00          2.56 1980   0.10  -0.10     0.00
  MONTH TO DATE    2.73                      2.81  -0.08     1.92
  SINCE SEP 1      5.57                      7.13  -1.56     3.84
  SINCE JAN 1     43.64                     35.89   7.75    40.17

SNOWFALL (IN)
  YESTERDAY        0.0           0.0  1894   0.0    0.0      0.0
  MONTH TO DATE    0.0                       0.0    0.0      0.0
  SINCE SEP 1      0.0                       0.0    0.0      0.0
  SINCE JUL 1      0.0                       0.0    0.0      0.0
  SNOW DEPTH       0

DEGREE DAYS
 HEATING
  YESTERDAY        9                        12     -3       20
  MONTH TO DATE  150                       212    -62      141
  SINCE SEP 1    188                       262    -74      210
  SINCE JUL 1    188                       264    -76      210

 COOLING
  YESTERDAY        0                         0      0        0
  MONTH TO DATE   18                        15      3       49
  SINCE SEP 1    167                       149     18      156
  SINCE JAN 1   1073                      1142    -69     1241
..................................................................


WIND (MPH)
  HIGHEST WIND SPEED    17   HIGHEST WIND DIRECTION     W (260)
  HIGHEST GUST SPEED    22   HIGHEST GUST DIRECTION     W (250)
  AVERAGE WIND SPEED     7.1


SKY COVER
  POSSIBLE SUNSHINE  MM
  AVERAGE SKY COVER 0.0


WEATHER CONDITIONS
 THE FOLLOWING WEATHER WAS RECORDED YESTERDAY.
  NO SIGNIFICANT WEATHER WAS OBSERVED.


RELATIVE HUMIDITY (PERCENT)
 HIGHEST    89           700 AM
 LOWEST     37           400 PM
 AVERAGE    63

..........................................................


THE WILMINGTON DE CLIMATE NORMALS FOR TODAY
                         NORMAL    RECORD    YEAR
 MAXIMUM TEMPERATURE (F)   63        77      1973
 MINIMUM TEMPERATURE (F)   43        26      1933


SUNRISE AND SUNSET
OCTOBER 26 2014.......SUNRISE   724 AM EDT   SUNSET   608 PM EDT
OCTOBER 27 2014.......SUNRISE   725 AM EDT   SUNSET   607 PM EDT


-  INDICATES NEGATIVE NUMBERS.
R  INDICATES RECORD WAS SET OR TIED.
MM INDICATES DATA IS MISSING.
T  INDICATES TRACE AMOUNT.




$$
