000
CDUS41 KPHI 240544
CLIILG


CLIMATE REPORT
NATIONAL WEATHER SERVICE MOUNT HOLLY NJ
144 AM EDT SUN SEP 24 2017


...................................

...THE WILMINGTON DE CLIMATE SUMMARY FOR SEPTEMBER 23 2017...

CLIMATE NORMAL PERIOD 1981 TO 2010
CLIMATE RECORD PERIOD 1894 TO 2017


WEATHER ITEM   OBSERVED TIME   RECORD YEAR NORMAL DEPARTURE LAST
                VALUE   (LST)  VALUE       VALUE  FROM      YEAR
                                                  NORMAL
..................................................................
TEMPERATURE (F)
 YESTERDAY
  MAXIMUM         89    304 PM  97    1895  75     14       89
  MINIMUM         61    553 AM  37    1947  55      6       57
  AVERAGE         75                        65     10       73

PRECIPITATION (IN)
  YESTERDAY        0.00          2.65 1907   0.15  -0.15     0.00
  MONTH TO DATE    1.12                      3.21  -2.09     1.19
  SINCE SEP 1      1.12                      3.21  -2.09     1.19
  SINCE JAN 1     33.26                     31.97   1.29    30.45

SNOWFALL (IN)
  YESTERDAY        0.0           0.0  1894   0.0    0.0      0.0
  MONTH TO DATE    0.0                       0.0    0.0      0.0
  SINCE SEP 1      0.0                       0.0    0.0      0.0
  SINCE JUL 1      0.0                       0.0    0.0      0.0
  SNOW DEPTH       0

DEGREE DAYS
 HEATING
  YESTERDAY        0                         3     -3        0
  MONTH TO DATE   14                        24    -10        0
  SINCE SEP 1     14                        24    -10        0
  SINCE JUL 1     14                        26    -12        0

 COOLING
  YESTERDAY       10                         3      7        8
  MONTH TO DATE  128                       120      8      232
  SINCE SEP 1    128                       120      8      232
  SINCE JAN 1   1174                      1113     61     1453
..................................................................


WIND (MPH)
  HIGHEST WIND SPEED    15   HIGHEST WIND DIRECTION     N (350)
  HIGHEST GUST SPEED    20   HIGHEST GUST DIRECTION     N (360)
  AVERAGE WIND SPEED     7.6


SKY COVER
  POSSIBLE SUNSHINE  MM
  AVERAGE SKY COVER 0.0


WEATHER CONDITIONS
 THE FOLLOWING WEATHER WAS RECORDED YESTERDAY.
  NO SIGNIFICANT WEATHER WAS OBSERVED.


RELATIVE HUMIDITY (PERCENT)
 HIGHEST    84           600 AM
 LOWEST     38           300 PM
 AVERAGE    61

..........................................................


THE WILMINGTON DE CLIMATE NORMALS FOR TODAY
                         NORMAL    RECORD    YEAR
 MAXIMUM TEMPERATURE (F)   74        92      2010
 MINIMUM TEMPERATURE (F)   55        36      1974


SUNRISE AND SUNSET
SEPTEMBER 24 2017.....SUNRISE   652 AM EDT   SUNSET   656 PM EDT
SEPTEMBER 25 2017.....SUNRISE   653 AM EDT   SUNSET   654 PM EDT


-  INDICATES NEGATIVE NUMBERS.
R  INDICATES RECORD WAS SET OR TIED.
MM INDICATES DATA IS MISSING.
T  INDICATES TRACE AMOUNT.




$$
