000
CDUS41 KPHI 270634
CLIILG


CLIMATE REPORT
NATIONAL WEATHER SERVICE MOUNT HOLLY NJ
233 AM EDT SAT MAY 27 2017


...................................

...THE WILMINGTON DE CLIMATE SUMMARY FOR MAY 26 2017...

CLIMATE NORMAL PERIOD 1981 TO 2010
CLIMATE RECORD PERIOD 1894 TO 2017


WEATHER ITEM   OBSERVED TIME   RECORD YEAR NORMAL DEPARTURE LAST
                VALUE   (LST)  VALUE       VALUE  FROM      YEAR
                                                  NORMAL
..................................................................
TEMPERATURE (F)
 YESTERDAY
  MAXIMUM         77    115 PM  92    2010  76      1       87
  MINIMUM         58    458 AM  40    1925  56      2       59
  AVERAGE         68                        66      2       73

PRECIPITATION (IN)
  YESTERDAY        T             2.34 2001   0.13  -0.13     0.00
  MONTH TO DATE    5.70                      3.28   2.42     5.55
  SINCE MAR 1     13.00                     10.70   2.30     9.19
  SINCE JAN 1     17.02                     16.39   0.63    15.92

SNOWFALL (IN)
  YESTERDAY        0.0           0.0  1894   0.0    0.0      0.0
  MONTH TO DATE    0.0                       0.0    0.0      0.0
  SINCE MAR 1      3.4                       2.2    1.2      2.7
  SINCE JUL 1      9.0                      20.2  -11.2     25.4
  SNOW DEPTH       0

DEGREE DAYS
 HEATING
  YESTERDAY        0                         3     -3        0
  MONTH TO DATE  139                       124     15      171
  SINCE MAR 1   1066                      1170   -104     1052
  SINCE JUL 1   4068                      4793   -725     4060

 COOLING
  YESTERDAY        3                         3      0        8
  MONTH TO DATE   53                        47      6       20
  SINCE MAR 1     83                        59     24       34
  SINCE JAN 1     83                        59     24       34
..................................................................


WIND (MPH)
  HIGHEST WIND SPEED    24   HIGHEST WIND DIRECTION    NW (300)
  HIGHEST GUST SPEED    32   HIGHEST GUST DIRECTION     W (280)
  AVERAGE WIND SPEED    12.0


SKY COVER
  POSSIBLE SUNSHINE  MM
  AVERAGE SKY COVER 0.7


WEATHER CONDITIONS
 THE FOLLOWING WEATHER WAS RECORDED YESTERDAY.
  LIGHT RAIN


RELATIVE HUMIDITY (PERCENT)
 HIGHEST   100           500 AM
 LOWEST     50           200 PM
 AVERAGE    75

..........................................................


THE WILMINGTON DE CLIMATE NORMALS FOR TODAY
                         NORMAL    RECORD    YEAR
 MAXIMUM TEMPERATURE (F)   76        98      1914
 MINIMUM TEMPERATURE (F)   56        39      1925


SUNRISE AND SUNSET
MAY 27 2017...........SUNRISE   539 AM EDT   SUNSET   821 PM EDT
MAY 28 2017...........SUNRISE   538 AM EDT   SUNSET   821 PM EDT


-  INDICATES NEGATIVE NUMBERS.
R  INDICATES RECORD WAS SET OR TIED.
MM INDICATES DATA IS MISSING.
T  INDICATES TRACE AMOUNT.




$$
