000
CDUS42 KILM 160841
CLIILM


CLIMATE REPORT
NATIONAL WEATHER SERVICE WILMINGTON NC
441 AM EDT WED APR 16 2014


...................................

...THE WILMINGTON NC CLIMATE SUMMARY FOR APRIL 15 2014...

CLIMATE NORMAL PERIOD 1981 TO 2010
CLIMATE RECORD PERIOD 1871 TO 2014


WEATHER ITEM   OBSERVED TIME   RECORD YEAR NORMAL DEPARTURE LAST
                VALUE   (LST)  VALUE       VALUE  FROM      YEAR
                                                  NORMAL
..................................................................
TEMPERATURE (F)
 YESTERDAY
  MAXIMUM         77    133 PM  92    2006  74      3       71
  MINIMUM         47   1159 PM  32    1907  52     -5       60
  AVERAGE         62                        63     -1       66

PRECIPITATION (IN)
  YESTERDAY        0.39          2.94 1989   0.08   0.31     0.54
  MONTH TO DATE    0.67                      1.43  -0.76     2.88
  SINCE MAR 1      7.06                      5.64   1.42     5.32
  SINCE JAN 1     12.52                     13.02  -0.50    12.59

SNOWFALL (IN)
  YESTERDAY        0.0          MM      MM   0.0    0.0      0.0
  MONTH TO DATE    0.0                       0.0    0.0      0.0
  SINCE MAR 1      0.0                       0.2   -0.2      0.0
  SINCE JUL 1      1.0                       1.7   -0.7       T
  SNOW DEPTH       0

DEGREE DAYS
 HEATING
  YESTERDAY        3                         4     -1        0
  MONTH TO DATE   22                        85    -63       84
  SINCE MAR 1    435                       408     27      554
  SINCE JUL 1   2369                      2337     32     2361

 COOLING
  YESTERDAY        0                         2     -2        1
  MONTH TO DATE   58                        24     34       28
  SINCE MAR 1     60                        40     20       30
  SINCE JAN 1     65                        45     20       42
..................................................................


WIND (MPH)
  HIGHEST WIND SPEED    31   HIGHEST WIND DIRECTION    NW (320)
  HIGHEST GUST SPEED    38   HIGHEST GUST DIRECTION    NW (330)
  AVERAGE WIND SPEED    16.4


SKY COVER
  POSSIBLE SUNSHINE  MM
  AVERAGE SKY COVER 0.9


WEATHER CONDITIONS
 THE FOLLOWING WEATHER WAS RECORDED YESTERDAY.
  HEAVY RAIN
  RAIN
  LIGHT RAIN
  FOG


RELATIVE HUMIDITY (PERCENT)
 HIGHEST    93           900 PM
 LOWEST     68          1200 PM
 AVERAGE    81

..........................................................


THE WILMINGTON NC CLIMATE NORMALS FOR TODAY
                         NORMAL    RECORD    YEAR
 MAXIMUM TEMPERATURE (F)   74        90      2006
 MINIMUM TEMPERATURE (F)   52        33      1963


SUNRISE AND SUNSET
APRIL 16 2014.........SUNRISE   639 AM EDT   SUNSET   744 PM EDT
APRIL 17 2014.........SUNRISE   638 AM EDT   SUNSET   745 PM EDT


-  INDICATES NEGATIVE NUMBERS.
R  INDICATES RECORD WAS SET OR TIED.
MM INDICATES DATA IS MISSING.
T  INDICATES TRACE AMOUNT.




$$
