000
CDUS42 KILM 302040
CLIILM


CLIMATE REPORT
NATIONAL WEATHER SERVICE WILMINGTON NC
440 PM EDT TUE SEP 30 2014


...................................

...THE WILMINGTON NC CLIMATE SUMMARY FOR SEPTEMBER 30 2014...
VALID TODAY AS OF 0400 PM LOCAL TIME.

CLIMATE NORMAL PERIOD 1981 TO 2010
CLIMATE RECORD PERIOD 1871 TO 2014


WEATHER ITEM   OBSERVED TIME   RECORD YEAR NORMAL DEPARTURE LAST
                VALUE   (LST)  VALUE       VALUE  FROM      YEAR
                                                  NORMAL
..................................................................
TEMPERATURE (F)
 TODAY
  MAXIMUM         82    254 PM  91    1986  80      2       80
  MINIMUM         63    647 AM  44    1888  61      2       57
  AVERAGE         73                        70      3       69

PRECIPITATION (IN)
  TODAY            T             3.48 1920   0.21  -0.21     0.00
  MONTH TO DATE    6.00                      7.84  -1.84     0.98
  SINCE SEP 1      6.00                      7.84  -1.84     0.98
  SINCE JAN 1     48.51                     46.81   1.70    43.47

DEGREE DAYS
 HEATING
  TODAY            0                         1     -1        0
  MONTH TO DATE    2                         3     -1        0
  SINCE SEP 1      2                         5     -3        0
  SINCE JUL 1      2                         5     -3        0

 COOLING
  TODAY            8                         6      2        4
  MONTH TO DATE  310                       294     16      278
  SINCE SEP 1    310                       294     16      278
  SINCE JAN 1   2067                      1917    150     1768
..................................................................


WIND (MPH)
  HIGHEST WIND SPEED    14   HIGHEST WIND DIRECTION     N (360)
  HIGHEST GUST SPEED    18   HIGHEST GUST DIRECTION     N (360)
  AVERAGE WIND SPEED     7.7


SKY COVER
  POSSIBLE SUNSHINE  MM
  AVERAGE SKY COVER 0.4


WEATHER CONDITIONS
 THE FOLLOWING WEATHER WAS RECORDED TODAY.
  LIGHT RAIN
  FOG


RELATIVE HUMIDITY (PERCENT)
 HIGHEST   100           200 AM
 LOWEST     55           200 PM
 AVERAGE    78

..........................................................


THE WILMINGTON NC CLIMATE NORMALS FOR TOMORROW
                         NORMAL    RECORD    YEAR
 MAXIMUM TEMPERATURE (F)   80        92      1986
 MINIMUM TEMPERATURE (F)   60        45      1993


SUNRISE AND SUNSET
SEPTEMBER 30 2014.....SUNRISE   705 AM EDT   SUNSET   657 PM EDT
OCTOBER  1 2014.......SUNRISE   706 AM EDT   SUNSET   656 PM EDT


-  INDICATES NEGATIVE NUMBERS.
R  INDICATES RECORD WAS SET OR TIED.
MM INDICATES DATA IS MISSING.
T  INDICATES TRACE AMOUNT.




$$
