000
CDUS42 KILM 200941
CLIILM


CLIMATE REPORT
NATIONAL WEATHER SERVICE WILMINGTON NC
440 AM EST TUE FEB 20 2018


...................................

...THE WILMINGTON NORTH CAROLINA CLIMATE SUMMARY FOR FEBRUARY 19 2018...

CLIMATE NORMAL PERIOD 1981 TO 2010
CLIMATE RECORD PERIOD 1871 TO 2018


WEATHER ITEM   OBSERVED TIME   RECORD YEAR NORMAL DEPARTURE LAST
                VALUE   (LST)  VALUE       VALUE  FROM      YEAR
                                                  NORMAL
..................................................................
TEMPERATURE (F)
 YESTERDAY
  MAXIMUM         75   1150 AM  78    1976  61     14       74
  MINIMUM         49    230 AM  17    1958  38     11       48
  AVERAGE         62                        50     12       61

PRECIPITATION (IN)
  YESTERDAY        0.02          1.52 1898   0.13  -0.11     0.00
  MONTH TO DATE    1.70                      2.43  -0.73     1.32
  SINCE DEC 1     12.38                      9.81   2.57    10.90
  SINCE JAN 1      8.52                      6.19   2.33     5.54

SNOWFALL (IN)
  YESTERDAY        0.0           T    1972   0.0    0.0      0.0
  MONTH TO DATE    0.0                       0.2   -0.2      0.0
  SINCE DEC 1      3.8                       1.4    2.4       T
  SINCE JUL 1      3.8                       1.4    2.4       T
  SNOW DEPTH       0

DEGREE DAYS
 HEATING
  YESTERDAY        3                        16    -13        4
  MONTH TO DATE  212                       322   -110      216
  SINCE DEC 1   1436                      1428      8     1103
  SINCE JUL 1   1774                      1797    -23     1462

 COOLING
  YESTERDAY        0                         0      0        0
  MONTH TO DATE   14                         0     14        5
  SINCE DEC 1     15                         7      8        8
  SINCE JAN 1     15                         2     13        5
..................................................................


WIND (MPH)
  RESULTANT WIND SPEED   4   RESULTANT WIND DIRECTION   E (110)
  HIGHEST WIND SPEED    16   HIGHEST WIND DIRECTION     S (160)
  HIGHEST GUST SPEED    23   HIGHEST GUST DIRECTION    SE (150)
  AVERAGE WIND SPEED     6.4


SKY COVER
  POSSIBLE SUNSHINE  MM
  AVERAGE SKY COVER 0.9


WEATHER CONDITIONS
 THE FOLLOWING WEATHER WAS RECORDED YESTERDAY.
  LIGHT RAIN
  FOG
  FOG W/VISIBILITY <= 1/4 MILE


RELATIVE HUMIDITY (PERCENT)
 HIGHEST   100           800 PM
 LOWEST     66          1200 AM
 AVERAGE    83

..........................................................


THE WILMINGTON NORTH CAROLINA CLIMATE NORMALS FOR TODAY
                         NORMAL    RECORD    YEAR
 MAXIMUM TEMPERATURE (F)   61        81      1991
 MINIMUM TEMPERATURE (F)   39        13      2015


SUNRISE AND SUNSET
FEBRUARY 20 2018......SUNRISE   651 AM EST   SUNSET   600 PM EST
FEBRUARY 21 2018......SUNRISE   650 AM EST   SUNSET   601 PM EST


-  INDICATES NEGATIVE NUMBERS.
R  INDICATES RECORD WAS SET OR TIED.
MM INDICATES DATA IS MISSING.
T  INDICATES TRACE AMOUNT.




$$
