000
CDUS42 KILM 280942
CLIILM


CLIMATE REPORT
NATIONAL WEATHER SERVICE WILMINGTON NC
441 AM EST WED JAN 28 2015


...................................

...THE WILMINGTON NC CLIMATE SUMMARY FOR JANUARY 27 2015...

CLIMATE NORMAL PERIOD 1981 TO 2010
CLIMATE RECORD PERIOD 1871 TO 2015


WEATHER ITEM   OBSERVED TIME   RECORD YEAR NORMAL DEPARTURE LAST
                VALUE   (LST)  VALUE       VALUE  FROM      YEAR
                                                  NORMAL
..................................................................
TEMPERATURE (F)
 YESTERDAY
  MAXIMUM         47   1200 AM  78    1974  57    -10       67
                                      1952
                                      1890
  MINIMUM         29   1144 PM  14    1982  36     -7       44
                                      1940
  AVERAGE         38                        47     -9       56

PRECIPITATION (IN)
  YESTERDAY        T             2.56 1921   0.12  -0.12     0.00
  MONTH TO DATE    4.91                      3.25   1.66     2.09
  SINCE DEC 1      9.90                      6.87   3.03     3.82
  SINCE JAN 1      4.91                      3.25   1.66     2.09

SNOWFALL (IN)
  YESTERDAY        0.0           1.0  1927   0.1   -0.1      0.0
  MONTH TO DATE    0.0                       0.4   -0.4       T
  SINCE DEC 1      0.0                       1.2   -1.2       T
  SINCE JUL 1      0.0                       1.2   -1.2       T
  SNOW DEPTH       0

DEGREE DAYS
 HEATING
  YESTERDAY       27                        19      8        9
  MONTH TO DATE  492                       513    -21      549
  SINCE DEC 1    955                      1028    -73      947
  SINCE JUL 1   1408                      1397     11     1349

 COOLING
  YESTERDAY        0                         0      0        0
  MONTH TO DATE    6                         0      6        3
  SINCE DEC 1      6                         5      1       25
  SINCE JAN 1      6                         0      6        3
..................................................................


WIND (MPH)
  HIGHEST WIND SPEED    18   HIGHEST WIND DIRECTION    NW (300)
  HIGHEST GUST SPEED    23   HIGHEST GUST DIRECTION    NW (310)
  AVERAGE WIND SPEED     9.7


SKY COVER
  POSSIBLE SUNSHINE  MM
  AVERAGE SKY COVER 0.7


WEATHER CONDITIONS
 THE FOLLOWING WEATHER WAS RECORDED YESTERDAY.
  LIGHT RAIN
  FOG


RELATIVE HUMIDITY (PERCENT)
 HIGHEST    93          1200 AM
 LOWEST     57           400 PM
 AVERAGE    75

..........................................................


THE WILMINGTON NC CLIMATE NORMALS FOR TODAY
                         NORMAL    RECORD    YEAR
 MAXIMUM TEMPERATURE (F)   57        79      1974
 MINIMUM TEMPERATURE (F)   36        14      1940


SUNRISE AND SUNSET
JANUARY 28 2015.......SUNRISE   712 AM EST   SUNSET   538 PM EST
JANUARY 29 2015.......SUNRISE   711 AM EST   SUNSET   539 PM EST


-  INDICATES NEGATIVE NUMBERS.
R  INDICATES RECORD WAS SET OR TIED.
MM INDICATES DATA IS MISSING.
T  INDICATES TRACE AMOUNT.




$$
