000
CDUS42 KILM 120948
CLIILM


CLIMATE REPORT
NATIONAL WEATHER SERVICE WILMINGTON NC
448 AM EST TUE DEC 12 2017


...................................

...THE WILMINGTON NC CLIMATE SUMMARY FOR DECEMBER 11 2017...

CLIMATE NORMAL PERIOD 1981 TO 2010
CLIMATE RECORD PERIOD 1871 TO 2017


WEATHER ITEM   OBSERVED TIME   RECORD YEAR NORMAL DEPARTURE LAST
                VALUE   (LST)  VALUE       VALUE  FROM      YEAR
                                                  NORMAL
..................................................................
TEMPERATURE (F)
 YESTERDAY
  MAXIMUM         55    224 PM  79    2007  60     -5       62
  MINIMUM         33   1115 PM  19    1917  39     -6       23
                                      1880
  AVERAGE         44                        50     -6       43

PRECIPITATION (IN)
  YESTERDAY        0.00          1.29 1886   0.13  -0.13     0.00
  MONTH TO DATE    2.22                      1.29   0.93     2.49
  SINCE DEC 1      2.22                      1.29   0.93     2.49
  SINCE JAN 1     61.00                     55.28   5.72    68.77

SNOWFALL (IN)
  YESTERDAY        0.0           2.0  1958   0.0    0.0      0.0
  MONTH TO DATE    0.0                       0.1   -0.1      0.0
  SINCE DEC 1      0.0                       0.1   -0.1      0.0
  SINCE JUL 1      0.0                       0.1   -0.1      0.0
  SNOW DEPTH       0

DEGREE DAYS
 HEATING
  YESTERDAY       21                        16      5       22
  MONTH TO DATE  156                       158     -2      173
  SINCE DEC 1    156                       158     -2      173
  SINCE JUL 1    494                       527    -33      532

 COOLING
  YESTERDAY        0                         0      0        0
  MONTH TO DATE    0                         0      0        0
  SINCE DEC 1      0                         0      0        0
  SINCE JAN 1   2355                      2037    318     2394
..................................................................


WIND (MPH)
  HIGHEST WIND SPEED    10   HIGHEST WIND DIRECTION    NW (300)
  HIGHEST GUST SPEED    12   HIGHEST GUST DIRECTION     E (90)
  AVERAGE WIND SPEED     3.6


SKY COVER
  POSSIBLE SUNSHINE  MM
  AVERAGE SKY COVER 0.0


WEATHER CONDITIONS
 THE FOLLOWING WEATHER WAS RECORDED YESTERDAY.
  FOG


RELATIVE HUMIDITY (PERCENT)
 HIGHEST    96          1100 PM
 LOWEST     28           400 PM
 AVERAGE    62

..........................................................


THE WILMINGTON NC CLIMATE NORMALS FOR TODAY
                         NORMAL    RECORD    YEAR
 MAXIMUM TEMPERATURE (F)   60        79      2007
                                             1931
 MINIMUM TEMPERATURE (F)   38        14      1957


SUNRISE AND SUNSET
DECEMBER 12 2017......SUNRISE   708 AM EST   SUNSET   503 PM EST
DECEMBER 13 2017......SUNRISE   709 AM EST   SUNSET   503 PM EST


-  INDICATES NEGATIVE NUMBERS.
R  INDICATES RECORD WAS SET OR TIED.
MM INDICATES DATA IS MISSING.
T  INDICATES TRACE AMOUNT.




$$
