000
CDUS42 KILM 162042
CLIILM


CLIMATE REPORT
NATIONAL WEATHER SERVICE WILMINGTON NC
442 PM EDT WED AUG 16 2017


...................................

...THE WILMINGTON NC CLIMATE SUMMARY FOR AUGUST 16 2017...
VALID TODAY AS OF 0400 PM LOCAL TIME.

CLIMATE NORMAL PERIOD 1981 TO 2010
CLIMATE RECORD PERIOD 1871 TO 2017


WEATHER ITEM   OBSERVED TIME   RECORD YEAR NORMAL DEPARTURE LAST
                VALUE   (LST)  VALUE       VALUE  FROM      YEAR
                                                  NORMAL
..................................................................
TEMPERATURE (F)
 TODAY
  MAXIMUM         92    154 PM  99    1954  88      4       90
  MINIMUM         77    625 AM  62    1979  71      6       75
  AVERAGE         85                        80      5       83

PRECIPITATION (IN)
  TODAY            0.00          2.99 1981   0.23  -0.23     0.00
  MONTH TO DATE    6.14                      3.86   2.28     4.84
  SINCE JUN 1     22.84                     16.52   6.32    16.18
  SINCE JAN 1     43.34                     35.42   7.92    38.87

DEGREE DAYS
 HEATING
  TODAY            0                         0      0        0
  MONTH TO DATE    0                         0      0        0
  SINCE JUN 1      2                         2      0        0
  SINCE JUL 1      0                         0      0        0

 COOLING
  TODAY           20                        15      5       18
  MONTH TO DATE  228                       246    -18      292
  SINCE JUN 1   1153                      1132     21     1297
  SINCE JAN 1   1590                      1413    177     1632
..................................................................


WIND (MPH)
  HIGHEST WIND SPEED    13   HIGHEST WIND DIRECTION     E (100)
  HIGHEST GUST SPEED    16   HIGHEST GUST DIRECTION     E (80)
  AVERAGE WIND SPEED     4.3


SKY COVER
  POSSIBLE SUNSHINE  MM
  AVERAGE SKY COVER 0.3


WEATHER CONDITIONS
 THE FOLLOWING WEATHER WAS RECORDED TODAY.
  NO SIGNIFICANT WEATHER WAS OBSERVED.


RELATIVE HUMIDITY (PERCENT)
 HIGHEST    94           300 AM
 LOWEST     60          1200 PM
 AVERAGE    77

..........................................................


THE WILMINGTON NC CLIMATE NORMALS FOR TOMORROW
                         NORMAL    RECORD    YEAR
 MAXIMUM TEMPERATURE (F)   88        99      1954
 MINIMUM TEMPERATURE (F)   71        59      1979


SUNRISE AND SUNSET
AUGUST 16 2017........SUNRISE   634 AM EDT   SUNSET   757 PM EDT
AUGUST 17 2017........SUNRISE   634 AM EDT   SUNSET   756 PM EDT


-  INDICATES NEGATIVE NUMBERS.
R  INDICATES RECORD WAS SET OR TIED.
MM INDICATES DATA IS MISSING.
T  INDICATES TRACE AMOUNT.




$$
