000
CDUS42 KILM 230932
CLIILM


CLIMATE REPORT
NATIONAL WEATHER SERVICE WILMINGTON NC
532 AM EDT SAT MAY 23 2015


...................................

...THE WILMINGTON NC CLIMATE SUMMARY FOR MAY 22 2015...

CLIMATE NORMAL PERIOD 1981 TO 2010
CLIMATE RECORD PERIOD 1871 TO 2015


WEATHER ITEM   OBSERVED TIME   RECORD YEAR NORMAL DEPARTURE LAST
                VALUE   (LST)  VALUE       VALUE  FROM      YEAR
                                                  NORMAL
..................................................................
TEMPERATURE (F)
 YESTERDAY
  MAXIMUM         76    419 PM  95    1975  82     -6       92
  MINIMUM         59   1159 PM  49    1981  62     -3       70
  AVERAGE         68                        72     -4       81

PRECIPITATION (IN)
  YESTERDAY        0.00          2.91 1990   0.15  -0.15      T
  MONTH TO DATE    5.66                      2.99   2.67     2.05
  SINCE MAR 1     11.25                     10.02   1.23    13.34
  SINCE JAN 1     20.57                     17.40   3.17    18.80

DEGREE DAYS
 HEATING
  YESTERDAY        0                         0      0        0
  MONTH TO DATE   10                        25    -15        0
  SINCE MAR 1    414                       478    -64      498
  SINCE JUL 1   2597                      2407    190     2432

 COOLING
  YESTERDAY        3                         7     -4       16
  MONTH TO DATE  136                       117     19      196
  SINCE MAR 1    219                       200     19      306
  SINCE JAN 1    225                       205     20      311
..................................................................


WIND (MPH)
  HIGHEST WIND SPEED    17   HIGHEST WIND DIRECTION    NE (40)
  HIGHEST GUST SPEED    23   HIGHEST GUST DIRECTION     N (10)
  AVERAGE WIND SPEED     5.6


SKY COVER
  POSSIBLE SUNSHINE  MM
  AVERAGE SKY COVER 0.6


WEATHER CONDITIONS
 THE FOLLOWING WEATHER WAS RECORDED YESTERDAY.
  NO SIGNIFICANT WEATHER WAS OBSERVED.


RELATIVE HUMIDITY (PERCENT)
 HIGHEST    93          1100 PM
 LOWEST     49           300 PM
 AVERAGE    71

..........................................................


THE WILMINGTON NC CLIMATE NORMALS FOR TODAY
                         NORMAL    RECORD    YEAR
 MAXIMUM TEMPERATURE (F)   82        96      1975
                                             1953
 MINIMUM TEMPERATURE (F)   62        45      2002


SUNRISE AND SUNSET
MAY 23 2015...........SUNRISE   605 AM EDT   SUNSET   812 PM EDT
MAY 24 2015...........SUNRISE   604 AM EDT   SUNSET   813 PM EDT


-  INDICATES NEGATIVE NUMBERS.
R  INDICATES RECORD WAS SET OR TIED.
MM INDICATES DATA IS MISSING.
T  INDICATES TRACE AMOUNT.




$$
