000
CDUS43 KILX 260645
CLIILX


CLIMATE REPORT
NATIONAL WEATHER SERVICE LINCOLN IL
1235 AM CST MON JAN 26 2015


...................................

...THE LINCOLN IL CLIMATE SUMMARY FOR JANUARY 25 2015...

CLIMATE NORMAL PERIOD 1981 TO 2010
CLIMATE RECORD PERIOD 1905 TO 2015


WEATHER ITEM   OBSERVED TIME   RECORD YEAR NORMAL DEPARTURE LAST
                VALUE   (LST)  VALUE       VALUE  FROM      YEAR
                                                  NORMAL
..................................................................
TEMPERATURE (F)
 YESTERDAY
  MAXIMUM         36        MM  70    1950  34      2       35
  MINIMUM         24        MM -11    2008  18      6       11
                                      1940
  AVERAGE         30                        26      4       23

PRECIPITATION (IN)
  YESTERDAY        0.15          0.77 1967   0.05   0.10      T
  MONTH TO DATE    1.21                      1.63  -0.42     1.64
  SINCE DEC 1      2.66                      4.27  -1.61     3.15
  SINCE JAN 1      1.21                      1.63  -0.42     1.64

SNOWFALL (IN)
  YESTERDAY        T             1.8  2004   0.1   -0.1       T
  MONTH TO DATE    4.3                       4.7   -0.4     15.7
  SINCE DEC 1      4.7                      10.9   -6.2     22.1
  SINCE JUL 1      5.7                      11.5   -5.8     22.6
  SNOW DEPTH       0

DEGREE DAYS
 HEATING
  YESTERDAY       35                        39     -4       42
  MONTH TO DATE 1033                       975     58     1145
  SINCE DEC 1   2039                      2074    -35     2354
  SINCE JUL 1   3437                      3217    220     3632

 COOLING
  YESTERDAY        0                         0      0        0
  MONTH TO DATE    0                         0      0        0
  SINCE DEC 1      0                         0      0        0
  SINCE JAN 1      0                         0      0        0
..................................................................


WIND (MPH)
  HIGHEST WIND SPEED    MM   HIGHEST WIND DIRECTION    MM
  HIGHEST GUST SPEED    MM   HIGHEST GUST DIRECTION    MM
  AVERAGE WIND SPEED    MM


SKY COVER
  POSSIBLE SUNSHINE  MM


WEATHER CONDITIONS
 THE FOLLOWING WEATHER WAS RECORDED YESTERDAY.
  RAIN
  LIGHT RAIN
  LIGHT SNOW
  FOG


..........................................................


THE LINCOLN IL CLIMATE NORMALS FOR TODAY
                         NORMAL    RECORD    YEAR
 MAXIMUM TEMPERATURE (F)   34        59      1911
 MINIMUM TEMPERATURE (F)   18       -13      1936


SUNRISE AND SUNSET
JANUARY 26 2015.......SUNRISE   711 AM CST   SUNSET   509 PM CST
JANUARY 27 2015.......SUNRISE   711 AM CST   SUNSET   510 PM CST


-  INDICATES NEGATIVE NUMBERS.
R  INDICATES RECORD WAS SET OR TIED.
MM INDICATES DATA IS MISSING.
T  INDICATES TRACE AMOUNT.




$$
