143
CDUS43 KILX 240702
CLIILX


CLIMATE REPORT
NATIONAL WEATHER SERVICE LINCOLN IL
102 AM CST WED JAN 24 2018


...................................

...THE LINCOLN IL CLIMATE SUMMARY FOR JANUARY 23 2018...

CLIMATE NORMAL PERIOD 1981 TO 2010
CLIMATE RECORD PERIOD 1905 TO 2018


WEATHER ITEM   OBSERVED TIME   RECORD YEAR NORMAL DEPARTURE LAST
                VALUE   (LST)  VALUE       VALUE  FROM      YEAR
                                                  NORMAL
..................................................................
TEMPERATURE (F)
 YESTERDAY
  MAXIMUM         36        MM  69    1909  34      2       43
  MINIMUM         29        MM -20    1936  18     11       37
  AVERAGE         33                        26      7       40

PRECIPITATION (IN)
  YESTERDAY        0.04          1.29 1965   0.05  -0.01     0.00
  MONTH TO DATE    0.73                      1.53  -0.80     1.76
  SINCE DEC 1      1.19                      4.17  -2.98     3.12
  SINCE JAN 1      0.73                      1.53  -0.80     1.76

SNOWFALL (IN)
  YESTERDAY        T             4.0  1957   0.2   -0.2      0.0
  MONTH TO DATE    2.9                       4.4   -1.5      0.5
  SINCE DEC 1      7.1                      10.6   -3.5      3.7
  SINCE JUL 1      7.1                      11.2   -4.1      3.7
  SNOW DEPTH       0

DEGREE DAYS
 HEATING
  YESTERDAY       32                        39     -7       25
  MONTH TO DATE 1030                       897    133      771
  SINCE DEC 1   2160                      1996    164     1886
  SINCE JUL 1   3213                      3139     74     2663

 COOLING
  YESTERDAY        0                         0      0        0
  MONTH TO DATE    0                         0      0        0
  SINCE DEC 1      0                         0      0        0
  SINCE JAN 1      0                         0      0        0
..................................................................


WIND (MPH)
  HIGHEST WIND SPEED    MM   HIGHEST WIND DIRECTION    MM
  HIGHEST GUST SPEED    MM   HIGHEST GUST DIRECTION    MM
  AVERAGE WIND SPEED    MM


SKY COVER
  POSSIBLE SUNSHINE  MM


WEATHER CONDITIONS
 THE FOLLOWING WEATHER WAS RECORDED YESTERDAY.
  LIGHT RAIN
  LIGHT SNOW
  FOG


..........................................................


THE LINCOLN IL CLIMATE NORMALS FOR TODAY
                         NORMAL    RECORD    YEAR
 MAXIMUM TEMPERATURE (F)   34        70      1950
 MINIMUM TEMPERATURE (F)   18       -24      1915


SUNRISE AND SUNSET
JANUARY 24 2018.......SUNRISE   713 AM CST   SUNSET   507 PM CST
JANUARY 25 2018.......SUNRISE   712 AM CST   SUNSET   508 PM CST


-  INDICATES NEGATIVE NUMBERS.
R  INDICATES RECORD WAS SET OR TIED.
MM INDICATES DATA IS MISSING.
T  INDICATES TRACE AMOUNT.




$$
