000
CDUS43 KILX 180639
CLIILX


CLIMATE REPORT
NATIONAL WEATHER SERVICE LINCOLN IL
139 AM CDT THU SEP 18 2014


...................................

...THE LINCOLN IL CLIMATE SUMMARY FOR SEPTEMBER 17 2014...

CLIMATE NORMAL PERIOD 1981 TO 2010
CLIMATE RECORD PERIOD 1905 TO 2014


WEATHER ITEM   OBSERVED TIME   RECORD YEAR NORMAL DEPARTURE LAST
                VALUE   (LST)  VALUE       VALUE  FROM      YEAR
                                                  NORMAL
..................................................................
TEMPERATURE (F)
 YESTERDAY
  MAXIMUM         68        MM  98    1954  78    -10       76
  MINIMUM         43        MM  34    1918  53    -10       47
  AVERAGE         56                        66    -10       62

PRECIPITATION (IN)
  YESTERDAY        T             1.90 1969   0.10  -0.10      T
  MONTH TO DATE    7.04                      1.88   5.16     0.41
  SINCE SEP 1      7.04                      1.88   5.16     0.41
  SINCE JAN 1     35.69                     29.30   6.39    29.55

SNOWFALL (IN)
  YESTERDAY        0.0           0.0    MM   0.0    0.0      0.0
  MONTH TO DATE    0.0                       0.0    0.0      0.0
  SINCE SEP 1      0.0                       0.0    0.0      0.0
  SINCE JUL 1      0.0                       0.0    0.0       T
  SNOW DEPTH       0

DEGREE DAYS
 HEATING
  YESTERDAY        9                         3      6        3
  MONTH TO DATE   84                        24     60       27
  SINCE SEP 1     84                        24     60       27
  SINCE JUL 1     94                        33     61       49

 COOLING
  YESTERDAY        0                         3     -3        0
  MONTH TO DATE   59                        86    -27      105
  SINCE SEP 1     59                        86    -27      105
  SINCE JAN 1    813                       975   -162      876
..................................................................


WIND (MPH)
  HIGHEST WIND SPEED    MM   HIGHEST WIND DIRECTION    MM
  HIGHEST GUST SPEED    MM   HIGHEST GUST DIRECTION    MM
  AVERAGE WIND SPEED    MM


SKY COVER
  POSSIBLE SUNSHINE  MM


WEATHER CONDITIONS
 THE FOLLOWING WEATHER WAS RECORDED YESTERDAY.
  LIGHT RAIN
  FOG


..........................................................


THE LINCOLN IL CLIMATE NORMALS FOR TODAY
                         NORMAL    RECORD    YEAR
 MAXIMUM TEMPERATURE (F)   78        97      1906
 MINIMUM TEMPERATURE (F)   53        29      1916


SUNRISE AND SUNSET
SEPTEMBER 18 2014.....SUNRISE   641 AM CDT   SUNSET   701 PM CDT
SEPTEMBER 19 2014.....SUNRISE   642 AM CDT   SUNSET   659 PM CDT


-  INDICATES NEGATIVE NUMBERS.
R  INDICATES RECORD WAS SET OR TIED.
MM INDICATES DATA IS MISSING.
T  INDICATES TRACE AMOUNT.




$$
