000
CDUS43 KILX 070646
CLIILX


CLIMATE REPORT
NATIONAL WEATHER SERVICE LINCOLN IL
145 AM CDT TUE JUL 7 2015


...................................

...THE LINCOLN IL CLIMATE SUMMARY FOR JULY 6 2015...

CLIMATE NORMAL PERIOD 1981 TO 2010
CLIMATE RECORD PERIOD 1905 TO 2015


WEATHER ITEM   OBSERVED TIME   RECORD YEAR NORMAL DEPARTURE LAST
                VALUE   (LST)  VALUE       VALUE  FROM      YEAR
                                                  NORMAL
..................................................................
TEMPERATURE (F)
 YESTERDAY
  MAXIMUM         87        MM 108    1936  86      1       86
  MINIMUM         62        MM  47    1915  65     -3       63
  AVERAGE         75                        76     -1       75

PRECIPITATION (IN)
  YESTERDAY        0.00          2.46 1929   0.16  -0.16      T
  MONTH TO DATE    0.04                      0.98  -0.94     0.38
  SINCE JUN 1      9.71                      5.30   4.41     6.80
  SINCE JAN 1     24.10                     19.42   4.68    18.12

SNOWFALL (IN)
  YESTERDAY        0.0           0.0    MM   0.0    0.0      0.0
  MONTH TO DATE    0.0                       0.0    0.0      0.0
  SINCE JUN 1      0.0                       0.0    0.0      0.0
  SINCE JUL 1      0.0                       0.0    0.0      0.0
  SNOW DEPTH       0

DEGREE DAYS
 HEATING
  YESTERDAY        0                         0      0        0
  MONTH TO DATE    0                         0      0        0
  SINCE JUN 1      8                        17     -9        7
  SINCE JUL 1      0                         0      0        0

 COOLING
  YESTERDAY       10                        11     -1       10
  MONTH TO DATE   27                        62    -35       22
  SINCE JUN 1    253                       294    -41      259
  SINCE JAN 1    364                       385    -21      388
..................................................................


WIND (MPH)
  HIGHEST WIND SPEED    MM   HIGHEST WIND DIRECTION    MM
  HIGHEST GUST SPEED    MM   HIGHEST GUST DIRECTION    MM
  AVERAGE WIND SPEED    MM


SKY COVER
  POSSIBLE SUNSHINE  MM


WEATHER CONDITIONS
 THE FOLLOWING WEATHER WAS RECORDED YESTERDAY.
  FOG


..........................................................


THE LINCOLN IL CLIMATE NORMALS FOR TODAY
                         NORMAL    RECORD    YEAR
 MAXIMUM TEMPERATURE (F)   86       107      1936
 MINIMUM TEMPERATURE (F)   65        51      1984


SUNRISE AND SUNSET
JULY  7 2015..........SUNRISE   535 AM CDT   SUNSET   829 PM CDT
JULY  8 2015..........SUNRISE   536 AM CDT   SUNSET   829 PM CDT


-  INDICATES NEGATIVE NUMBERS.
R  INDICATES RECORD WAS SET OR TIED.
MM INDICATES DATA IS MISSING.
T  INDICATES TRACE AMOUNT.




$$
