000
CDUS43 KILX 230641
CLIILX


CLIMATE REPORT
NATIONAL WEATHER SERVICE LINCOLN IL
141 AM CDT FRI JUN 23 2017


...................................

...THE LINCOLN IL CLIMATE SUMMARY FOR JUNE 22 2017...

CLIMATE NORMAL PERIOD 1981 TO 2010
CLIMATE RECORD PERIOD 1905 TO 2017


WEATHER ITEM   OBSERVED TIME   RECORD YEAR NORMAL DEPARTURE LAST
                VALUE   (LST)  VALUE       VALUE  FROM      YEAR
                                                  NORMAL
..................................................................
TEMPERATURE (F)
 YESTERDAY
  MAXIMUM         84        MM 100    1988  85     -1       89
  MINIMUM         70        MM  44    1912  63      7       66
  AVERAGE         77                        74      3       78

PRECIPITATION (IN)
  YESTERDAY        0.00          2.46 2010   0.14  -0.14     1.03
  MONTH TO DATE    0.59                      3.08  -2.49     2.35
  SINCE JUN 1      0.59                      3.08  -2.49     2.35
  SINCE JAN 1     16.72                     17.20  -0.48    14.30

SNOWFALL (IN)
  YESTERDAY        0.0           0.0    MM   0.0    0.0      0.0
  MONTH TO DATE    0.0                       0.0    0.0      0.0
  SINCE JUN 1      0.0                       0.0    0.0      0.0
  SINCE JUL 1     10.9                      20.5   -9.6     12.3
  SNOW DEPTH       0

DEGREE DAYS
 HEATING
  YESTERDAY        0                         0      0        0
  MONTH TO DATE    0                        15    -15        1
  SINCE JUN 1      0                        15    -15        1
  SINCE JUL 1   4713                      5706   -993     4874

 COOLING
  YESTERDAY       12                         9      3       13
  MONTH TO DATE  230                       154     76      219
  SINCE JUN 1    230                       154     76      219
  SINCE JAN 1    320                       245     75      306
..................................................................


WIND (MPH)
  HIGHEST WIND SPEED    MM   HIGHEST WIND DIRECTION    MM
  HIGHEST GUST SPEED    MM   HIGHEST GUST DIRECTION    MM
  AVERAGE WIND SPEED    MM


SKY COVER
  POSSIBLE SUNSHINE  MM


WEATHER CONDITIONS
 THE FOLLOWING WEATHER WAS RECORDED YESTERDAY.
  NO SIGNIFICANT WEATHER WAS OBSERVED.


..........................................................


THE LINCOLN IL CLIMATE NORMALS FOR TODAY
                         NORMAL    RECORD    YEAR
 MAXIMUM TEMPERATURE (F)   85       102      1930
 MINIMUM TEMPERATURE (F)   63        45      1972


SUNRISE AND SUNSET
JUNE 23 2017..........SUNRISE   529 AM CDT   SUNSET   831 PM CDT
JUNE 24 2017..........SUNRISE   529 AM CDT   SUNSET   831 PM CDT


-  INDICATES NEGATIVE NUMBERS.
R  INDICATES RECORD WAS SET OR TIED.
MM INDICATES DATA IS MISSING.
T  INDICATES TRACE AMOUNT.




$$
