000
CDUS43 KILX 262238
CLIILX


CLIMATE REPORT
NATIONAL WEATHER SERVICE LINCOLN IL
427 PM CST FRI DEC 26 2014


...................................

...THE LINCOLN IL CLIMATE SUMMARY FOR DECEMBER 26 2014...
VALID TODAY AS OF 0400 PM LOCAL TIME.

CLIMATE NORMAL PERIOD 1981 TO 2010
CLIMATE RECORD PERIOD 1905 TO 2014


WEATHER ITEM   OBSERVED TIME   RECORD YEAR NORMAL DEPARTURE LAST
                VALUE   (LST)  VALUE       VALUE  FROM      YEAR
                                                  NORMAL
..................................................................
TEMPERATURE (F)
 TODAY
  MAXIMUM         55        MM  62    1942  35     20       41
  MINIMUM         35        MM -29    1914  19     16       18
  AVERAGE         45                        27     18       30

PRECIPITATION (IN)
  TODAY            0.00          0.64 1949   0.07  -0.07     0.00
  MONTH TO DATE    1.41                      2.24  -0.83     1.51
  SINCE DEC 1      1.41                      2.24  -0.83     1.51
  SINCE JAN 1     44.34                     39.20   5.14    36.30

SNOWFALL (IN)
  TODAY            0.0           5.0  1920   0.3   -0.3      0.0
  MONTH TO DATE    0.4                       5.0   -4.6      6.4
  SINCE DEC 1      0.4                       5.0   -4.6      6.4
  SINCE JUL 1      1.4                       5.6   -4.2      6.9
  SNOW DEPTH       0

DEGREE DAYS
 HEATING
  TODAY           20                        38    -18       35
  MONTH TO DATE  811                       906    -95     1018
  SINCE DEC 1    811                       906    -95     1018
  SINCE JUL 1   2209                      2049    160     2296

 COOLING
  TODAY            0                         0      0        0
  MONTH TO DATE    0                         0      0        0
  SINCE DEC 1      0                         0      0        0
  SINCE JAN 1    838                      1017   -179      947
..................................................................







THE LINCOLN IL CLIMATE NORMALS FOR TOMORROW
                         NORMAL    RECORD    YEAR
 MAXIMUM TEMPERATURE (F)   35        69      2008
 MINIMUM TEMPERATURE (F)   19        -8      1935


SUNRISE AND SUNSET
DECEMBER 26 2014......SUNRISE   718 AM CST   SUNSET   438 PM CST
DECEMBER 27 2014......SUNRISE   719 AM CST   SUNSET   438 PM CST


-  INDICATES NEGATIVE NUMBERS.
R  INDICATES RECORD WAS SET OR TIED.
MM INDICATES DATA IS MISSING.
T  INDICATES TRACE AMOUNT.




$$
