200
CDUS43 KILX 290630
CLIILX


CLIMATE REPORT
NATIONAL WEATHER SERVICE LINCOLN IL
130 AM CDT FRI APR 29 2016


...................................

...THE LINCOLN IL CLIMATE SUMMARY FOR APRIL 28 2016...

CLIMATE NORMAL PERIOD 1981 TO 2010
CLIMATE RECORD PERIOD 1905 TO 2016


WEATHER ITEM   OBSERVED TIME   RECORD YEAR NORMAL DEPARTURE LAST
                VALUE   (LST)  VALUE       VALUE  FROM      YEAR
                                                  NORMAL
..................................................................
TEMPERATURE (F)
 YESTERDAY
  MAXIMUM         68        MM  87    1986  69     -1       68
  MINIMUM         50        MM  23    1928  46      4       34
  AVERAGE         59                        57      2       51

PRECIPITATION (IN)
  YESTERDAY        0.29          1.12 1999   0.13   0.16     0.00
  MONTH TO DATE    2.01                      3.34  -1.33     2.24
  SINCE MAR 1      5.88                      5.94  -0.06     3.79
  SINCE JAN 1      8.12                      9.69  -1.57     6.55

SNOWFALL (IN)
  YESTERDAY        0.0           T    2008   0.0    0.0      0.0
                                      1909
  MONTH TO DATE    T                         0.3   -0.3      0.0
  SINCE MAR 1      T                         2.0   -2.0      3.7
  SINCE JUL 1     12.3                      20.5   -8.2     21.9
  SNOW DEPTH       0

DEGREE DAYS
 HEATING
  YESTERDAY        6                         9     -3       14
  MONTH TO DATE  352                       375    -23      303
  SINCE MAR 1    903                      1116   -213     1128
  SINCE JUL 1   4698                      5539   -841     6065

 COOLING
  YESTERDAY        0                         1     -1        0
  MONTH TO DATE    8                        11     -3        1
  SINCE MAR 1      8                        13     -5        1
  SINCE JAN 1      8                        13     -5        1
..................................................................


WIND (MPH)
  HIGHEST WIND SPEED    MM   HIGHEST WIND DIRECTION    MM
  HIGHEST GUST SPEED    MM   HIGHEST GUST DIRECTION    MM
  AVERAGE WIND SPEED    MM


SKY COVER
  POSSIBLE SUNSHINE  MM


WEATHER CONDITIONS
 THE FOLLOWING WEATHER WAS RECORDED YESTERDAY.
  THUNDERSTORM
  RAIN
  LIGHT RAIN


..........................................................


THE LINCOLN IL CLIMATE NORMALS FOR TODAY
                         NORMAL    RECORD    YEAR
 MAXIMUM TEMPERATURE (F)   69        89      1952
 MINIMUM TEMPERATURE (F)   46        26      1990


SUNRISE AND SUNSET
APRIL 29 2016.........SUNRISE   559 AM CDT   SUNSET   751 PM CDT
APRIL 30 2016.........SUNRISE   558 AM CDT   SUNSET   752 PM CDT


-  INDICATES NEGATIVE NUMBERS.
R  INDICATES RECORD WAS SET OR TIED.
MM INDICATES DATA IS MISSING.
T  INDICATES TRACE AMOUNT.




$$
