000
CDUS43 KILX 240654
CLIILX


CLIMATE REPORT
NATIONAL WEATHER SERVICE LINCOLN IL
152 AM CDT THU JUL 24 2014


...................................

...THE LINCOLN IL CLIMATE SUMMARY FOR JULY 23 2014...

CLIMATE NORMAL PERIOD 1981 TO 2010
CLIMATE RECORD PERIOD 1905 TO 2014


WEATHER ITEM   OBSERVED TIME   RECORD YEAR NORMAL DEPARTURE LAST
                VALUE   (LST)  VALUE       VALUE  FROM      YEAR
                                                  NORMAL
..................................................................
TEMPERATURE (F)
 YESTERDAY
  MAXIMUM         78        MM 104    1934  85     -7       83
  MINIMUM         56        MM  47    1925  64     -8       63
  AVERAGE         67                        75     -8       73

PRECIPITATION (IN)
  YESTERDAY        0.00          1.34 1949   0.17  -0.17     0.05
  MONTH TO DATE    3.59                      3.88  -0.29     1.99
  SINCE JUN 1     10.01                      8.20   1.81     5.24
  SINCE JAN 1     21.33                     22.32  -0.99    26.40

SNOWFALL (IN)
  YESTERDAY        0.0           0.0    MM   0.0    0.0      0.0
  MONTH TO DATE    0.0                       0.0    0.0       T
  SINCE JUN 1      0.0                       0.0    0.0       T
  SINCE JUL 1      0.0                       0.0    0.0       T
  SNOW DEPTH       0

DEGREE DAYS
 HEATING
  YESTERDAY        0                         0      0        0
  MONTH TO DATE    7                         0      7        0
  SINCE JUN 1     14                        17     -3       17
  SINCE JUL 1      7                         0      7        0

 COOLING
  YESTERDAY        2                        10     -8        8
  MONTH TO DATE  103                       237   -134      231
  SINCE JUN 1    340                       469   -129      455
  SINCE JAN 1    469                       560    -91      557
..................................................................


WIND (MPH)
  HIGHEST WIND SPEED    MM   HIGHEST WIND DIRECTION    MM
  HIGHEST GUST SPEED    MM   HIGHEST GUST DIRECTION    MM
  AVERAGE WIND SPEED    MM


SKY COVER
  POSSIBLE SUNSHINE  MM


WEATHER CONDITIONS
 THE FOLLOWING WEATHER WAS RECORDED YESTERDAY.
  FOG


..........................................................


THE LINCOLN IL CLIMATE NORMALS FOR TODAY
                         NORMAL    RECORD    YEAR
 MAXIMUM TEMPERATURE (F)   85       104      1934
 MINIMUM TEMPERATURE (F)   64        52      1925


SUNRISE AND SUNSET
JULY 24 2014..........SUNRISE   548 AM CDT   SUNSET   819 PM CDT
JULY 25 2014..........SUNRISE   549 AM CDT   SUNSET   818 PM CDT


-  INDICATES NEGATIVE NUMBERS.
R  INDICATES RECORD WAS SET OR TIED.
MM INDICATES DATA IS MISSING.
T  INDICATES TRACE AMOUNT.




$$
