000
CDUS43 KILX 300637
CLIILX


CLIMATE REPORT
NATIONAL WEATHER SERVICE LINCOLN IL
136 AM CDT SAT AUG 30 2014


...................................

...THE LINCOLN IL CLIMATE SUMMARY FOR AUGUST 29 2014...

CLIMATE NORMAL PERIOD 1981 TO 2010
CLIMATE RECORD PERIOD 1905 TO 2014


WEATHER ITEM   OBSERVED TIME   RECORD YEAR NORMAL DEPARTURE LAST
                VALUE   (LST)  VALUE       VALUE  FROM      YEAR
                                                  NORMAL
..................................................................
TEMPERATURE (F)
 YESTERDAY
  MAXIMUM         87        MM  99    1953  83      4       85
  MINIMUM         69        MM  39    1986  60      9       69
  AVERAGE         78                        72      6       77

PRECIPITATION (IN)
  YESTERDAY        1.80R         1.32 2003   0.12   1.68     0.00
  MONTH TO DATE    6.13                      3.69   2.44     1.87
  SINCE JUN 1     17.33                     13.07   4.26     7.98
  SINCE JAN 1     28.65                     27.19   1.46    29.14

SNOWFALL (IN)
  YESTERDAY        0.0           0.0    MM   0.0    0.0      0.0
  MONTH TO DATE    0.0                       0.0    0.0      0.0
  SINCE JUN 1      0.0                       0.0    0.0       T
  SINCE JUL 1      0.0                       0.0    0.0       T
  SNOW DEPTH       0

DEGREE DAYS
 HEATING
  YESTERDAY        0                         0      0        0
  MONTH TO DATE    1                         0      1       11
  SINCE JUN 1     17                        19     -2       39
  SINCE JUL 1     10                         2      8       22

 COOLING
  YESTERDAY       13                         7      6       12
  MONTH TO DATE  233                       242     -9      175
  SINCE JUN 1    599                       785   -186      637
  SINCE JAN 1    728                       876   -148      739
..................................................................


WIND (MPH)
  HIGHEST WIND SPEED    MM   HIGHEST WIND DIRECTION    MM
  HIGHEST GUST SPEED    MM   HIGHEST GUST DIRECTION    MM
  AVERAGE WIND SPEED    MM


SKY COVER
  POSSIBLE SUNSHINE  MM


WEATHER CONDITIONS
 THE FOLLOWING WEATHER WAS RECORDED YESTERDAY.
  NO SIGNIFICANT WEATHER WAS OBSERVED.


..........................................................


THE LINCOLN IL CLIMATE NORMALS FOR TODAY
                         NORMAL    RECORD    YEAR
 MAXIMUM TEMPERATURE (F)   83        98      1951
 MINIMUM TEMPERATURE (F)   60        43      1986


SUNRISE AND SUNSET
AUGUST 30 2014........SUNRISE   623 AM CDT   SUNSET   732 PM CDT
AUGUST 31 2014........SUNRISE   624 AM CDT   SUNSET   731 PM CDT


-  INDICATES NEGATIVE NUMBERS.
R  INDICATES RECORD WAS SET OR TIED.
MM INDICATES DATA IS MISSING.
T  INDICATES TRACE AMOUNT.




$$
