000
CDUS43 KILX 280632
CLIILX


CLIMATE REPORT
NATIONAL WEATHER SERVICE LINCOLN IL
1232 AM CST FRI NOV 28 2014


...................................

...THE LINCOLN IL CLIMATE SUMMARY FOR NOVEMBER 27 2014...

CLIMATE NORMAL PERIOD 1981 TO 2010
CLIMATE RECORD PERIOD 1905 TO 2014


WEATHER ITEM   OBSERVED TIME   RECORD YEAR NORMAL DEPARTURE LAST
                VALUE   (LST)  VALUE       VALUE  FROM      YEAR
                                                  NORMAL
..................................................................
TEMPERATURE (F)
 YESTERDAY
  MAXIMUM         27        MM  72    1990  45    -18       28
  MINIMUM          6        MM   0    1930  28    -22       12
  AVERAGE         17                        36    -19       20

PRECIPITATION (IN)
  YESTERDAY        T             1.82 1966   0.11  -0.11     0.00
  MONTH TO DATE    2.23                      2.92  -0.69     1.21
  SINCE SEP 1     14.28                      9.21   5.07     5.65
  SINCE JAN 1     42.93                     36.63   6.30    34.79

SNOWFALL (IN)
  YESTERDAY        T             5.0  1922   0.1   -0.1      0.0
  MONTH TO DATE    1.0                       0.5    0.5      0.5
  SINCE SEP 1      1.0                       0.5    0.5      0.5
  SINCE JUL 1      1.0                       0.5    0.5      0.5
  SNOW DEPTH       1

DEGREE DAYS
 HEATING
  YESTERDAY       48                        28     20       45
  MONTH TO DATE  833                       597    236      710
  SINCE SEP 1   1309                      1044    265     1151
  SINCE JUL 1   1319                      1053    266     1173

 COOLING
  YESTERDAY        0                         0      0        0
  MONTH TO DATE    0                         0      0        0
  SINCE SEP 1     84                       128    -44      176
  SINCE JAN 1    838                      1017   -179      947
..................................................................


WIND (MPH)
  HIGHEST WIND SPEED    MM   HIGHEST WIND DIRECTION    MM
  HIGHEST GUST SPEED    MM   HIGHEST GUST DIRECTION    MM
  AVERAGE WIND SPEED    MM


SKY COVER
  POSSIBLE SUNSHINE  MM


WEATHER CONDITIONS
 THE FOLLOWING WEATHER WAS RECORDED YESTERDAY.
  LIGHT SNOW


..........................................................


THE LINCOLN IL CLIMATE NORMALS FOR TODAY
                         NORMAL    RECORD    YEAR
 MAXIMUM TEMPERATURE (F)   44        67      1909
 MINIMUM TEMPERATURE (F)   28        -3      1930


SUNRISE AND SUNSET
NOVEMBER 28 2014......SUNRISE   657 AM CST   SUNSET   433 PM CST
NOVEMBER 29 2014......SUNRISE   658 AM CST   SUNSET   433 PM CST


-  INDICATES NEGATIVE NUMBERS.
R  INDICATES RECORD WAS SET OR TIED.
MM INDICATES DATA IS MISSING.
T  INDICATES TRACE AMOUNT.




$$
