000
CDUS43 KILX 230636
CLIILX


CLIMATE REPORT
NATIONAL WEATHER SERVICE LINCOLN IL
136 AM CDT TUE MAY 23 2017


...................................

...THE LINCOLN IL CLIMATE SUMMARY FOR MAY 22 2017...

CLIMATE NORMAL PERIOD 1981 TO 2010
CLIMATE RECORD PERIOD 1905 TO 2017


WEATHER ITEM   OBSERVED TIME   RECORD YEAR NORMAL DEPARTURE LAST
                VALUE   (LST)  VALUE       VALUE  FROM      YEAR
                                                  NORMAL
..................................................................
TEMPERATURE (F)
 YESTERDAY
  MAXIMUM         73        MM  95    1925  76     -3       85
  MINIMUM         48        MM  32    1924  54     -6       48
  AVERAGE         61                        65     -4       67

PRECIPITATION (IN)
  YESTERDAY        0.14          1.47 1933   0.13   0.01     0.00
  MONTH TO DATE    3.17                      2.93   0.24     2.53
  SINCE MAR 1     13.18                      9.14   4.04     8.99
  SINCE JAN 1     15.83                     12.89   2.94    11.23

SNOWFALL (IN)
  YESTERDAY        0.0           0.0    MM   0.0    0.0      0.0
  MONTH TO DATE    0.0                       0.0    0.0      0.0
  SINCE MAR 1      3.7                       2.0    1.7       T
  SINCE JUL 1     10.9                      20.5   -9.6     12.3
  SNOW DEPTH       0

DEGREE DAYS
 HEATING
  YESTERDAY        4                         3      1        0
  MONTH TO DATE  138                       115     23      155
  SINCE MAR 1   1091                      1247   -156     1078
  SINCE JUL 1   4699                      5670   -971     4873

 COOLING
  YESTERDAY        0                         3     -3        2
  MONTH TO DATE   53                        40     13        9
  SINCE MAR 1     67                        55     12       17
  SINCE JAN 1     67                        55     12       17
..................................................................


WIND (MPH)
  HIGHEST WIND SPEED    MM   HIGHEST WIND DIRECTION    MM
  HIGHEST GUST SPEED    MM   HIGHEST GUST DIRECTION    MM
  AVERAGE WIND SPEED    MM


SKY COVER
  POSSIBLE SUNSHINE  MM


WEATHER CONDITIONS
 THE FOLLOWING WEATHER WAS RECORDED YESTERDAY.
  LIGHT RAIN


..........................................................


THE LINCOLN IL CLIMATE NORMALS FOR TODAY
                         NORMAL    RECORD    YEAR
 MAXIMUM TEMPERATURE (F)   76        94      1921
 MINIMUM TEMPERATURE (F)   54        34      1931


SUNRISE AND SUNSET
MAY 23 2017...........SUNRISE   535 AM CDT   SUNSET   814 PM CDT
MAY 24 2017...........SUNRISE   534 AM CDT   SUNSET   815 PM CDT


-  INDICATES NEGATIVE NUMBERS.
R  INDICATES RECORD WAS SET OR TIED.
MM INDICATES DATA IS MISSING.
T  INDICATES TRACE AMOUNT.




$$
