000
CDUS43 KILX 250635
CLIILX


CLIMATE REPORT
NATIONAL WEATHER SERVICE LINCOLN IL
134 AM CDT WED MAY 25 2016


...................................

...THE LINCOLN IL CLIMATE SUMMARY FOR MAY 24 2016...

CLIMATE NORMAL PERIOD 1981 TO 2010
CLIMATE RECORD PERIOD 1905 TO 2016


WEATHER ITEM   OBSERVED TIME   RECORD YEAR NORMAL DEPARTURE LAST
                VALUE   (LST)  VALUE       VALUE  FROM      YEAR
                                                  NORMAL
..................................................................
TEMPERATURE (F)
 YESTERDAY
  MAXIMUM         84        MM  95    1939  77      7       85
  MINIMUM         57        MM  35    1913  55      2       63
  AVERAGE         71                        66      5       74

PRECIPITATION (IN)
  YESTERDAY        0.00          1.91 1995   0.14  -0.14     0.27
  MONTH TO DATE    2.53                      3.21  -0.68     5.09
  SINCE MAR 1      8.99                      9.42  -0.43     8.88
  SINCE JAN 1     11.23                     13.17  -1.94    11.64

SNOWFALL (IN)
  YESTERDAY        0.0           T    2004   0.0    0.0      0.0
  MONTH TO DATE    0.0                       0.0    0.0      0.0
  SINCE MAR 1      T                         2.0   -2.0      3.7
  SINCE JUL 1     12.3                      20.5   -8.2     21.9
  SNOW DEPTH       0

DEGREE DAYS
 HEATING
  YESTERDAY        0                         3     -3        0
  MONTH TO DATE  155                       121     34       91
  SINCE MAR 1   1078                      1253   -175     1243
  SINCE JUL 1   4873                      5676   -803     6180

 COOLING
  YESTERDAY        6                         3      3        9
  MONTH TO DATE   19                        46    -27       77
  SINCE MAR 1     27                        61    -34       78
  SINCE JAN 1     27                        61    -34       78
..................................................................


WIND (MPH)
  HIGHEST WIND SPEED    MM   HIGHEST WIND DIRECTION    MM
  HIGHEST GUST SPEED    MM   HIGHEST GUST DIRECTION    MM
  AVERAGE WIND SPEED    MM


SKY COVER
  POSSIBLE SUNSHINE  MM


WEATHER CONDITIONS
 THE FOLLOWING WEATHER WAS RECORDED YESTERDAY.
  NO SIGNIFICANT WEATHER WAS OBSERVED.


..........................................................


THE LINCOLN IL CLIMATE NORMALS FOR TODAY
                         NORMAL    RECORD    YEAR
 MAXIMUM TEMPERATURE (F)   77        93      1921
 MINIMUM TEMPERATURE (F)   55        28      1925


SUNRISE AND SUNSET
MAY 25 2016...........SUNRISE   534 AM CDT   SUNSET   816 PM CDT
MAY 26 2016...........SUNRISE   533 AM CDT   SUNSET   816 PM CDT


-  INDICATES NEGATIVE NUMBERS.
R  INDICATES RECORD WAS SET OR TIED.
MM INDICATES DATA IS MISSING.
T  INDICATES TRACE AMOUNT.




$$
