000
CDUS43 KIND 230531
CLIIND


CLIMATE REPORT
NATIONAL WEATHER SERVICE INDIANAPOLIS IN
130 AM EDT TUE MAY 23 2017


...................................

...THE INDIANAPOLIS IN CLIMATE SUMMARY FOR MAY 22 2017...

CLIMATE NORMAL PERIOD 1981 TO 2010
CLIMATE RECORD PERIOD 1871 TO 2017


WEATHER ITEM   OBSERVED TIME   RECORD YEAR NORMAL DEPARTURE LAST
                VALUE   (LST)  VALUE       VALUE  FROM      YEAR
                                                  NORMAL
..................................................................
TEMPERATURE (F)
 YESTERDAY
  MAXIMUM         71    506 PM  93    1941  75     -4       81
  MINIMUM         46    422 AM  35    1883  55     -9       47
  AVERAGE         59                        64     -5       64

PRECIPITATION (IN)
  YESTERDAY        0.00          2.16 1989   0.16  -0.16     0.00
  MONTH TO DATE    6.35                      3.62   2.73     3.51
  SINCE MAR 1     16.67                     10.99   5.68    13.57
  SINCE JAN 1     22.12                     15.97   6.15    17.28

SNOWFALL (IN)
  YESTERDAY        0.0           0.0    MM   0.0    0.0      0.0
  MONTH TO DATE    0.0                       0.0    0.0       T
  SINCE MAR 1      1.0                       2.8   -1.8      1.2
  SINCE JUL 1      9.7                      25.9  -16.2     13.3
  SNOW DEPTH       0

DEGREE DAYS
 HEATING
  YESTERDAY        6                         3      3        1
  MONTH TO DATE  137                       118     19      158
  SINCE MAR 1    978                      1197   -219      990
  SINCE JUL 1   4262                      5340  -1078     4443

 COOLING
  YESTERDAY        0                         3     -3        0
  MONTH TO DATE   53                        37     16       10
  SINCE MAR 1     85                        52     33       28
  SINCE JAN 1     85                        52     33       28
..................................................................


WIND (MPH)
  HIGHEST WIND SPEED    13   HIGHEST WIND DIRECTION     S (190)
  HIGHEST GUST SPEED    21   HIGHEST GUST DIRECTION     W (260)
  AVERAGE WIND SPEED     6.4


SKY COVER
  AVERAGE SKY COVER 0.5


WEATHER CONDITIONS
 THE FOLLOWING WEATHER WAS RECORDED YESTERDAY.
  NO SIGNIFICANT WEATHER WAS OBSERVED.


RELATIVE HUMIDITY (PERCENT)
 HIGHEST    86           400 AM
 LOWEST     40           500 PM
 AVERAGE    63

..........................................................


THE INDIANAPOLIS IN CLIMATE NORMALS FOR TODAY
                         NORMAL    RECORD    YEAR
 MAXIMUM TEMPERATURE (F)   75        92      1939
 MINIMUM TEMPERATURE (F)   55        37      1963


SUNRISE AND SUNSET
MAY 23 2017...........SUNRISE   624 AM EDT   SUNSET   900 PM EDT
MAY 24 2017...........SUNRISE   623 AM EDT   SUNSET   901 PM EDT


-  INDICATES NEGATIVE NUMBERS.
R  INDICATES RECORD WAS SET OR TIED.
MM INDICATES DATA IS MISSING.
T  INDICATES TRACE AMOUNT.




$$
