000
CDUS43 KIND 051200
CLIIND


CLIMATE REPORT
NATIONAL WEATHER SERVICE INDIANAPOLIS IN
659 AM EST MON DEC 5 2016


...................................

...THE INDIANAPOLIS IN CLIMATE SUMMARY FOR DECEMBER 4 2016...

CLIMATE NORMAL PERIOD 1981 TO 2010
CLIMATE RECORD PERIOD 1871 TO 2016


WEATHER ITEM   OBSERVED TIME   RECORD YEAR NORMAL DEPARTURE LAST
                VALUE   (LST)  VALUE       VALUE  FROM      YEAR
                                                  NORMAL
..................................................................
TEMPERATURE (F)
 YESTERDAY
  MAXIMUM         41    149 PM  70    1998  43     -2       37
  MINIMUM         33   1228 AM   5    1991  28      5       29
  AVERAGE         37                        35      2       33

PRECIPITATION (IN)
  YESTERDAY        0.27          0.98 1922   0.10   0.17     0.00
  MONTH TO DATE    0.27                      0.41  -0.14     0.19
  SINCE DEC 1      0.27                      0.41  -0.14     0.19
  SINCE JAN 1     44.69                     39.68   5.01    42.75

SNOWFALL (IN)
  YESTERDAY        0.0           3.5  1908   0.2   -0.2      0.0
  MONTH TO DATE    0.0                       0.5   -0.5      0.6
  SINCE DEC 1      0.0                       0.5   -0.5      0.6
  SINCE JUL 1      T                         1.6   -1.6      1.9
  SNOW DEPTH       0

DEGREE DAYS
 HEATING
  YESTERDAY       28                        30     -2       32
  MONTH TO DATE  111                       116     -5      123
  SINCE DEC 1    111                       116     -5      123
  SINCE JUL 1    804                      1158   -354      910

 COOLING
  YESTERDAY        0                         0      0        0
  MONTH TO DATE    0                         0      0        0
  SINCE DEC 1      0                         0      0        0
  SINCE JAN 1   1443                      1066    377     1164
..................................................................


WIND (MPH)
  HIGHEST WIND SPEED    24   HIGHEST WIND DIRECTION     W (270)
  HIGHEST GUST SPEED    29   HIGHEST GUST DIRECTION     W (270)
  AVERAGE WIND SPEED     9.4


SKY COVER
  AVERAGE SKY COVER 1.0


WEATHER CONDITIONS
 THE FOLLOWING WEATHER WAS RECORDED YESTERDAY.
  LIGHT RAIN
  FOG


RELATIVE HUMIDITY (PERCENT)
 HIGHEST   100           400 PM
 LOWEST     70          1100 AM
 AVERAGE    85

..........................................................


THE INDIANAPOLIS IN CLIMATE NORMALS FOR TODAY
                         NORMAL    RECORD    YEAR
 MAXIMUM TEMPERATURE (F)   42        70      2001
 MINIMUM TEMPERATURE (F)   27         8      1886


SUNRISE AND SUNSET
DECEMBER  5 2016......SUNRISE   751 AM EST   SUNSET   521 PM EST
DECEMBER  6 2016......SUNRISE   752 AM EST   SUNSET   520 PM EST


-  INDICATES NEGATIVE NUMBERS.
R  INDICATES RECORD WAS SET OR TIED.
MM INDICATES DATA IS MISSING.
T  INDICATES TRACE AMOUNT.




$$
