000
CDUS43 KIND 100533
CLIIND


CLIMATE REPORT
NATIONAL WEATHER SERVICE INDIANAPOLIS IN
133 AM EDT THU JUL 10 2014


...................................

...THE INDIANAPOLIS IN CLIMATE SUMMARY FOR JULY 9 2014...

CLIMATE NORMAL PERIOD 1981 TO 2010
CLIMATE RECORD PERIOD 1871 TO 2014


WEATHER ITEM   OBSERVED TIME   RECORD YEAR NORMAL DEPARTURE LAST
                VALUE   (LST)  VALUE       VALUE  FROM      YEAR
                                                  NORMAL
..................................................................
TEMPERATURE (F)
 YESTERDAY
  MAXIMUM         81    425 PM 103    1936  85     -4       89
  MINIMUM         62    611 AM  52    1961  66     -4       76
                                      1952
                                      1899
  AVERAGE         72                        76     -4       83

PRECIPITATION (IN)
  YESTERDAY        0.00          2.49 1912   0.16  -0.16      T
  MONTH TO DATE    0.48                      1.41  -0.93     1.19
  SINCE JUN 1      7.52                      5.66   1.86     4.85
  SINCE JAN 1     24.95                     23.06   1.89    26.68

SNOWFALL (IN)
  YESTERDAY        0.0           0.0    MM   0.0    0.0      0.0
  MONTH TO DATE    0.0                       0.0    0.0      0.0
  SINCE JUN 1      0.0                       0.0    0.0      0.0
  SINCE JUL 1      0.0                       0.0    0.0      0.0
  SNOW DEPTH       0

DEGREE DAYS
 HEATING
  YESTERDAY        0                         0      0        0
  MONTH TO DATE    0                         0      0        0
  SINCE JUN 1      2                        16    -14        9
  SINCE JUL 1      0                         0      0        0

 COOLING
  YESTERDAY        7                        11     -4       18
  MONTH TO DATE   59                        96    -37       73
  SINCE JUN 1    297                       322    -25      299
  SINCE JAN 1    401                       406     -5      428
..................................................................


WIND (MPH)
  HIGHEST WIND SPEED    18   HIGHEST WIND DIRECTION     W (250)
  HIGHEST GUST SPEED    24   HIGHEST GUST DIRECTION    NW (320)
  AVERAGE WIND SPEED     8.9


SKY COVER
  AVERAGE SKY COVER 0.2


WEATHER CONDITIONS
 THE FOLLOWING WEATHER WAS RECORDED YESTERDAY.
  NO SIGNIFICANT WEATHER WAS OBSERVED.


RELATIVE HUMIDITY (PERCENT)
 HIGHEST    93           400 AM
 LOWEST     45           400 PM
 AVERAGE    69

..........................................................


THE INDIANAPOLIS IN CLIMATE NORMALS FOR TODAY
                         NORMAL    RECORD    YEAR
 MAXIMUM TEMPERATURE (F)   85       105      1936
 MINIMUM TEMPERATURE (F)   66        50      1963
                                             1895


SUNRISE AND SUNSET
JULY 10 2014..........SUNRISE   626 AM EDT   SUNSET   915 PM EDT
JULY 11 2014..........SUNRISE   627 AM EDT   SUNSET   914 PM EDT


-  INDICATES NEGATIVE NUMBERS.
R  INDICATES RECORD WAS SET OR TIED.
MM INDICATES DATA IS MISSING.
T  INDICATES TRACE AMOUNT.




$$
