000
CDUS43 KDLH 290632
CLIINL


CLIMATE REPORT
NATIONAL WEATHER SERVICE DULUTH MN
129 AM CDT FRI MAY 29 2015


...................................

...THE INTERNATIONAL FALLS MN CLIMATE SUMMARY FOR MAY 28 2015...

CLIMATE NORMAL PERIOD 1981 TO 2010
CLIMATE RECORD PERIOD 1895 TO 2015


WEATHER ITEM   OBSERVED TIME   RECORD YEAR NORMAL DEPARTURE LAST
                VALUE   (LST)  VALUE       VALUE  FROM      YEAR
                                                  NORMAL
..................................................................
TEMPERATURE (F)
 YESTERDAY
  MAXIMUM         65    348 PM  92    1919  69     -4       86
  MINIMUM         49    450 AM  27    1947  43      6       48
  AVERAGE         57                        56      1       67

PRECIPITATION (IN)
  YESTERDAY        0.53          1.51 1972   0.11   0.42     0.00
  MONTH TO DATE    4.62                      2.54   2.08     2.52
  SINCE MAR 1      5.98                      5.02   0.96     5.51
  SINCE JAN 1      8.00                      6.21   1.79     7.26

SNOWFALL (IN)
  YESTERDAY        0.0           0.3  1965   0.0    0.0      0.0
  MONTH TO DATE    T                         0.2   -0.2       T
  SINCE MAR 1      7.8                      14.2   -6.4     24.8
  SINCE JUL 1     64.5                      71.0   -6.5    101.2
  SNOW DEPTH       0

DEGREE DAYS
 HEATING
  YESTERDAY        8                        10     -2        0
  MONTH TO DATE  397                       391      6      438
  SINCE MAR 1   2325                      2446   -121     2951
  SINCE JUL 1  10079                     10029     50    11382

 COOLING
  YESTERDAY        0                         0      0        2
  MONTH TO DATE    0                         0      0       15
  SINCE MAR 1      0                         1     -1       15
  SINCE JAN 1      0                         1     -1       15
..................................................................


WIND (MPH)
  HIGHEST WIND SPEED    14   HIGHEST WIND DIRECTION    SE (120)
  HIGHEST GUST SPEED    17   HIGHEST GUST DIRECTION    SE (120)
  AVERAGE WIND SPEED     5.8


SKY COVER
  AVERAGE SKY COVER 0.6


WEATHER CONDITIONS
 THE FOLLOWING WEATHER WAS RECORDED YESTERDAY.
  HEAVY RAIN
  RAIN
  LIGHT RAIN
  FOG


RELATIVE HUMIDITY (PERCENT)
 HIGHEST    93          1100 AM
 LOWEST     67           800 AM
 AVERAGE    80

..........................................................


THE INTERNATIONAL FALLS MN CLIMATE NORMALS FOR TODAY
                         NORMAL    RECORD    YEAR
 MAXIMUM TEMPERATURE (F)   69        92      1919
 MINIMUM TEMPERATURE (F)   43        26      1952


SUNRISE AND SUNSET
MAY 29 2015...........SUNRISE   518 AM CDT   SUNSET   904 PM CDT
MAY 30 2015...........SUNRISE   517 AM CDT   SUNSET   905 PM CDT


-  INDICATES NEGATIVE NUMBERS.
R  INDICATES RECORD WAS SET OR TIED.
MM INDICATES DATA IS MISSING.
T  INDICATES TRACE AMOUNT.




$$
