000
CDUS43 KDLH 280642
CLIINL


CLIMATE REPORT
NATIONAL WEATHER SERVICE DULUTH MN
141 AM CDT FRI JUL 28 2017


...................................

...THE INTERNATIONAL FALLS MN CLIMATE SUMMARY FOR JULY 27 2017...

CLIMATE NORMAL PERIOD 1981 TO 2010
CLIMATE RECORD PERIOD 1895 TO 2017


WEATHER ITEM   OBSERVED TIME   RECORD YEAR NORMAL DEPARTURE LAST
                VALUE   (LST)  VALUE       VALUE  FROM      YEAR
                                                  NORMAL
..................................................................
TEMPERATURE (F)
 YESTERDAY
  MAXIMUM         84    403 PM  97    1916  78      6       78
  MINIMUM         48    456 AM  36    1971  53     -5       62
  AVERAGE         66                        66      0       70

PRECIPITATION (IN)
  YESTERDAY        T             1.34 1921   0.10  -0.10     0.00
  MONTH TO DATE    2.25                      3.31  -1.06     2.42
  SINCE JUN 1      6.04                      7.23  -1.19     9.34
  SINCE JAN 1     12.66                     13.76  -1.10    17.14

SNOWFALL (IN)
  YESTERDAY        0.0           T    1950   0.0    0.0      0.0
  MONTH TO DATE    0.0                       0.0    0.0      0.0
  SINCE JUN 1      0.0                       0.0    0.0      0.0
  SINCE JUL 1      0.0                       0.0    0.0      0.0
  SNOW DEPTH       0

DEGREE DAYS
 HEATING
  YESTERDAY        0                         2     -2        0
  MONTH TO DATE   67                        61      6       40
  SINCE JUN 1    191                       225    -34      207
  SINCE JUL 1     67                        61      6       40

 COOLING
  YESTERDAY        1                         2     -1        5
  MONTH TO DATE   32                        65    -33       75
  SINCE JUN 1     44                       103    -59       94
  SINCE JAN 1     44                       112    -68       96
..................................................................


WIND (MPH)
  HIGHEST WIND SPEED     9   HIGHEST WIND DIRECTION    NE (40)
  HIGHEST GUST SPEED    12   HIGHEST GUST DIRECTION     N (20)
  AVERAGE WIND SPEED     1.4


SKY COVER
  AVERAGE SKY COVER 0.1


WEATHER CONDITIONS
 THE FOLLOWING WEATHER WAS RECORDED YESTERDAY.
  FOG
  FOG W/VISIBILITY <= 1/4 MILE


RELATIVE HUMIDITY (PERCENT)
 HIGHEST   100           600 AM
 LOWEST     39           200 PM
 AVERAGE    70

..........................................................


THE INTERNATIONAL FALLS MN CLIMATE NORMALS FOR TODAY
                         NORMAL    RECORD    YEAR
 MAXIMUM TEMPERATURE (F)   78       100      1916
 MINIMUM TEMPERATURE (F)   53        38      1913


SUNRISE AND SUNSET
JULY 28 2017..........SUNRISE   543 AM CDT   SUNSET   856 PM CDT
JULY 29 2017..........SUNRISE   544 AM CDT   SUNSET   855 PM CDT


-  INDICATES NEGATIVE NUMBERS.
R  INDICATES RECORD WAS SET OR TIED.
MM INDICATES DATA IS MISSING.
T  INDICATES TRACE AMOUNT.




$$
