000
CDUS45 KFGZ 030738
CLIINW
CLIMATE REPORT
NATIONAL WEATHER SERVICE FLAGSTAFF, AZ
1234 AM MST TUE MAR 3 2015


...................................

...THE WINSLOW AZ AIRPORT CLIMATE SUMMARY FOR MARCH 2 2015...

CLIMATE NORMAL PERIOD 1981 TO 2010
CLIMATE RECORD PERIOD 1915 TO 2015


WEATHER ITEM   OBSERVED TIME   RECORD YEAR NORMAL DEPARTURE LAST
                VALUE   (LST)  VALUE       VALUE  FROM      YEAR
                                                  NORMAL
..................................................................
TEMPERATURE (F)
 YESTERDAY
  MAXIMUM         58   1201 PM  79    2009  60     -2       56
  MINIMUM         34   1147 PM   9    2002  28      6       33
                                      1930
  AVERAGE         46                        44      2       45

PRECIPITATION (IN)
  YESTERDAY        0.09          0.18 1966   0.01   0.08     0.18
                                      1966
                                      2014
  MONTH TO DATE    0.17                      0.03   0.14     0.99
  SINCE SEP 1      5.09                      3.49   1.60     4.82
  SINCE JAN 1      2.24                      1.01   1.23     1.01

DEGREE DAYS
 HEATING
  YESTERDAY       19                        21     -2       20
  MONTH TO DATE   42                        42      0       41
  SINCE JUL 1   2981                      3537   -556     3408

 COOLING
  YESTERDAY        0                         0      0        0
  MONTH TO DATE    0                         0      0        0
  SINCE JAN 1      0                         0      0        0
..................................................................


WIND (MPH)
  HIGHEST WIND SPEED    39   HIGHEST WIND DIRECTION     S (160)
  HIGHEST GUST SPEED    49   HIGHEST GUST DIRECTION     S (160)
  AVERAGE WIND SPEED    12.9


SKY COVER
  POSSIBLE SUNSHINE  MM
  AVERAGE SKY COVER 0.4


WEATHER CONDITIONS
 THE FOLLOWING WEATHER WAS RECORDED YESTERDAY.
  LIGHT RAIN
  FOG


RELATIVE HUMIDITY (PERCENT)
 HIGHEST   100           100 AM
 LOWEST     51          1200 PM
 AVERAGE    76

..........................................................


THE WINSLOW AZ AIRPORT CLIMATE NORMALS FOR TODAY
                         NORMAL    RECORD    YEAR
 MAXIMUM TEMPERATURE (F)   60        79      1921
 MINIMUM TEMPERATURE (F)   28        -2      2002


SUNRISE AND SUNSET
MARCH  3 2015.........SUNRISE   650 AM MST   SUNSET   620 PM MST
MARCH  4 2015.........SUNRISE   649 AM MST   SUNSET   621 PM MST


-  INDICATES NEGATIVE NUMBERS.
R  INDICATES RECORD WAS SET OR TIED.
MM INDICATES DATA IS MISSING.
T  INDICATES TRACE AMOUNT.




$$
