000
CDUS45 KFGZ 310053
CLIINW
CLIMATE REPORT
NATIONAL WEATHER SERVICE FLAGSTAFF, AZ
552 PM MST SAT JUL 30 2016


...................................

...THE WINSLOW AZ AIRPORT CLIMATE SUMMARY FOR JULY 30 2016...
VALID TODAY AS OF 0500 PM LOCAL TIME.

CLIMATE NORMAL PERIOD 1981 TO 2010
CLIMATE RECORD PERIOD 1915 TO 2016


WEATHER ITEM   OBSERVED TIME   RECORD YEAR NORMAL DEPARTURE LAST
                VALUE   (LST)  VALUE       VALUE  FROM      YEAR
                                                  NORMAL
..................................................................
TEMPERATURE (F)
 TODAY
  MAXIMUM         95    153 PM 102    1978  93      2       89
  MINIMUM         66    615 AM  54    1915  63      3       65
  AVERAGE         81                        78      3       77

PRECIPITATION (IN)
  TODAY            0.00          0.84 1945   0.04  -0.04      T
  MONTH TO DATE    0.36                      1.00  -0.64     1.33
  SINCE SEP 1      5.99                      5.77   0.22     8.49
  SINCE JAN 1      1.97                      3.29  -1.32     5.64

DEGREE DAYS
 HEATING
  TODAY            0                         0      0        0
  MONTH TO DATE    0                         0      0        0
  SINCE JUL 1      0                         0      0        0

 COOLING
  TODAY           16                        13      3       12
  MONTH TO DATE  430                       397     33      354
  SINCE JAN 1    836                       705    131      707
..................................................................


WIND (MPH)
  HIGHEST WIND SPEED    32   HIGHEST WIND DIRECTION    SW (230)
  HIGHEST GUST SPEED    38   HIGHEST GUST DIRECTION    SW (230)
  AVERAGE WIND SPEED     6.7


SKY COVER
  POSSIBLE SUNSHINE  MM
  AVERAGE SKY COVER 0.0


WEATHER CONDITIONS
 THE FOLLOWING WEATHER WAS RECORDED TODAY.
  NO SIGNIFICANT WEATHER WAS OBSERVED.


RELATIVE HUMIDITY (PERCENT)
 HIGHEST    52           600 AM
 LOWEST     19           100 PM
 AVERAGE    36

..........................................................


THE WINSLOW AZ AIRPORT CLIMATE NORMALS FOR TOMORROW
                         NORMAL    RECORD    YEAR
 MAXIMUM TEMPERATURE (F)   93       102      1970
 MINIMUM TEMPERATURE (F)   63        52      1973
                                             1921


SUNRISE AND SUNSET
JULY 30 2016..........SUNRISE   531 AM MST   SUNSET   727 PM MST
JULY 31 2016..........SUNRISE   532 AM MST   SUNSET   726 PM MST


-  INDICATES NEGATIVE NUMBERS.
R  INDICATES RECORD WAS SET OR TIED.
MM INDICATES DATA IS MISSING.
T  INDICATES TRACE AMOUNT.




$$
