000
CDUS45 KFGZ 300751
CLIINW
CLIMATE REPORT
NATIONAL WEATHER SERVICE FLAGSTAFF, AZ
1250 AM MST THU JUL 30 2015


...................................

...THE WINSLOW AZ AIRPORT CLIMATE SUMMARY FOR JULY 29 2015...

CLIMATE NORMAL PERIOD 1981 TO 2010
CLIMATE RECORD PERIOD 1915 TO 2015


WEATHER ITEM   OBSERVED TIME   RECORD YEAR NORMAL DEPARTURE LAST
                VALUE   (LST)  VALUE       VALUE  FROM      YEAR
                                                  NORMAL
..................................................................
TEMPERATURE (F)
 YESTERDAY
  MAXIMUM         93   1251 PM 103    2000  93      0       95
                                      1971
  MINIMUM         68    611 AM  56    1941  63      5       61
                                      1924
                                      1919
  AVERAGE         81                        78      3       78

PRECIPITATION (IN)
  YESTERDAY        0.01          0.87 1946   0.05  -0.04     0.00
  MONTH TO DATE    1.33                      0.96   0.37     0.32
  SINCE SEP 1      8.49                      5.73   2.76     5.31
  SINCE JAN 1      5.64                      3.25   2.39     1.50

DEGREE DAYS
 HEATING
  YESTERDAY        0                         0      0        0
  MONTH TO DATE    0                         0      0        0
  SINCE JUL 1      0                         0      0        0

 COOLING
  YESTERDAY       16                        13      3       13
  MONTH TO DATE  342                       384    -42      449
  SINCE JAN 1    695                       692      3      786
..................................................................


WIND (MPH)
  HIGHEST WIND SPEED    35   HIGHEST WIND DIRECTION    SE (120)
  HIGHEST GUST SPEED    43   HIGHEST GUST DIRECTION    SE (120)
  AVERAGE WIND SPEED     6.4


SKY COVER
  POSSIBLE SUNSHINE  MM
  AVERAGE SKY COVER 0.1


WEATHER CONDITIONS
 THE FOLLOWING WEATHER WAS RECORDED YESTERDAY.
  THUNDERSTORM
  LIGHT RAIN
  HAZE


RELATIVE HUMIDITY (PERCENT)
 HIGHEST    73          1100 PM
 LOWEST     21          1200 PM
 AVERAGE    47

..........................................................


THE WINSLOW AZ AIRPORT CLIMATE NORMALS FOR TODAY
                         NORMAL    RECORD    YEAR
 MAXIMUM TEMPERATURE (F)   93       102      1978
 MINIMUM TEMPERATURE (F)   63        54      1915


SUNRISE AND SUNSET
JULY 30 2015..........SUNRISE   531 AM MST   SUNSET   728 PM MST
JULY 31 2015..........SUNRISE   531 AM MST   SUNSET   727 PM MST


-  INDICATES NEGATIVE NUMBERS.
R  INDICATES RECORD WAS SET OR TIED.
MM INDICATES DATA IS MISSING.
T  INDICATES TRACE AMOUNT.




$$
