000
CDUS45 KFGZ 310107
CLIINW
CLIMATE REPORT
NATIONAL WEATHER SERVICE FLAGSTAFF, AZ
606 PM MST TUE AUG 30 2016


...................................

...THE WINSLOW AZ AIRPORT CLIMATE SUMMARY FOR AUGUST 30 2016...
VALID TODAY AS OF 0500 PM LOCAL TIME.

CLIMATE NORMAL PERIOD 1981 TO 2010
CLIMATE RECORD PERIOD 1915 TO 2016


WEATHER ITEM   OBSERVED TIME   RECORD YEAR NORMAL DEPARTURE LAST
                VALUE   (LST)  VALUE       VALUE  FROM      YEAR
                                                  NORMAL
..................................................................
TEMPERATURE (F)
 TODAY
  MAXIMUM         91    339 PM 100    2011  90      1       92
  MINIMUM         51    539 AM  46    1942  58     -7       63
  AVERAGE         71                        74     -3       78

PRECIPITATION (IN)
  TODAY            0.00          0.63 1923   0.04  -0.04     0.46
  MONTH TO DATE    1.65                      1.16   0.49     3.07
  SINCE SEP 1      7.64                      6.97   0.67    11.56
  SINCE JAN 1      3.62                      4.49  -0.87     8.71

DEGREE DAYS
 HEATING
  TODAY            0                         0      0        0
  MONTH TO DATE    0                         0      0        0
  SINCE JUL 1      0                         0      0        0

 COOLING
  TODAY            6                         9     -3       13
  MONTH TO DATE  282                       332    -50      381
  SINCE JAN 1   1135                      1049     86     1101
..................................................................


WIND (MPH)
  HIGHEST WIND SPEED    14   HIGHEST WIND DIRECTION    NE (40)
  HIGHEST GUST SPEED    17   HIGHEST GUST DIRECTION    NE (40)
  AVERAGE WIND SPEED     2.4


SKY COVER
  POSSIBLE SUNSHINE  MM
  AVERAGE SKY COVER 0.1


WEATHER CONDITIONS
 THE FOLLOWING WEATHER WAS RECORDED TODAY.
  NO SIGNIFICANT WEATHER WAS OBSERVED.


RELATIVE HUMIDITY (PERCENT)
 HIGHEST    77           500 AM
 LOWEST     17           200 PM
 AVERAGE    47

..........................................................


THE WINSLOW AZ AIRPORT CLIMATE NORMALS FOR TOMORROW
                         NORMAL    RECORD    YEAR
 MAXIMUM TEMPERATURE (F)   90        99      1949
                                             1919
 MINIMUM TEMPERATURE (F)   58        49      2000


SUNRISE AND SUNSET
AUGUST 30 2016........SUNRISE   555 AM MST   SUNSET   652 PM MST
AUGUST 31 2016........SUNRISE   555 AM MST   SUNSET   650 PM MST


-  INDICATES NEGATIVE NUMBERS.
R  INDICATES RECORD WAS SET OR TIED.
MM INDICATES DATA IS MISSING.
T  INDICATES TRACE AMOUNT.




$$
