000
CDUS45 KFGZ 020847
CLIINW
CLIMATE REPORT
NATIONAL WEATHER SERVICE FLAGSTAFF, AZ
146 AM MST MON MAY 2 2016


...................................

...THE WINSLOW AZ AIRPORT CLIMATE SUMMARY FOR MAY 1 2016...

CLIMATE NORMAL PERIOD 1981 TO 2010
CLIMATE RECORD PERIOD 1915 TO 2016


WEATHER ITEM   OBSERVED TIME   RECORD YEAR NORMAL DEPARTURE LAST
                VALUE   (LST)  VALUE       VALUE  FROM      YEAR
                                                  NORMAL
..................................................................
TEMPERATURE (F)
 YESTERDAY
  MAXIMUM         54    454 PM  92    1943  77    -23       86
  MINIMUM         40   1159 PM  24    1967  41     -1       48
  AVERAGE         47                        59    -12       67

PRECIPITATION (IN)
  YESTERDAY        0.29          0.32 2007   0.01   0.28     0.00
  MONTH TO DATE    0.29                      0.01   0.28     0.00
  SINCE SEP 1      5.48                      4.27   1.21     5.44
  SINCE JAN 1      1.46                      1.79  -0.33     2.59

DEGREE DAYS
 HEATING
  YESTERDAY       18                         6     12        0
  MONTH TO DATE   18                         6     12        0
  SINCE JUL 1   4137                      4385   -248     3674

 COOLING
  YESTERDAY        0                         1     -1        2
  MONTH TO DATE    0                         1     -1        2
  SINCE JAN 1      0                         5     -5        2
..................................................................


WIND (MPH)
  HIGHEST WIND SPEED    22   HIGHEST WIND DIRECTION    SW (210)
  HIGHEST GUST SPEED    25   HIGHEST GUST DIRECTION    SW (210)
  AVERAGE WIND SPEED     6.3


SKY COVER
  POSSIBLE SUNSHINE  MM
  AVERAGE SKY COVER 0.8


WEATHER CONDITIONS
 THE FOLLOWING WEATHER WAS RECORDED YESTERDAY.
  HEAVY RAIN
  RAIN
  LIGHT RAIN
  FOG


RELATIVE HUMIDITY (PERCENT)
 HIGHEST    96          1100 PM
 LOWEST     66           500 PM
 AVERAGE    81

..........................................................


THE WINSLOW AZ AIRPORT CLIMATE NORMALS FOR TODAY
                         NORMAL    RECORD    YEAR
 MAXIMUM TEMPERATURE (F)   77        91      1943
 MINIMUM TEMPERATURE (F)   42        23      1929


SUNRISE AND SUNSET
MAY  2 2016...........SUNRISE   530 AM MST   SUNSET   710 PM MST
MAY  3 2016...........SUNRISE   529 AM MST   SUNSET   711 PM MST


-  INDICATES NEGATIVE NUMBERS.
R  INDICATES RECORD WAS SET OR TIED.
MM INDICATES DATA IS MISSING.
T  INDICATES TRACE AMOUNT.




$$
