000
CDUS45 KFGZ 240736
CLIINW
CLIMATE REPORT
NATIONAL WEATHER SERVICE FLAGSTAFF, AZ
1234 AM MST FRI FEB 24 2017


...................................

...THE WINSLOW AZ AIRPORT CLIMATE SUMMARY FOR FEBRUARY 23 2017...

CLIMATE NORMAL PERIOD 1981 TO 2010
CLIMATE RECORD PERIOD 1915 TO 2017


WEATHER ITEM   OBSERVED TIME   RECORD YEAR NORMAL DEPARTURE LAST
                VALUE   (LST)  VALUE       VALUE  FROM      YEAR
                                                  NORMAL
..................................................................
TEMPERATURE (F)
 YESTERDAY
  MAXIMUM         52    311 PM  76    2009  58     -6       54
  MINIMUM         34   1159 PM  10    2006  27      7       27
  AVERAGE         43                        42      1       41

PRECIPITATION (IN)
  YESTERDAY        0.00          0.19 2015   0.01  -0.01     0.00
  MONTH TO DATE    0.15                      0.38  -0.23     0.22
  SINCE SEP 1      4.04                      3.38   0.66     4.59
  SINCE JAN 1      0.96                      0.90   0.06     0.57

DEGREE DAYS
 HEATING
  YESTERDAY       22                        23     -1       24
  MONTH TO DATE  390                       581   -191      539
  SINCE JUL 1   2677                      3384   -707     3227

 COOLING
  YESTERDAY        0                         0      0        0
  MONTH TO DATE    0                         0      0        0
  SINCE JAN 1      0                         0      0        0
..................................................................


WIND (MPH)
  HIGHEST WIND SPEED    31   HIGHEST WIND DIRECTION    SW (230)
  HIGHEST GUST SPEED    40   HIGHEST GUST DIRECTION    SW (230)
  AVERAGE WIND SPEED    15.1


SKY COVER
  POSSIBLE SUNSHINE  MM
  AVERAGE SKY COVER 0.3


WEATHER CONDITIONS
 THE FOLLOWING WEATHER WAS RECORDED YESTERDAY.
  NO SIGNIFICANT WEATHER WAS OBSERVED.


RELATIVE HUMIDITY (PERCENT)
 HIGHEST    58           300 AM
 LOWEST     21           100 PM
 AVERAGE    40

..........................................................


THE WINSLOW AZ AIRPORT CLIMATE NORMALS FOR TODAY
                         NORMAL    RECORD    YEAR
 MAXIMUM TEMPERATURE (F)   58        75      2009
                                             1989
 MINIMUM TEMPERATURE (F)   27         5      1974


SUNRISE AND SUNSET
FEBRUARY 24 2017......SUNRISE   658 AM MST   SUNSET   614 PM MST
FEBRUARY 25 2017......SUNRISE   657 AM MST   SUNSET   615 PM MST


-  INDICATES NEGATIVE NUMBERS.
R  INDICATES RECORD WAS SET OR TIED.
MM INDICATES DATA IS MISSING.
T  INDICATES TRACE AMOUNT.




$$
