000
CDUS43 KDVN 290645
CLIIOW

CLIMATE REPORT
NATIONAL WEATHER SERVICE QUAD CITIES IA IL
129 AM CDT THU JUN 29 2017

...................................

...THE IOWA CITY IA CLIMATE SUMMARY FOR JUNE 28 2017...

CLIMATE NORMAL PERIOD 1981 TO 2010
CLIMATE RECORD PERIOD 9999 TO 9999


WEATHER ITEM   OBSERVED NORMAL DEPARTURE LAST
                VALUE   VALUE  FROM      YEAR
                               NORMAL
...............................................
TEMPERATURE (F)
 YESTERDAY
  MAXIMUM         86     84      2       77
  MINIMUM         62     64     -2       58
  AVERAGE         74     74      0       68

PRECIPITATION (IN)
  YESTERDAY        0.76   0.18   0.58     0.00
  MONTH TO DATE    4.21   4.26  -0.05     5.45
  SINCE JUN 1      4.21   4.26  -0.05     5.45
  SINCE JAN 1     17.93  16.35   1.58    14.06

DEGREE DAYS
 HEATING
  YESTERDAY        0      0      0        0
  MONTH TO DATE    7     14     -7        2
  SINCE JUN 1      7     14     -7        2
  SINCE JUL 1   5120   6375  -1255     5468

 COOLING
  YESTERDAY        9      9      0        3
  MONTH TO DATE  255    192     63      282
  SINCE JUN 1    255    192     63      282
  SINCE JAN 1    308    253     55      354
...............................................


WIND (MPH)
  HIGHEST WIND SPEED    25   HIGHEST WIND DIRECTION     S (190)
  HIGHEST GUST SPEED    36   HIGHEST GUST DIRECTION     S (180)
  AVERAGE WIND SPEED    14.1




RELATIVE HUMIDITY (PERCENT)
 HIGHEST    87           800 AM
 LOWEST     57           300 AM
 AVERAGE    72

..........................................................


THE IOWA CITY IA CLIMATE NORMALS FOR TODAY
                         NORMAL
 MAXIMUM TEMPERATURE (F)   84
 MINIMUM TEMPERATURE (F)   64


SUNRISE AND SUNSET
JUNE 29 2017..........SUNRISE   535 AM CDT   SUNSET   844 PM CDT
JUNE 30 2017..........SUNRISE   535 AM CDT   SUNSET   844 PM CDT


-  INDICATES NEGATIVE NUMBERS.
R  INDICATES RECORD WAS SET OR TIED.
MM INDICATES DATA IS MISSING.
T  INDICATES TRACE AMOUNT.




$$
