000
CDUS43 KDVN 190906
CLIIOW


CLIMATE REPORT
NATIONAL WEATHER SERVICE QUAD CITIES IA IL
406 AM CDT SAT AUG 19 2017


...................................

...THE IOWA CITY IA CLIMATE SUMMARY FOR AUGUST 18 2017...

CLIMATE NORMAL PERIOD 1981 TO 2010
CLIMATE RECORD PERIOD 9999 TO 9999


WEATHER ITEM   OBSERVED TIME   RECORD YEAR NORMAL DEPARTURE LAST
                VALUE   (LST)  VALUE       VALUE  FROM      YEAR
                                                  NORMAL
..................................................................
TEMPERATURE (F)
 YESTERDAY
  MAXIMUM         83    448 PM  MM      MM  83      0       89
  MINIMUM         60    508 AM  MM      MM  63     -3       69
  AVERAGE         72                        73     -1       79

PRECIPITATION (IN)
  YESTERDAY        T            MM      MM   0.16  -0.16     0.00
  MONTH TO DATE    0.23                      2.59  -2.36     3.78
  SINCE JUN 1     10.92                     12.15  -1.23    13.78
  SINCE JAN 1     24.64                     24.24   0.40    22.39

DEGREE DAYS
 HEATING
  YESTERDAY        0                         0      0        0
  MONTH TO DATE    0                         0      0        0
  SINCE JUN 1      7                        19    -12        4
  SINCE JUL 1      0                         2     -2        2

 COOLING
  YESTERDAY        7                         8     -1       14
  MONTH TO DATE  112                       157    -45      204
  SINCE JUN 1    760                       674     86      796
  SINCE JAN 1    813                       735     78      868
..................................................................


WIND (MPH)
  HIGHEST WIND SPEED    12   HIGHEST WIND DIRECTION     N (10)
  HIGHEST GUST SPEED    14   HIGHEST GUST DIRECTION     N (10)
  AVERAGE WIND SPEED     5.6


SKY COVER
  POSSIBLE SUNSHINE  MM
  AVERAGE SKY COVER 0.1


WEATHER CONDITIONS
 THE FOLLOWING WEATHER WAS RECORDED YESTERDAY.
  LIGHT RAIN


RELATIVE HUMIDITY (PERCENT)
 HIGHEST    97           400 AM
 LOWEST     54           100 PM
 AVERAGE    76

..........................................................


THE IOWA CITY IA CLIMATE NORMALS FOR TODAY
                         NORMAL    RECORD    YEAR
 MAXIMUM TEMPERATURE (F)   82        MM        MM
 MINIMUM TEMPERATURE (F)   63        MM        MM


SUNRISE AND SUNSET
AUGUST 19 2017........SUNRISE   619 AM CDT   SUNSET   800 PM CDT
AUGUST 20 2017........SUNRISE   620 AM CDT   SUNSET   758 PM CDT


-  INDICATES NEGATIVE NUMBERS.
R  INDICATES RECORD WAS SET OR TIED.
MM INDICATES DATA IS MISSING.
T  INDICATES TRACE AMOUNT.




$$
