000
CDUS43 KDVN 250943
CLIIOW


CLIMATE REPORT
NATIONAL WEATHER SERVICE QUAD CITIES IA IL
443 AM CDT MON JUL 25 2016


...................................

...THE IOWA CITY IA CLIMATE SUMMARY FOR JULY 24 2016...

CLIMATE NORMAL PERIOD 1981 TO 2010
CLIMATE RECORD PERIOD 9999 TO 9999


WEATHER ITEM   OBSERVED TIME   RECORD YEAR NORMAL DEPARTURE LAST
                VALUE   (LST)  VALUE       VALUE  FROM      YEAR
                                                  NORMAL
..................................................................
TEMPERATURE (F)
 YESTERDAY
  MAXIMUM         91   1242 PM  MM      MM  85      6       83
  MINIMUM         75   1159 PM  MM      MM  65     10       63
  AVERAGE         83                        75      8       73

PRECIPITATION (IN)
  YESTERDAY        0.00         MM      MM   0.14  -0.14     0.12
  MONTH TO DATE    3.34                      4.11  -0.77     1.52
  SINCE JUN 1     10.00                      8.72   1.28     7.40
  SINCE JAN 1     18.61                     20.81  -2.20    17.25

DEGREE DAYS
 HEATING
  YESTERDAY        0                         0      0        0
  MONTH TO DATE    2                         0      2        2
  SINCE JUN 1      4                        17    -13        9
  SINCE JUL 1      2                         0      2        2

 COOLING
  YESTERDAY       18                        10      8        8
  MONTH TO DATE  232                       240     -8      195
  SINCE JUN 1    520                       451     69      395
  SINCE JAN 1    592                       512     80      458
..................................................................


WIND (MPH)
  HIGHEST WIND SPEED    18   HIGHEST WIND DIRECTION    NW (310)
  HIGHEST GUST SPEED    25   HIGHEST GUST DIRECTION    NW (330)
  AVERAGE WIND SPEED     9.8


SKY COVER
  POSSIBLE SUNSHINE  MM
  AVERAGE SKY COVER 0.2


WEATHER CONDITIONS
 THE FOLLOWING WEATHER WAS RECORDED YESTERDAY.
  NO SIGNIFICANT WEATHER WAS OBSERVED.


RELATIVE HUMIDITY (PERCENT)
 HIGHEST    97           400 AM
 LOWEST     59           500 PM
 AVERAGE    78

..........................................................


THE IOWA CITY IA CLIMATE NORMALS FOR TODAY
                         NORMAL    RECORD    YEAR
 MAXIMUM TEMPERATURE (F)   84        MM        MM
 MINIMUM TEMPERATURE (F)   65        MM        MM


SUNRISE AND SUNSET
JULY 25 2016..........SUNRISE   554 AM CDT   SUNSET   831 PM CDT
JULY 26 2016..........SUNRISE   555 AM CDT   SUNSET   830 PM CDT


-  INDICATES NEGATIVE NUMBERS.
R  INDICATES RECORD WAS SET OR TIED.
MM INDICATES DATA IS MISSING.
T  INDICATES TRACE AMOUNT.




$$
