464
CDUS43 KDVN 260902
CLIIOW


CLIMATE REPORT
NATIONAL WEATHER SERVICE QUAD CITIES IA IL
400 AM CDT WED APR 26 2017


...................................

...THE IOWA CITY IA CLIMATE SUMMARY FOR APRIL 25 2017...

CLIMATE NORMAL PERIOD 1981 TO 2010
CLIMATE RECORD PERIOD 9999 TO 9999


WEATHER ITEM   OBSERVED TIME   RECORD YEAR NORMAL DEPARTURE LAST
                VALUE   (LST)  VALUE       VALUE  FROM      YEAR
                                                  NORMAL
..................................................................
TEMPERATURE (F)
 YESTERDAY
  MAXIMUM         78    309 PM  MM      MM  65     13       79
  MINIMUM         49    528 AM  MM      MM  43      6       57
  AVERAGE         64                        54     10       68

PRECIPITATION (IN)
  YESTERDAY        T            MM      MM   0.12  -0.12     0.00
  MONTH TO DATE    2.61                      2.69  -0.08     0.77
  SINCE MAR 1      5.67                      4.91   0.76     2.80
  SINCE JAN 1      8.07                      7.07   0.00     3.55

DEGREE DAYS
 HEATING
  YESTERDAY        1                        11    -10        0
  MONTH TO DATE  220                       375   -155      357
  SINCE MAR 1    970                      1192   -222     1006
  SINCE JUL 1   4865                      6142  -1277     5217

 COOLING
  YESTERDAY        0                         0      0        3
  MONTH TO DATE   11                         0     11        6
  SINCE MAR 1     11                         0     11        6
  SINCE JAN 1     11                         0     11        6
..................................................................


WIND (MPH)
  HIGHEST WIND SPEED    21   HIGHEST WIND DIRECTION    SE (140)
  HIGHEST GUST SPEED    26   HIGHEST GUST DIRECTION    SE (130)
  AVERAGE WIND SPEED     6.7


SKY COVER
  POSSIBLE SUNSHINE  MM
  AVERAGE SKY COVER 0.3


WEATHER CONDITIONS
 THE FOLLOWING WEATHER WAS RECORDED YESTERDAY.
  NO SIGNIFICANT WEATHER WAS OBSERVED.


RELATIVE HUMIDITY (PERCENT)
 HIGHEST    73          1000 PM
 LOWEST     31           300 PM
 AVERAGE    52

..........................................................


THE IOWA CITY IA CLIMATE NORMALS FOR TODAY
                         NORMAL    RECORD    YEAR
 MAXIMUM TEMPERATURE (F)   65        MM        MM
 MINIMUM TEMPERATURE (F)   44        MM        MM


SUNRISE AND SUNSET
APRIL 26 2017.........SUNRISE   609 AM CDT   SUNSET   759 PM CDT
APRIL 27 2017.........SUNRISE   608 AM CDT   SUNSET   800 PM CDT


-  INDICATES NEGATIVE NUMBERS.
R  INDICATES RECORD WAS SET OR TIED.
MM INDICATES DATA IS MISSING.
T  INDICATES TRACE AMOUNT.




$$
