000
CDUS43 KDVN 272130
CLIIOW


CLIMATE REPORT
NATIONAL WEATHER SERVICE QUAD CITIES IA IL
429 PM CDT SAT AUG 27 2016


...................................

...THE IOWA CITY IA CLIMATE SUMMARY FOR AUGUST 27 2016...
VALID TODAY AS OF 0400 PM LOCAL TIME.

CLIMATE NORMAL PERIOD 1981 TO 2010
CLIMATE RECORD PERIOD 9999 TO 9999


WEATHER ITEM   OBSERVED TIME   RECORD YEAR NORMAL DEPARTURE LAST
                VALUE   (LST)  VALUE       VALUE  FROM      YEAR
                                                  NORMAL
..................................................................
TEMPERATURE (F)
 TODAY
  MAXIMUM         82    259 PM  MM      MM  81      1       74
  MINIMUM         67    423 AM  MM      MM  61      6       52
  AVERAGE         75                        71      4       63

PRECIPITATION (IN)
  TODAY            0.13         MM      MM   0.14  -0.01     0.00
  MONTH TO DATE    5.16                      3.91   1.25     2.33
  SINCE JUN 1     15.16                     13.47   1.69    10.89
  SINCE JAN 1     23.77                     25.56  -1.79    20.74

DEGREE DAYS
 HEATING
  TODAY            0                         0      0        2
  MONTH TO DATE    0                         0      0       11
  SINCE JUN 1      4                        19    -15       20
  SINCE JUL 1      2                         2      0       13

 COOLING
  TODAY           10                         6      4        0
  MONTH TO DATE  266                       221     45      181
  SINCE JUN 1    858                       738    120      663
  SINCE JAN 1    930                       799    131      726
..................................................................


WIND (MPH)
  HIGHEST WIND SPEED    14   HIGHEST WIND DIRECTION     W (260)
  HIGHEST GUST SPEED    17   HIGHEST GUST DIRECTION     W (250)
  AVERAGE WIND SPEED     7.5


SKY COVER
  POSSIBLE SUNSHINE  MM
  AVERAGE SKY COVER 0.5


WEATHER CONDITIONS
 THE FOLLOWING WEATHER WAS RECORDED TODAY.
  THUNDERSTORM
  RAIN
  LIGHT RAIN
  FOG


RELATIVE HUMIDITY (PERCENT)
 HIGHEST   100           700 AM
 LOWEST     69           200 PM
 AVERAGE    85

..........................................................


THE IOWA CITY IA CLIMATE NORMALS FOR TOMORROW
                         NORMAL    RECORD    YEAR
 MAXIMUM TEMPERATURE (F)   81        MM        MM
 MINIMUM TEMPERATURE (F)   60        MM        MM


SUNRISE AND SUNSET
AUGUST 27 2016........SUNRISE   628 AM CDT   SUNSET   747 PM CDT
AUGUST 28 2016........SUNRISE   629 AM CDT   SUNSET   745 PM CDT


-  INDICATES NEGATIVE NUMBERS.
R  INDICATES RECORD WAS SET OR TIED.
MM INDICATES DATA IS MISSING.
T  INDICATES TRACE AMOUNT.




$$
