000
CDUS43 KDVN 260927
CLIIOW


CLIMATE REPORT
NATIONAL WEATHER SERVICE QUAD CITIES IA IL
424 AM CDT MON SEP 26 2016


...................................

...THE IOWA CITY IA CLIMATE SUMMARY FOR SEPTEMBER 25 2016...

CLIMATE NORMAL PERIOD 1981 TO 2010
CLIMATE RECORD PERIOD 9999 TO 9999


WEATHER ITEM   OBSERVED TIME   RECORD YEAR NORMAL DEPARTURE LAST
                VALUE   (LST)  VALUE       VALUE  FROM      YEAR
                                                  NORMAL
..................................................................
TEMPERATURE (F)
 YESTERDAY
  MAXIMUM         81   1054 AM  MM      MM  72      9       78
  MINIMUM         59   1159 PM  MM      MM  48     11       59
  AVERAGE         70                        60     10       69

PRECIPITATION (IN)
  YESTERDAY        T            MM      MM   0.11  -0.11     0.00
  MONTH TO DATE    2.83                      2.91  -0.08     3.32
  SINCE SEP 1      2.83                      2.91  -0.08     3.32
  SINCE JAN 1     28.47                     29.06  -0.59    25.32

DEGREE DAYS
 HEATING
  YESTERDAY        0                         6     -6        0
  MONTH TO DATE    0                        69    -69       32
  SINCE SEP 1      0                        69    -69       32
  SINCE JUL 1      2                        77    -75       45

 COOLING
  YESTERDAY        5                         1      4        4
  MONTH TO DATE  180                        73    107      178
  SINCE SEP 1    180                        73    107      178
  SINCE JAN 1   1156                       895    261      922
..................................................................


WIND (MPH)
  HIGHEST WIND SPEED    22   HIGHEST WIND DIRECTION     W (260)
  HIGHEST GUST SPEED    28   HIGHEST GUST DIRECTION     W (270)
  AVERAGE WIND SPEED    10.0


SKY COVER
  POSSIBLE SUNSHINE  MM
  AVERAGE SKY COVER 0.3


WEATHER CONDITIONS
 THE FOLLOWING WEATHER WAS RECORDED YESTERDAY.
  LIGHT RAIN
  FOG


RELATIVE HUMIDITY (PERCENT)
 HIGHEST    93           400 AM
 LOWEST     60           700 PM
 AVERAGE    77

..........................................................


THE IOWA CITY IA CLIMATE NORMALS FOR TODAY
                         NORMAL    RECORD    YEAR
 MAXIMUM TEMPERATURE (F)   72        MM        MM
 MINIMUM TEMPERATURE (F)   48        MM        MM


SUNRISE AND SUNSET
SEPTEMBER 26 2016.....SUNRISE   658 AM CDT   SUNSET   656 PM CDT
SEPTEMBER 27 2016.....SUNRISE   659 AM CDT   SUNSET   654 PM CDT


-  INDICATES NEGATIVE NUMBERS.
R  INDICATES RECORD WAS SET OR TIED.
MM INDICATES DATA IS MISSING.
T  INDICATES TRACE AMOUNT.




$$
