000
CDUS41 KCTP 230646
CLIIPT


CLIMATE REPORT
NATIONAL WEATHER SERVICE STATE COLLEGE PA
146 AM EST TUE JAN 23 2018


...................................

...THE WILLIAMSPORT PA CLIMATE SUMMARY FOR JANUARY 22 2018...

CLIMATE NORMAL PERIOD 1981 TO 2010
CLIMATE RECORD PERIOD 1895 TO 2018


WEATHER ITEM   OBSERVED TIME   RECORD YEAR NORMAL DEPARTURE LAST
                VALUE   (LST)  VALUE       VALUE  FROM      YEAR
                                                  NORMAL
..................................................................
TEMPERATURE (F)
 YESTERDAY
  MAXIMUM         46   1128 PM  62    1906  34     12       46
  MINIMUM         34    835 AM -13    1984  19     15       40
                                      1961
  AVERAGE         40                        27     13       43

PRECIPITATION (IN)
  YESTERDAY        0.01          2.49 1902   0.09  -0.08      T
  MONTH TO DATE    3.22                      1.91   1.31     2.09
  SINCE DEC 1      4.41                      4.84  -0.43     5.05
  SINCE JAN 1      3.22                      1.91   1.31     2.09

SNOWFALL (IN)
  YESTERDAY        0.0          15.8  1987   0.4   -0.4      0.0
  MONTH TO DATE    5.8                       7.3   -1.5      1.0
  SINCE DEC 1      9.8                      14.2   -4.4      9.9
  SINCE JUL 1      9.9                      16.0   -6.1     10.0
  SNOW DEPTH       1

DEGREE DAYS
 HEATING
  YESTERDAY       25                        38    -13       22
  MONTH TO DATE  908                       844     64      721
  SINCE DEC 1   1938                      1892     46     1696
  SINCE JUL 1   2922                      3137   -215     2630

 COOLING
  YESTERDAY        0                         0      0        0
  MONTH TO DATE    0                         0      0        0
  SINCE DEC 1      0                         0      0        0
  SINCE JAN 1      0                         0      0        0
..................................................................


WIND (MPH)
  HIGHEST WIND SPEED    10   HIGHEST WIND DIRECTION    SE (120)
  HIGHEST GUST SPEED    17   HIGHEST GUST DIRECTION    SE (120)
  AVERAGE WIND SPEED     2.5


SKY COVER
  POSSIBLE SUNSHINE  MM
  AVERAGE SKY COVER 0.8


WEATHER CONDITIONS
 THE FOLLOWING WEATHER WAS RECORDED YESTERDAY.
  LIGHT RAIN
  FOG
  FOG W/VISIBILITY <= 1/4 MILE


RELATIVE HUMIDITY (PERCENT)
 HIGHEST   100           300 AM
 LOWEST     89          1100 PM
 AVERAGE    95

..........................................................


THE WILLIAMSPORT PA CLIMATE NORMALS FOR TODAY
                         NORMAL    RECORD    YEAR
 MAXIMUM TEMPERATURE (F)   34        66      1906
 MINIMUM TEMPERATURE (F)   19       -11      1970


SUNRISE AND SUNSET
JANUARY 23 2018.......SUNRISE   726 AM EST   SUNSET   513 PM EST
JANUARY 24 2018.......SUNRISE   726 AM EST   SUNSET   514 PM EST


-  INDICATES NEGATIVE NUMBERS.
R  INDICATES RECORD WAS SET OR TIED.
MM INDICATES DATA IS MISSING.
T  INDICATES TRACE AMOUNT.




$$
