000
CDUS41 KCTP 262119
CLIIPT


CLIMATE REPORT
NATIONAL WEATHER SERVICE STATE COLLEGE PA
519 PM EDT THU MAY 26 2016


...................................

...THE WILLIAMSPORT PA CLIMATE SUMMARY FOR MAY 26 2016...
VALID TODAY AS OF 0500 PM LOCAL TIME.

CLIMATE NORMAL PERIOD 1981 TO 2010
CLIMATE RECORD PERIOD 1895 TO 2016


WEATHER ITEM   OBSERVED TIME   RECORD YEAR NORMAL DEPARTURE LAST
                VALUE   (LST)  VALUE       VALUE  FROM      YEAR
                                                  NORMAL
..................................................................
TEMPERATURE (F)
 TODAY
  MAXIMUM         86    133 PM  93    1914  74     12       82
  MINIMUM         56    340 AM  35    1925  51      5       66
  AVERAGE         71                        63      8       74

PRECIPITATION (IN)
  TODAY            T             1.52 1943   0.12  -0.12     0.32
  MONTH TO DATE    2.22                      3.06  -0.84     1.98
  SINCE MAR 1      4.92                      9.27  -4.35     8.54
  SINCE JAN 1     11.34                     14.31  -2.97    11.33

SNOWFALL (IN)
  TODAY            0.0           0.0  2002   0.0    0.0      0.0
                                      2001
  MONTH TO DATE    T                         0.0    0.0      0.0
  SINCE MAR 1      2.0                       8.0   -6.0     11.4
  SINCE JUL 1      7.7                      36.0  -28.3     44.4
  SNOW DEPTH       0

DEGREE DAYS
 HEATING
  TODAY            0                         4     -4        0
  MONTH TO DATE  207                       185     22       93
  SINCE MAR 1   1264                      1473   -209     1517
  SINCE JUL 1   4907                      5940  -1033     6154

 COOLING
  TODAY            6                         2      4        9
  MONTH TO DATE   16                        26    -10       91
  SINCE MAR 1     16                        31    -15       91
  SINCE JAN 1     16                        31    -15       91
..................................................................


WIND (MPH)
  HIGHEST WIND SPEED    15   HIGHEST WIND DIRECTION     S (160)
  HIGHEST GUST SPEED    20   HIGHEST GUST DIRECTION     S (180)
  AVERAGE WIND SPEED     3.6


SKY COVER
  POSSIBLE SUNSHINE  MM
  AVERAGE SKY COVER 0.3


WEATHER CONDITIONS
 THE FOLLOWING WEATHER WAS RECORDED TODAY.
  LIGHT RAIN


RELATIVE HUMIDITY (PERCENT)
 HIGHEST    80           200 AM
 LOWEST     32          1200 PM
 AVERAGE    56

..........................................................


THE WILLIAMSPORT PA CLIMATE NORMALS FOR TOMORROW
                         NORMAL    RECORD    YEAR
 MAXIMUM TEMPERATURE (F)   75        94      1918
 MINIMUM TEMPERATURE (F)   52        33      1969


SUNRISE AND SUNSET
MAY 26 2016...........SUNRISE   540 AM EDT   SUNSET   830 PM EDT
MAY 27 2016...........SUNRISE   539 AM EDT   SUNSET   831 PM EDT


-  INDICATES NEGATIVE NUMBERS.
R  INDICATES RECORD WAS SET OR TIED.
MM INDICATES DATA IS MISSING.
T  INDICATES TRACE AMOUNT.




$$
