000
CDUS41 KCTP 200627
CLIIPT


CLIMATE REPORT
NATIONAL WEATHER SERVICE STATE COLLEGE PA
127 AM EST FRI JAN 20 2017


...................................

...THE WILLIAMSPORT PA CLIMATE SUMMARY FOR JANUARY 19 2017...

CLIMATE NORMAL PERIOD 1981 TO 2010
CLIMATE RECORD PERIOD 1895 TO 2017


WEATHER ITEM   OBSERVED TIME   RECORD YEAR NORMAL DEPARTURE LAST
                VALUE   (LST)  VALUE       VALUE  FROM      YEAR
                                                  NORMAL
..................................................................
TEMPERATURE (F)
 YESTERDAY
  MAXIMUM         47    408 PM  61    1929  34     13       25
  MINIMUM         30   1148 PM -14    1994  19     11       11
  AVERAGE         39                        26     13       18

PRECIPITATION (IN)
  YESTERDAY        0.00          2.62 1996   0.09  -0.09     0.00
  MONTH TO DATE    1.81                      1.64   0.17     2.06
  SINCE DEC 1      4.77                      4.57   0.20     5.42
  SINCE JAN 1      1.81                      1.64   0.17     2.06

SNOWFALL (IN)
  YESTERDAY        0.0           7.6  1987   0.4   -0.4      0.0
  MONTH TO DATE    1.0                       6.3   -5.3      0.9
  SINCE DEC 1      9.9                      13.2   -3.3      0.9
  SINCE JUL 1     10.0                      15.0   -5.0      0.9
  SNOW DEPTH       0

DEGREE DAYS
 HEATING
  YESTERDAY       26                        39    -13       47
  MONTH TO DATE  648                       730    -82      710
  SINCE DEC 1   1623                      1778   -155     1382
  SINCE JUL 1   2557                      3023   -466     2309

 COOLING
  YESTERDAY        0                         0      0        0
  MONTH TO DATE    0                         0      0        0
  SINCE DEC 1      0                         0      0        0
  SINCE JAN 1      0                         0      0        0
..................................................................


WIND (MPH)
  HIGHEST WIND SPEED    10   HIGHEST WIND DIRECTION     W (280)
  HIGHEST GUST SPEED    15   HIGHEST GUST DIRECTION     W (280)
  AVERAGE WIND SPEED     3.0


SKY COVER
  POSSIBLE SUNSHINE  MM
  AVERAGE SKY COVER 0.8


WEATHER CONDITIONS
 THE FOLLOWING WEATHER WAS RECORDED YESTERDAY.
  FOG


RELATIVE HUMIDITY (PERCENT)
 HIGHEST    92          1000 PM
 LOWEST     60           200 PM
 AVERAGE    76

..........................................................


THE WILLIAMSPORT PA CLIMATE NORMALS FOR TODAY
                         NORMAL    RECORD    YEAR
 MAXIMUM TEMPERATURE (F)   34        61      1951
 MINIMUM TEMPERATURE (F)   19       -13      1970


SUNRISE AND SUNSET
JANUARY 20 2017.......SUNRISE   728 AM EST   SUNSET   510 PM EST
JANUARY 21 2017.......SUNRISE   728 AM EST   SUNSET   511 PM EST


-  INDICATES NEGATIVE NUMBERS.
R  INDICATES RECORD WAS SET OR TIED.
MM INDICATES DATA IS MISSING.
T  INDICATES TRACE AMOUNT.




$$
