000
CDUS41 KCTP 280706
CLIIPT


CLIMATE REPORT
NATIONAL WEATHER SERVICE STATE COLLEGE PA
306 AM EDT FRI AUG 28 2015


...................................

...THE WILLIAMSPORT PA CLIMATE SUMMARY FOR AUGUST 27 2015...

CLIMATE NORMAL PERIOD 1981 TO 2010
CLIMATE RECORD PERIOD 1895 TO 2015


WEATHER ITEM   OBSERVED TIME   RECORD YEAR NORMAL DEPARTURE LAST
                VALUE   (LST)  VALUE       VALUE  FROM      YEAR
                                                  NORMAL
..................................................................
TEMPERATURE (F)
 YESTERDAY
  MAXIMUM         75    343 PM  98    1948  80     -5       90
  MINIMUM         58    541 AM  41    1944  59     -1       61
  AVERAGE         67                        70     -3       76

PRECIPITATION (IN)
  YESTERDAY        0.00          1.71 1937   0.12  -0.12     0.00
  MONTH TO DATE    3.88                      3.37   0.51     6.29
  SINCE JUN 1     15.62                     11.63   3.99    13.77
  SINCE JAN 1     28.04                     26.54   1.50    28.52

DEGREE DAYS
 HEATING
  YESTERDAY        0                         1     -1        0
  MONTH TO DATE    0                         3     -3        4
  SINCE JUN 1     23                        44    -21       12
  SINCE JUL 1      2                         7     -5        4

 COOLING
  YESTERDAY        2                         5     -3       11
  MONTH TO DATE  200                       182     18      148
  SINCE JUN 1    628                       572     56      555
  SINCE JAN 1    756                       615    141      607
..................................................................


WIND (MPH)
  HIGHEST WIND SPEED    12   HIGHEST WIND DIRECTION    NW (310)
  HIGHEST GUST SPEED    15   HIGHEST GUST DIRECTION    NW (310)
  AVERAGE WIND SPEED     4.7


SKY COVER
  POSSIBLE SUNSHINE  MM
  AVERAGE SKY COVER 0.8


WEATHER CONDITIONS
 THE FOLLOWING WEATHER WAS RECORDED YESTERDAY.
  NO SIGNIFICANT WEATHER WAS OBSERVED.


RELATIVE HUMIDITY (PERCENT)
 HIGHEST    87           500 AM
 LOWEST     49           200 PM
 AVERAGE    68

..........................................................


THE WILLIAMSPORT PA CLIMATE NORMALS FOR TODAY
                         NORMAL    RECORD    YEAR
 MAXIMUM TEMPERATURE (F)   80        98      1953
 MINIMUM TEMPERATURE (F)   59        42      1941


SUNRISE AND SUNSET
AUGUST 28 2015........SUNRISE   630 AM EDT   SUNSET   747 PM EDT
AUGUST 29 2015........SUNRISE   631 AM EDT   SUNSET   746 PM EDT


-  INDICATES NEGATIVE NUMBERS.
R  INDICATES RECORD WAS SET OR TIED.
MM INDICATES DATA IS MISSING.
T  INDICATES TRACE AMOUNT.




$$
