839
CDUS41 KCTP 230611
CLIIPT


CLIMATE REPORT
NATIONAL WEATHER SERVICE STATE COLLEGE PA
210 AM EDT SAT JUL 23 2016


...................................

...THE WILLIAMSPORT PA CLIMATE SUMMARY FOR JULY 22 2016...

CLIMATE NORMAL PERIOD 1981 TO 2010
CLIMATE RECORD PERIOD 1895 TO 2016


WEATHER ITEM   OBSERVED TIME   RECORD YEAR NORMAL DEPARTURE LAST
                VALUE   (LST)  VALUE       VALUE  FROM      YEAR
                                                  NORMAL
..................................................................
TEMPERATURE (F)
 YESTERDAY
  MAXIMUM         97    413 PM 103    2011  84     13       81
  MINIMUM         64    514 AM  48    1929  62      2       58
  AVERAGE         81                        73      8       70

PRECIPITATION (IN)
  YESTERDAY        0.00          1.54 1925   0.15  -0.15     0.00
  MONTH TO DATE    1.19                      3.02  -1.83     3.43
  SINCE JUN 1      5.64                      6.94  -1.30    11.24
  SINCE JAN 1     16.98                     21.85  -4.87    23.66

DEGREE DAYS
 HEATING
  YESTERDAY        0                         0      0        0
  MONTH TO DATE    0                         0      0        2
  SINCE JUN 1      9                        37    -28       23
  SINCE JUL 1      0                         0      0        2

 COOLING
  YESTERDAY       16                         8      8        5
  MONTH TO DATE  239                       173     66      167
  SINCE JUN 1    411                       319     92      339
  SINCE JAN 1    484                       362    122      467
..................................................................


WIND (MPH)
  HIGHEST WIND SPEED    22   HIGHEST WIND DIRECTION     W (290)
  HIGHEST GUST SPEED    27   HIGHEST GUST DIRECTION    NW (300)
  AVERAGE WIND SPEED     6.0


SKY COVER
  POSSIBLE SUNSHINE  MM
  AVERAGE SKY COVER 0.0


WEATHER CONDITIONS
 THE FOLLOWING WEATHER WAS RECORDED YESTERDAY.
  NO SIGNIFICANT WEATHER WAS OBSERVED.


RELATIVE HUMIDITY (PERCENT)
 HIGHEST    78          1200 AM
 LOWEST     33           400 PM
 AVERAGE    56

..........................................................


THE WILLIAMSPORT PA CLIMATE NORMALS FOR TODAY
                         NORMAL    RECORD    YEAR
 MAXIMUM TEMPERATURE (F)   84        99      1955
 MINIMUM TEMPERATURE (F)   62        47      1983


SUNRISE AND SUNSET
JULY 23 2016..........SUNRISE   555 AM EDT   SUNSET   833 PM EDT
JULY 24 2016..........SUNRISE   556 AM EDT   SUNSET   832 PM EDT


-  INDICATES NEGATIVE NUMBERS.
R  INDICATES RECORD WAS SET OR TIED.
MM INDICATES DATA IS MISSING.
T  INDICATES TRACE AMOUNT.




$$
