000
CDUS43 KEAX 230646
CLIIRK


CLIMATE REPORT
NATIONAL WEATHER SERVICE KANSAS CITY/PLEASANT HILL MO
1243 AM CST TUE JAN 23 2018


...................................

...THE KIRKSVILLE MO CLIMATE SUMMARY FOR JANUARY 22 2018...

CLIMATE NORMAL PERIOD 1981 TO 2010
CLIMATE RECORD PERIOD 9999 TO 9999


WEATHER ITEM   OBSERVED TIME   NORMAL DEPARTURE LAST
                VALUE   (LST)  VALUE  FROM      YEAR
                                      NORMAL
......................................................
TEMPERATURE (F)
 YESTERDAY
  MAXIMUM         55   1250 AM  36     19       41
  MINIMUM         33    624 PM  17     16       35
  AVERAGE         44            26     18       38

PRECIPITATION (IN)
  YESTERDAY        0.16          0.04   0.12     0.05
  MONTH TO DATE    0.95          0.76   0.19     1.60
  SINCE DEC 1      1.73          2.51  -0.78     2.83
  SINCE JAN 1      0.95          0.76   0.19     1.60

DEGREE DAYS
 HEATING
  YESTERDAY       21            39    -18       27
  MONTH TO DATE  959           858    101      804
  SINCE DEC 1   2057          1980     77     1883
  SINCE JUL 1   3076          3201   -125     2605

 COOLING
  YESTERDAY        0             0      0        0
  MONTH TO DATE    0             0      0        0
  SINCE DEC 1      0             0      0        0
  SINCE JAN 1      0             0      0        0
......................................................


WIND (MPH)
  HIGHEST WIND SPEED    26   HIGHEST WIND DIRECTION     S (200)
  HIGHEST GUST SPEED    35   HIGHEST GUST DIRECTION    SW (220)
  AVERAGE WIND SPEED    13.2


SKY COVER
  AVERAGE SKY COVER 0.7


WEATHER CONDITIONS
 THE FOLLOWING WEATHER WAS RECORDED YESTERDAY.
  LIGHT RAIN
  LIGHT SNOW
  FOG


RELATIVE HUMIDITY (PERCENT)
 HIGHEST   100           300 AM
 LOWEST     70          1200 PM
 AVERAGE    85

..........................................................


THE KIRKSVILLE MO CLIMATE NORMALS FOR TODAY
                         NORMAL
 MAXIMUM TEMPERATURE (F)   36
 MINIMUM TEMPERATURE (F)   17


SUNRISE AND SUNSET
JANUARY 23 2018.......SUNRISE   726 AM CST   SUNSET   518 PM CST
JANUARY 24 2018.......SUNRISE   725 AM CST   SUNSET   520 PM CST


-  INDICATES NEGATIVE NUMBERS.
R  INDICATES RECORD WAS SET OR TIED.
MM INDICATES DATA IS MISSING.
T  INDICATES TRACE AMOUNT.




$$
