000
CDUS43 KEAX 010632
CLIIRK


CLIMATE REPORT
NATIONAL WEATHER SERVICE KANSAS CITY/PLEASANT HILL MO
132 AM CDT SAT AUG 1 2015


...................................

...THE KIRKSVILLE MO CLIMATE SUMMARY FOR JULY 31 2015...

CLIMATE NORMAL PERIOD 1981 TO 2010
CLIMATE RECORD PERIOD 9999 TO 9999


WEATHER ITEM   OBSERVED TIME   NORMAL DEPARTURE LAST
                VALUE   (LST)  VALUE  FROM      YEAR
                                      NORMAL
......................................................
TEMPERATURE (F)
 YESTERDAY
  MAXIMUM         88    419 PM  86      2       84
  MINIMUM         65    408 AM  65      0       53
  AVERAGE         77            76      1       69

PRECIPITATION (IN)
  YESTERDAY        0.00          0.17  -0.17     0.00
  MONTH TO DATE    6.85          4.66   2.19     2.81
  SINCE JUN 1     18.04          9.44   8.60    10.23
  SINCE JAN 1     28.80         23.59   5.21    19.33

DEGREE DAYS
 HEATING
  YESTERDAY        0             0      0        0
  MONTH TO DATE    5             0      5        6
  SINCE JUN 1     20            17      3       12
  SINCE JUL 1      5             1      4        6

 COOLING
  YESTERDAY       12            11      1        4
  MONTH TO DATE  332           313     19      191
  SINCE JUN 1    574           505     69      438
  SINCE JAN 1    642           567     75      560
......................................................


WIND (MPH)
  HIGHEST WIND SPEED    12   HIGHEST WIND DIRECTION     W (270)
  HIGHEST GUST SPEED    15   HIGHEST GUST DIRECTION    NW (300)
  AVERAGE WIND SPEED     4.8


SKY COVER
  AVERAGE SKY COVER 0.2


WEATHER CONDITIONS
 THE FOLLOWING WEATHER WAS RECORDED YESTERDAY.
  LIGHT RAIN


RELATIVE HUMIDITY (PERCENT)
 HIGHEST    87           200 AM
 LOWEST     43           100 PM
 AVERAGE    65

..........................................................


THE KIRKSVILLE MO CLIMATE NORMALS FOR TODAY
                         NORMAL
 MAXIMUM TEMPERATURE (F)   86
 MINIMUM TEMPERATURE (F)   65


SUNRISE AND SUNSET
AUGUST  1 2015........SUNRISE   608 AM CDT   SUNSET   824 PM CDT
AUGUST  2 2015........SUNRISE   609 AM CDT   SUNSET   823 PM CDT


-  INDICATES NEGATIVE NUMBERS.
R  INDICATES RECORD WAS SET OR TIED.
MM INDICATES DATA IS MISSING.
T  INDICATES TRACE AMOUNT.




$$
