000
CDUS43 KEAX 031236
CLIIRK


CLIMATE REPORT
NATIONAL WEATHER SERVICE KANSAS CITY/PLEASANT HILL MO
635 AM CST TUE MAR 3 2015


...................................

...THE KIRKSVILLE MO CLIMATE SUMMARY FOR MARCH 3 2015...
VALID AS OF 0600 AM LOCAL TIME.

CLIMATE NORMAL PERIOD 1981 TO 2010
CLIMATE RECORD PERIOD 9999 TO 9999


WEATHER ITEM   OBSERVED TIME   NORMAL DEPARTURE LAST
                VALUE   (LST)  VALUE  FROM      YEAR
                                      NORMAL
......................................................
TEMPERATURE (F)
 TODAY
  MAXIMUM         30    559 AM  45    -15       16
  MINIMUM         29    541 AM  26      3       -7
  AVERAGE         30            35     -5        5

PRECIPITATION (IN)
  TODAY            T             0.08  -0.08     0.00
  MONTH TO DATE    0.09          0.24  -0.15     0.30
  SINCE MAR 1      0.09          0.24  -0.15     0.30
  SINCE JAN 1      2.14          3.04  -0.90     3.85

DEGREE DAYS
 HEATING
  TODAY           35            30      5       60
  MONTH TO DATE  112            91     21      171
  SINCE MAR 1    112            91     21      171
  SINCE JUL 1   4791          4624    167     5141

 COOLING
  TODAY            0             0      0        0
  MONTH TO DATE    0             0      0        0
  SINCE MAR 1      0             0      0        0
  SINCE JAN 1      0             0      0        0
......................................................


WIND (MPH)
  HIGHEST WIND SPEED    17   HIGHEST WIND DIRECTION    SE (150)
  HIGHEST GUST SPEED    22   HIGHEST GUST DIRECTION    SE (140)
  AVERAGE WIND SPEED    14.6


SKY COVER
  AVERAGE SKY COVER 1.0


WEATHER CONDITIONS
 THE FOLLOWING WEATHER WAS RECORDED TODAY.
  LT FREEZING RAIN
  FOG
  HAZE


RELATIVE HUMIDITY (PERCENT)
 HIGHEST   100           500 AM
 LOWEST     69          1200 AM
 AVERAGE    85

..........................................................


THE KIRKSVILLE MO CLIMATE NORMALS FOR TOMORROW
                         NORMAL
 MAXIMUM TEMPERATURE (F)   45
 MINIMUM TEMPERATURE (F)   26


SUNRISE AND SUNSET
MARCH  3 2015.........SUNRISE   641 AM CST   SUNSET   604 PM CST
MARCH  4 2015.........SUNRISE   639 AM CST   SUNSET   605 PM CST


-  INDICATES NEGATIVE NUMBERS.
R  INDICATES RECORD WAS SET OR TIED.
MM INDICATES DATA IS MISSING.
T  INDICATES TRACE AMOUNT.




$$
