000
CDUS43 KBIS 180742
CLIISN


CLIMATE REPORT
NATIONAL WEATHER SERVICE BISMARCK ND
242 AM CDT FRI AUG 18 2017


...................................

...THE WILLISTON ND CLIMATE SUMMARY FOR AUGUST 17 2017...

CLIMATE NORMAL PERIOD 1981 TO 2010
CLIMATE RECORD PERIOD 1894 TO 2017


WEATHER ITEM   OBSERVED TIME   RECORD YEAR NORMAL DEPARTURE LAST
                VALUE   (LST)  VALUE       VALUE  FROM      YEAR
                                                  NORMAL
..................................................................
TEMPERATURE (F)
 YESTERDAY
  MAXIMUM         87    502 PM 102    1996  84      3       97
                                      1920
  MINIMUM         59   1159 PM  37    1977  54      5       56
  AVERAGE         73                        69      4       77

PRECIPITATION (IN)
  YESTERDAY        T             1.36 1930   0.05  -0.05     0.00
  MONTH TO DATE    2.18                      0.82   1.36     0.27
  SINCE JUN 1      4.26                      5.88  -1.62     4.50
  SINCE JAN 1      7.73                     10.49  -2.76     9.57

DEGREE DAYS
 HEATING
  YESTERDAY        0                         1     -1        0
  MONTH TO DATE    8                        17     -9        0
  SINCE JUN 1     39                       161   -122       17
  SINCE JUL 1      8                        41    -33        1

 COOLING
  YESTERDAY        8                         5      3       12
  MONTH TO DATE   35                       111    -76      120
  SINCE JUN 1    501                       361    140      425
  SINCE JAN 1    524                       374    150      435
..................................................................


WIND (MPH)
  HIGHEST WIND SPEED    28   HIGHEST WIND DIRECTION    NW (300)
  HIGHEST GUST SPEED    35   HIGHEST GUST DIRECTION    NW (300)
  AVERAGE WIND SPEED     6.4


SKY COVER
  POSSIBLE SUNSHINE  MM
  AVERAGE SKY COVER 0.0


WEATHER CONDITIONS
 THE FOLLOWING WEATHER WAS RECORDED YESTERDAY.
  THUNDERSTORM
  LIGHT RAIN


RELATIVE HUMIDITY (PERCENT)
 HIGHEST    78           700 AM
 LOWEST     32           200 PM
 AVERAGE    55

..........................................................


THE WILLISTON ND CLIMATE NORMALS FOR TODAY
                         NORMAL    RECORD    YEAR
 MAXIMUM TEMPERATURE (F)   84       100      1981
 MINIMUM TEMPERATURE (F)   54        38      2002
                                             1969


SUNRISE AND SUNSET
AUGUST 18 2017........SUNRISE   653 AM CDT   SUNSET   902 PM CDT
AUGUST 19 2017........SUNRISE   655 AM CDT   SUNSET   900 PM CDT


-  INDICATES NEGATIVE NUMBERS.
R  INDICATES RECORD WAS SET OR TIED.
MM INDICATES DATA IS MISSING.
T  INDICATES TRACE AMOUNT.




$$
