000
CDUS43 KBIS 200734
CLIISN


CLIMATE REPORT
NATIONAL WEATHER SERVICE BISMARCK ND
133 AM CST TUE FEB 20 2018


...................................

...THE WILLISTON ND CLIMATE SUMMARY FOR FEBRUARY 19 2018...

CLIMATE NORMAL PERIOD 1981 TO 2010
CLIMATE RECORD PERIOD 1894 TO 2018


WEATHER ITEM   OBSERVED TIME   RECORD YEAR NORMAL DEPARTURE LAST
                VALUE   (LST)  VALUE       VALUE  FROM      YEAR
                                                  NORMAL
..................................................................
TEMPERATURE (F)
 YESTERDAY
  MAXIMUM          6    339 PM  55    1981  29    -23       39
  MINIMUM        -18    739 AM -38    1929   8    -26       32
  AVERAGE         -6                        18    -24       36

PRECIPITATION (IN)
  YESTERDAY        T             0.30 2002   0.01  -0.01     0.00
  MONTH TO DATE    0.37                      0.24   0.13     0.41
  SINCE DEC 1      1.10                      1.45  -0.35     1.81
  SINCE JAN 1      0.56                      0.83  -0.27     0.85

DEGREE DAYS
 HEATING
  YESTERDAY       71                        47     24       29
  MONTH TO DATE 1218                       943    275      870
  SINCE DEC 1   4341                      4202    139     4056
  SINCE JUL 1   6355                      6364     -9     5635

 COOLING
  YESTERDAY        0                         0      0        0
  MONTH TO DATE    0                         0      0        0
  SINCE DEC 1      0                         0      0        0
  SINCE JAN 1      0                         0      0        0
..................................................................


WIND (MPH)
  HIGHEST WIND SPEED     7   HIGHEST WIND DIRECTION    NW (310)
  HIGHEST GUST SPEED     7   HIGHEST GUST DIRECTION    NW (300)
  AVERAGE WIND SPEED     1.3


SKY COVER
  POSSIBLE SUNSHINE  MM
  AVERAGE SKY COVER 0.5


WEATHER CONDITIONS
 THE FOLLOWING WEATHER WAS RECORDED YESTERDAY.
  LIGHT SNOW
  FOG
  HAZE


RELATIVE HUMIDITY (PERCENT)
 HIGHEST    91           300 AM
 LOWEST     68           200 PM
 AVERAGE    80

..........................................................


THE WILLISTON ND CLIMATE NORMALS FOR TODAY
                         NORMAL    RECORD    YEAR
 MAXIMUM TEMPERATURE (F)   29        56      1930
 MINIMUM TEMPERATURE (F)    8       -33      1918


SUNRISE AND SUNSET
FEBRUARY 20 2018......SUNRISE   752 AM CST   SUNSET   625 PM CST
FEBRUARY 21 2018......SUNRISE   751 AM CST   SUNSET   626 PM CST


-  INDICATES NEGATIVE NUMBERS.
R  INDICATES RECORD WAS SET OR TIED.
MM INDICATES DATA IS MISSING.
T  INDICATES TRACE AMOUNT.




$$
