000
CDUS43 KBIS 260805
CLIISN


CLIMATE REPORT
NATIONAL WEATHER SERVICE BISMARCK ND
305 AM CDT WED APR 26 2017


...................................

...THE WILLISTON ND CLIMATE SUMMARY FOR APRIL 25 2017...

CLIMATE NORMAL PERIOD 1981 TO 2010
CLIMATE RECORD PERIOD 1894 TO 2017


WEATHER ITEM   OBSERVED TIME   RECORD YEAR NORMAL DEPARTURE LAST
                VALUE   (LST)  VALUE       VALUE  FROM      YEAR
                                                  NORMAL
..................................................................
TEMPERATURE (F)
 YESTERDAY
  MAXIMUM         42    441 PM  84    1977  61    -19       47
  MINIMUM         30    732 AM  15    1907  33     -3       34
  AVERAGE         36                        47    -11       41

PRECIPITATION (IN)
  YESTERDAY        0.00          0.61 1938   0.04  -0.04     0.17
  MONTH TO DATE    0.50                      0.78  -0.28     1.78
  SINCE MAR 1      1.35                      1.49  -0.14     1.96
  SINCE JAN 1      2.49                      2.47   0.02     3.09

SNOWFALL (IN)
  YESTERDAY       MM
  SNOW DEPTH      MM

DEGREE DAYS
 HEATING
  YESTERDAY       29                        18     11       24
  MONTH TO DATE  508                       567    -59      500
  SINCE MAR 1   1548                      1674   -126     1370
  SINCE JUL 1   7570                      8442   -872     6980

 COOLING
  YESTERDAY        0                         0      0        0
  MONTH TO DATE    0                         0      0        0
  SINCE MAR 1      0                         0      0        0
  SINCE JAN 1      0                         0      0        0
..................................................................


WIND (MPH)
  HIGHEST WIND SPEED    20   HIGHEST WIND DIRECTION    NE (50)
  HIGHEST GUST SPEED    23   HIGHEST GUST DIRECTION    NE (30)
  AVERAGE WIND SPEED    11.0


SKY COVER
  POSSIBLE SUNSHINE  MM
  AVERAGE SKY COVER 0.9


WEATHER CONDITIONS
 THE FOLLOWING WEATHER WAS RECORDED YESTERDAY.
  NO SIGNIFICANT WEATHER WAS OBSERVED.


RELATIVE HUMIDITY (PERCENT)
 HIGHEST    78          1200 AM
 LOWEST     49           400 PM
 AVERAGE    64

..........................................................


THE WILLISTON ND CLIMATE NORMALS FOR TODAY
                         NORMAL    RECORD    YEAR
 MAXIMUM TEMPERATURE (F)   62        91      1910
 MINIMUM TEMPERATURE (F)   34        12      1907


SUNRISE AND SUNSET
APRIL 26 2017.........SUNRISE   644 AM CDT   SUNSET   902 PM CDT
APRIL 27 2017.........SUNRISE   642 AM CDT   SUNSET   903 PM CDT


-  INDICATES NEGATIVE NUMBERS.
R  INDICATES RECORD WAS SET OR TIED.
MM INDICATES DATA IS MISSING.
T  INDICATES TRACE AMOUNT.




$$
