000
CDUS43 KBIS 160033
CLIISN


CLIMATE REPORT
NATIONAL WEATHER SERVICE BISMARCK ND
733 PM CDT MON SEP 15 2014


...................................

...THE WILLISTON ND CLIMATE SUMMARY FOR SEPTEMBER 15 2014...
VALID TODAY AS OF 0700 PM LOCAL TIME.

CLIMATE NORMAL PERIOD 1981 TO 2010
CLIMATE RECORD PERIOD 1894 TO 2014


WEATHER ITEM   OBSERVED TIME   RECORD YEAR NORMAL DEPARTURE LAST
                VALUE   (LST)  VALUE       VALUE  FROM      YEAR
                                                  NORMAL
..................................................................
TEMPERATURE (F)
 TODAY
  MAXIMUM         68    510 PM 100    1948  72     -4       69
  MINIMUM         33    642 AM  24    1934  42     -9       42
  AVERAGE         51                        57     -6       56

PRECIPITATION (IN)
  TODAY            0.00          1.22 1991   0.03  -0.03     0.00
  MONTH TO DATE    0.39                      0.55  -0.16     1.32
  SINCE SEP 1      0.39                      0.55  -0.16     1.32
  SINCE JAN 1      8.82                     11.67  -2.85    17.21

SNOWFALL (IN)
  TODAY            0.0

DEGREE DAYS
 HEATING
  TODAY           14                         9      5        9
  MONTH TO DATE  170                        93     77       17
  SINCE SEP 1    170                        93     77       17
  SINCE JUL 1    227                       164     63       63

 COOLING
  TODAY            0                         1     -1        0
  MONTH TO DATE    0                        22    -22       68
  SINCE SEP 1      0                        22    -22       68
  SINCE JAN 1    391                       451    -60      395
..................................................................


WIND (MPH)
  HIGHEST WIND SPEED    14   HIGHEST WIND DIRECTION    SW (210)
  HIGHEST GUST SPEED    17   HIGHEST GUST DIRECTION    SW (220)
  AVERAGE WIND SPEED     5.8


SKY COVER
  POSSIBLE SUNSHINE  MM
  AVERAGE SKY COVER 0.0


WEATHER CONDITIONS
 THE FOLLOWING WEATHER WAS RECORDED TODAY.
  NO SIGNIFICANT WEATHER WAS OBSERVED.


RELATIVE HUMIDITY (PERCENT)
 HIGHEST    89           300 AM
 LOWEST     26           200 PM
 AVERAGE    58

..........................................................


THE WILLISTON ND CLIMATE NORMALS FOR TOMORROW
                         NORMAL    RECORD    YEAR
 MAXIMUM TEMPERATURE (F)   71        96      1998
 MINIMUM TEMPERATURE (F)   42        23      1973


SUNRISE AND SUNSET
SEPTEMBER 15 2014.....SUNRISE   732 AM CDT   SUNSET   807 PM CDT
SEPTEMBER 16 2014.....SUNRISE   733 AM CDT   SUNSET   805 PM CDT


-  INDICATES NEGATIVE NUMBERS.
R  INDICATES RECORD WAS SET OR TIED.
MM INDICATES DATA IS MISSING.
T  INDICATES TRACE AMOUNT.




$$
