000
CDUS43 KBIS 220029
CLIISN


CLIMATE REPORT
NATIONAL WEATHER SERVICE BISMARCK ND
728 PM CDT WED JUN 21 2017


...................................

...THE WILLISTON ND CLIMATE SUMMARY FOR JUNE 21 2017...
VALID TODAY AS OF 0700 PM LOCAL TIME.

CLIMATE NORMAL PERIOD 1981 TO 2010
CLIMATE RECORD PERIOD 1894 TO 2017


WEATHER ITEM   OBSERVED TIME   RECORD YEAR NORMAL DEPARTURE LAST
                VALUE   (LST)  VALUE       VALUE  FROM      YEAR
                                                  NORMAL
..................................................................
TEMPERATURE (F)
 TODAY
  MAXIMUM         82    504 PM 100    1900  79      3       86
  MINIMUM         59    519 AM  33    1906  51      8       49
  AVERAGE         71                        65      6       68

PRECIPITATION (IN)
  TODAY            0.04          1.61 1947   0.10  -0.06     0.10
  MONTH TO DATE    1.11                      1.72  -0.61     1.29
  SINCE JUN 1      1.11                      1.72  -0.61     1.29
  SINCE JAN 1      4.58                      6.33  -1.75     6.36

SNOWFALL (IN)
  TODAY           MM

DEGREE DAYS
 HEATING
  TODAY            0                         3     -3        0
  MONTH TO DATE   10                       100    -90       13
  SINCE JUN 1     10                       100    -90       13
  SINCE JUL 1   7940                      8974  -1034     7365

 COOLING
  TODAY            6                         3      3        3
  MONTH TO DATE   73                        37     36       72
  SINCE JUN 1     73                        37     36       72
  SINCE JAN 1     96                        50     46       82
..................................................................


WIND (MPH)
  HIGHEST WIND SPEED    29   HIGHEST WIND DIRECTION    NW (310)
  HIGHEST GUST SPEED    38   HIGHEST GUST DIRECTION    NW (310)
  AVERAGE WIND SPEED    14.8


SKY COVER
  POSSIBLE SUNSHINE  MM
  AVERAGE SKY COVER 0.3


WEATHER CONDITIONS
 THE FOLLOWING WEATHER WAS RECORDED TODAY.
  LIGHT RAIN


RELATIVE HUMIDITY (PERCENT)
 HIGHEST    72           300 AM
 LOWEST     18           300 PM
 AVERAGE    45

..........................................................


THE WILLISTON ND CLIMATE NORMALS FOR TOMORROW
                         NORMAL    RECORD    YEAR
 MAXIMUM TEMPERATURE (F)   79       102      1900
 MINIMUM TEMPERATURE (F)   52        41      1985


SUNRISE AND SUNSET
JUNE 21 2017..........SUNRISE   554 AM CDT   SUNSET   959 PM CDT
JUNE 22 2017..........SUNRISE   554 AM CDT   SUNSET   959 PM CDT


-  INDICATES NEGATIVE NUMBERS.
R  INDICATES RECORD WAS SET OR TIED.
MM INDICATES DATA IS MISSING.
T  INDICATES TRACE AMOUNT.




$$
