000
CDUS43 KBIS 040724
CLIISN


CLIMATE REPORT
NATIONAL WEATHER SERVICE BISMARCK ND
223 AM CDT TUE AUG 4 2015


...................................

...THE WILLISTON ND CLIMATE SUMMARY FOR AUGUST 3 2015...

CLIMATE NORMAL PERIOD 1981 TO 2010
CLIMATE RECORD PERIOD 1894 TO 2015


WEATHER ITEM   OBSERVED TIME   RECORD YEAR NORMAL DEPARTURE LAST
                VALUE   (LST)  VALUE       VALUE  FROM      YEAR
                                                  NORMAL
..................................................................
TEMPERATURE (F)
 YESTERDAY
  MAXIMUM         86    401 PM 106    1983  86      0       82
  MINIMUM         50    500 AM  37    1978  57     -7       65
  AVERAGE         68                        72     -4       74

PRECIPITATION (IN)
  YESTERDAY        0.00          0.83 1943   0.05  -0.05     0.12
  MONTH TO DATE    0.00                      0.16  -0.16     0.16
  SINCE JUN 1      3.45                      5.22  -1.77     2.26
  SINCE JAN 1      6.95                      9.83  -2.88     6.35

SNOWFALL (IN)
  YESTERDAY       MM             0.0  2002   0.0   MM       MM
                                      2001
  MONTH TO DATE    0.0                       0.0    0.0     MM
  SINCE JUN 1      0.0                       0.0    0.0     MM
  SINCE JUL 1      0.0                       0.0    0.0     MM
  SNOW DEPTH      MM

DEGREE DAYS
 HEATING
  YESTERDAY        0                         1     -1        0
  MONTH TO DATE    0                         3     -3        0
  SINCE JUN 1     62                       147    -85      127
  SINCE JUL 1      8                        27    -19       17

 COOLING
  YESTERDAY        3                         7     -4        9
  MONTH TO DATE   20                        21     -1       27
  SINCE JUN 1    370                       271     99      219
  SINCE JAN 1    371                       284     87      240
..................................................................


WIND (MPH)
  HIGHEST WIND SPEED    13   HIGHEST WIND DIRECTION     N (20)
  HIGHEST GUST SPEED    17   HIGHEST GUST DIRECTION     N (10)
  AVERAGE WIND SPEED     4.2


SKY COVER
  POSSIBLE SUNSHINE  MM
  AVERAGE SKY COVER 0.0


WEATHER CONDITIONS
 THE FOLLOWING WEATHER WAS RECORDED YESTERDAY.
  NO SIGNIFICANT WEATHER WAS OBSERVED.


RELATIVE HUMIDITY (PERCENT)
 HIGHEST    89           600 AM
 LOWEST     22           500 PM
 AVERAGE    56

..........................................................


THE WILLISTON ND CLIMATE NORMALS FOR TODAY
                         NORMAL    RECORD    YEAR
 MAXIMUM TEMPERATURE (F)   86       104      1983
 MINIMUM TEMPERATURE (F)   57        40      2009


SUNRISE AND SUNSET
AUGUST  4 2015........SUNRISE   634 AM CDT   SUNSET   927 PM CDT
AUGUST  5 2015........SUNRISE   635 AM CDT   SUNSET   925 PM CDT


-  INDICATES NEGATIVE NUMBERS.
R  INDICATES RECORD WAS SET OR TIED.
MM INDICATES DATA IS MISSING.
T  INDICATES TRACE AMOUNT.




$$
