000
CDUS43 KBIS 050019
CLIISN


CLIMATE REPORT
NATIONAL WEATHER SERVICE BISMARCK ND
719 PM CDT WED MAY 4 2016


...................................

...THE WILLISTON ND CLIMATE SUMMARY FOR MAY 4 2016...
VALID TODAY AS OF 0700 PM LOCAL TIME.

CLIMATE NORMAL PERIOD 1981 TO 2010
CLIMATE RECORD PERIOD 1894 TO 2016


WEATHER ITEM   OBSERVED TIME   RECORD YEAR NORMAL DEPARTURE LAST
                VALUE   (LST)  VALUE       VALUE  FROM      YEAR
                                                  NORMAL
..................................................................
TEMPERATURE (F)
 TODAY
  MAXIMUM         85    511 PM  91    1918  64     21       73
  MINIMUM         43    308 AM  17    2002  36      7       29
  AVERAGE         64                        50     14       51

PRECIPITATION (IN)
  TODAY            0.00          1.06 1895   0.05  -0.05     0.00
  MONTH TO DATE    0.00                      0.20  -0.20     0.00
  SINCE MAR 1      2.13                      1.91   0.22     0.74
  SINCE JAN 1      3.26                      2.89   0.37     1.68

SNOWFALL (IN)
  TODAY           MM

DEGREE DAYS
 HEATING
  TODAY            1                        15    -14       14
  MONTH TO DATE   30                        61    -31       43
  SINCE MAR 1   1497                      1818   -321     1515
  SINCE JUL 1   7107                      8586  -1479     8031

 COOLING
  TODAY            0                         0      0        0
  MONTH TO DATE    0                         0      0        0
  SINCE MAR 1      0                         1     -1        0
  SINCE JAN 1      0                         1     -1        0
..................................................................


WIND (MPH)
  HIGHEST WIND SPEED    20   HIGHEST WIND DIRECTION    SW (240)
  HIGHEST GUST SPEED    29   HIGHEST GUST DIRECTION     S (190)
  AVERAGE WIND SPEED     7.3


SKY COVER
  POSSIBLE SUNSHINE  MM
  AVERAGE SKY COVER 0.0


WEATHER CONDITIONS
 THE FOLLOWING WEATHER WAS RECORDED TODAY.
  NO SIGNIFICANT WEATHER WAS OBSERVED.


RELATIVE HUMIDITY (PERCENT)
 HIGHEST    82           300 AM
 LOWEST     17           500 PM
 AVERAGE    50

..........................................................


THE WILLISTON ND CLIMATE NORMALS FOR TOMORROW
                         NORMAL    RECORD    YEAR
 MAXIMUM TEMPERATURE (F)   65        89      1934
 MINIMUM TEMPERATURE (F)   37        21      1929


SUNRISE AND SUNSET
MAY  4 2016...........SUNRISE   630 AM CDT   SUNSET   913 PM CDT
MAY  5 2016...........SUNRISE   629 AM CDT   SUNSET   915 PM CDT


-  INDICATES NEGATIVE NUMBERS.
R  INDICATES RECORD WAS SET OR TIED.
MM INDICATES DATA IS MISSING.
T  INDICATES TRACE AMOUNT.




$$
