000
CDUS41 KOKX 290632
CLIISP


CLIMATE REPORT
NATIONAL WEATHER SERVICE NEW YORK NY
230 AM EDT SUN MAY 29 2016


...................................

...THE ISLIP NY CLIMATE SUMMARY FOR MAY 28 2016...

CLIMATE NORMAL PERIOD 1981 TO 2010
CLIMATE RECORD PERIOD 1986 TO 2016


WEATHER ITEM   OBSERVED TIME   RECORD YEAR NORMAL DEPARTURE LAST
                VALUE   (LST)  VALUE       VALUE  FROM      YEAR
                                                  NORMAL
..................................................................
TEMPERATURE (F)
 YESTERDAY
  MAXIMUM         79    254 PM  90    1991  71      8       74
  MINIMUM         64    450 AM  38    1994  54     10       63
  AVERAGE         72                        62     10       69

PRECIPITATION (IN)
  YESTERDAY        0.00          0.45 2013   0.14  -0.14      T
  MONTH TO DATE    2.77                      3.36  -0.59     0.42
  SINCE MAR 1      7.88                     12.14  -4.26     7.15
  SINCE JAN 1     16.35                     19.04  -2.69    15.09

SNOWFALL (IN)
  YESTERDAY        0.0          MM      MM   0.0    0.0      0.0
  MONTH TO DATE    0.0                       0.0    0.0      0.0
  SINCE OCT 1     41.4                      24.8   16.6     63.7
  SINCE JUL 1     41.4                      24.8   16.6     63.7
  SNOW DEPTH       0

DEGREE DAYS
 HEATING
  YESTERDAY        0                         4     -4        0
  MONTH TO DATE  226                       208     18      112
  SINCE MAR 1   1282                      1484   -202     1491
  SINCE JUL 1   4364                      5379  -1015     5511

 COOLING
  YESTERDAY        7                         2      5        4
  MONTH TO DATE   24                        13     11       37
  SINCE MAR 1     24                        15      9       37
  SINCE JAN 1     24                        15      9       37
..................................................................


WIND (MPH)
  HIGHEST WIND SPEED    20   HIGHEST WIND DIRECTION    SW (220)
  HIGHEST GUST SPEED    26   HIGHEST GUST DIRECTION    SW (220)
  AVERAGE WIND SPEED    11.3


SKY COVER
  AVERAGE SKY COVER 0.4


WEATHER CONDITIONS
 THE FOLLOWING WEATHER WAS RECORDED YESTERDAY.
  NO SIGNIFICANT WEATHER WAS OBSERVED.


RELATIVE HUMIDITY (PERCENT)
 HIGHEST    78           400 AM
 LOWEST     38           900 PM
 AVERAGE    58

..........................................................


THE ISLIP NY CLIMATE NORMALS FOR TODAY
                         NORMAL    RECORD    YEAR
 MAXIMUM TEMPERATURE (F)   71        93      1987
 MINIMUM TEMPERATURE (F)   54        43      1992


SUNRISE AND SUNSET
MAY 29 2016...........SUNRISE   524 AM EDT   SUNSET   816 PM EDT
MAY 30 2016...........SUNRISE   524 AM EDT   SUNSET   817 PM EDT


-  INDICATES NEGATIVE NUMBERS.
R  INDICATES RECORD WAS SET OR TIED.
MM INDICATES DATA IS MISSING.
T  INDICATES TRACE AMOUNT.




$$
