000
CDUS41 KOKX 030624
CLIISP


CLIMATE REPORT
NATIONAL WEATHER SERVICE NEW YORK NY
224 AM EDT TUE MAY 3 2016


...................................

...THE ISLIP NY CLIMATE SUMMARY FOR MAY 2 2016...

CLIMATE NORMAL PERIOD 1981 TO 2010
CLIMATE RECORD PERIOD 1986 TO 2016


WEATHER ITEM   OBSERVED TIME   RECORD YEAR NORMAL DEPARTURE LAST
                VALUE   (LST)  VALUE       VALUE  FROM      YEAR
                                                  NORMAL
..................................................................
TEMPERATURE (F)
 YESTERDAY
  MAXIMUM         58    348 PM  87    2001  63     -5       63
  MINIMUM         46    553 AM  36    2005  46      0       39
  AVERAGE         52                        54     -2       51

PRECIPITATION (IN)
  YESTERDAY        T             0.68 1985   0.11  -0.11     0.00
  MONTH TO DATE    0.17                      0.22  -0.05     0.00
  SINCE MAR 1      5.28                      9.00  -3.72     6.73
  SINCE JAN 1     13.75                     15.90  -2.15    14.67

SNOWFALL (IN)
  YESTERDAY        0.0          MM      MM   0.0    0.0      0.0
  MONTH TO DATE    0.0                       0.0    0.0      0.0
  SINCE OCT 1     41.4                      24.8   16.6     63.7
  SINCE JUL 1     41.4                      24.8   16.6     63.7
  SNOW DEPTH       0

DEGREE DAYS
 HEATING
  YESTERDAY       13                        11      2       14
  MONTH TO DATE   32                        22     10       28
  SINCE MAR 1   1088                      1298   -210     1407
  SINCE JUL 1   4170                      5193  -1023     5427

 COOLING
  YESTERDAY        0                         0      0        0
  MONTH TO DATE    0                         0      0        0
  SINCE MAR 1      0                         2     -2        0
  SINCE JAN 1      0                         2     -2        0
..................................................................


WIND (MPH)
  HIGHEST WIND SPEED    13   HIGHEST WIND DIRECTION    SE (150)
  HIGHEST GUST SPEED    16   HIGHEST GUST DIRECTION    SE (150)
  AVERAGE WIND SPEED     5.2


SKY COVER
  AVERAGE SKY COVER 0.9


WEATHER CONDITIONS
 THE FOLLOWING WEATHER WAS RECORDED YESTERDAY.
  LIGHT RAIN
  FOG


RELATIVE HUMIDITY (PERCENT)
 HIGHEST    93          1200 AM
 LOWEST     72           400 PM
 AVERAGE    83

..........................................................


THE ISLIP NY CLIMATE NORMALS FOR TODAY
                         NORMAL    RECORD    YEAR
 MAXIMUM TEMPERATURE (F)   64        85      2001
 MINIMUM TEMPERATURE (F)   46        38      2005


SUNRISE AND SUNSET
MAY  3 2016...........SUNRISE   548 AM EDT   SUNSET   751 PM EDT
MAY  4 2016...........SUNRISE   547 AM EDT   SUNSET   752 PM EDT


-  INDICATES NEGATIVE NUMBERS.
R  INDICATES RECORD WAS SET OR TIED.
MM INDICATES DATA IS MISSING.
T  INDICATES TRACE AMOUNT.




$$
