000
CDUS41 KOKX 160625
CLIISP


CLIMATE REPORT
NATIONAL WEATHER SERVICE NEW YORK NY
218 AM EDT WED APR 16 2014


...................................

...THE ISLIP NY CLIMATE SUMMARY FOR APRIL 15 2014...

CLIMATE NORMAL PERIOD 1981 TO 2010
CLIMATE RECORD PERIOD 1986 TO 2014


WEATHER ITEM   OBSERVED TIME   RECORD YEAR NORMAL DEPARTURE LAST
                VALUE   (LST)  VALUE       VALUE  FROM      YEAR
                                                  NORMAL
..................................................................
TEMPERATURE (F)
 YESTERDAY
  MAXIMUM         60    918 AM  78    2002  58      2       53
  MINIMUM         36   1159 PM  29    1992  41     -5       38
  AVERAGE         48                        49     -1       46

PRECIPITATION (IN)
  YESTERDAY        0.75          1.59 2007   0.14   0.61     0.00
  MONTH TO DATE    1.86                      2.27  -0.41     1.24
  SINCE MAR 1      7.76                      6.71   1.05     3.88
  SINCE JAN 1     16.10                     13.61   2.49    12.01

SNOWFALL (IN)
  YESTERDAY        0.0           0.0  2006   0.0    0.0      0.0
  MONTH TO DATE    0.0                       0.4   -0.4      0.0
  SINCE OCT 1     63.5                      24.6   38.9     46.9
  SINCE JUL 1     63.5                      24.6   38.9     46.9
  SNOW DEPTH       0

DEGREE DAYS
 HEATING
  YESTERDAY       17                        16      1       19
  MONTH TO DATE  233                       275    -42      257
  SINCE MAR 1   1130                      1072     58     1077
  SINCE JUL 1   5083                      4967    116     4690

 COOLING
  YESTERDAY        0                         0      0        0
  MONTH TO DATE    0                         0      0        1
  SINCE MAR 1      0                         0      0        1
  SINCE JAN 1      0                         0      0        1
..................................................................


WIND (MPH)
  HIGHEST WIND SPEED    31   HIGHEST WIND DIRECTION     S (180)
  HIGHEST GUST SPEED    41   HIGHEST GUST DIRECTION     S (180)
  AVERAGE WIND SPEED    19.3


SKY COVER
  AVERAGE SKY COVER 1.0


WEATHER CONDITIONS
 THE FOLLOWING WEATHER WAS RECORDED YESTERDAY.
  RAIN
  LIGHT RAIN
  FOG
  FOG W/VISIBILITY <= 1/4 MILE


RELATIVE HUMIDITY (PERCENT)
 HIGHEST    93           100 AM
 LOWEST     83           900 PM
 AVERAGE    88

..........................................................


THE ISLIP NY CLIMATE NORMALS FOR TODAY
                         NORMAL    RECORD    YEAR
 MAXIMUM TEMPERATURE (F)   58        88      2002
 MINIMUM TEMPERATURE (F)   41        32      2008
                                             1997


SUNRISE AND SUNSET
APRIL 16 2014.........SUNRISE   612 AM EDT   SUNSET   733 PM EDT
APRIL 17 2014.........SUNRISE   611 AM EDT   SUNSET   734 PM EDT


-  INDICATES NEGATIVE NUMBERS.
R  INDICATES RECORD WAS SET OR TIED.
MM INDICATES DATA IS MISSING.
T  INDICATES TRACE AMOUNT.




$$
