000
CDUS41 KOKX 240617
CLIISP


CLIMATE REPORT
NATIONAL WEATHER SERVICE NEW YORK NY
216 AM EDT WED AUG 24 2016


...................................

...THE ISLIP NY CLIMATE SUMMARY FOR AUGUST 23 2016...

CLIMATE NORMAL PERIOD 1981 TO 2010
CLIMATE RECORD PERIOD 1984 TO 2016


WEATHER ITEM   OBSERVED TIME   RECORD YEAR NORMAL DEPARTURE LAST
                VALUE   (LST)  VALUE       VALUE  FROM      YEAR
                                                  NORMAL
..................................................................
TEMPERATURE (F)
 YESTERDAY
  MAXIMUM         79   1205 PM  91    1989  80     -1       81
  MINIMUM         56    404 AM  54    2004  65     -9       69
  AVERAGE         68                        72     -4       75

PRECIPITATION (IN)
  YESTERDAY        0.00          0.75 2001   0.13  -0.13     0.00
  MONTH TO DATE    0.89                      3.01  -2.12     1.48
  SINCE JUN 1      5.24                     10.71  -5.47     7.27
  SINCE JAN 1     22.43                     30.17  -7.74    22.36

SNOWFALL (IN)
  YESTERDAY        0.0          MM      MM   0.0    0.0      0.0
  MONTH TO DATE    0.0                       0.0    0.0      0.0
  SINCE OCT 1     41.4                      24.8   16.6     63.7
  SINCE JUL 1      0.0                       0.0    0.0      0.0
  SNOW DEPTH       0

DEGREE DAYS
 HEATING
  YESTERDAY        0                         0      0        0
  MONTH TO DATE    0                         0      0        0
  SINCE JUN 1      8                        40    -32       46
  SINCE JUL 1      0                         2     -2        0

 COOLING
  YESTERDAY        3                         7     -4       10
  MONTH TO DATE  287                       194     93      258
  SINCE JUN 1    799                       610    189      751
  SINCE JAN 1    843                       634    209      801
..................................................................


WIND (MPH)
  HIGHEST WIND SPEED    16   HIGHEST WIND DIRECTION     S (160)
  HIGHEST GUST SPEED    21   HIGHEST GUST DIRECTION     S (180)
  AVERAGE WIND SPEED     6.9


SKY COVER
  AVERAGE SKY COVER 0.1


WEATHER CONDITIONS
 THE FOLLOWING WEATHER WAS RECORDED YESTERDAY.
  NO SIGNIFICANT WEATHER WAS OBSERVED.


RELATIVE HUMIDITY (PERCENT)
 HIGHEST    86           500 AM
 LOWEST     35          1200 PM
 AVERAGE    61

..........................................................


THE ISLIP NY CLIMATE NORMALS FOR TODAY
                         NORMAL    RECORD    YEAR
 MAXIMUM TEMPERATURE (F)   80        91      1995
 MINIMUM TEMPERATURE (F)   65        54      1994
                                             1987


SUNRISE AND SUNSET
AUGUST 24 2016........SUNRISE   612 AM EDT   SUNSET   737 PM EDT
AUGUST 25 2016........SUNRISE   613 AM EDT   SUNSET   735 PM EDT


-  INDICATES NEGATIVE NUMBERS.
R  INDICATES RECORD WAS SET OR TIED.
MM INDICATES DATA IS MISSING.
T  INDICATES TRACE AMOUNT.




$$
