000
CDCA42 TJSJ 252125
CLIIST


CLIMATE REPORT
NATIONAL WEATHER SERVICE SAN JUAN, PR
525 PM AST SUN SEP 25 2016


...................................

...THE CYRIL E. KING AP/ST THOMAS  CLIMATE SUMMARY FOR SEPTEMBER 25 2016...
VALID TODAY AS OF 0500 PM LOCAL TIME.

CLIMATE NORMAL PERIOD 1981 TO 2010
CLIMATE RECORD PERIOD 1953 TO 2016


WEATHER ITEM   OBSERVED TIME   RECORD YEAR NORMAL DEPARTURE LAST
                VALUE   (LST)  VALUE       VALUE  FROM      YEAR
                                                  NORMAL
..................................................................
TEMPERATURE (F)
 TODAY
  MAXIMUM         90    311 PM  95    1992  90      0       90
  MINIMUM         80    538 AM  72    1956  78      2       80
  AVERAGE         85                        84      1       85

PRECIPITATION (IN)
  TODAY            0.00          1.00 1980   0.20  -0.20     0.00
  MONTH TO DATE    2.99                      4.57  -1.58     1.71
  SINCE SEP 1      2.99                      4.57  -1.58     1.71
  SINCE JAN 1     23.47                     24.72  -1.25    28.79

SNOWFALL (IN)
  TODAY            0.0                       0.0    0.0      0.0
  MONTH TO DATE    0.0                       0.0    0.0      0.0
  SINCE SEP 1      0.0                       0.0    0.0      0.0
  SINCE JUL 1      0.0                       0.0    0.0      0.0

DEGREE DAYS
 HEATING
  TODAY            0                         0      0        0
  MONTH TO DATE    0                         0      0        0
  SINCE SEP 1      0                         0      0        0
  SINCE JUL 1      0                         0      0        0

 COOLING
  TODAY           20                        19      1       20
  MONTH TO DATE  504                       475     29      512
  SINCE SEP 1    504                       475     29      512
  SINCE JAN 1   4732                      4466    266     4603
..................................................................


WIND (MPH)
  HIGHEST WIND SPEED    14   HIGHEST WIND DIRECTION    SE (140)
  HIGHEST GUST SPEED    17   HIGHEST GUST DIRECTION     N (360)
  AVERAGE WIND SPEED     5.2


SKY COVER
  AVERAGE SKY COVER 0.2


WEATHER CONDITIONS
 THE FOLLOWING WEATHER WAS RECORDED TODAY.
  NO SIGNIFICANT WEATHER WAS OBSERVED.


RELATIVE HUMIDITY (PERCENT)
 HIGHEST    91
 LOWEST     64
 AVERAGE    78

..........................................................


THE CYRIL E. KING AP/ST THOMAS  CLIMATE NORMALS FOR TOMORROW
                         NORMAL    RECORD    YEAR
 MAXIMUM TEMPERATURE (F)   90        94      1994
 MINIMUM TEMPERATURE (F)   78        74      1988


SUNRISE AND SUNSET
SEPTEMBER 25 2016.....SUNRISE   609 AM AST   SUNSET   613 PM AST
SEPTEMBER 26 2016.....SUNRISE   610 AM AST   SUNSET   612 PM AST


-  INDICATES NEGATIVE NUMBERS.
R  INDICATES RECORD WAS SET OR TIED.
MM INDICATES DATA IS MISSING.
T  INDICATES TRACE AMOUNT.




$$
