000
CDCA42 TJSJ 280438
CLIISX


CLIMATE REPORT
NATIONAL WEATHER SERVICE SAN JUAN, PR
1236 AM AST THU JUL 28 2016


...................................

...THE HENRY E. ROHLSEN AP/ST CROIX CLIMATE SUMMARY FOR JULY 27 2016...

CLIMATE NORMAL PERIOD 1981 TO 2010
CLIMATE RECORD PERIOD 1951 TO 2016


WEATHER ITEM   OBSERVED TIME   RECORD YEAR NORMAL DEPARTURE LAST
                VALUE   (LST)  VALUE       VALUE  FROM      YEAR
                                                  NORMAL
..................................................................
TEMPERATURE (F)
 YESTERDAY
  MAXIMUM         92R       MM  92    2015  89      3       92
                                      1995
  MINIMUM         80        MM  70    1992  79      1       80
  AVERAGE         86                        84      2       86

PRECIPITATION (IN)
  YESTERDAY        0.00          2.23 1980   0.11  -0.11      T
  MONTH TO DATE    2.92                      2.60   0.32     0.77
  SINCE JUN 1      3.78                      4.91  -1.13     1.33
  SINCE JAN 1     14.57                     16.54  -1.97     6.69

SNOWFALL (IN)
  YESTERDAY        0.0                       0.0    0.0      0.0
  MONTH TO DATE    0.0                       0.0    0.0      0.0
  SINCE JUN 1      0.0                       0.0    0.0      0.0
  SINCE JUL 1      0.0                       0.0    0.0      0.0

DEGREE DAYS
 HEATING
  YESTERDAY        0                         0      0        0
  MONTH TO DATE    0                         0      0        0
  SINCE JUN 1      0                         0      0        0
  SINCE JUL 1      0                         0      0        0

 COOLING
  YESTERDAY       21                        19      2       21
  MONTH TO DATE  525                       513     12      516
  SINCE JUN 1   1098                      1053     45     1092
  SINCE JAN 1   3434                      3206    228     3336
..................................................................


WIND (MPH)
  HIGHEST WIND SPEED    16   HIGHEST WIND DIRECTION     E (100)
  HIGHEST GUST SPEED    MM   HIGHEST GUST DIRECTION    MM
  AVERAGE WIND SPEED    10.6


SKY COVER
  AVERAGE SKY COVER 0.2


WEATHER CONDITIONS
 THE FOLLOWING WEATHER WAS RECORDED YESTERDAY.
  NO SIGNIFICANT WEATHER WAS OBSERVED.


RELATIVE HUMIDITY (PERCENT)
 HIGHEST    85
 LOWEST     64
 AVERAGE    75

..........................................................


THE HENRY E. ROHLSEN AP/ST CROIX CLIMATE NORMALS FOR TODAY
                         NORMAL    RECORD    YEAR
 MAXIMUM TEMPERATURE (F)   89        93      1983
 MINIMUM TEMPERATURE (F)   79        73      1955


SUNRISE AND SUNSET
JULY 28 2016..........SUNRISE   557 AM AST   SUNSET   654 PM AST
JULY 29 2016..........SUNRISE   557 AM AST   SUNSET   654 PM AST


-  INDICATES NEGATIVE NUMBERS.
R  INDICATES RECORD WAS SET OR TIED.
MM INDICATES DATA IS MISSING.
T  INDICATES TRACE AMOUNT.




$$
