000
CDHW43 PHFO 241245
CLIITO


CLIMATE REPORT
NATIONAL WEATHER SERVICE HONOLULU HI
245 AM HST SUN SEP 24 2017


...................................

...THE HILO HI CLIMATE SUMMARY FOR SEPTEMBER 23 2017...

CLIMATE NORMAL PERIOD 1981 TO 2010
CLIMATE RECORD PERIOD 1946 TO 2017


WEATHER ITEM   OBSERVED TIME   RECORD YEAR NORMAL DEPARTURE LAST
                VALUE   (LST)  VALUE       VALUE  FROM      YEAR
                                                  NORMAL
..................................................................
TEMPERATURE (F)
 YESTERDAY
  MAXIMUM         84    208 PM  89    1995  83      1       84
  MINIMUM         67    506 AM  63    2006  69     -2       72
  AVERAGE         76                        76      0       78

PRECIPITATION (IN)
  YESTERDAY        0.20          2.46 1966   0.36  -0.16     1.68
  MONTH TO DATE    3.23                      7.53  -4.30     9.74
  SINCE SEP 1      3.23                      7.53  -4.30     9.74
  SINCE JAN 1     56.85                     87.47 -30.62    77.83

SNOWFALL (IN)
  YESTERDAY        0.0
  MONTH TO DATE    0.0
  SINCE SEP 1      0.0
  SINCE JUL 1      0.0
  SNOW DEPTH      MM

DEGREE DAYS
 HEATING
  YESTERDAY        0                         0      0        0
  MONTH TO DATE    0                         0      0        0
  SINCE SEP 1      0                         0      0        0
  SINCE JUL 1      0                         0      0        0

 COOLING
  YESTERDAY       11                        11      0       13
  MONTH TO DATE  281                       253     28      295
  SINCE SEP 1    281                       253     28      295
  SINCE JAN 1   2697                      2325    372     3046
..................................................................


WIND (MPH)
  HIGHEST WIND SPEED    13   HIGHEST WIND DIRECTION    NE (40)
  HIGHEST GUST SPEED    16   HIGHEST GUST DIRECTION     N (10)
  AVERAGE WIND SPEED     6.4


SKY COVER
  POSSIBLE SUNSHINE  MM
  AVERAGE SKY COVER  MM


WEATHER CONDITIONS
 THE FOLLOWING WEATHER WAS RECORDED YESTERDAY.
  FOG


RELATIVE HUMIDITY (PERCENT)
 HIGHEST    MM
 LOWEST     MM
 AVERAGE    MM

..........................................................


THE HILO HI CLIMATE NORMALS FOR TODAY
                         NORMAL    RECORD    YEAR
 MAXIMUM TEMPERATURE (F)   83        89      2005
                                             1995
 MINIMUM TEMPERATURE (F)   69        64      1970
                                             1955


SUNRISE AND SUNSET
SEPTEMBER 24 2017.....SUNRISE   610 AM HST   SUNSET   614 PM HST
SEPTEMBER 25 2017.....SUNRISE   610 AM HST   SUNSET   613 PM HST


-  INDICATES NEGATIVE NUMBERS.
R  INDICATES RECORD WAS SET OR TIED.
MM INDICATES DATA IS MISSING.
T  INDICATES TRACE AMOUNT.




$$
