000
CDHW43 PHFO 190242
CLIITO


CLIMATE REPORT
NATIONAL WEATHER SERVICE HONOLULU HI
441 PM HST SAT NOV 18 2017


...................................

...THE HILO HI CLIMATE SUMMARY FOR NOVEMBER 18 2017...
VALID TODAY AS OF 0400 PM LOCAL TIME.

CLIMATE NORMAL PERIOD 1981 TO 2010
CLIMATE RECORD PERIOD 1946 TO 2017


WEATHER ITEM   OBSERVED TIME   RECORD YEAR NORMAL DEPARTURE LAST
                VALUE   (LST)  VALUE       VALUE  FROM      YEAR
                                                  NORMAL
..................................................................
TEMPERATURE (F)
 TODAY
  MAXIMUM         80   1151 AM  90    1985  81     -1       82
  MINIMUM         61    641 AM  60    1964  67     -6       67
  AVERAGE         71                        74     -3       75

PRECIPITATION (IN)
  TODAY            0.00         15.41 1990   0.54  -0.54     0.57
  MONTH TO DATE    8.37                      9.47  -1.10     2.04
  SINCE SEP 1     29.47                     29.18   0.29    31.91
  SINCE JAN 1     83.09                    109.12 -26.03   100.00

SNOWFALL (IN)
  TODAY            0.0
  MONTH TO DATE    0.0
  SINCE SEP 1      0.0
  SINCE JUL 1      0.0
  SNOW DEPTH      MM

DEGREE DAYS
 HEATING
  TODAY            0                         0      0        0
  MONTH TO DATE    0                         0      0        0
  SINCE SEP 1      0                         0      0        0
  SINCE JUL 1      0                         0      0        0

 COOLING
  TODAY            6                         9     -3       10
  MONTH TO DATE  161                       170     -9      176
  SINCE SEP 1    889                       833     56      902
  SINCE JAN 1   3305                      2905    400     3653
..................................................................


WIND (MPH)
  HIGHEST WIND SPEED    12   HIGHEST WIND DIRECTION     N (20)
  HIGHEST GUST SPEED    16   HIGHEST GUST DIRECTION     N (20)
  AVERAGE WIND SPEED    MM


SKY COVER
  POSSIBLE SUNSHINE  MM
  AVERAGE SKY COVER  MM


WEATHER CONDITIONS
 THE FOLLOWING WEATHER WAS RECORDED TODAY.
  NO SIGNIFICANT WEATHER WAS OBSERVED.


RELATIVE HUMIDITY (PERCENT)
 HIGHEST    MM
 LOWEST     MM
 AVERAGE    MM

..........................................................


THE HILO HI CLIMATE NORMALS FOR TOMORROW
                         NORMAL    RECORD    YEAR
 MAXIMUM TEMPERATURE (F)   81        85      1988
                                             1968
                                             1967
 MINIMUM TEMPERATURE (F)   67        61      1964


SUNRISE AND SUNSET
NOVEMBER 18 2017......SUNRISE   631 AM HST   SUNSET   540 PM HST
NOVEMBER 19 2017......SUNRISE   631 AM HST   SUNSET   540 PM HST


-  INDICATES NEGATIVE NUMBERS.
R  INDICATES RECORD WAS SET OR TIED.
MM INDICATES DATA IS MISSING.
T  INDICATES TRACE AMOUNT.




$$
