000
CDHW43 PHFO 180226
CLIITO


CLIMATE REPORT
NATIONAL WEATHER SERVICE HONOLULU HI
426 PM HST THU APR 17 2014


...................................

...THE HILO HI CLIMATE SUMMARY FOR APRIL 17 2014...
VALID TODAY AS OF 0400 PM LOCAL TIME.

CLIMATE NORMAL PERIOD 1981 TO 2010
CLIMATE RECORD PERIOD 1946 TO 2014


WEATHER ITEM   OBSERVED TIME   RECORD YEAR NORMAL DEPARTURE LAST
                VALUE   (LST)  VALUE       VALUE  FROM      YEAR
                                                  NORMAL
..................................................................
TEMPERATURE (F)
 TODAY
  MAXIMUM         81    211 PM  87    1977  79      2       83
  MINIMUM         66    516 AM  62    2000  66      0       64
                                      1955
  AVERAGE         74                        72      2       74

PRECIPITATION (IN)
  TODAY            0.52          6.51 1963   0.38   0.14     0.13
  MONTH TO DATE    9.66                      7.04   2.62     0.88
  SINCE MAR 1     28.39                     20.47   7.92     5.02
  SINCE JAN 1     36.62                     39.29  -2.67    36.52

SNOWFALL (IN)
  TODAY            0.0
  MONTH TO DATE    0.0
  SINCE MAR 1      0.0
  SINCE JUL 1      0.0
  SNOW DEPTH       0

DEGREE DAYS
 HEATING
  TODAY            0                         0      0        0
  MONTH TO DATE    0                         0      0        0
  SINCE MAR 1      0                         0      0        0
  SINCE JUL 1      0                         0      0        0

 COOLING
  TODAY            9                         7      2        9
  MONTH TO DATE  138                       119     19      142
  SINCE MAR 1    374                       330     44      344
  SINCE JAN 1    832                       700    132      716
..................................................................


WIND (MPH)
  HIGHEST WIND SPEED    15   HIGHEST WIND DIRECTION     W (280)
  HIGHEST GUST SPEED    18   HIGHEST GUST DIRECTION    NW (300)
  AVERAGE WIND SPEED     4.9


SKY COVER
  POSSIBLE SUNSHINE  MM
  AVERAGE SKY COVER 0.8


WEATHER CONDITIONS
 THE FOLLOWING WEATHER WAS RECORDED TODAY.
  HEAVY RAIN
  LIGHT RAIN
  FOG


RELATIVE HUMIDITY (PERCENT)
 HIGHEST   100           300 AM
 LOWEST     67          1200 PM
 AVERAGE    84

..........................................................


THE HILO HI CLIMATE NORMALS FOR TOMORROW
                         NORMAL    RECORD    YEAR
 MAXIMUM TEMPERATURE (F)   79        87      1986
 MINIMUM TEMPERATURE (F)   66        61      1973
                                             1970


SUNRISE AND SUNSET
APRIL 17 2014.........SUNRISE   601 AM HST   SUNSET   639 PM HST
APRIL 18 2014.........SUNRISE   600 AM HST   SUNSET   639 PM HST


-  INDICATES NEGATIVE NUMBERS.
R  INDICATES RECORD WAS SET OR TIED.
MM INDICATES DATA IS MISSING.
T  INDICATES TRACE AMOUNT.




$$
