000
CDHW43 PHFO 290237
CLIITO


CLIMATE REPORT
NATIONAL WEATHER SERVICE HONOLULU HI
427 PM HST THU APR 28 2016


...................................

...THE HILO HI CLIMATE SUMMARY FOR APRIL 28 2016...
VALID TODAY AS OF 0400 PM LOCAL TIME.

CLIMATE NORMAL PERIOD 1981 TO 2010
CLIMATE RECORD PERIOD 1946 TO 2016


WEATHER ITEM   OBSERVED TIME   RECORD YEAR NORMAL DEPARTURE LAST
                VALUE   (LST)  VALUE       VALUE  FROM      YEAR
                                                  NORMAL
..................................................................
TEMPERATURE (F)
 TODAY
  MAXIMUM         82    330 PM  87    1954  79      3       83
  MINIMUM         68    608 AM  60    1972  66      2       70
  AVERAGE         75                        73      2       77

PRECIPITATION (IN)
  TODAY            0.11          5.25 1989   0.33  -0.22     0.03
  MONTH TO DATE    9.19                     10.90  -1.71    13.52
  SINCE MAR 1     14.08                     24.33 -10.25    22.44
  SINCE JAN 1     18.65                     43.15 -24.50    30.53

SNOWFALL (IN)
  TODAY            0.0
  MONTH TO DATE    0.0
  SINCE MAR 1      0.0
  SINCE JUL 1      0.0
  SNOW DEPTH       0

DEGREE DAYS
 HEATING
  TODAY            0                         0      0        0
  MONTH TO DATE    0                         0      0        0
  SINCE MAR 1      0                         0      0        0
  SINCE JUL 1      0                         0      0        0

 COOLING
  TODAY           10                         8      2       12
  MONTH TO DATE  294                       198     96      267
  SINCE MAR 1    603                       409    194      508
  SINCE JAN 1   1167                       779    388     1034
..................................................................


WIND (MPH)
  HIGHEST WIND SPEED    16   HIGHEST WIND DIRECTION    SE (140)
  HIGHEST GUST SPEED    21   HIGHEST GUST DIRECTION    SE (130)
  AVERAGE WIND SPEED     5.3


SKY COVER
  POSSIBLE SUNSHINE  MM
  AVERAGE SKY COVER 0.5


WEATHER CONDITIONS
 THE FOLLOWING WEATHER WAS RECORDED TODAY.
  RAIN
  LIGHT RAIN
  FOG
  HAZE


RELATIVE HUMIDITY (PERCENT)
 HIGHEST    84           600 AM
 LOWEST     58           300 PM
 AVERAGE    71

..........................................................


THE HILO HI CLIMATE NORMALS FOR TOMORROW
                         NORMAL    RECORD    YEAR
 MAXIMUM TEMPERATURE (F)   79        86      2010
                                             1954
 MINIMUM TEMPERATURE (F)   66        63      2003
                                             1985
                                             1976


SUNRISE AND SUNSET
APRIL 28 2016.........SUNRISE   553 AM HST   SUNSET   643 PM HST
APRIL 29 2016.........SUNRISE   552 AM HST   SUNSET   643 PM HST


-  INDICATES NEGATIVE NUMBERS.
R  INDICATES RECORD WAS SET OR TIED.
MM INDICATES DATA IS MISSING.
T  INDICATES TRACE AMOUNT.




$$
