000
CDHW43 PHFO 030237
CLIITO


CLIMATE REPORT
NATIONAL WEATHER SERVICE HONOLULU HI
437 PM HST MON MAR 2 2015


...................................

...THE HILO HI CLIMATE SUMMARY FOR MARCH 2 2015...
VALID TODAY AS OF 0400 PM LOCAL TIME.

CLIMATE NORMAL PERIOD 1981 TO 2010
CLIMATE RECORD PERIOD 1946 TO 2015


WEATHER ITEM   OBSERVED TIME   RECORD YEAR NORMAL DEPARTURE LAST
                VALUE   (LST)  VALUE       VALUE  FROM      YEAR
                                                  NORMAL
..................................................................
TEMPERATURE (F)
 TODAY
  MAXIMUM         79   1129 AM  86    1989  79      0       75
  MINIMUM         67    721 AM  57    1983  64      3       65
  AVERAGE         73                        72      1       70

PRECIPITATION (IN)
  TODAY            1.18          3.10 1996   0.40   0.78     0.31
  MONTH TO DATE    1.92                      0.79   1.13     0.31
  SINCE MAR 1      1.92                      0.79   1.13     0.31
  SINCE JAN 1     10.01                     19.61  -9.60     8.54

SNOWFALL (IN)
  TODAY            0.0
  MONTH TO DATE    0.0
  SINCE MAR 1      0.0
  SINCE JUL 1      0.0
  SNOW DEPTH       0

DEGREE DAYS
 HEATING
  TODAY            0                         0      0        0
  MONTH TO DATE    0                         0      0        0
  SINCE MAR 1      0                         0      0        0
  SINCE JUL 1      0                         0      0        0

 COOLING
  TODAY            8                         6      2        5
  MONTH TO DATE   17                        12      5       12
  SINCE MAR 1     17                        12      5       12
  SINCE JAN 1    543                       382    161      470
..................................................................


WIND (MPH)
  HIGHEST WIND SPEED    16   HIGHEST WIND DIRECTION     E (100)
  HIGHEST GUST SPEED    19   HIGHEST GUST DIRECTION     E (100)
  AVERAGE WIND SPEED     5.3


SKY COVER
  POSSIBLE SUNSHINE  MM
  AVERAGE SKY COVER 0.9


WEATHER CONDITIONS
 THE FOLLOWING WEATHER WAS RECORDED TODAY.
  HEAVY RAIN
  RAIN
  LIGHT RAIN
  FOG
  HAZE


RELATIVE HUMIDITY (PERCENT)
 HIGHEST   100           100 AM
 LOWEST     71          1100 AM
 AVERAGE    86

..........................................................


THE HILO HI CLIMATE NORMALS FOR TOMORROW
                         NORMAL    RECORD    YEAR
 MAXIMUM TEMPERATURE (F)   79        87      1989
 MINIMUM TEMPERATURE (F)   64        54      1983


SUNRISE AND SUNSET
MARCH  2 2015.........SUNRISE   639 AM HST   SUNSET   626 PM HST
MARCH  3 2015.........SUNRISE   638 AM HST   SUNSET   626 PM HST


-  INDICATES NEGATIVE NUMBERS.
R  INDICATES RECORD WAS SET OR TIED.
MM INDICATES DATA IS MISSING.
T  INDICATES TRACE AMOUNT.




$$
