000
CDUS43 KGLD 310820 RRA
CLIITR

CLIMATE REPORT
NATIONAL WEATHER SERVICE GOODLAND
116 AM MST SAT JAN 31 2015

...................................

...THE BURLINGTON CO CLIMATE SUMMARY FOR JANUARY 30 2015...

CLIMATE NORMAL PERIOD 1981 TO 2010
CLIMATE RECORD PERIOD 1896 TO 2015

WEATHER ITEM   OBSERVED TIME   RECORD YEAR NORMAL DEPARTURE LAST
                VALUE   (LST)  VALUE       VALUE  FROM      YEAR
                                                  NORMAL
..................................................................
TEMPERATURE (F)
 YESTERDAY
  MAXIMUM         47   1034 AM  74    1986  43      4       46
  MINIMUM         30    400 AM -15    1979  17     13       22
  AVERAGE         39                        30      9       34

PRECIPITATION (IN)
  YESTERDAY        0.00                      0.02  -0.02     0.02
  MONTH TO DATE    0.25                      0.36  -0.11     0.25
  SINCE DEC 1      2.72                      0.79   1.93     0.34
  SINCE JAN 1      0.25                      0.36  -0.11     0.25

..................................................................

THE BURLINGTON CO CLIMATE NORMALS FOR TODAY
                         NORMAL    RECORD    YEAR
 MAXIMUM TEMPERATURE (F)   43        76      1989
 MINIMUM TEMPERATURE (F)   17       -17      1918

-  INDICATES NEGATIVE NUMBERS.
R  INDICATES RECORD WAS SET OR TIED.
MM INDICATES DATA IS MISSING.
T  INDICATES TRACE AMOUNT.

$$
