000
CDUS43 KGLD 251031
CLIITR

CLIMATE REPORT
NATIONAL WEATHER SERVICE GOODLAND
428 AM MDT WED MAY 25 2016
...................................

...THE BURLINGTON CO CLIMATE SUMMARY FOR MAY 24 2016...

CLIMATE NORMAL PERIOD 1981 TO 2010
CLIMATE RECORD PERIOD 1896 TO 2016

WEATHER ITEM   OBSERVED TIME   RECORD YEAR NORMAL DEPARTURE LAST
                VALUE   (LST)  VALUE       VALUE  FROM      YEAR
                                                  NORMAL
..................................................................
TEMPERATURE (F)
 YESTERDAY
  MAXIMUM         80    445 PM  95    1967  76      4       69
  MINIMUM         51   1159 PM  32    2002  47      4       46
  AVERAGE         66                        62      4       58

PRECIPITATION (IN)
  YESTERDAY        0.00                      0.08  -0.08     0.58
  MONTH TO DATE    0.92                      1.86  -0.94     6.03
  SINCE MAR 1      6.64                      4.21   2.43     8.71
  SINCE JAN 1      7.45                      5.01   2.44     9.85

..................................................................

THE BURLINGTON CO CLIMATE NORMALS FOR TODAY
                         NORMAL    RECORD    YEAR
 MAXIMUM TEMPERATURE (F)   76        95      1964
 MINIMUM TEMPERATURE (F)   48        32      2002
                                             2001

-  INDICATES NEGATIVE NUMBERS.
R  INDICATES RECORD WAS SET OR TIED.
MM INDICATES DATA IS MISSING.
T  INDICATES TRACE AMOUNT.

$$
