000
CDUS43 KGLD 260759
CLIITR

CLIMATE REPORT
NATIONAL WEATHER SERVICE GOODLAND
151 AM MDT WED APR 26 2017

...................................

...THE BURLINGTON CO CLIMATE SUMMARY FOR APRIL 25 2017...

CLIMATE NORMAL PERIOD 1981 TO 2010
CLIMATE RECORD PERIOD 1896 TO 2017


WEATHER ITEM   OBSERVED TIME   RECORD YEAR NORMAL DEPARTURE LAST
                VALUE   (LST)  VALUE       VALUE  FROM      YEAR
                                                  NORMAL
..................................................................
TEMPERATURE (F)
 YESTERDAY
  MAXIMUM         60    230 PM  95    2012  65     -5       71
  MINIMUM         38   1159 PM  19    1924  37      1       36
  AVERAGE         49                        51     -2       54

PRECIPITATION (IN)
  YESTERDAY        0.62                      0.06   0.56     0.00
  MONTH TO DATE    2.21                      1.13   1.08     3.00
  SINCE MAR 1      5.14                      2.02   3.12     4.07
  SINCE JAN 1      5.70                      2.82   2.88     4.88

..................................................................


THE BURLINGTON CO CLIMATE NORMALS FOR TODAY
                         NORMAL    RECORD    YEAR
 MAXIMUM TEMPERATURE (F)   65        89      1981
 MINIMUM TEMPERATURE (F)   37        20      1924


-  INDICATES NEGATIVE NUMBERS.
R  INDICATES RECORD WAS SET OR TIED.
MM INDICATES DATA IS MISSING.
T  INDICATES TRACE AMOUNT.


$$
