000
CDUS43 KGLD 010040
CLIITR

CLIMATE REPORT
NATIONAL WEATHER SERVICE GOODLAND
637 PM MDT WED AUG 31 2016

...................................

...THE BURLINGTON CO CLIMATE SUMMARY FOR AUGUST 31 2016...
VALID TODAY AS OF 0600 PM LOCAL TIME.

CLIMATE NORMAL PERIOD 1981 TO 2010
CLIMATE RECORD PERIOD 1896 TO 2016


WEATHER ITEM   OBSERVED TIME   RECORD YEAR NORMAL DEPARTURE LAST
                VALUE   (LST)  VALUE       VALUE  FROM      YEAR
                                                  NORMAL
..................................................................
TEMPERATURE (F)
 TODAY
  MAXIMUM         77   1029 AM  99    1985  83     -6       93
  MINIMUM         54    554 AM  41    1956  54      0       56
  AVERAGE         66                        69     -3       75

PRECIPITATION (IN)
  TODAY            0.09                      0.07   0.02     0.07
  MONTH TO DATE    0.53                      2.41  -1.88     0.88
  SINCE JUN 1      6.69                      8.42  -1.73     8.44
  SINCE JAN 1     14.93                     14.15   0.78    19.46

..................................................................


THE BURLINGTON CO CLIMATE NORMALS FOR TOMORROW
                         NORMAL    RECORD    YEAR
 MAXIMUM TEMPERATURE (F)   83       100      1960
 MINIMUM TEMPERATURE (F)   54        37      1956



-  INDICATES NEGATIVE NUMBERS.
R  INDICATES RECORD WAS SET OR TIED.
MM INDICATES DATA IS MISSING.
T  INDICATES TRACE AMOUNT.

$$
