000
CDUS44 KJAN 060643
CLIJAN


CLIMATE REPORT
NATIONAL WEATHER SERVICE JACKSON MS
1240 AM CST FRI MAR 6 2015


...................................

...THE JACKSON CLIMATE SUMMARY FOR MARCH 5 2015...

CLIMATE NORMAL PERIOD 1981 TO 2010
CLIMATE RECORD PERIOD 1896 TO 2015


WEATHER ITEM   OBSERVED TIME   RECORD YEAR NORMAL DEPARTURE LAST
                VALUE   (LST)  VALUE       VALUE  FROM      YEAR
                                                  NORMAL
..................................................................
TEMPERATURE (F)
 YESTERDAY
  MAXIMUM         44   1239 AM  85    1918  66    -22       62
  MINIMUM         26   1159 PM  19    1978  43    -17       31
  AVERAGE         35                        54    -19       47

PRECIPITATION (IN)
  YESTERDAY        0.45          2.72 1935   0.17   0.28     0.00
  MONTH TO DATE    1.55                      0.82   0.73     0.15
  SINCE MAR 1      1.55                      0.82   0.73     0.15
  SINCE JAN 1     11.75                     10.55   1.20     7.20

SNOWFALL (IN)
  YESTERDAY        0.3 R         T    1954   0.0    0.3      0.0
                                      1947
  MONTH TO DATE    0.3                       0.0    0.3       T
  SINCE MAR 1      0.3                       0.0    0.3       T
  SINCE JUL 1      0.3                       0.7   -0.4      0.8

DEGREE DAYS
 HEATING
  YESTERDAY       30                        11     19       18
  MONTH TO DATE   55                        59     -4       85
  SINCE MAR 1     55                        59     -4       85
  SINCE JUL 1   2181                      2051    130     2351

 COOLING
  YESTERDAY        0                         1     -1        0
  MONTH TO DATE    0                         2     -2        0
  SINCE MAR 1      0                         2     -2        0
  SINCE JAN 1      0                        12    -12        6
..................................................................


WIND (MPH)
  HIGHEST WIND SPEED    24   HIGHEST WIND DIRECTION     N (340)
  HIGHEST GUST SPEED    31   HIGHEST GUST DIRECTION     N (340)
  AVERAGE WIND SPEED    14.8


SKY COVER
  POSSIBLE SUNSHINE  MM
  AVERAGE SKY COVER 0.8


WEATHER CONDITIONS
 THE FOLLOWING WEATHER WAS RECORDED YESTERDAY.
  RAIN
  LIGHT RAIN
  FREEZING RAIN
  LT FREEZING RAIN
  LIGHT SNOW
  SLEET
  FOG


RELATIVE HUMIDITY (PERCENT)
 HIGHEST    89          1200 AM
 LOWEST     68          1000 PM
 AVERAGE    79

..........................................................


THE JACKSON CLIMATE NORMALS FOR TODAY
                         NORMAL    RECORD    YEAR
 MAXIMUM TEMPERATURE (F)   66        86      1918
 MINIMUM TEMPERATURE (F)   43        23      1960


SUNRISE AND SUNSET
MARCH  6 2015.........SUNRISE   622 AM CST   SUNSET   602 PM CST
MARCH  7 2015.........SUNRISE   621 AM CST   SUNSET   602 PM CST


-  INDICATES NEGATIVE NUMBERS.
R  INDICATES RECORD WAS SET OR TIED.
MM INDICATES DATA IS MISSING.
T  INDICATES TRACE AMOUNT.

&&

THE PEARL RIVER STAGE AT JACKSON WAS AT 22.2 FEET. THE RIVER HAS FALLEN
0.7 FEET OVER THE LAST 24 HOURS.

THE MISSISSIPPI RIVER STAGE AT VICKSBURG WAS 24.9 FEET. THE RIVER HAS
RISEN 0.3 FEET OVER THE PAST 24 HOURS.



$$
