000
CDUS44 KJAN 261047
CLIJAN


CLIMATE REPORT
NATIONAL WEATHER SERVICE JACKSON MS
445 AM CST MON JAN 26 2015


...................................

...THE JACKSON CLIMATE SUMMARY FOR JANUARY 25 2015...

CLIMATE NORMAL PERIOD 1981 TO 2010
CLIMATE RECORD PERIOD 1896 TO 2015


WEATHER ITEM   OBSERVED TIME   RECORD YEAR NORMAL DEPARTURE LAST
                VALUE   (LST)  VALUE       VALUE  FROM      YEAR
                                                  NORMAL
..................................................................
TEMPERATURE (F)
 YESTERDAY
  MAXIMUM         68    237 PM  79    1909  57     11       59
  MINIMUM         35    725 AM   2    1940  35      0       20
  AVERAGE         52                        46      6       40

PRECIPITATION (IN)
  YESTERDAY        0.00          1.34 2004   0.17  -0.17     0.00
  MONTH TO DATE    4.72                      3.90   0.82     1.54
  SINCE DEC 1      8.65                      9.05  -0.40     6.04
  SINCE JAN 1      4.72                      3.90   0.82     1.54

SNOWFALL (IN)
  YESTERDAY        0.0           T    2008   0.0    0.0      0.0
                                      1979
                                      1978
  MONTH TO DATE    0.0                       0.3   -0.3       T
  SINCE DEC 1      0.0                       0.6   -0.6       T
  SINCE JUL 1      0.0                       0.6   -0.6       T

DEGREE DAYS
 HEATING
  YESTERDAY       13                        19     -6       25
  MONTH TO DATE  526                       494     32      589
  SINCE DEC 1    954                      1036    -82     1149
  SINCE JUL 1   1454                      1444     10     1611

 COOLING
  YESTERDAY        0                         0      0        0
  MONTH TO DATE    0                         0      0        0
  SINCE DEC 1      2                         8     -6       12
  SINCE JAN 1      0                         0      0        0
..................................................................


WIND (MPH)
  HIGHEST WIND SPEED    26   HIGHEST WIND DIRECTION    SW (220)
  HIGHEST GUST SPEED    34   HIGHEST GUST DIRECTION     W (260)
  AVERAGE WIND SPEED    11.3


SKY COVER
  POSSIBLE SUNSHINE  MM
  AVERAGE SKY COVER 0.2


WEATHER CONDITIONS
 THE FOLLOWING WEATHER WAS RECORDED YESTERDAY.
  NO SIGNIFICANT WEATHER WAS OBSERVED.


RELATIVE HUMIDITY (PERCENT)
 HIGHEST    92           400 AM
 LOWEST     34           200 PM
 AVERAGE    63

..........................................................


THE JACKSON CLIMATE NORMALS FOR TODAY
                         NORMAL    RECORD    YEAR
 MAXIMUM TEMPERATURE (F)   57        81      1952
 MINIMUM TEMPERATURE (F)   35         1      1940


SUNRISE AND SUNSET
JANUARY 26 2015.......SUNRISE   658 AM CST   SUNSET   528 PM CST
JANUARY 27 2015.......SUNRISE   657 AM CST   SUNSET   529 PM CST


-  INDICATES NEGATIVE NUMBERS.
R  INDICATES RECORD WAS SET OR TIED.
MM INDICATES DATA IS MISSING.
T  INDICATES TRACE AMOUNT.

&&

AT 4 AM:

THE PEARL RIVER STAGE AT JACKSON WAS 14.2 FEET. THE RIVER HAS RISEN 0.9 FEET
OVER THE PAST 24 HOURS.

THE MISSISSIPPI RIVER STAGE AT VICKSBURG WAS 17.7 FEET. THE RIVER HAS
FALLEN 0.3 FEET OVER THE PAST 24 HOURS.


$$
