000
CDUS44 KJAN 240623
CLIJAN


CLIMATE REPORT
NATIONAL WEATHER SERVICE JACKSON MS
121 AM CDT TUE MAY 24 2016


...................................

...THE JACKSON CLIMATE SUMMARY FOR MAY 23 2016...

CLIMATE NORMAL PERIOD 1981 TO 2010
CLIMATE RECORD PERIOD 1896 TO 2016


WEATHER ITEM   OBSERVED TIME   RECORD YEAR NORMAL DEPARTURE LAST
                VALUE   (LST)  VALUE       VALUE  FROM      YEAR
                                                  NORMAL
..................................................................
TEMPERATURE (F)
 YESTERDAY
  MAXIMUM         86    352 PM  95    1950  85      1       87
                                      1948
                                      1941
  MINIMUM         53    447 AM  49    2002  64    -11       59
  AVERAGE         70                        74     -4       73

PRECIPITATION (IN)
  YESTERDAY        0.00          1.61 1955   0.14  -0.14     0.00
  MONTH TO DATE    1.30                      3.24  -1.94     2.28
  SINCE MAR 1     20.79                     13.24   7.55    13.30
  SINCE JAN 1     32.39                     22.97   9.42    23.50

SNOWFALL (IN)
  YESTERDAY        0.0           0.0    MM   0.0    0.0      0.0
  MONTH TO DATE    0.0                       0.0    0.0      0.0
  SINCE MAR 1      0.0                       0.1   -0.1      0.3
  SINCE JUL 1      T                         0.8   -0.8      0.3

DEGREE DAYS
 HEATING
  YESTERDAY        0                         0      0        0
  MONTH TO DATE    7                        10     -3        2
  SINCE MAR 1    196                       397   -201      227
  SINCE JUL 1   1587                      2389   -802     2353

 COOLING
  YESTERDAY        5                         9     -4        8
  MONTH TO DATE  122                       156    -34      178
  SINCE MAR 1    272                       264      8      354
  SINCE JAN 1    281                       274      7      354
..................................................................


WIND (MPH)
  HIGHEST WIND SPEED    13   HIGHEST WIND DIRECTION    SE (150)
  HIGHEST GUST SPEED    17   HIGHEST GUST DIRECTION    SE (150)
  AVERAGE WIND SPEED     2.3


SKY COVER
  POSSIBLE SUNSHINE  MM
  AVERAGE SKY COVER 0.1


WEATHER CONDITIONS
 THE FOLLOWING WEATHER WAS RECORDED YESTERDAY.
  NO SIGNIFICANT WEATHER WAS OBSERVED.


RELATIVE HUMIDITY (PERCENT)
 HIGHEST    86           100 AM
 LOWEST     32           100 PM
 AVERAGE    59

..........................................................


THE JACKSON CLIMATE NORMALS FOR TODAY
                         NORMAL    RECORD    YEAR
 MAXIMUM TEMPERATURE (F)   85        95      1996
                                             1953
 MINIMUM TEMPERATURE (F)   64        46      1931


SUNRISE AND SUNSET
MAY 24 2016...........SUNRISE   557 AM CDT   SUNSET   758 PM CDT
MAY 25 2016...........SUNRISE   557 AM CDT   SUNSET   758 PM CDT


-  INDICATES NEGATIVE NUMBERS.
R  INDICATES RECORD WAS SET OR TIED.
MM INDICATES DATA IS MISSING.
T  INDICATES TRACE AMOUNT.

&&

AT 1 AM...

THE PEARL RIVER STAGE AT JACKSON WAS 3.8 FEET. THE RIVER FELL 0.1 FEET
OVER THE PAST 24 HOURS.

THE MISSISSIPPI RIVER STAGE AT VICKSBURG WAS 36.4 FEET. THE RIVER
FELL 0.1 FEET OVER THE PAST 24 HOURS.



$$
