000
CDUS44 KJAN 250702
CLIJAN


CLIMATE REPORT
NATIONAL WEATHER SERVICE JACKSON MS
200 AM CDT MON JUL 25 2016


...................................

...THE JACKSON CLIMATE SUMMARY FOR JULY 24 2016...

CLIMATE NORMAL PERIOD 1981 TO 2010
CLIMATE RECORD PERIOD 1896 TO 2016


WEATHER ITEM   OBSERVED TIME   RECORD YEAR NORMAL DEPARTURE LAST
                VALUE   (LST)  VALUE       VALUE  FROM      YEAR
                                                  NORMAL
..................................................................
TEMPERATURE (F)
 YESTERDAY
  MAXIMUM         93    108 PM 105    1924  92      1       98
  MINIMUM         74    516 AM  59    1915  72      2       78
  AVERAGE         84                        82      2       88

PRECIPITATION (IN)
  YESTERDAY        0.03          1.91 1931   0.16  -0.13     0.00
  MONTH TO DATE    6.33                      3.73   2.60     1.39
  SINCE JUN 1      9.36                      7.85   1.51     7.83
  SINCE JAN 1     41.81                     31.96   9.85    36.11

SNOWFALL (IN)
  YESTERDAY        0.0           0.0  2002   0.0    0.0      0.0
                                      2001
  MONTH TO DATE    0.0                       0.0    0.0      0.0
  SINCE JUN 1      0.0                       0.0    0.0      0.0
  SINCE JUL 1      0.0                       0.0    0.0      0.0

DEGREE DAYS
 HEATING
  YESTERDAY        0                         0      0        0
  MONTH TO DATE    0                         0      0        0
  SINCE JUN 1      0                         0      0        0
  SINCE JUL 1      0                         0      0        0

 COOLING
  YESTERDAY       19                        17      2       23
  MONTH TO DATE  476                       401     75      464
  SINCE JUN 1    992                       823    169      946
  SINCE JAN 1   1380                      1181    199     1399
..................................................................


WIND (MPH)
  HIGHEST WIND SPEED    17   HIGHEST WIND DIRECTION    SE (140)
  HIGHEST GUST SPEED    24   HIGHEST GUST DIRECTION    SE (130)
  AVERAGE WIND SPEED     3.8


SKY COVER
  POSSIBLE SUNSHINE  MM
  AVERAGE SKY COVER 0.4


WEATHER CONDITIONS
 THE FOLLOWING WEATHER WAS RECORDED YESTERDAY.
  THUNDERSTORM
  LIGHT RAIN
  FOG


RELATIVE HUMIDITY (PERCENT)
 HIGHEST    94          1200 AM
 LOWEST     56          1200 PM
 AVERAGE    75

..........................................................


THE JACKSON CLIMATE NORMALS FOR TODAY
                         NORMAL    RECORD    YEAR
 MAXIMUM TEMPERATURE (F)   92       103      1952
 MINIMUM TEMPERATURE (F)   72        61      1904


SUNRISE AND SUNSET
JULY 25 2016..........SUNRISE   611 AM CDT   SUNSET   803 PM CDT
JULY 26 2016..........SUNRISE   611 AM CDT   SUNSET   802 PM CDT


-  INDICATES NEGATIVE NUMBERS.
R  INDICATES RECORD WAS SET OR TIED.
MM INDICATES DATA IS MISSING.
T  INDICATES TRACE AMOUNT.

&&

AT 2 AM:

THE PEARL RIVER STAGE AT JACKSON WAS 4.2 FEET. THE RIVER FELL 2.7
FEET OVER THE PAST 24 HOURS.

THE MISSISSIPPI RIVER STAGE AT VICKSBURG WAS 20.6 FEET. THE RIVER
FELL 0.8 FEET OVER THE PAST 24 HOURS.

$$
