000
CDUS44 KJAN 280650
CLIJAN


CLIMATE REPORT
NATIONAL WEATHER SERVICE JACKSON MS
1248 AM CST FRI NOV 28 2014


...................................

...THE JACKSON CLIMATE SUMMARY FOR NOVEMBER 27 2014...

CLIMATE NORMAL PERIOD 1981 TO 2010
CLIMATE RECORD PERIOD 1896 TO 2014


WEATHER ITEM   OBSERVED TIME   RECORD YEAR NORMAL DEPARTURE LAST
                VALUE   (LST)  VALUE       VALUE  FROM      YEAR
                                                  NORMAL
..................................................................
TEMPERATURE (F)
 YESTERDAY
  MAXIMUM         52    203 PM  83    1989  63    -11       41
                                      1985
  MINIMUM         31   1154 PM  15    1903  41    -10       27
  AVERAGE         42                        52    -10       34

PRECIPITATION (IN)
  YESTERDAY        0.00          3.49 1982   0.18  -0.18     0.00
  MONTH TO DATE    3.88                      4.19  -0.31     6.63
  SINCE SEP 1      8.58                     11.14  -2.56    16.10
  SINCE JAN 1     52.26                     48.42   3.84    59.76

SNOWFALL (IN)
  YESTERDAY        0.0           T    1992   0.0    0.0      0.0
  MONTH TO DATE    0.0                       0.0    0.0      0.0
  SINCE SEP 1      0.0                       0.0    0.0      0.0
  SINCE JUL 1      0.0                       0.0    0.0      0.0

DEGREE DAYS
 HEATING
  YESTERDAY       23                        13     10       31
  MONTH TO DATE  410                       260    150      308
  SINCE SEP 1    473                       367    106      390
  SINCE JUL 1    473                       367    106      390

 COOLING
  YESTERDAY        0                         0      0        0
  MONTH TO DATE    3                        21    -18       15
  SINCE SEP 1    551                       453     98      583
  SINCE JAN 1   2281                      2252     29     2347
..................................................................


WIND (MPH)
  HIGHEST WIND SPEED    21   HIGHEST WIND DIRECTION     N (350)
  HIGHEST GUST SPEED    27   HIGHEST GUST DIRECTION     N (350)
  AVERAGE WIND SPEED     7.5


SKY COVER
  POSSIBLE SUNSHINE  MM
  AVERAGE SKY COVER 0.0


WEATHER CONDITIONS
 THE FOLLOWING WEATHER WAS RECORDED YESTERDAY.
  NO SIGNIFICANT WEATHER WAS OBSERVED.


RELATIVE HUMIDITY (PERCENT)
 HIGHEST    89          1000 PM
 LOWEST     41          1200 AM
 AVERAGE    65

..........................................................


THE JACKSON CLIMATE NORMALS FOR TODAY
                         NORMAL    RECORD    YEAR
 MAXIMUM TEMPERATURE (F)   63        81      1949
                                             1908
 MINIMUM TEMPERATURE (F)   41        16      1938


SUNRISE AND SUNSET
NOVEMBER 28 2014......SUNRISE   641 AM CST   SUNSET   455 PM CST
NOVEMBER 29 2014......SUNRISE   642 AM CST   SUNSET   455 PM CST


-  INDICATES NEGATIVE NUMBERS.
R  INDICATES RECORD WAS SET OR TIED.
MM INDICATES DATA IS MISSING.
T  INDICATES TRACE AMOUNT.

&&

THIS MORNING:

THE PEARL RIVER STAGE AT JACKSON WAS 4.5 FEET. THE RIVER HAS RISEN
0.3 FEET OVER THE PAST 24 HOURS.

THE MISSISSIPPI RIVER STAGE AT VICKSBURG WAS 13.2 FEET. THE RIVER
HAS RISEN 0.2 FEET OVER THE PAST 24 HOURS.



$$
