000
CDUS44 KJAN 190803
CLIJAN


CLIMATE REPORT
NATIONAL WEATHER SERVICE JACKSON MS
302 AM CDT TUE SEP 19 2017


...................................

...THE JACKSON CLIMATE SUMMARY FOR SEPTEMBER 18 2017...

CLIMATE NORMAL PERIOD 1981 TO 2010
CLIMATE RECORD PERIOD 1896 TO 2017


WEATHER ITEM   OBSERVED TIME   RECORD YEAR NORMAL DEPARTURE LAST
                VALUE   (LST)  VALUE       VALUE  FROM      YEAR
                                                  NORMAL
..................................................................
TEMPERATURE (F)
 YESTERDAY
  MAXIMUM         92    338 PM 103    1925  86      6       92
  MINIMUM         69    600 AM  46    1981  64      5       72
                                      1934
  AVERAGE         81                        75      6       82

PRECIPITATION (IN)
  YESTERDAY        T             1.53 1964   0.09  -0.09     0.00
  MONTH TO DATE    0.34                      1.79  -1.45     0.28
  SINCE SEP 1      0.34                      1.79  -1.45     0.28
  SINCE JAN 1     54.23                     39.07  15.16    53.48

SNOWFALL (IN)
  YESTERDAY        0.0           0.0  2002   0.0    0.0      0.0
                                      2001
  MONTH TO DATE    0.0                       0.0    0.0      0.0
  SINCE SEP 1      0.0                       0.0    0.0      0.0
  SINCE JUL 1      0.0                       0.0    0.0      0.0

DEGREE DAYS
 HEATING
  YESTERDAY        0                         0      0        0
  MONTH TO DATE    2                         0      2        0
  SINCE SEP 1      2                         0      2        0
  SINCE JUL 1      2                         0      2        0

 COOLING
  YESTERDAY       16                        10      6       17
  MONTH TO DATE  176                       228    -52      316
  SINCE SEP 1    176                       228    -52      316
  SINCE JAN 1   2101                      2027     74     2390
..................................................................


WIND (MPH)
  HIGHEST WIND SPEED    15   HIGHEST WIND DIRECTION     S (160)
  HIGHEST GUST SPEED    18   HIGHEST GUST DIRECTION    SE (150)
  AVERAGE WIND SPEED     2.2


SKY COVER
  POSSIBLE SUNSHINE  MM
  AVERAGE SKY COVER 0.4


WEATHER CONDITIONS
 THE FOLLOWING WEATHER WAS RECORDED YESTERDAY.
  THUNDERSTORM
  FOG


RELATIVE HUMIDITY (PERCENT)
 HIGHEST   100           400 AM
 LOWEST     52          1200 PM
 AVERAGE    76

..........................................................


THE JACKSON CLIMATE NORMALS FOR TODAY
                         NORMAL    RECORD    YEAR
 MAXIMUM TEMPERATURE (F)   86       105      1925
 MINIMUM TEMPERATURE (F)   64        43      1981


SUNRISE AND SUNSET
SEPTEMBER 19 2017.....SUNRISE   647 AM CDT   SUNSET   701 PM CDT
SEPTEMBER 20 2017.....SUNRISE   647 AM CDT   SUNSET   659 PM CDT


-  INDICATES NEGATIVE NUMBERS.
R  INDICATES RECORD WAS SET OR TIED.
MM INDICATES DATA IS MISSING.
T  INDICATES TRACE AMOUNT.

&&

AT 3 AM:

THE PEARL RIVER STAGE AT JACKSON WAS 3.7 FEET. THE RIVER REMAINED STEADY
OVER THE PAST 24 HOURS.

THE MISSISSIPPI RIVER STAGE AT VICKSBURG WAS 13.9 FEET. THE RIVER FELL
0.9 FEET OVER THE PAST 24 HOURS.

$$
