393
CDUS44 KJAN 072210
CLIJAN


CLIMATE REPORT
NATIONAL WEATHER SERVICE JACKSON MS
408 PM CST SUN FEB 7 2016


...................................

...THE JACKSON CLIMATE SUMMARY FOR FEBRUARY 7 2016...
VALID TODAY AS OF 0400 PM LOCAL TIME.

CLIMATE NORMAL PERIOD 1981 TO 2010
CLIMATE RECORD PERIOD 1896 TO 2016


WEATHER ITEM   OBSERVED TIME   RECORD YEAR NORMAL DEPARTURE LAST
                VALUE   (LST)  VALUE       VALUE  FROM      YEAR
                                                  NORMAL
..................................................................
TEMPERATURE (F)
 TODAY
  MAXIMUM         60        MM  81    1999  59      1       69
  MINIMUM         27    635 AM  12    1988  37    -10       31
  AVERAGE         44                        48     -4       50

PRECIPITATION (IN)
  TODAY            0.00          1.95 1903   0.17  -0.17     0.00
  MONTH TO DATE    5.15                      1.22   3.93     0.57
  SINCE DEC 1     14.39                     11.34   3.05     9.22
  SINCE JAN 1      8.52                      6.19   2.33     5.29

SNOWFALL (IN)
  TODAY            0.0           T    1979   0.0    0.0      0.0
                                      1971
                                      1906
  MONTH TO DATE    0.0                       0.0    0.0      0.0
  SINCE DEC 1      T                         0.6   -0.6      0.0
  SINCE JUL 1      T                         0.6   -0.6      0.0

DEGREE DAYS
 HEATING
  TODAY           21                        17      4       15
  MONTH TO DATE  106                       125    -19      144
  SINCE DEC 1    943                      1269   -326     1179
  SINCE JUL 1   1135                      1677   -542     1679

 COOLING
  TODAY            0                         0      0        0
  MONTH TO DATE    5                         0      5        0
  SINCE DEC 1     74                        12     62        2
  SINCE JAN 1      5                         4      1        0
..................................................................


WIND (MPH)
  HIGHEST WIND SPEED    12   HIGHEST WIND DIRECTION     W (280)
  HIGHEST GUST SPEED    16   HIGHEST GUST DIRECTION     W (290)
  AVERAGE WIND SPEED     1.8


SKY COVER
  POSSIBLE SUNSHINE  MM
  AVERAGE SKY COVER 0.0


WEATHER CONDITIONS
 THE FOLLOWING WEATHER WAS RECORDED TODAY.
  NO SIGNIFICANT WEATHER WAS OBSERVED.


RELATIVE HUMIDITY (PERCENT)
 HIGHEST    85           400 AM
 LOWEST     MM
 AVERAGE    MM

..........................................................


THE JACKSON CLIMATE NORMALS FOR TOMORROW
                         NORMAL    RECORD    YEAR
 MAXIMUM TEMPERATURE (F)   59        83      1937
 MINIMUM TEMPERATURE (F)   37        15      1933


SUNRISE AND SUNSET
FEBRUARY  7 2016......SUNRISE   650 AM CST   SUNSET   539 PM CST
FEBRUARY  8 2016......SUNRISE   650 AM CST   SUNSET   540 PM CST


-  INDICATES NEGATIVE NUMBERS.
R  INDICATES RECORD WAS SET OR TIED.
MM INDICATES DATA IS MISSING.
T  INDICATES TRACE AMOUNT.

&&

AT 4 PM:

THE PEARL RIVER STAGE AT JACKSON WAS 31.3 FEET. THE RIVER HAS
FALLEN 0.3 FEET OVER THE PAST 24 HOURS.

THE MISSISSIPPI RIVER STAGE AT VICKSBURG WAS 34.9 FEET. THE RIVER
HAS FALLEN 0.5 FEET OVER THE PAST 24 HOURS.

THE AIR QUALITY INDEX AT JACKSON WAS 37...WHICH IS GOOD.


$$
