000
CDUS44 KJAN 250626
CLIJAN


CLIMATE REPORT
NATIONAL WEATHER SERVICE JACKSON MS
124 AM CDT SAT MAR 25 2017


...................................

...THE JACKSON CLIMATE SUMMARY FOR MARCH 24 2017...

CLIMATE NORMAL PERIOD 1981 TO 2010
CLIMATE RECORD PERIOD 1896 TO 2017


WEATHER ITEM   OBSERVED TIME   RECORD YEAR NORMAL DEPARTURE LAST
                VALUE   (LST)  VALUE       VALUE  FROM      YEAR
                                                  NORMAL
..................................................................
TEMPERATURE (F)
 YESTERDAY
  MAXIMUM         83    102 PM  95    1929  71     12       71
  MINIMUM         66    533 AM  22    1968  47     19       49
  AVERAGE         75                        59     16       60

PRECIPITATION (IN)
  YESTERDAY        T             2.70 1973   0.17  -0.17     0.18
  MONTH TO DATE    2.22                      3.84  -1.62    10.29
  SINCE MAR 1      2.22                      3.84  -1.62    10.29
  SINCE JAN 1     12.43                     13.57  -1.14    21.89

SNOWFALL (IN)
  YESTERDAY        0.0           0.0    MM   0.0    0.0      0.0
  MONTH TO DATE    0.0                       0.1   -0.1      0.0
  SINCE MAR 1      0.0                       0.1   -0.1      0.0
  SINCE JUL 1      0.8                       0.8    0.0       T

DEGREE DAYS
 HEATING
  YESTERDAY        0                         7     -7        5
  MONTH TO DATE  163                       232    -69      126
  SINCE MAR 1    163                       232    -69      126
  SINCE JUL 1   1281                      2224   -943     1517

 COOLING
  YESTERDAY       10                         1      9        0
  MONTH TO DATE   43                        21     22       39
  SINCE MAR 1     43                        21     22       39
  SINCE JAN 1    101                        31     70       48
..................................................................


WIND (MPH)
  HIGHEST WIND SPEED    30   HIGHEST WIND DIRECTION    SE (150)
  HIGHEST GUST SPEED    37   HIGHEST GUST DIRECTION     S (160)
  AVERAGE WIND SPEED    18.1


SKY COVER
  POSSIBLE SUNSHINE  MM
  AVERAGE SKY COVER 0.6


WEATHER CONDITIONS
 THE FOLLOWING WEATHER WAS RECORDED YESTERDAY.
  LIGHT RAIN


RELATIVE HUMIDITY (PERCENT)
 HIGHEST    81           100 AM
 LOWEST     49           100 PM
 AVERAGE    65

..........................................................


THE JACKSON CLIMATE NORMALS FOR TODAY
                         NORMAL    RECORD    YEAR
 MAXIMUM TEMPERATURE (F)   71        89      1907
 MINIMUM TEMPERATURE (F)   47        25      1966


SUNRISE AND SUNSET
MARCH 25 2017.........SUNRISE   657 AM CDT   SUNSET   716 PM CDT
MARCH 26 2017.........SUNRISE   656 AM CDT   SUNSET   716 PM CDT


-  INDICATES NEGATIVE NUMBERS.
R  INDICATES RECORD WAS SET OR TIED.
MM INDICATES DATA IS MISSING.
T  INDICATES TRACE AMOUNT.


&&

AT 2 AM:

THE PEARL RIVER STAGE AT JACKSON WAS 8.3 FEET. THE RIVER HAS RISEN
0.2 FEET OVER THE PAST 24 HOURS.

THE MISSISSIPPI RIVER STAGE AT VICKSBURG WAS 25.9 FEET. THE RIVER HAS
FALLEN 0.5 FEET OVER THE PAST 24 HOURS.

$$
