000
CDUS42 KJAX 260534
CLIJAX


CLIMATE REPORT
NATIONAL WEATHER SERVICE JACKSONVILLE FL
1232 AM EST SUN FEB 26 2017


...................................

...THE JACKSONVILLE CLIMATE SUMMARY FOR FEBRUARY 25 2017...

CLIMATE NORMAL PERIOD 1981 TO 2010
CLIMATE RECORD PERIOD 1871 TO 2017


WEATHER ITEM   OBSERVED TIME   RECORD YEAR NORMAL DEPARTURE LAST
                VALUE   (LST)  VALUE       VALUE  FROM      YEAR
                                                  NORMAL
..................................................................
TEMPERATURE (F)
 YESTERDAY
  MAXIMUM         82    119 PM  85    2001  70     12       62
  MINIMUM         57   1159 PM  24    1989  47     10       44
  AVERAGE         70                        58     12       53

PRECIPITATION (IN)
  YESTERDAY        0.00          3.20 2013   0.13  -0.13     0.00
  MONTH TO DATE    1.35                      2.83  -1.48     4.82
  SINCE DEC 1      7.69                      8.93  -1.24     8.21
  SINCE JAN 1      5.40                      6.13  -0.73     7.65

SNOWFALL (IN)
  YESTERDAY        0.0           0.0  2002   0.0    0.0      0.0
  MONTH TO DATE    0.0                       0.0    0.0      0.0
  SINCE DEC 1      0.0                       T      0.0      0.0
  SINCE JUL 1      0.0                       T      0.0      0.0
  SNOW DEPTH       0

DEGREE DAYS
 HEATING
  YESTERDAY        0                         8     -8       12
  MONTH TO DATE   95                       235   -140      232
  SINCE DEC 1    462                       938   -476      742
  SINCE JUL 1    592                      1111   -519      796

 COOLING
  YESTERDAY        5                         1      4        0
  MONTH TO DATE   28                        20      8       24
  SINCE DEC 1    107                        52     55      165
  SINCE JAN 1     64                        31     33       24
..................................................................


WIND (MPH)
  HIGHEST WIND SPEED    22   HIGHEST WIND DIRECTION     W (260)
  HIGHEST GUST SPEED    26   HIGHEST GUST DIRECTION     W (260)
  AVERAGE WIND SPEED     7.1


SKY COVER
  POSSIBLE SUNSHINE  MM
  AVERAGE SKY COVER 0.5


WEATHER CONDITIONS
 THE FOLLOWING WEATHER WAS RECORDED YESTERDAY.
  FOG
  FOG W/VISIBILITY <= 1/4 MILE


RELATIVE HUMIDITY (PERCENT)
 HIGHEST   100          1200 AM
 LOWEST     45           100 PM
 AVERAGE    73

..........................................................


THE JACKSONVILLE CLIMATE NORMALS FOR TODAY
                         NORMAL    RECORD    YEAR
 MAXIMUM TEMPERATURE (F)   70        88      1962
 MINIMUM TEMPERATURE (F)   47        22      1967


SUNRISE AND SUNSET
FEBRUARY 26 2017......SUNRISE   656 AM EST   SUNSET   624 PM EST
FEBRUARY 27 2017......SUNRISE   655 AM EST   SUNSET   624 PM EST


-  INDICATES NEGATIVE NUMBERS.
R  INDICATES RECORD WAS SET OR TIED.
MM INDICATES DATA IS MISSING.
T  INDICATES TRACE AMOUNT.




$$
