223
CDUS42 KJAX 272126
CLIJAX


CLIMATE REPORT
NATIONAL WEATHER SERVICE JACKSONVILLE FL
526 PM EDT MON MAR 27 2017


...................................

...THE JACKSONVILLE CLIMATE SUMMARY FOR MARCH 27 2017...
VALID TODAY AS OF 0500 PM LOCAL TIME.

CLIMATE NORMAL PERIOD 1981 TO 2010
CLIMATE RECORD PERIOD 1871 TO 2017


WEATHER ITEM   OBSERVED TIME   RECORD YEAR NORMAL DEPARTURE LAST
                VALUE   (LST)  VALUE       VALUE  FROM      YEAR
                                                  NORMAL
..................................................................
TEMPERATURE (F)
 TODAY
  MAXIMUM         83    227 PM  89    1991  76      7       80
                                      1929
  MINIMUM         54    610 AM  32    1894  51      3       66
  AVERAGE         69                        64      5       73

PRECIPITATION (IN)
  TODAY            0.00          3.91 1984   0.13  -0.13     0.65
  MONTH TO DATE    1.06                      3.47  -2.41     1.77
  SINCE MAR 1      1.06                      3.47  -2.41     1.77
  SINCE JAN 1      6.46                      9.96  -3.50     9.42

SNOWFALL (IN)
  TODAY            0.0           0.0  2002   0.0    0.0      0.0
                                      2001
  MONTH TO DATE    0.0                       0.0    0.0      0.0
  SINCE MAR 1      0.0                       0.0    0.0      0.0
  SINCE JUL 1      0.0                       T      0.0      0.0
  SNOW DEPTH       0

DEGREE DAYS
 HEATING
  TODAY            0                         4     -4        0
  MONTH TO DATE  158                       144     14       73
  SINCE MAR 1    158                       144     14       73
  SINCE JUL 1    761                      1277   -516      921

 COOLING
  TODAY            4                         2      2        8
  MONTH TO DATE   41                        46     -5       97
  SINCE MAR 1     41                        46     -5       97
  SINCE JAN 1    113                        75     38      121
..................................................................


WIND (MPH)
  HIGHEST WIND SPEED    16   HIGHEST WIND DIRECTION     E (110)
  HIGHEST GUST SPEED    20   HIGHEST GUST DIRECTION     E (110)
  AVERAGE WIND SPEED     4.0


SKY COVER
  POSSIBLE SUNSHINE  MM
  AVERAGE SKY COVER 0.3


WEATHER CONDITIONS
 THE FOLLOWING WEATHER WAS RECORDED TODAY.
  FOG


RELATIVE HUMIDITY (PERCENT)
 HIGHEST   100          1200 AM
 LOWEST     43           100 PM
 AVERAGE    72

..........................................................


THE JACKSONVILLE CLIMATE NORMALS FOR TOMORROW
                         NORMAL    RECORD    YEAR
 MAXIMUM TEMPERATURE (F)   76        89      2009
                                             1994
 MINIMUM TEMPERATURE (F)   52        35      2013


SUNRISE AND SUNSET
MARCH 27 2017.........SUNRISE   722 AM EDT   SUNSET   743 PM EDT
MARCH 28 2017.........SUNRISE   720 AM EDT   SUNSET   743 PM EDT


-  INDICATES NEGATIVE NUMBERS.
R  INDICATES RECORD WAS SET OR TIED.
MM INDICATES DATA IS MISSING.
T  INDICATES TRACE AMOUNT.




$$
