000
CDUS42 KJAX 170528
CLIJAX


CLIMATE REPORT
NATIONAL WEATHER SERVICE JACKSONVILLE FL
1227 AM EST SAT FEB 17 2018


...................................

...THE JACKSONVILLE CLIMATE SUMMARY FOR FEBRUARY 16 2018...

CLIMATE NORMAL PERIOD 1981 TO 2010
CLIMATE RECORD PERIOD 1871 TO 2018


WEATHER ITEM   OBSERVED TIME   RECORD YEAR NORMAL DEPARTURE LAST
                VALUE   (LST)  VALUE       VALUE  FROM      YEAR
                                                  NORMAL
..................................................................
TEMPERATURE (F)
 YESTERDAY
  MAXIMUM         80    233 PM  86    1990  68     12       67
  MINIMUM         59    519 AM  25    1991  45     14       40
  AVERAGE         70                        57     13       54

PRECIPITATION (IN)
  YESTERDAY        0.00          2.46 1952   0.12  -0.12     0.00
  MONTH TO DATE    1.37                      1.73  -0.36     0.48
  SINCE DEC 1      7.43                      7.83  -0.40     6.82
  SINCE JAN 1      5.01                      5.03  -0.02     4.53

SNOWFALL (IN)
  YESTERDAY        0.0           T    1977   0.0    0.0      0.0
  MONTH TO DATE    0.0                       0.0    0.0      0.0
  SINCE DEC 1      0.0                       T      0.0      0.0
  SINCE JUL 1      0.0                       T      0.0      0.0
  SNOW DEPTH       0

DEGREE DAYS
 HEATING
  YESTERDAY        0                         9     -9       11
  MONTH TO DATE   66                       161    -95       76
  SINCE DEC 1    768                       864    -96      443
  SINCE JUL 1    864                      1037   -173      573

 COOLING
  YESTERDAY        5                         1      4        0
  MONTH TO DATE   30                        11     19        9
  SINCE DEC 1     84                        43     41       88
  SINCE JAN 1     40                        22     18       45
..................................................................


WIND (MPH)
  HIGHEST WIND SPEED    23   HIGHEST WIND DIRECTION     W (260)
  HIGHEST GUST SPEED    29   HIGHEST GUST DIRECTION     W (250)
  AVERAGE WIND SPEED     8.4


SKY COVER
  POSSIBLE SUNSHINE  MM
  AVERAGE SKY COVER 0.4


WEATHER CONDITIONS
 THE FOLLOWING WEATHER WAS RECORDED YESTERDAY.
  FOG
  HAZE


RELATIVE HUMIDITY (PERCENT)
 HIGHEST   100           500 AM
 LOWEST     56           600 PM
 AVERAGE    78

..........................................................


THE JACKSONVILLE CLIMATE NORMALS FOR TODAY
                         NORMAL    RECORD    YEAR
 MAXIMUM TEMPERATURE (F)   69        83      1956
                                             1932
 MINIMUM TEMPERATURE (F)   45        23      2007


SUNRISE AND SUNSET
FEBRUARY 17 2018......SUNRISE   705 AM EST   SUNSET   617 PM EST
FEBRUARY 18 2018......SUNRISE   704 AM EST   SUNSET   617 PM EST


-  INDICATES NEGATIVE NUMBERS.
R  INDICATES RECORD WAS SET OR TIED.
MM INDICATES DATA IS MISSING.
T  INDICATES TRACE AMOUNT.




$$
