000
CDUS42 KJAX 052154
CLIJAX


CLIMATE REPORT
NATIONAL WEATHER SERVICE JACKSONVILLE FL
554 PM EDT SUN JUL 5 2015


...................................

...THE JACKSONVILLE CLIMATE SUMMARY FOR JULY 5 2015...
VALID TODAY AS OF 0500 PM LOCAL TIME.

CLIMATE NORMAL PERIOD 1981 TO 2010
CLIMATE RECORD PERIOD 1871 TO 2015


WEATHER ITEM   OBSERVED TIME   RECORD YEAR NORMAL DEPARTURE LAST
                VALUE   (LST)  VALUE       VALUE  FROM      YEAR
                                                  NORMAL
..................................................................
TEMPERATURE (F)
 TODAY
  MAXIMUM         92    230 PM 100    1877  92      0       90
  MINIMUM         70    551 AM  66    2000  72     -2       73
                                      1947
  AVERAGE         81                        82     -1       82

PRECIPITATION (IN)
  TODAY            0.18          1.85 1897   0.21  -0.03     0.01
  MONTH TO DATE    0.84                      1.06  -0.22     0.42
  SINCE JUN 1      7.16                      7.51  -0.35     4.90
  SINCE JAN 1     19.60                     23.07  -3.47    30.73

SNOWFALL (IN)
  TODAY            0.0           0.0  2002   0.0    0.0      0.0
                                      2001
  MONTH TO DATE    0.0                       0.0    0.0      0.0
  SINCE JUN 1      0.0                       0.0    0.0      0.0
  SINCE JUL 1      0.0                       0.0    0.0      0.0
  SNOW DEPTH       0

DEGREE DAYS
 HEATING
  TODAY            0                         0      0        0
  MONTH TO DATE    0                         0      0        0
  SINCE JUN 1      0                         0      0        0
  SINCE JUL 1      0                         0      0        0

 COOLING
  TODAY           16                        17     -1       17
  MONTH TO DATE   83                        85     -2       85
  SINCE JUN 1    562                       534     28      530
  SINCE JAN 1   1207                      1018    189     1014
..................................................................


WIND (MPH)
  HIGHEST WIND SPEED    24   HIGHEST WIND DIRECTION    NW (300)
  HIGHEST GUST SPEED    31   HIGHEST GUST DIRECTION    NW (310)
  AVERAGE WIND SPEED     2.9


SKY COVER
  POSSIBLE SUNSHINE  MM
  AVERAGE SKY COVER 0.4


WEATHER CONDITIONS
 THE FOLLOWING WEATHER WAS RECORDED TODAY.
  THUNDERSTORM
  RAIN
  FOG


RELATIVE HUMIDITY (PERCENT)
 HIGHEST   100           200 AM
 LOWEST     56          1100 AM
 AVERAGE    78

..........................................................


THE JACKSONVILLE CLIMATE NORMALS FOR TOMORROW
                         NORMAL    RECORD    YEAR
 MAXIMUM TEMPERATURE (F)   92       100      1969
 MINIMUM TEMPERATURE (F)   72        66      1986
                                             1938
                                             1892


SUNRISE AND SUNSET
JULY  5 2015..........SUNRISE   630 AM EDT   SUNSET   833 PM EDT
JULY  6 2015..........SUNRISE   630 AM EDT   SUNSET   833 PM EDT


-  INDICATES NEGATIVE NUMBERS.
R  INDICATES RECORD WAS SET OR TIED.
MM INDICATES DATA IS MISSING.
T  INDICATES TRACE AMOUNT.




$$
