000
CDUS42 KJAX 250531
CLIJAX


CLIMATE REPORT
NATIONAL WEATHER SERVICE JACKSONVILLE FL
1231 AM EST SUN JAN 25 2015


...................................

...THE JACKSONVILLE CLIMATE SUMMARY FOR JANUARY 24 2015...

CLIMATE NORMAL PERIOD 1981 TO 2010
CLIMATE RECORD PERIOD 1871 TO 2015


WEATHER ITEM   OBSERVED TIME   RECORD YEAR NORMAL DEPARTURE LAST
                VALUE   (LST)  VALUE       VALUE  FROM      YEAR
                                                  NORMAL
..................................................................
TEMPERATURE (F)
 YESTERDAY
  MAXIMUM         69    413 AM  83    1937  65      4       45
  MINIMUM         40   1159 PM  19    2003  42     -2       34
  AVERAGE         55                        53      2       40

PRECIPITATION (IN)
  YESTERDAY        0.12          2.18 1881   0.12   0.00     0.00
  MONTH TO DATE    3.06                      2.49   0.57     6.06
  SINCE DEC 1      6.80                      5.29   1.51     6.92
  SINCE JAN 1      3.06                      2.49   0.57     6.06

SNOWFALL (IN)
  YESTERDAY        0.0           0.0  2002   0.0    0.0      0.0
  MONTH TO DATE    T                         0.0    0.0      0.0
  SINCE DEC 1      T                         T      0.0      0.0
  SINCE JUL 1      T                         T      0.0      0.0
  SNOW DEPTH       0

DEGREE DAYS
 HEATING
  YESTERDAY       10                        12     -2       25
  MONTH TO DATE  255                       301    -46      362
  SINCE DEC 1    483                       624   -141      564
  SINCE JUL 1    767                       797    -30      720

 COOLING
  YESTERDAY        0                         0      0        0
  MONTH TO DATE   13                         0     13        9
  SINCE DEC 1     37                        21     16       59
  SINCE JAN 1     13                         0     13        9
..................................................................


WIND (MPH)
  HIGHEST WIND SPEED    28   HIGHEST WIND DIRECTION     W (280)
  HIGHEST GUST SPEED    36   HIGHEST GUST DIRECTION     W (280)
  AVERAGE WIND SPEED    16.2


SKY COVER
  POSSIBLE SUNSHINE  MM
  AVERAGE SKY COVER 0.6


WEATHER CONDITIONS
 THE FOLLOWING WEATHER WAS RECORDED YESTERDAY.
  RAIN
  LIGHT RAIN
  FOG


RELATIVE HUMIDITY (PERCENT)
 HIGHEST   100           100 AM
 LOWEST     59           500 PM
 AVERAGE    80

..........................................................


THE JACKSONVILLE CLIMATE NORMALS FOR TODAY
                         NORMAL    RECORD    YEAR
 MAXIMUM TEMPERATURE (F)   65        83      1990
 MINIMUM TEMPERATURE (F)   42        20      2003


SUNRISE AND SUNSET
JANUARY 25 2015.......SUNRISE   722 AM EST   SUNSET   557 PM EST
JANUARY 26 2015.......SUNRISE   721 AM EST   SUNSET   558 PM EST


-  INDICATES NEGATIVE NUMBERS.
R  INDICATES RECORD WAS SET OR TIED.
MM INDICATES DATA IS MISSING.
T  INDICATES TRACE AMOUNT.




$$
