159
CDUS42 KJAX 090531
CLIJAX


CLIMATE REPORT
NATIONAL WEATHER SERVICE JACKSONVILLE FL
1231 AM EST TUE FEB 9 2016


...................................

...THE JACKSONVILLE CLIMATE SUMMARY FOR FEBRUARY 8 2016...

CLIMATE NORMAL PERIOD 1981 TO 2010
CLIMATE RECORD PERIOD 1871 TO 2016


WEATHER ITEM   OBSERVED TIME   RECORD YEAR NORMAL DEPARTURE LAST
                VALUE   (LST)  VALUE       VALUE  FROM      YEAR
                                                  NORMAL
..................................................................
TEMPERATURE (F)
 YESTERDAY
  MAXIMUM         64    415 PM  84    1957  67     -3       73
  MINIMUM         34    737 AM  14    1895  44    -10       40
  AVERAGE         49                        55     -6       57

PRECIPITATION (IN)
  YESTERDAY        0.00          2.49 1874   0.11  -0.11     0.00
  MONTH TO DATE    3.62                      0.86   2.76     1.61
  SINCE DEC 1      7.01                      6.96   0.05     8.43
  SINCE JAN 1      6.45                      4.16   2.29     4.69

SNOWFALL (IN)
  YESTERDAY        0.0           0.0  2002   0.0    0.0      0.0
  MONTH TO DATE    0.0                       0.0    0.0      0.0
  SINCE DEC 1      0.0                       T      0.0       T
  SINCE JUL 1      0.0                       T      0.0       T
  SNOW DEPTH       0

DEGREE DAYS
 HEATING
  YESTERDAY       16                        10      6        8
  MONTH TO DATE   75                        85    -10      107
  SINCE DEC 1    585                       788   -203      697
  SINCE JUL 1    639                       961   -322      981

 COOLING
  YESTERDAY        0                         1     -1        0
  MONTH TO DATE   14                         3     11        0
  SINCE DEC 1    155                        35    120       37
  SINCE JAN 1     14                        14      0       13
..................................................................


WIND (MPH)
  HIGHEST WIND SPEED    30   HIGHEST WIND DIRECTION    SW (230)
  HIGHEST GUST SPEED    42   HIGHEST GUST DIRECTION    SW (230)
  AVERAGE WIND SPEED    12.2


SKY COVER
  POSSIBLE SUNSHINE  MM
  AVERAGE SKY COVER 0.3


WEATHER CONDITIONS
 THE FOLLOWING WEATHER WAS RECORDED YESTERDAY.
  NO SIGNIFICANT WEATHER WAS OBSERVED.


RELATIVE HUMIDITY (PERCENT)
 HIGHEST    89           800 AM
 LOWEST     27           100 PM
 AVERAGE    58

..........................................................


THE JACKSONVILLE CLIMATE NORMALS FOR TODAY
                         NORMAL    RECORD    YEAR
 MAXIMUM TEMPERATURE (F)   67        88      1937
 MINIMUM TEMPERATURE (F)   44        19      1895


SUNRISE AND SUNSET
FEBRUARY  9 2016......SUNRISE   713 AM EST   SUNSET   610 PM EST
FEBRUARY 10 2016......SUNRISE   712 AM EST   SUNSET   611 PM EST


-  INDICATES NEGATIVE NUMBERS.
R  INDICATES RECORD WAS SET OR TIED.
MM INDICATES DATA IS MISSING.
T  INDICATES TRACE AMOUNT.




$$
