000
CDUS42 KJAX 290527
CLIJAX


CLIMATE REPORT
NATIONAL WEATHER SERVICE JACKSONVILLE FL
127 AM EDT MON MAY 29 2017


...................................

...THE JACKSONVILLE CLIMATE SUMMARY FOR MAY 28 2017...

CLIMATE NORMAL PERIOD 1981 TO 2010
CLIMATE RECORD PERIOD 1871 TO 2017


WEATHER ITEM   OBSERVED TIME   RECORD YEAR NORMAL DEPARTURE LAST
                VALUE   (LST)  VALUE       VALUE  FROM      YEAR
                                                  NORMAL
..................................................................
TEMPERATURE (F)
 YESTERDAY
  MAXIMUM         95    400 PM  99    1967  88      7       86
  MINIMUM         64    650 AM  52    1988  66     -2       63
  AVERAGE         80                        77      3       75

PRECIPITATION (IN)
  YESTERDAY        0.00          4.47 1922   0.10  -0.10     0.03
  MONTH TO DATE    6.92                      2.12   4.80     2.29
  SINCE MAR 1      8.73                      8.71   0.02     6.81
  SINCE JAN 1     14.13                     15.20  -1.07    14.46

SNOWFALL (IN)
  YESTERDAY        0.0           0.0  2002   0.0    0.0      0.0
                                      2001
  MONTH TO DATE    0.0                       0.0    0.0      0.0
  SINCE MAR 1      0.0                       T      0.0      0.0
  SINCE JUL 1      0.0                       T      0.0      0.0
  SNOW DEPTH       0

DEGREE DAYS
 HEATING
  YESTERDAY        0                         0      0        0
  MONTH TO DATE    0                         3     -3        6
  SINCE MAR 1    179                       214    -35      101
  SINCE JUL 1    782                      1347   -565      949

 COOLING
  YESTERDAY       15                        12      3       10
  MONTH TO DATE  276                       251     25      260
  SINCE MAR 1    531                       418    113      512
  SINCE JAN 1    603                       447    156      536
..................................................................


WIND (MPH)
  HIGHEST WIND SPEED    13   HIGHEST WIND DIRECTION    SW (240)
  HIGHEST GUST SPEED    18   HIGHEST GUST DIRECTION     W (290)
  AVERAGE WIND SPEED     6.9


SKY COVER
  POSSIBLE SUNSHINE  MM
  AVERAGE SKY COVER 0.4


WEATHER CONDITIONS
 THE FOLLOWING WEATHER WAS RECORDED YESTERDAY.
  FOG
  FOG W/VISIBILITY <= 1/4 MILE


RELATIVE HUMIDITY (PERCENT)
 HIGHEST   100           300 AM
 LOWEST     30           400 PM
 AVERAGE    65

..........................................................


THE JACKSONVILLE CLIMATE NORMALS FOR TODAY
                         NORMAL    RECORD    YEAR
 MAXIMUM TEMPERATURE (F)   88        97      1967
 MINIMUM TEMPERATURE (F)   67        53      1988


SUNRISE AND SUNSET
MAY 29 2017...........SUNRISE   626 AM EDT   SUNSET   823 PM EDT
MAY 30 2017...........SUNRISE   625 AM EDT   SUNSET   824 PM EDT


-  INDICATES NEGATIVE NUMBERS.
R  INDICATES RECORD WAS SET OR TIED.
MM INDICATES DATA IS MISSING.
T  INDICATES TRACE AMOUNT.




$$
