000
CDUS44 KMEG 270734
CLIJBR


CLIMATE REPORT
NATIONAL WEATHER SERVICE MEMPHIS TN
133 AM CST FRI FEB 27 2015


...................................

...THE JONESBORO CLIMATE SUMMARY FOR FEBRUARY 26 2015...

CLIMATE NORMAL PERIOD 1981 TO 2010
CLIMATE RECORD PERIOD 1897 TO 2015


WEATHER ITEM   OBSERVED TIME   RECORD YEAR NORMAL DEPARTURE LAST
                VALUE   (LST)  VALUE       VALUE  FROM      YEAR
                                                  NORMAL
..................................................................
TEMPERATURE (F)
 YESTERDAY
  MAXIMUM         33   1027 AM  80    1917  54    -21       36
  MINIMUM         24   1159 PM  14    1980  35    -11       21
  AVERAGE         29                        44    -15       29

PRECIPITATION (IN)
  YESTERDAY        0.00          2.00 1903   0.13  -0.13     0.00
  MONTH TO DATE    3.33                      3.46  -0.13     2.56
  SINCE DEC 1      7.62                     11.66  -4.04    11.12
  SINCE JAN 1      4.83                      6.89  -2.06     4.68

SNOWFALL (IN)
  YESTERDAY        0.0           3.0  1982   0.0    0.0      0.0
  MONTH TO DATE    1.5                       1.2    0.3      1.0
  SINCE DEC 1      1.5                       4.0   -2.5      2.0
  SINCE JUL 1      1.8                       4.0   -2.2      2.0
  SNOW DEPTH       0

DEGREE DAYS
 HEATING
  YESTERDAY       36                        21     15       36
  MONTH TO DATE  841                       619    222      667
  SINCE DEC 1   2406                      2265    141     2467
  SINCE JUL 1   3165                      2915    250     3210

 COOLING
  YESTERDAY        0                         0      0        0
  MONTH TO DATE    0                         0      0        0
  SINCE DEC 1      0                         0      0        0
  SINCE JAN 1      0                         0      0        0
..................................................................


WIND (MPH)
  HIGHEST WIND SPEED    17   HIGHEST WIND DIRECTION    NW (330)
  HIGHEST GUST SPEED    26   HIGHEST GUST DIRECTION    NW (310)
  AVERAGE WIND SPEED     8.6


SKY COVER
  POSSIBLE SUNSHINE  MM
  AVERAGE SKY COVER 0.6


WEATHER CONDITIONS
 THE FOLLOWING WEATHER WAS RECORDED YESTERDAY.
  FOG


RELATIVE HUMIDITY (PERCENT)
 HIGHEST   100          1200 AM
 LOWEST     58           500 PM
 AVERAGE    79

..........................................................


THE JONESBORO CLIMATE NORMALS FOR TODAY
                         NORMAL    RECORD    YEAR
 MAXIMUM TEMPERATURE (F)   55        80      1971
 MINIMUM TEMPERATURE (F)   35         8      1934


SUNRISE AND SUNSET
FEBRUARY 27 2015......SUNRISE   635 AM CST   SUNSET   556 PM CST
FEBRUARY 28 2015......SUNRISE   634 AM CST   SUNSET   557 PM CST


-  INDICATES NEGATIVE NUMBERS.
R  INDICATES RECORD WAS SET OR TIED.
MM INDICATES DATA IS MISSING.
T  INDICATES TRACE AMOUNT.




$$
