000
CDUS44 KMEG 050737
CLIJBR


CLIMATE REPORT
NATIONAL WEATHER SERVICE MEMPHIS TN
136 AM CST FRI FEB 5 2016


...................................

...THE JONESBORO CLIMATE SUMMARY FOR FEBRUARY 4 2016...

CLIMATE NORMAL PERIOD 1981 TO 2010
CLIMATE RECORD PERIOD 1897 TO 2016


WEATHER ITEM   OBSERVED TIME   RECORD YEAR NORMAL DEPARTURE LAST
                VALUE   (LST)  VALUE       VALUE  FROM      YEAR
                                                  NORMAL
..................................................................
TEMPERATURE (F)
 YESTERDAY
  MAXIMUM         43    456 PM  77    1927  48     -5       49
  MINIMUM         25    531 AM  -1    1996  30     -5       30
  AVERAGE         34                        39     -5       40

PRECIPITATION (IN)
  YESTERDAY        0.00          2.20 1930   0.13  -0.13      T
  MONTH TO DATE    0.14                      0.51  -0.37     0.56
  SINCE DEC 1      8.31                      8.71  -0.40     4.85
  SINCE JAN 1      1.94                      3.94  -2.00     2.06

SNOWFALL (IN)
  YESTERDAY        0.0           3.5  1907   0.0    0.0      0.0
  MONTH TO DATE    0.0                       0.2   -0.2      0.0
  SINCE DEC 1      0.3                       3.0   -2.7       T
  SINCE JUL 1      0.3                       3.0   -2.7      0.3
  SNOW DEPTH       0

DEGREE DAYS
 HEATING
  YESTERDAY       31                        26      5       25
  MONTH TO DATE   70                       104    -34      114
  SINCE DEC 1   1428                      1750   -322     1679
  SINCE JUL 1   1937                      2400   -463     2438

 COOLING
  YESTERDAY        0                         0      0        0
  MONTH TO DATE    0                         0      0        0
  SINCE DEC 1      3                         0      3        0
  SINCE JAN 1      0                         0      0        0
..................................................................


WIND (MPH)
  HIGHEST WIND SPEED    14   HIGHEST WIND DIRECTION     W (280)
  HIGHEST GUST SPEED    18   HIGHEST GUST DIRECTION     W (260)
  AVERAGE WIND SPEED     4.9


SKY COVER
  POSSIBLE SUNSHINE  MM
  AVERAGE SKY COVER 0.0


WEATHER CONDITIONS
 THE FOLLOWING WEATHER WAS RECORDED YESTERDAY.
  NO SIGNIFICANT WEATHER WAS OBSERVED.


RELATIVE HUMIDITY (PERCENT)
 HIGHEST    85           900 PM
 LOWEST     39           300 PM
 AVERAGE    62

..........................................................


THE JONESBORO CLIMATE NORMALS FOR TODAY
                         NORMAL    RECORD    YEAR
 MAXIMUM TEMPERATURE (F)   49        73      2008
 MINIMUM TEMPERATURE (F)   30         8      1917


SUNRISE AND SUNSET
FEBRUARY  5 2016......SUNRISE   700 AM CST   SUNSET   534 PM CST
FEBRUARY  6 2016......SUNRISE   659 AM CST   SUNSET   535 PM CST


-  INDICATES NEGATIVE NUMBERS.
R  INDICATES RECORD WAS SET OR TIED.
MM INDICATES DATA IS MISSING.
T  INDICATES TRACE AMOUNT.




$$
