000
CDUS44 KMEG 160638
CLIJBR


CLIMATE REPORT
NATIONAL WEATHER SERVICE MEMPHIS TN
138 AM CDT WED AUG 16 2017


...................................

...THE JONESBORO CLIMATE SUMMARY FOR AUGUST 15 2017...

CLIMATE NORMAL PERIOD 1981 TO 2010
CLIMATE RECORD PERIOD 1897 TO 2017


WEATHER ITEM   OBSERVED TIME   RECORD YEAR NORMAL DEPARTURE LAST
                VALUE   (LST)  VALUE       VALUE  FROM      YEAR
                                                  NORMAL
..................................................................
TEMPERATURE (F)
 YESTERDAY
  MAXIMUM         84    415 PM 105    1954  90     -6       83
                                      1900
  MINIMUM         73    932 AM  55    2001  70      3       74
  AVERAGE         79                        80     -1       79

PRECIPITATION (IN)
  YESTERDAY        0.63          2.28 1982   0.09   0.54     0.31
  MONTH TO DATE    2.83                      1.23   1.60     1.90
  SINCE JUN 1      8.97                      8.52   0.45     5.29
  SINCE JAN 1     36.16                     29.80   6.36    37.72

DEGREE DAYS
 HEATING
  YESTERDAY        0                         0      0        0
  MONTH TO DATE    0                         0      0        0
  SINCE JUN 1      0                         1     -1        0
  SINCE JUL 1      0                         0      0        0

 COOLING
  YESTERDAY       14                        15     -1       14
  MONTH TO DATE  163                       236    -73      271
  SINCE JUN 1   1093                      1110    -17     1324
  SINCE JAN 1   1327                      1323      4     1523
..................................................................


WIND (MPH)
  HIGHEST WIND SPEED    16   HIGHEST WIND DIRECTION    NE (60)
  HIGHEST GUST SPEED    19   HIGHEST GUST DIRECTION     W (270)
  AVERAGE WIND SPEED     4.7


SKY COVER
  POSSIBLE SUNSHINE  MM
  AVERAGE SKY COVER 0.5


WEATHER CONDITIONS
 THE FOLLOWING WEATHER WAS RECORDED YESTERDAY.
  THUNDERSTORM
  HEAVY RAIN
  RAIN
  LIGHT RAIN
  FOG


RELATIVE HUMIDITY (PERCENT)
 HIGHEST   100          1200 AM
 LOWEST     79           200 PM
 AVERAGE    90

..........................................................


THE JONESBORO CLIMATE NORMALS FOR TODAY
                         NORMAL    RECORD    YEAR
 MAXIMUM TEMPERATURE (F)   90       105      2007
                                             1954
                                             1943
 MINIMUM TEMPERATURE (F)   70        51      1897


SUNRISE AND SUNSET
AUGUST 16 2017........SUNRISE   622 AM CDT   SUNSET   751 PM CDT
AUGUST 17 2017........SUNRISE   623 AM CDT   SUNSET   749 PM CDT


-  INDICATES NEGATIVE NUMBERS.
R  INDICATES RECORD WAS SET OR TIED.
MM INDICATES DATA IS MISSING.
T  INDICATES TRACE AMOUNT.


$$
