000
CDUS44 KMEG 230631
CLIJBR


CLIMATE REPORT
NATIONAL WEATHER SERVICE MEMPHIS TN
131 AM CDT THU OCT 23 2014


...................................

...THE JONESBORO CLIMATE SUMMARY FOR OCTOBER 22 2014...

CLIMATE NORMAL PERIOD 1981 TO 2010
CLIMATE RECORD PERIOD 1897 TO 2014


WEATHER ITEM   OBSERVED TIME   RECORD YEAR NORMAL DEPARTURE LAST
                VALUE   (LST)  VALUE       VALUE  FROM      YEAR
                                                  NORMAL
..................................................................
TEMPERATURE (F)
 YESTERDAY
  MAXIMUM         67    300 PM  94    1900  71     -4       66
  MINIMUM         46   1139 PM  26    1917  48     -2       41
  AVERAGE         57                        59     -2       54

PRECIPITATION (IN)
  YESTERDAY        0.00          1.90 2009   0.17  -0.17     0.00
  MONTH TO DATE    3.57                      3.07   0.50     3.73
  SINCE SEP 1      5.41                      6.13  -0.72     5.01
  SINCE JAN 1     39.09                     37.24   1.85    42.46

SNOWFALL (IN)
  YESTERDAY        0.0           0.0  2002   0.0    0.0      0.0
                                      2001
  MONTH TO DATE    0.0                       0.0    0.0      0.0
  SINCE SEP 1      0.0                       0.0    0.0      0.0
  SINCE JUL 1      0.0                       0.0    0.0      0.0
  SNOW DEPTH       0

DEGREE DAYS
 HEATING
  YESTERDAY        8                         7      1       11
  MONTH TO DATE   72                        97    -25       75
  SINCE SEP 1     81                       115    -34       75
  SINCE JUL 1     81                       115    -34       75

 COOLING
  YESTERDAY        0                         1     -1        0
  MONTH TO DATE   59                        44     15       66
  SINCE SEP 1    319                       269     50      434
  SINCE JAN 1   1779                      1815    -36     2034
..................................................................


WIND (MPH)
  HIGHEST WIND SPEED    15   HIGHEST WIND DIRECTION    NE (60)
  HIGHEST GUST SPEED    18   HIGHEST GUST DIRECTION     E (70)
  AVERAGE WIND SPEED     6.9


SKY COVER
  POSSIBLE SUNSHINE  MM
  AVERAGE SKY COVER 0.0


WEATHER CONDITIONS
 THE FOLLOWING WEATHER WAS RECORDED YESTERDAY.
  NO SIGNIFICANT WEATHER WAS OBSERVED.


RELATIVE HUMIDITY (PERCENT)
 HIGHEST    86           600 AM
 LOWEST     40           300 PM
 AVERAGE    63

..........................................................


THE JONESBORO CLIMATE NORMALS FOR TODAY
                         NORMAL    RECORD    YEAR
 MAXIMUM TEMPERATURE (F)   70        91      1939
 MINIMUM TEMPERATURE (F)   48        27      1937


SUNRISE AND SUNSET
OCTOBER 23 2014.......SUNRISE   716 AM CDT   SUNSET   617 PM CDT
OCTOBER 24 2014.......SUNRISE   717 AM CDT   SUNSET   616 PM CDT


-  INDICATES NEGATIVE NUMBERS.
R  INDICATES RECORD WAS SET OR TIED.
MM INDICATES DATA IS MISSING.
T  INDICATES TRACE AMOUNT.




$$
