000
CDUS44 KMEG 260734
CLIJBR


CLIMATE REPORT
NATIONAL WEATHER SERVICE MEMPHIS TN
133 AM CST SUN FEB 26 2017


...................................

...THE JONESBORO CLIMATE SUMMARY FOR FEBRUARY 25 2017...

CLIMATE NORMAL PERIOD 1981 TO 2010
CLIMATE RECORD PERIOD 1897 TO 2017


WEATHER ITEM   OBSERVED TIME   RECORD YEAR NORMAL DEPARTURE LAST
                VALUE   (LST)  VALUE       VALUE  FROM      YEAR
                                                  NORMAL
..................................................................
TEMPERATURE (F)
 YESTERDAY
  MAXIMUM         47    443 PM  82    1918  54     -7       45
  MINIMUM         30   1159 PM  10    1965  34     -4       33
  AVERAGE         39                        44     -5       39

PRECIPITATION (IN)
  YESTERDAY        0.00          3.00 1899   0.13  -0.13     0.00
  MONTH TO DATE    1.31                      3.33  -2.02     2.13
  SINCE DEC 1      9.47                     11.53  -2.06    10.30
  SINCE JAN 1      5.01                      6.76  -1.75     3.93

DEGREE DAYS
 HEATING
  YESTERDAY       26                        21      5       26
  MONTH TO DATE  364                       598   -234      553
  SINCE DEC 1   1751                      2244   -493     1911
  SINCE JUL 1   2100                      2894   -794     2420

 COOLING
  YESTERDAY        0                         0      0        0
  MONTH TO DATE    3                         0      3        0
  SINCE DEC 1      3                         0      3        3
  SINCE JAN 1      3                         0      3        0
..................................................................


WIND (MPH)
  HIGHEST WIND SPEED    25   HIGHEST WIND DIRECTION    NW (300)
  HIGHEST GUST SPEED    36   HIGHEST GUST DIRECTION     W (280)
  AVERAGE WIND SPEED     8.4


SKY COVER
  POSSIBLE SUNSHINE  MM
  AVERAGE SKY COVER 0.0


WEATHER CONDITIONS
 THE FOLLOWING WEATHER WAS RECORDED YESTERDAY.
  NO SIGNIFICANT WEATHER WAS OBSERVED.


RELATIVE HUMIDITY (PERCENT)
 HIGHEST    78          1100 PM
 LOWEST     33           600 PM
 AVERAGE    56

..........................................................


THE JONESBORO CLIMATE NORMALS FOR TODAY
                         NORMAL    RECORD    YEAR
 MAXIMUM TEMPERATURE (F)   54        80      1917
 MINIMUM TEMPERATURE (F)   35        14      1980


SUNRISE AND SUNSET
FEBRUARY 26 2017......SUNRISE   636 AM CST   SUNSET   555 PM CST
FEBRUARY 27 2017......SUNRISE   635 AM CST   SUNSET   556 PM CST


-  INDICATES NEGATIVE NUMBERS.
R  INDICATES RECORD WAS SET OR TIED.
MM INDICATES DATA IS MISSING.
T  INDICATES TRACE AMOUNT.




$$
