000
CDUS44 KMEG 130623
CLIJBR


CLIMATE REPORT
NATIONAL WEATHER SERVICE MEMPHIS TN
123 AM CDT SUN JUL 13 2014


...................................

...THE JONESBORO CLIMATE SUMMARY FOR JULY 12 2014...

CLIMATE NORMAL PERIOD 1981 TO 2010
CLIMATE RECORD PERIOD 1897 TO 2014


WEATHER ITEM   OBSERVED TIME   RECORD YEAR NORMAL DEPARTURE LAST
                VALUE   (LST)  VALUE       VALUE  FROM      YEAR
                                                  NORMAL
..................................................................
TEMPERATURE (F)
 YESTERDAY
  MAXIMUM         92    201 PM 116    1901  91      1       90
  MINIMUM         73    448 AM  51    1897  71      2       66
  AVERAGE         83                        81      2       78

PRECIPITATION (IN)
  YESTERDAY        0.00          1.57 1988   0.12  -0.12     0.00
  MONTH TO DATE    0.48                      1.56  -1.08     0.25
  SINCE JUN 1      9.32                      5.31   4.01     4.25
  SINCE JAN 1     30.60                     26.59   4.01    30.59

SNOWFALL (IN)
  YESTERDAY        0.0          MM      MM   0.0    0.0      0.0
  MONTH TO DATE    0.0                       0.0    0.0      0.0
  SINCE JUN 1      0.0                       0.0    0.0      0.0
  SINCE JUL 1      0.0                       0.0    0.0      0.0
  SNOW DEPTH       0

DEGREE DAYS
 HEATING
  YESTERDAY        0                         0      0        0
  MONTH TO DATE    0                         0      0        0
  SINCE JUN 1      0                         1     -1        0
  SINCE JUL 1      0                         0      0        0

 COOLING
  YESTERDAY       18                        16      2       13
  MONTH TO DATE  146                       191    -45      175
  SINCE JUN 1    539                       574    -35      624
  SINCE JAN 1    786                       787     -1      854
..................................................................


WIND (MPH)
  HIGHEST WIND SPEED    10   HIGHEST WIND DIRECTION     S (190)
  HIGHEST GUST SPEED    15   HIGHEST GUST DIRECTION     S (180)
  AVERAGE WIND SPEED     4.7


SKY COVER
  POSSIBLE SUNSHINE  MM
  AVERAGE SKY COVER 0.3


WEATHER CONDITIONS
 THE FOLLOWING WEATHER WAS RECORDED YESTERDAY.
  NO SIGNIFICANT WEATHER WAS OBSERVED.


RELATIVE HUMIDITY (PERCENT)
 HIGHEST    94           600 AM
 LOWEST     59          1200 PM
 AVERAGE    77

..........................................................


THE JONESBORO CLIMATE NORMALS FOR TODAY
                         NORMAL    RECORD    YEAR
 MAXIMUM TEMPERATURE (F)   91       108      1930
 MINIMUM TEMPERATURE (F)   71        54      1918


SUNRISE AND SUNSET
JULY 13 2014..........SUNRISE   557 AM CDT   SUNSET   820 PM CDT
JULY 14 2014..........SUNRISE   557 AM CDT   SUNSET   819 PM CDT


-  INDICATES NEGATIVE NUMBERS.
R  INDICATES RECORD WAS SET OR TIED.
MM INDICATES DATA IS MISSING.
T  INDICATES TRACE AMOUNT.




$$
