000
CDUS44 KMEG 282152
CLIJBR


CLIMATE REPORT
NATIONAL WEATHER SERVICE MEMPHIS TN
452 PM CDT THU JUL 28 2016


...................................

...THE JONESBORO CLIMATE SUMMARY FOR JULY 28 2016...
VALID TODAY AS OF 0400 PM LOCAL TIME.

CLIMATE NORMAL PERIOD 1981 TO 2010
CLIMATE RECORD PERIOD 1897 TO 2016


WEATHER ITEM   OBSERVED TIME   RECORD YEAR NORMAL DEPARTURE LAST
                VALUE   (LST)  VALUE       VALUE  FROM      YEAR
                                                  NORMAL
..................................................................
TEMPERATURE (F)
 TODAY
  MAXIMUM         91    259 PM 109    1930  91      0       94
  MINIMUM         75    355 AM  54    1897  71      4       75
  AVERAGE         83                        81      2       85

PRECIPITATION (IN)
  TODAY            T             2.92 2006   0.08  -0.08     0.00
  MONTH TO DATE    2.35                      3.31  -0.96     6.60
  SINCE JUN 1      2.89                      7.06  -4.17     8.69
  SINCE JAN 1     35.32                     28.34   6.98    34.47

SNOWFALL (IN)
  TODAY            0.0

DEGREE DAYS
 HEATING
  TODAY            0                         0      0        0
  MONTH TO DATE    0                         0      0        0
  SINCE JUN 1      0                         1     -1        0
  SINCE JUL 1      0                         0      0        0

 COOLING
  TODAY           18                        16      2       20
  MONTH TO DATE  524                       447     77      481
  SINCE JUN 1   1010                       830    180      911
  SINCE JAN 1   1209                      1043    166     1086
..................................................................


WIND (MPH)
  HIGHEST WIND SPEED    14   HIGHEST WIND DIRECTION     S (200)
  HIGHEST GUST SPEED    17   HIGHEST GUST DIRECTION     S (200)
  AVERAGE WIND SPEED     5.9


SKY COVER
  POSSIBLE SUNSHINE  MM
  AVERAGE SKY COVER 0.7


WEATHER CONDITIONS
 THE FOLLOWING WEATHER WAS RECORDED TODAY.
  LIGHT RAIN


RELATIVE HUMIDITY (PERCENT)
 HIGHEST    94          1200 AM
 LOWEST     60           300 PM
 AVERAGE    77

..........................................................


THE JONESBORO CLIMATE NORMALS FOR TOMORROW
                         NORMAL    RECORD    YEAR
 MAXIMUM TEMPERATURE (F)   91       105      1930
 MINIMUM TEMPERATURE (F)   71        57      1994
                                             1897


SUNRISE AND SUNSET
JULY 28 2016..........SUNRISE   608 AM CDT   SUNSET   810 PM CDT
JULY 29 2016..........SUNRISE   608 AM CDT   SUNSET   809 PM CDT


-  INDICATES NEGATIVE NUMBERS.
R  INDICATES RECORD WAS SET OR TIED.
MM INDICATES DATA IS MISSING.
T  INDICATES TRACE AMOUNT.




$$
