774
CDUS44 KMEG 230624
CLIJBR


CLIMATE REPORT
NATIONAL WEATHER SERVICE MEMPHIS TN
123 AM CDT SUN APR 23 2017


...................................

...THE JONESBORO CLIMATE SUMMARY FOR APRIL 22 2017...

CLIMATE NORMAL PERIOD 1981 TO 2010
CLIMATE RECORD PERIOD 1897 TO 2017


WEATHER ITEM   OBSERVED TIME   RECORD YEAR NORMAL DEPARTURE LAST
                VALUE   (LST)  VALUE       VALUE  FROM      YEAR
                                                  NORMAL
..................................................................
TEMPERATURE (F)
 YESTERDAY
  MAXIMUM         54    850 AM  90    1987  72    -18       79
  MINIMUM         48    957 PM  32    1927  51     -3       53
  AVERAGE         51                        62    -11       66

PRECIPITATION (IN)
  YESTERDAY        0.36          3.20 1974   0.17   0.19     0.00
  MONTH TO DATE    1.70                      3.53  -1.83     0.89
  SINCE MAR 1      7.97                      8.03  -0.06    14.11
  SINCE JAN 1     13.58                     15.18  -1.60    18.04

DEGREE DAYS
 HEATING
  YESTERDAY       14                         5      9        0
  MONTH TO DATE   78                       168    -90      115
  SINCE MAR 1    442                       632   -190      461
  SINCE JUL 1   2575                      3588  -1013     2950

 COOLING
  YESTERDAY        0                         2     -2        1
  MONTH TO DATE   49                        25     24       14
  SINCE MAR 1     55                        31     24       18
  SINCE JAN 1     59                        31     28       18
..................................................................


WIND (MPH)
  HIGHEST WIND SPEED    33   HIGHEST WIND DIRECTION     W (280)
  HIGHEST GUST SPEED    49   HIGHEST GUST DIRECTION     W (280)
  AVERAGE WIND SPEED    10.1


SKY COVER
  POSSIBLE SUNSHINE  MM
  AVERAGE SKY COVER 1.0


WEATHER CONDITIONS
 THE FOLLOWING WEATHER WAS RECORDED YESTERDAY.
  THUNDERSTORM
  HEAVY RAIN
  RAIN
  LIGHT RAIN
  FOG


RELATIVE HUMIDITY (PERCENT)
 HIGHEST   100           400 AM
 LOWEST     86           900 PM
 AVERAGE    93

..........................................................


THE JONESBORO CLIMATE NORMALS FOR TODAY
                         NORMAL    RECORD    YEAR
 MAXIMUM TEMPERATURE (F)   73        91      1965
 MINIMUM TEMPERATURE (F)   52        34      1909


SUNRISE AND SUNSET
APRIL 23 2017.........SUNRISE   619 AM CDT   SUNSET   743 PM CDT
APRIL 24 2017.........SUNRISE   618 AM CDT   SUNSET   744 PM CDT


-  INDICATES NEGATIVE NUMBERS.
R  INDICATES RECORD WAS SET OR TIED.
MM INDICATES DATA IS MISSING.
T  INDICATES TRACE AMOUNT.




$$
