000
CDUS44 KMEG 200737
CLIJBR


CLIMATE REPORT
NATIONAL WEATHER SERVICE MEMPHIS TN
137 AM CST SAT DEC 20 2014


...................................

...THE JONESBORO CLIMATE SUMMARY FOR DECEMBER 19 2014...

CLIMATE NORMAL PERIOD 1981 TO 2010
CLIMATE RECORD PERIOD 1897 TO 2014


WEATHER ITEM   OBSERVED TIME   RECORD YEAR NORMAL DEPARTURE LAST
                VALUE   (LST)  VALUE       VALUE  FROM      YEAR
                                                  NORMAL
..................................................................
TEMPERATURE (F)
 YESTERDAY
  MAXIMUM         41    328 PM  74    1889  47     -6       59
  MINIMUM         37    859 AM   7    1945  30      7       38
  AVERAGE         39                        38      1       49

PRECIPITATION (IN)
  YESTERDAY        0.00          2.00 1903   0.14  -0.14     0.00
  MONTH TO DATE    2.06                      3.08  -1.02     1.86
  SINCE DEC 1      2.06                      3.08  -1.02     1.86
  SINCE JAN 1     43.42                     46.41  -2.99    47.84

SNOWFALL (IN)
  YESTERDAY        0.0           1.0  1936   0.0    0.0      0.0
  MONTH TO DATE    0.0                       0.2   -0.2      1.0
  SINCE DEC 1      0.0                       0.2   -0.2      1.0
  SINCE JUL 1      0.3                       0.2    0.1      1.0
  SNOW DEPTH       0

DEGREE DAYS
 HEATING
  YESTERDAY       26                        26      0       16
  MONTH TO DATE  401                       465    -64      496
  SINCE DEC 1    401                       465    -64      496
  SINCE JUL 1   1160                      1115     45     1239

 COOLING
  YESTERDAY        0                         0      0        0
  MONTH TO DATE    0                         0      0        0
  SINCE DEC 1      0                         0      0        0
  SINCE JAN 1   1800                      1827    -27     2044
..................................................................


WIND (MPH)
  HIGHEST WIND SPEED    16   HIGHEST WIND DIRECTION    NE (50)
  HIGHEST GUST SPEED    19   HIGHEST GUST DIRECTION    NE (50)
  AVERAGE WIND SPEED     8.3


SKY COVER
  POSSIBLE SUNSHINE  MM
  AVERAGE SKY COVER 0.8


WEATHER CONDITIONS
 THE FOLLOWING WEATHER WAS RECORDED YESTERDAY.
  NO SIGNIFICANT WEATHER WAS OBSERVED.


RELATIVE HUMIDITY (PERCENT)
 HIGHEST    92          1200 AM
 LOWEST     73           100 PM
 AVERAGE    83

..........................................................


THE JONESBORO CLIMATE NORMALS FOR TODAY
                         NORMAL    RECORD    YEAR
 MAXIMUM TEMPERATURE (F)   47        74      1931
 MINIMUM TEMPERATURE (F)   30         8      1929


SUNRISE AND SUNSET
DECEMBER 20 2014......SUNRISE   708 AM CST   SUNSET   452 PM CST
DECEMBER 21 2014......SUNRISE   709 AM CST   SUNSET   453 PM CST


-  INDICATES NEGATIVE NUMBERS.
R  INDICATES RECORD WAS SET OR TIED.
MM INDICATES DATA IS MISSING.
T  INDICATES TRACE AMOUNT.




$$
