000
CDUS44 KMEG 092250
CLIJBR


CLIMATE REPORT
NATIONAL WEATHER SERVICE MEMPHIS TN
449 PM CST FRI DEC 9 2016


...................................

...THE JONESBORO CLIMATE SUMMARY FOR DECEMBER 9 2016...
VALID TODAY AS OF 0400 PM LOCAL TIME.

CLIMATE NORMAL PERIOD 1981 TO 2010
CLIMATE RECORD PERIOD 1897 TO 2016


WEATHER ITEM   OBSERVED TIME   RECORD YEAR NORMAL DEPARTURE LAST
                VALUE   (LST)  VALUE       VALUE  FROM      YEAR
                                                  NORMAL
..................................................................
TEMPERATURE (F)
 TODAY
  MAXIMUM         36    232 PM  74    1952  49    -13       64
  MINIMUM         22    729 AM  -1    1917  32    -10       42
  AVERAGE         29                        41    -12       53

PRECIPITATION (IN)
  TODAY            0.00          2.05 1971   0.17  -0.17     0.00
  MONTH TO DATE    0.87                      1.63  -0.76     0.00
  SINCE DEC 1      0.87                      1.63  -0.76     0.00
  SINCE JAN 1     48.97                     44.96   4.01    58.16

DEGREE DAYS
 HEATING
  TODAY           36                        24     12       12
  MONTH TO DATE  220                       209     11      182
  SINCE DEC 1    220                       209     11      182
  SINCE JUL 1    569                       859   -290      691

 COOLING
  TODAY            0                         0      0        0
  MONTH TO DATE    0                         0      0        0
  SINCE DEC 1      0                         0      0        0
  SINCE JAN 1   2285                      1827    458     1748
..................................................................


WIND (MPH)
  HIGHEST WIND SPEED     9   HIGHEST WIND DIRECTION    NE (50)
  HIGHEST GUST SPEED    15   HIGHEST GUST DIRECTION    NW (300)
  AVERAGE WIND SPEED     4.5


SKY COVER
  POSSIBLE SUNSHINE  MM
  AVERAGE SKY COVER 0.0


WEATHER CONDITIONS
 THE FOLLOWING WEATHER WAS RECORDED TODAY.
  NO SIGNIFICANT WEATHER WAS OBSERVED.


RELATIVE HUMIDITY (PERCENT)
 HIGHEST    77           700 AM
 LOWEST     51           100 PM
 AVERAGE    64

..........................................................


THE JONESBORO CLIMATE NORMALS FOR TOMORROW
                         NORMAL    RECORD    YEAR
 MAXIMUM TEMPERATURE (F)   49        75      1918
 MINIMUM TEMPERATURE (F)   32         4      1917


SUNRISE AND SUNSET
DECEMBER  9 2016......SUNRISE   701 AM CST   SUNSET   449 PM CST
DECEMBER 10 2016......SUNRISE   702 AM CST   SUNSET   449 PM CST


-  INDICATES NEGATIVE NUMBERS.
R  INDICATES RECORD WAS SET OR TIED.
MM INDICATES DATA IS MISSING.
T  INDICATES TRACE AMOUNT.




$$
