000
CDUS45 KGGW 160743
CLIJDN


CLIMATE REPORT
NATIONAL WEATHER SERVICE GLASGOW MT
142 AM MDT TUE SEP 16 2014


...................................

...THE JORDAN  ASOS MT CLIMATE SUMMARY FOR SEPTEMBER 15 2014...

CLIMATE NORMAL PERIOD 1981 TO 2010
CLIMATE RECORD PERIOD 9999 TO 9999


WEATHER ITEM   OBSERVED TIME   RECORD YEAR NORMAL DEPARTURE LAST
                VALUE   (LST)  VALUE       VALUE  FROM      YEAR
                                                  NORMAL
..................................................................
TEMPERATURE (F)
 YESTERDAY
  MAXIMUM         71    453 PM  MM      MM  73     -2       76
  MINIMUM         31    552 AM  MM      MM  41    -10       41
  AVERAGE         51                        57     -6       59

PRECIPITATION (IN)
  YESTERDAY        0.00         MM      MM   0.04  -0.04     0.00
  MONTH TO DATE    0.56                      0.57  -0.01     0.94
  SINCE OCT 1     14.86                     12.03   2.83    17.50
  SINCE JAN 1     12.45                     10.49   1.96    15.24

SNOWFALL (IN)
  YESTERDAY        0.0          MM      MM  MM     MM        0.0
  MONTH TO DATE    0.0                      MM     MM        0.0
  SINCE SEP 1      0.0                      MM     MM        0.0
  SINCE JUL 1      0.0                      MM     MM        0.0
  SNOW DEPTH       0

DEGREE DAYS
 HEATING
  YESTERDAY       14                         8      6        6
  MONTH TO DATE  174                        89     85       11
  SINCE SEP 1    174                        89     85       11
  SINCE JUL 1    223                       154     69       24

 COOLING
  YESTERDAY        0                         1     -1        0
  MONTH TO DATE    0                        22    -22       71
  SINCE SEP 1      0                        22    -22       71
  SINCE JAN 1    451                       415     36      514
..................................................................


WIND (MPH)
  HIGHEST WIND SPEED    13   HIGHEST WIND DIRECTION     S (190)
  HIGHEST GUST SPEED    20   HIGHEST GUST DIRECTION    SW (220)
  AVERAGE WIND SPEED     3.5


SKY COVER
  POSSIBLE SUNSHINE  MM
  AVERAGE SKY COVER 0.0


WEATHER CONDITIONS
 THE FOLLOWING WEATHER WAS RECORDED YESTERDAY.
  NO SIGNIFICANT WEATHER WAS OBSERVED.


RELATIVE HUMIDITY (PERCENT)
 HIGHEST    92           300 AM
 LOWEST     29           400 PM
 AVERAGE    61

..........................................................


THE JORDAN  ASOS MT CLIMATE NORMALS FOR TODAY
                         NORMAL    RECORD    YEAR
 MAXIMUM TEMPERATURE (F)   73        MM        MM
 MINIMUM TEMPERATURE (F)   41        MM        MM


SUNRISE AND SUNSET
SEPTEMBER 16 2014.....SUNRISE   646 AM MDT   SUNSET   717 PM MDT
SEPTEMBER 17 2014.....SUNRISE   647 AM MDT   SUNSET   715 PM MDT


-  INDICATES NEGATIVE NUMBERS.
R  INDICATES RECORD WAS SET OR TIED.
MM INDICATES DATA IS MISSING.
T  INDICATES TRACE AMOUNT.




$$
