418
CDUS45 KGGW 251255
CLIJDN


CLIMATE REPORT
NATIONAL WEATHER SERVICE GLASGOW MT
655 AM MDT THU AUG 25 2016


...................................

...THE JORDAN  ASOS MT CLIMATE SUMMARY FOR AUGUST 25 2016...
VALID AS OF 0600 AM LOCAL TIME.

CLIMATE NORMAL PERIOD 1981 TO 2010
CLIMATE RECORD PERIOD 9999 TO 9999


WEATHER ITEM   OBSERVED TIME   RECORD YEAR NORMAL DEPARTURE LAST
                VALUE   (LST)  VALUE       VALUE  FROM      YEAR
                                                  NORMAL
..................................................................
TEMPERATURE (F)
 TODAY
  MAXIMUM         53    100 AM  MM      MM  83    -30       94
  MINIMUM         47    500 AM  MM      MM  50     -3       50
  AVERAGE         50                        67    -17       72

PRECIPITATION (IN)
  TODAY            0.00         MM      MM   0.02  -0.02     0.00
  MONTH TO DATE    0.40                      1.05  -0.65     1.60
  SINCE OCT 1     13.36                     11.32   2.04    11.75
  SINCE JAN 1      9.67                      9.78  -0.11    10.56

SNOWFALL (IN)
  TODAY            0.0          MM      MM  MM     MM        0.0
  MONTH TO DATE    0.0                      MM     MM        0.0
  SINCE JUN 1      0.0                      MM     MM        0.0
  SINCE JUL 1      0.0                      MM     MM        0.0
  SNOW DEPTH      MM

DEGREE DAYS
 HEATING
  TODAY           15                         2     13        0
  MONTH TO DATE   34                        25      9       51
  SINCE JUN 1     83                       175    -92       97
  SINCE JUL 1     47                        50     -3       53

 COOLING
  TODAY            0                         4     -4        7
  MONTH TO DATE  126                       145    -19      152
  SINCE JUN 1    403                       370     33      456
  SINCE JAN 1    406                       376     30      456
..................................................................


WIND (MPH)
  HIGHEST WIND SPEED     9   HIGHEST WIND DIRECTION     W (290)
  HIGHEST GUST SPEED    MM   HIGHEST GUST DIRECTION    MM
  AVERAGE WIND SPEED     5.9


SKY COVER
  POSSIBLE SUNSHINE  MM
  AVERAGE SKY COVER 0.0


WEATHER CONDITIONS
 THE FOLLOWING WEATHER WAS RECORDED TODAY.
  NO SIGNIFICANT WEATHER WAS OBSERVED.


RELATIVE HUMIDITY (PERCENT)
 HIGHEST    82           500 AM
 LOWEST     66           100 AM
 AVERAGE    74

..........................................................


THE JORDAN  ASOS MT CLIMATE NORMALS FOR TOMORROW
                         NORMAL    RECORD    YEAR
 MAXIMUM TEMPERATURE (F)   83        MM        MM
 MINIMUM TEMPERATURE (F)   50        MM        MM


SUNRISE AND SUNSET
AUGUST 25 2016........SUNRISE   618 AM MDT   SUNSET   800 PM MDT
AUGUST 26 2016........SUNRISE   619 AM MDT   SUNSET   758 PM MDT


-  INDICATES NEGATIVE NUMBERS.
R  INDICATES RECORD WAS SET OR TIED.
MM INDICATES DATA IS MISSING.
T  INDICATES TRACE AMOUNT.




$$
