000
CDUS45 KGGW 180741
CLIJDN


CLIMATE REPORT
NATIONAL WEATHER SERVICE GLASGOW MT
141 AM MDT WED OCT 18 2017


...................................

...THE JORDAN  ASOS MT CLIMATE SUMMARY FOR OCTOBER 17 2017...

CLIMATE NORMAL PERIOD 1981 TO 2010
CLIMATE RECORD PERIOD 9999 TO 9999


WEATHER ITEM   OBSERVED TIME   RECORD YEAR NORMAL DEPARTURE LAST
                VALUE   (LST)  VALUE       VALUE  FROM      YEAR
                                                  NORMAL
..................................................................
TEMPERATURE (F)
 YESTERDAY
  MAXIMUM         79    259 PM  MM      MM  59     20       58
  MINIMUM         43    621 AM  MM      MM  29     14       33
  AVERAGE         61                        44     17       46

PRECIPITATION (IN)
  YESTERDAY        0.00         MM      MM   0.04  -0.04     0.00
  MONTH TO DATE    0.55                      0.52   0.03     2.64
  SINCE OCT 1      0.55                      0.52   0.03     2.64
  SINCE JAN 1      5.79                     11.65  -5.86    14.36

SNOWFALL (IN)
  YESTERDAY        0.0          MM      MM  MM     MM        0.0
  MONTH TO DATE    0.0                      MM     MM        0.0
  SINCE SEP 1      0.0                      MM     MM        0.0
  SINCE JUL 1      0.0                      MM     MM        0.0
  SNOW DEPTH       0

DEGREE DAYS
 HEATING
  YESTERDAY        4                        21    -17       19
  MONTH TO DATE  335                       306     29      320
  SINCE SEP 1    592                       567     25      546
  SINCE JUL 1    610                       632    -22      592

 COOLING
  YESTERDAY        0                         0      0        0
  MONTH TO DATE    0                         0      0        0
  SINCE SEP 1     39                        27     12       34
  SINCE JAN 1    641                       420    221      473
..................................................................


WIND (MPH)
  HIGHEST WIND SPEED    39   HIGHEST WIND DIRECTION    NW (320)
  HIGHEST GUST SPEED    52   HIGHEST GUST DIRECTION    NW (320)
  AVERAGE WIND SPEED    14.4


SKY COVER
  POSSIBLE SUNSHINE  MM
  AVERAGE SKY COVER 0.0


WEATHER CONDITIONS
 THE FOLLOWING WEATHER WAS RECORDED YESTERDAY.
  NO SIGNIFICANT WEATHER WAS OBSERVED.


RELATIVE HUMIDITY (PERCENT)
 HIGHEST    58          1200 AM
 LOWEST     11          1200 PM
 AVERAGE    35

..........................................................


THE JORDAN  ASOS MT CLIMATE NORMALS FOR TODAY
                         NORMAL    RECORD    YEAR
 MAXIMUM TEMPERATURE (F)   58        MM        MM
 MINIMUM TEMPERATURE (F)   29        MM        MM


SUNRISE AND SUNSET
OCTOBER 18 2017.......SUNRISE   731 AM MDT   SUNSET   613 PM MDT
OCTOBER 19 2017.......SUNRISE   732 AM MDT   SUNSET   612 PM MDT


-  INDICATES NEGATIVE NUMBERS.
R  INDICATES RECORD WAS SET OR TIED.
MM INDICATES DATA IS MISSING.
T  INDICATES TRACE AMOUNT.




$$
