215
CDUS45 KGGW 231231
CLIJDN


CLIMATE REPORT
NATIONAL WEATHER SERVICE GLASGOW MT
631 AM MDT WED AUG 23 2017


...................................

...THE JORDAN  ASOS MT CLIMATE SUMMARY FOR AUGUST 23 2017...
VALID AS OF 0600 AM LOCAL TIME.

CLIMATE NORMAL PERIOD 1981 TO 2010
CLIMATE RECORD PERIOD 9999 TO 9999


WEATHER ITEM   OBSERVED TIME   RECORD YEAR NORMAL DEPARTURE LAST
                VALUE   (LST)  VALUE       VALUE  FROM      YEAR
                                                  NORMAL
..................................................................
TEMPERATURE (F)
 TODAY
  MAXIMUM         68   1200 AM  MM      MM  84    -16       78
  MINIMUM         53    500 AM  MM      MM  51      2       46
  AVERAGE         61                        67     -6       62

PRECIPITATION (IN)
  TODAY            0.00         MM      MM   0.03  -0.03     0.00
  MONTH TO DATE    0.07                      1.00  -0.93     0.40
  SINCE OCT 1      6.86                     11.27  -4.41    13.36
  SINCE JAN 1      3.65                      9.73  -6.08     9.67

SNOWFALL (IN)
  TODAY            0.0          MM      MM  MM     MM        0.0
  MONTH TO DATE    0.0                      MM     MM        0.0
  SINCE JUN 1      0.0                      MM     MM        0.0
  SINCE JUL 1      0.0                      MM     MM        0.0
  SNOW DEPTH      MM

DEGREE DAYS
 HEATING
  TODAY            4                         2      2        3
  MONTH TO DATE   22                        21      1       12
  SINCE JUN 1     84                       171    -87       61
  SINCE JUL 1     22                        46    -24       25

 COOLING
  TODAY            0                         4     -4        0
  MONTH TO DATE   55                       137    -82      126
  SINCE JUN 1    505                       362    143      403
  SINCE JAN 1    519                       368    151      406
..................................................................


WIND (MPH)
  HIGHEST WIND SPEED     8   HIGHEST WIND DIRECTION    SE (130)
  HIGHEST GUST SPEED    MM   HIGHEST GUST DIRECTION    MM
  AVERAGE WIND SPEED     3.8


SKY COVER
  POSSIBLE SUNSHINE  MM
  AVERAGE SKY COVER 0.0


WEATHER CONDITIONS
 THE FOLLOWING WEATHER WAS RECORDED TODAY.
  NO SIGNIFICANT WEATHER WAS OBSERVED.


RELATIVE HUMIDITY (PERCENT)
 HIGHEST    50           500 AM
 LOWEST     32          1200 AM
 AVERAGE    41

..........................................................


THE JORDAN  ASOS MT CLIMATE NORMALS FOR TOMORROW
                         NORMAL    RECORD    YEAR
 MAXIMUM TEMPERATURE (F)   84        MM        MM
 MINIMUM TEMPERATURE (F)   50        MM        MM


SUNRISE AND SUNSET
AUGUST 23 2017........SUNRISE   615 AM MDT   SUNSET   804 PM MDT
AUGUST 24 2017........SUNRISE   616 AM MDT   SUNSET   802 PM MDT


-  INDICATES NEGATIVE NUMBERS.
R  INDICATES RECORD WAS SET OR TIED.
MM INDICATES DATA IS MISSING.
T  INDICATES TRACE AMOUNT.




$$
