000
CDUS45 KBOI 170935
CLIJER


CLIMATE REPORT
NATIONAL WEATHER SERVICE BOISE ID
235 AM MST WED DEC 17 2014


...................................

...THE JEROME ID CLIMATE SUMMARY FOR DECEMBER 16 2014...

CLIMATE NORMAL PERIOD 1981 TO 2010
CLIMATE RECORD PERIOD 1919 TO 2014


WEATHER ITEM   OBSERVED TIME   RECORD YEAR NORMAL DEPARTURE LAST
                VALUE   (LST)  VALUE       VALUE  FROM      YEAR
                                                  NORMAL
..................................................................
TEMPERATURE (F)
 YESTERDAY
  MAXIMUM         33   1021 PM  56    1957  34     -1       38
  MINIMUM         30    357 AM  -2    1967  19     11       14
  AVERAGE         32                        26      6       26

PRECIPITATION (IN)
  YESTERDAY        0.10          0.36 1982   0.05   0.05     0.00
  MONTH TO DATE    0.30                      0.80  -0.50     0.14
  SINCE OCT 1      1.54                      2.83  -1.29     0.47
  SINCE JAN 1     10.61                     10.12   0.49     3.49

DEGREE DAYS
 HEATING
  YESTERDAY       33                        39     -6       39
  MONTH TO DATE  393                       593   -200      744
  SINCE DEC 1    393                       593   -200      744
  SINCE JUL 1   1729                      2144   -415     2227

 COOLING
  YESTERDAY        0                         0      0        0
  MONTH TO DATE    0                         0      0        0
  SINCE DEC 1      0                         0      0        0
  SINCE JAN 1    652                       510    142      904
..................................................................


WIND (MPH)
  HIGHEST WIND SPEED    24   HIGHEST WIND DIRECTION    NE (40)
  HIGHEST GUST SPEED    28   HIGHEST GUST DIRECTION    NE (40)
  AVERAGE WIND SPEED    13.1


SKY COVER
  AVERAGE SKY COVER 1.0


WEATHER CONDITIONS
 THE FOLLOWING WEATHER WAS RECORDED YESTERDAY.
  SNOW
  LIGHT SNOW
  FOG
  FOG W/VISIBILITY <= 1/4 MILE


RELATIVE HUMIDITY (PERCENT)
 HIGHEST    92          1100 AM
 LOWEST     72           900 AM
 AVERAGE    82

..........................................................


THE JEROME ID CLIMATE NORMALS FOR TODAY
                         NORMAL    RECORD    YEAR
 MAXIMUM TEMPERATURE (F)   34        55      1962
 MINIMUM TEMPERATURE (F)   19        -8      1964


SUNRISE AND SUNSET
DECEMBER 17 2014......SUNRISE   803 AM MST   SUNSET   505 PM MST
DECEMBER 18 2014......SUNRISE   803 AM MST   SUNSET   506 PM MST


-  INDICATES NEGATIVE NUMBERS.
R  INDICATES RECORD WAS SET OR TIED.
MM INDICATES DATA IS MISSING.
T  INDICATES TRACE AMOUNT.




$$
