000
CDUS45 KBOI 020934
CLIJER


CLIMATE REPORT
NATIONAL WEATHER SERVICE BOISE ID
332 AM MDT SUN AUG 2 2015


...................................

...THE JEROME ID CLIMATE SUMMARY FOR AUGUST 1 2015...

CLIMATE NORMAL PERIOD 1981 TO 2010
CLIMATE RECORD PERIOD 1919 TO 2015


WEATHER ITEM   OBSERVED TIME   RECORD YEAR NORMAL DEPARTURE LAST
                VALUE   (LST)  VALUE       VALUE  FROM      YEAR
                                                  NORMAL
..................................................................
TEMPERATURE (F)
 YESTERDAY
  MAXIMUM         96    514 PM 104    2000  88      8       92
  MINIMUM         56    554 AM  44    1995  57     -1       59
  AVERAGE         76                        72      4       76

PRECIPITATION (IN)
  YESTERDAY        0.00          0.61 1960   0.01  -0.01     0.00
  MONTH TO DATE    0.00                      0.01  -0.01     0.00
  SINCE OCT 1      8.67                     10.13  -1.46     5.65
  SINCE JAN 1      5.77                      6.61  -0.84     5.05

DEGREE DAYS
 HEATING
  YESTERDAY        0                         0      0        0
  MONTH TO DATE    0                         0      0        0
  SINCE JUN 1     27                       119    -92       74
  SINCE JUL 1     12                        12      0        0

 COOLING
  YESTERDAY       11                         8      3       11
  MONTH TO DATE   11                         8      3       11
  SINCE JUN 1    426                       278    148      428
  SINCE JAN 1    436                       291    145      438
..................................................................


WIND (MPH)
  HIGHEST WIND SPEED    13   HIGHEST WIND DIRECTION     E (90)
  HIGHEST GUST SPEED    17   HIGHEST GUST DIRECTION     E (100)
  AVERAGE WIND SPEED     7.0


SKY COVER
  AVERAGE SKY COVER 0.0


WEATHER CONDITIONS
 THE FOLLOWING WEATHER WAS RECORDED YESTERDAY.
  NO SIGNIFICANT WEATHER WAS OBSERVED.


RELATIVE HUMIDITY (PERCENT)
 HIGHEST    55           600 AM
 LOWEST      8           100 PM
 AVERAGE    32

..........................................................


THE JEROME ID CLIMATE NORMALS FOR TODAY
                         NORMAL    RECORD    YEAR
 MAXIMUM TEMPERATURE (F)   88       104      1992
 MINIMUM TEMPERATURE (F)   57        44      1975


SUNRISE AND SUNSET
AUGUST  2 2015........SUNRISE   630 AM MDT   SUNSET   857 PM MDT
AUGUST  3 2015........SUNRISE   631 AM MDT   SUNSET   856 PM MDT


-  INDICATES NEGATIVE NUMBERS.
R  INDICATES RECORD WAS SET OR TIED.
MM INDICATES DATA IS MISSING.
T  INDICATES TRACE AMOUNT.




$$
