000
CDUS45 KBOI 230931
CLIJER


CLIMATE REPORT
NATIONAL WEATHER SERVICE BOISE ID
330 AM MDT SUN JUL 23 2017


...................................

...THE JEROME ID CLIMATE SUMMARY FOR JULY 22 2017...

CLIMATE NORMAL PERIOD 1981 TO 2010
CLIMATE RECORD PERIOD 1915 TO 2017


WEATHER ITEM   OBSERVED TIME   RECORD YEAR NORMAL DEPARTURE LAST
                VALUE   (LST)  VALUE       VALUE  FROM      YEAR
                                                  NORMAL
..................................................................
TEMPERATURE (F)
 YESTERDAY
  MAXIMUM         91    503 PM 105    1988  88      3       89
  MINIMUM         59    552 AM  37    1954  57      2       66
  AVERAGE         75                        72      3       78

PRECIPITATION (IN)
  YESTERDAY        0.00          0.20 1987   0.01  -0.01     0.00
  MONTH TO DATE    T                         0.15  -0.15     0.03
  SINCE OCT 1     11.25                     10.04   1.21     9.99
  SINCE JAN 1      6.73                      6.52   0.21     5.40

DEGREE DAYS
 HEATING
  YESTERDAY        0                         0      0        0
  MONTH TO DATE    0                        10    -10       15
  SINCE JUN 1     64                       117    -53       57
  SINCE JUL 1      0                        10    -10       15

 COOLING
  YESTERDAY       10                         7      3       13
  MONTH TO DATE  286                       133    153      128
  SINCE JUN 1    401                       201    200      289
  SINCE JAN 1    417                       214    203      293
..................................................................


WIND (MPH)
  HIGHEST WIND SPEED    12   HIGHEST WIND DIRECTION    SW (230)
  HIGHEST GUST SPEED    15   HIGHEST GUST DIRECTION    NE (30)
  AVERAGE WIND SPEED     6.2


SKY COVER
  AVERAGE SKY COVER 0.0


WEATHER CONDITIONS
 THE FOLLOWING WEATHER WAS RECORDED YESTERDAY.
  NO SIGNIFICANT WEATHER WAS OBSERVED.


RELATIVE HUMIDITY (PERCENT)
 HIGHEST    49           700 AM
 LOWEST     12           400 PM
 AVERAGE    31

..........................................................


THE JEROME ID CLIMATE NORMALS FOR TODAY
                         NORMAL    RECORD    YEAR
 MAXIMUM TEMPERATURE (F)   88       107      2003
 MINIMUM TEMPERATURE (F)   57        41      1954


SUNRISE AND SUNSET
JULY 23 2017..........SUNRISE   621 AM MDT   SUNSET   907 PM MDT
JULY 24 2017..........SUNRISE   622 AM MDT   SUNSET   906 PM MDT


-  INDICATES NEGATIVE NUMBERS.
R  INDICATES RECORD WAS SET OR TIED.
MM INDICATES DATA IS MISSING.
T  INDICATES TRACE AMOUNT.




$$
