000
CDUS45 KBOI 190930
CLIJER


CLIMATE REPORT
NATIONAL WEATHER SERVICE BOISE ID
230 AM MST SUN NOV 19 2017


...................................

...THE JEROME ID CLIMATE SUMMARY FOR NOVEMBER 18 2017...

CLIMATE NORMAL PERIOD 1981 TO 2010
CLIMATE RECORD PERIOD 1915 TO 2017


WEATHER ITEM   OBSERVED TIME   RECORD YEAR NORMAL DEPARTURE LAST
                VALUE   (LST)  VALUE       VALUE  FROM      YEAR
                                                  NORMAL
..................................................................
TEMPERATURE (F)
 YESTERDAY
  MAXIMUM         43    324 PM  65    2008  44     -1       45
                                      1949
  MINIMUM         26    631 AM  10    2014  27     -1       23
  AVERAGE         35                        35      0       34

PRECIPITATION (IN)
  YESTERDAY        0.00          1.00 1983   0.04  -0.04     0.00
  MONTH TO DATE    1.08                      0.61   0.47      T
  SINCE OCT 1      1.68                      1.42   0.26     2.66
  SINCE JAN 1      9.21                      8.71   0.50     9.67

DEGREE DAYS
 HEATING
  YESTERDAY       30                        30      0       31
  MONTH TO DATE  443                       463    -20      301
  SINCE SEP 1   1196                      1129     67      874
  SINCE JUL 1   1197                      1162     35      896

 COOLING
  YESTERDAY        0                         0      0        0
  MONTH TO DATE    0                         0      0        0
  SINCE SEP 1    121                        45     76       30
  SINCE JAN 1    929                       510    419      612
..................................................................


WIND (MPH)
  HIGHEST WIND SPEED    18   HIGHEST WIND DIRECTION    NE (40)
  HIGHEST GUST SPEED    21   HIGHEST GUST DIRECTION    NE (40)
  AVERAGE WIND SPEED     8.0


SKY COVER
  AVERAGE SKY COVER 0.0


WEATHER CONDITIONS
 THE FOLLOWING WEATHER WAS RECORDED YESTERDAY.
  NO SIGNIFICANT WEATHER WAS OBSERVED.


RELATIVE HUMIDITY (PERCENT)
 HIGHEST    81           500 AM
 LOWEST     39           300 PM
 AVERAGE    60

..........................................................


THE JEROME ID CLIMATE NORMALS FOR TODAY
                         NORMAL    RECORD    YEAR
 MAXIMUM TEMPERATURE (F)   43        64      1966
 MINIMUM TEMPERATURE (F)   27         9      1985


SUNRISE AND SUNSET
NOVEMBER 19 2017......SUNRISE   735 AM MST   SUNSET   511 PM MST
NOVEMBER 20 2017......SUNRISE   736 AM MST   SUNSET   511 PM MST


-  INDICATES NEGATIVE NUMBERS.
R  INDICATES RECORD WAS SET OR TIED.
MM INDICATES DATA IS MISSING.
T  INDICATES TRACE AMOUNT.




$$
