000
CDUS45 KBOI 290933
CLIJER


CLIMATE REPORT
NATIONAL WEATHER SERVICE BOISE ID
332 AM MDT TUE JUL 29 2014


...................................

...THE JEROME ID CLIMATE SUMMARY FOR JULY 28 2014...

CLIMATE NORMAL PERIOD 1981 TO 2010
CLIMATE RECORD PERIOD 1919 TO 2014


WEATHER ITEM   OBSERVED TIME   RECORD YEAR NORMAL DEPARTURE LAST
                VALUE   (LST)  VALUE       VALUE  FROM      YEAR
                                                  NORMAL
..................................................................
TEMPERATURE (F)
 YESTERDAY
  MAXIMUM         91    154 PM 105    1996  88      3       86
  MINIMUM         67    303 AM  43    1949  57     10       57
  AVERAGE         79                        73      6       72

PRECIPITATION (IN)
  YESTERDAY        0.00          0.07 1984   0.01  -0.01      T
  MONTH TO DATE    T                         0.20  -0.20      T
  SINCE OCT 1      5.63                     10.09  -4.46     5.82
  SINCE JAN 1      5.03                      6.57  -1.54     2.52

DEGREE DAYS
 HEATING
  YESTERDAY        0                         0      0        0
  MONTH TO DATE    0                        10    -10        0
  SINCE JUN 1     74                       117    -43       78
  SINCE JUL 1      0                        10    -10        0

 COOLING
  YESTERDAY       14                         8      6        7
  MONTH TO DATE  340                       180    160      345
  SINCE JUN 1    385                       248    137      475
  SINCE JAN 1    395                       261    134      490
..................................................................


WIND (MPH)
  HIGHEST WIND SPEED    20   HIGHEST WIND DIRECTION     E (70)
  HIGHEST GUST SPEED    28   HIGHEST GUST DIRECTION     E (70)
  AVERAGE WIND SPEED     7.1


SKY COVER
  AVERAGE SKY COVER 0.1


WEATHER CONDITIONS
 THE FOLLOWING WEATHER WAS RECORDED YESTERDAY.
  NO SIGNIFICANT WEATHER WAS OBSERVED.


RELATIVE HUMIDITY (PERCENT)
 HIGHEST    57          1100 PM
 LOWEST     26           200 PM
 AVERAGE    42

..........................................................


THE JEROME ID CLIMATE NORMALS FOR TODAY
                         NORMAL    RECORD    YEAR
 MAXIMUM TEMPERATURE (F)   88       103      1995
 MINIMUM TEMPERATURE (F)   57        43      1950


SUNRISE AND SUNSET
JULY 29 2014..........SUNRISE   626 AM MDT   SUNSET   902 PM MDT
JULY 30 2014..........SUNRISE   627 AM MDT   SUNSET   900 PM MDT


-  INDICATES NEGATIVE NUMBERS.
R  INDICATES RECORD WAS SET OR TIED.
MM INDICATES DATA IS MISSING.
T  INDICATES TRACE AMOUNT.




$$
