000
CDUS45 KBOI 290931
CLIJER


CLIMATE REPORT
NATIONAL WEATHER SERVICE BOISE ID
231 AM MST THU JAN 29 2015


...................................

...THE JEROME ID CLIMATE SUMMARY FOR JANUARY 28 2015...

CLIMATE NORMAL PERIOD 1981 TO 2010
CLIMATE RECORD PERIOD 1919 TO 2015


WEATHER ITEM   OBSERVED TIME   RECORD YEAR NORMAL DEPARTURE LAST
                VALUE   (LST)  VALUE       VALUE  FROM      YEAR
                                                  NORMAL
..................................................................
TEMPERATURE (F)
 YESTERDAY
  MAXIMUM         41    509 PM  53    2003  34      7       32
  MINIMUM         33   1159 PM -11    1980  20     13       17
  AVERAGE         37                        27     10       25

PRECIPITATION (IN)
  YESTERDAY        T             0.70 1959   0.02  -0.02     0.00
  MONTH TO DATE    1.19                      0.99   0.20     0.26
  SINCE OCT 1      4.09                      4.51  -0.42     0.86
  SINCE JAN 1      1.19                      0.99   0.20     0.26

DEGREE DAYS
 HEATING
  YESTERDAY       28                        38    -10       40
  MONTH TO DATE 1002                      1082    -80      968
  SINCE DEC 1   1951                      2261   -310     2269
  SINCE JUL 1   3287                      3812   -525     3752

 COOLING
  YESTERDAY        0                         0      0        0
  MONTH TO DATE    0                         0      0        0
  SINCE DEC 1      0                         0      0        0
  SINCE JAN 1      0                         0      0        0
..................................................................


WIND (MPH)
  HIGHEST WIND SPEED    15   HIGHEST WIND DIRECTION    NE (40)
  HIGHEST GUST SPEED    18   HIGHEST GUST DIRECTION    NE (40)
  AVERAGE WIND SPEED     8.3


SKY COVER
  AVERAGE SKY COVER 1.0


WEATHER CONDITIONS
 THE FOLLOWING WEATHER WAS RECORDED YESTERDAY.
  LIGHT RAIN
  FOG
  FOG W/VISIBILITY <= 1/4 MILE


RELATIVE HUMIDITY (PERCENT)
 HIGHEST   100           600 AM
 LOWEST     85           400 PM
 AVERAGE    93

..........................................................


THE JEROME ID CLIMATE NORMALS FOR TODAY
                         NORMAL    RECORD    YEAR
 MAXIMUM TEMPERATURE (F)   34        53      1998
 MINIMUM TEMPERATURE (F)   20       -16      1949


SUNRISE AND SUNSET
JANUARY 29 2015.......SUNRISE   755 AM MST   SUNSET   547 PM MST
JANUARY 30 2015.......SUNRISE   754 AM MST   SUNSET   548 PM MST


-  INDICATES NEGATIVE NUMBERS.
R  INDICATES RECORD WAS SET OR TIED.
MM INDICATES DATA IS MISSING.
T  INDICATES TRACE AMOUNT.




$$
