000
CDUS45 KBOI 020933
CLIJER


CLIMATE REPORT
NATIONAL WEATHER SERVICE BOISE ID
233 AM MST FRI DEC 2 2016


...................................

...THE JEROME ID CLIMATE SUMMARY FOR DECEMBER 1 2016...

CLIMATE NORMAL PERIOD 1981 TO 2010
CLIMATE RECORD PERIOD 1915 TO 2016


WEATHER ITEM   OBSERVED TIME   RECORD YEAR NORMAL DEPARTURE LAST
                VALUE   (LST)  VALUE       VALUE  FROM      YEAR
                                                  NORMAL
..................................................................
TEMPERATURE (F)
 YESTERDAY
  MAXIMUM         38    139 PM  65    1999  38      0       17
  MINIMUM         23   1159 PM  -1    2015  22      1       -1
  AVERAGE         31                        30      1        8

PRECIPITATION (IN)
  YESTERDAY        0.00          0.77 1917   0.05  -0.05      T
  MONTH TO DATE    0.00                      0.05  -0.05      T
  SINCE OCT 1      2.88                      2.08   0.80     3.25
  SINCE JAN 1      9.89                      9.37   0.52    10.55

DEGREE DAYS
 HEATING
  YESTERDAY       34                        35     -1       57
  MONTH TO DATE   34                        35     -1       57
  SINCE DEC 1     34                        35     -1       57
  SINCE JUL 1   1260                      1586   -326     1390

 COOLING
  YESTERDAY        0                         0      0        0
  MONTH TO DATE    0                         0      0        0
  SINCE DEC 1      0                         0      0        0
  SINCE JAN 1    612                       510    102      713
..................................................................


WIND (MPH)
  HIGHEST WIND SPEED    24   HIGHEST WIND DIRECTION     W (250)
  HIGHEST GUST SPEED    29   HIGHEST GUST DIRECTION    SW (240)
  AVERAGE WIND SPEED    13.5


SKY COVER
  AVERAGE SKY COVER 0.8


WEATHER CONDITIONS
 THE FOLLOWING WEATHER WAS RECORDED YESTERDAY.
  FOG


RELATIVE HUMIDITY (PERCENT)
 HIGHEST   100           100 AM
 LOWEST     59           200 PM
 AVERAGE    80

..........................................................


THE JEROME ID CLIMATE NORMALS FOR TODAY
                         NORMAL    RECORD    YEAR
 MAXIMUM TEMPERATURE (F)   37        63      1995
 MINIMUM TEMPERATURE (F)   22         7      1967


SUNRISE AND SUNSET
DECEMBER  2 2016......SUNRISE   750 AM MST   SUNSET   505 PM MST
DECEMBER  3 2016......SUNRISE   751 AM MST   SUNSET   504 PM MST


-  INDICATES NEGATIVE NUMBERS.
R  INDICATES RECORD WAS SET OR TIED.
MM INDICATES DATA IS MISSING.
T  INDICATES TRACE AMOUNT.




$$
