000
CDUS45 KBOI 220932
CLIJER


CLIMATE REPORT
NATIONAL WEATHER SERVICE BOISE ID
332 AM MDT FRI AUG 22 2014


...................................

...THE JEROME ID CLIMATE SUMMARY FOR AUGUST 21 2014...

CLIMATE NORMAL PERIOD 1981 TO 2010
CLIMATE RECORD PERIOD 1919 TO 2014


WEATHER ITEM   OBSERVED TIME   RECORD YEAR NORMAL DEPARTURE LAST
                VALUE   (LST)  VALUE       VALUE  FROM      YEAR
                                                  NORMAL
..................................................................
TEMPERATURE (F)
 YESTERDAY
  MAXIMUM         79    327 PM 101    1969  85     -6       86
  MINIMUM         57    625 AM  42    1968  54      3       66
  AVERAGE         68                        69     -1       76

PRECIPITATION (IN)
  YESTERDAY        0.10          0.29 1993   0.00   0.10     0.00
  MONTH TO DATE    2.99                      0.16   2.83      T
  SINCE OCT 1      8.64                     10.28  -1.64     5.82
  SINCE JAN 1      8.04                      6.76   1.28     2.52

DEGREE DAYS
 HEATING
  YESTERDAY        0                         1     -1        0
  MONTH TO DATE    5                         3      2        0
  SINCE JUN 1     79                       122    -43       78
  SINCE JUL 1      5                        15    -10        0

 COOLING
  YESTERDAY        3                         5     -2       11
  MONTH TO DATE  154                       139     15      206
  SINCE JUN 1    571                       409    162      712
  SINCE JAN 1    581                       422    159      727
..................................................................


WIND (MPH)
  HIGHEST WIND SPEED    25   HIGHEST WIND DIRECTION     S (190)
  HIGHEST GUST SPEED    33   HIGHEST GUST DIRECTION     S (190)
  AVERAGE WIND SPEED     8.1


SKY COVER
  AVERAGE SKY COVER 0.4


WEATHER CONDITIONS
 THE FOLLOWING WEATHER WAS RECORDED YESTERDAY.
  LIGHT RAIN


RELATIVE HUMIDITY (PERCENT)
 HIGHEST    93           600 AM
 LOWEST     39           300 PM
 AVERAGE    66

..........................................................


THE JEROME ID CLIMATE NORMALS FOR TODAY
                         NORMAL    RECORD    YEAR
 MAXIMUM TEMPERATURE (F)   85       105      1969
 MINIMUM TEMPERATURE (F)   53        40      1954


SUNRISE AND SUNSET
AUGUST 22 2014........SUNRISE   652 AM MDT   SUNSET   829 PM MDT
AUGUST 23 2014........SUNRISE   653 AM MDT   SUNSET   827 PM MDT


-  INDICATES NEGATIVE NUMBERS.
R  INDICATES RECORD WAS SET OR TIED.
MM INDICATES DATA IS MISSING.
T  INDICATES TRACE AMOUNT.




$$
