000
CDUS45 KBOI 170932
CLIJER


CLIMATE REPORT
NATIONAL WEATHER SERVICE BOISE ID
232 AM MST WED JAN 17 2018


...................................

...THE JEROME ID CLIMATE SUMMARY FOR JANUARY 16 2018...

CLIMATE NORMAL PERIOD 1981 TO 2010
CLIMATE RECORD PERIOD 1915 TO 2018


WEATHER ITEM   OBSERVED TIME   RECORD YEAR NORMAL DEPARTURE LAST
                VALUE   (LST)  VALUE       VALUE  FROM      YEAR
                                                  NORMAL
..................................................................
TEMPERATURE (F)
 YESTERDAY
  MAXIMUM         44    211 PM  52    1974  33     11       13
  MINIMUM         31    826 AM -19    1917  20     11       -1
  AVERAGE         38                        26     12        6

PRECIPITATION (IN)
  YESTERDAY        T             0.71 1970   0.03  -0.03      T
  MONTH TO DATE    0.78                      0.72   0.06     0.86
  SINCE OCT 1      3.33                      4.24  -0.91     5.38
  SINCE JAN 1      0.78                      0.72   0.06     0.86

DEGREE DAYS
 HEATING
  YESTERDAY       27                        39    -12       59
  MONTH TO DATE  464                       624   -160      642
  SINCE DEC 1   1627                      1803   -176     1931
  SINCE JUL 1   3083                      3354   -271     3157

 COOLING
  YESTERDAY        0                         0      0        0
  MONTH TO DATE    0                         0      0        0
  SINCE DEC 1      0                         0      0        0
  SINCE JAN 1      0                         0      0        0
..................................................................


WIND (MPH)
  HIGHEST WIND SPEED    30   HIGHEST WIND DIRECTION    NE (50)
  HIGHEST GUST SPEED    36   HIGHEST GUST DIRECTION    NE (50)
  AVERAGE WIND SPEED    14.6


SKY COVER
  AVERAGE SKY COVER 0.5


WEATHER CONDITIONS
 THE FOLLOWING WEATHER WAS RECORDED YESTERDAY.
  LIGHT RAIN


RELATIVE HUMIDITY (PERCENT)
 HIGHEST    89           700 PM
 LOWEST     53           100 PM
 AVERAGE    71

..........................................................


THE JEROME ID CLIMATE NORMALS FOR TODAY
                         NORMAL    RECORD    YEAR
 MAXIMUM TEMPERATURE (F)   33        59      2000
 MINIMUM TEMPERATURE (F)   20       -18      1917


SUNRISE AND SUNSET
JANUARY 17 2018.......SUNRISE   804 AM MST   SUNSET   532 PM MST
JANUARY 18 2018.......SUNRISE   804 AM MST   SUNSET   533 PM MST


-  INDICATES NEGATIVE NUMBERS.
R  INDICATES RECORD WAS SET OR TIED.
MM INDICATES DATA IS MISSING.
T  INDICATES TRACE AMOUNT.




$$
