000
CDUS45 KBOI 250933
CLIJER


CLIMATE REPORT
NATIONAL WEATHER SERVICE BOISE ID
332 AM MDT WED MAY 25 2016


...................................

...THE JEROME ID CLIMATE SUMMARY FOR MAY 24 2016...

CLIMATE NORMAL PERIOD 1981 TO 2010
CLIMATE RECORD PERIOD 1915 TO 2016


WEATHER ITEM   OBSERVED TIME   RECORD YEAR NORMAL DEPARTURE LAST
                VALUE   (LST)  VALUE       VALUE  FROM      YEAR
                                                  NORMAL
..................................................................
TEMPERATURE (F)
 YESTERDAY
  MAXIMUM         68    407 PM  94    2001  70     -2       69
                                      1934
  MINIMUM         41    326 AM  31    1950  45     -4       47
  AVERAGE         55                        57     -2       58

PRECIPITATION (IN)
  YESTERDAY        0.00          1.01 2015   0.03  -0.03     1.01
  MONTH TO DATE    1.29                      1.05   0.24     3.11
  SINCE OCT 1      9.84                      8.93   0.91     8.02
  SINCE JAN 1      5.25                      5.41  -0.16     5.12

DEGREE DAYS
 HEATING
  YESTERDAY       10                         8      2        7
  MONTH TO DATE  219                       272    -53      206
  SINCE MAR 1   1280                      1588   -308     1268
  SINCE JUL 1   5819                      6475   -656     5310

 COOLING
  YESTERDAY        0                         1     -1        0
  MONTH TO DATE    3                         3      0        0
  SINCE MAR 1      4                         3      1        0
  SINCE JAN 1      4                         3      1        0
..................................................................


WIND (MPH)
  HIGHEST WIND SPEED    15   HIGHEST WIND DIRECTION     S (180)
  HIGHEST GUST SPEED    20   HIGHEST GUST DIRECTION     S (170)
  AVERAGE WIND SPEED     7.2


SKY COVER
  AVERAGE SKY COVER 0.5


WEATHER CONDITIONS
 THE FOLLOWING WEATHER WAS RECORDED YESTERDAY.
  NO SIGNIFICANT WEATHER WAS OBSERVED.


RELATIVE HUMIDITY (PERCENT)
 HIGHEST    89           200 AM
 LOWEST     32           400 PM
 AVERAGE    61

..........................................................


THE JEROME ID CLIMATE NORMALS FOR TODAY
                         NORMAL    RECORD    YEAR
 MAXIMUM TEMPERATURE (F)   71        98      2001
 MINIMUM TEMPERATURE (F)   45        24      1920


SUNRISE AND SUNSET
MAY 25 2016...........SUNRISE   606 AM MDT   SUNSET   904 PM MDT
MAY 26 2016...........SUNRISE   606 AM MDT   SUNSET   905 PM MDT


-  INDICATES NEGATIVE NUMBERS.
R  INDICATES RECORD WAS SET OR TIED.
MM INDICATES DATA IS MISSING.
T  INDICATES TRACE AMOUNT.




$$
