659
CDUS45 KBOI 060931
CLIJER


CLIMATE REPORT
NATIONAL WEATHER SERVICE BOISE ID
230 AM MST SAT FEB 6 2016


...................................

...THE JEROME ID CLIMATE SUMMARY FOR FEBRUARY 5 2016...

CLIMATE NORMAL PERIOD 1981 TO 2010
CLIMATE RECORD PERIOD 1919 TO 2016


WEATHER ITEM   OBSERVED TIME   RECORD YEAR NORMAL DEPARTURE LAST
                VALUE   (LST)  VALUE       VALUE  FROM      YEAR
                                                  NORMAL
..................................................................
TEMPERATURE (F)
 YESTERDAY
  MAXIMUM         31    618 AM  61    2015  36     -5       61
  MINIMUM         20   1159 PM -13    1982  21     -1       34
  AVERAGE         26                        28     -2       48

PRECIPITATION (IN)
  YESTERDAY        0.00          0.26 1996   0.03  -0.03     0.00
  MONTH TO DATE    0.01                      0.14  -0.13     0.28
  SINCE OCT 1      5.81                      4.72   1.09     4.37
  SINCE JAN 1      1.22                      1.20   0.02     1.47

DEGREE DAYS
 HEATING
  YESTERDAY       39                        37      2       17
  MONTH TO DATE  215                       185     30      116
  SINCE DEC 1   2552                      2559     -7     2154
  SINCE JUL 1   3885                      4110   -225     3490

 COOLING
  YESTERDAY        0                         0      0        0
  MONTH TO DATE    0                         0      0        0
  SINCE DEC 1      0                         0      0        0
  SINCE JAN 1      0                         0      0        0
..................................................................


WIND (MPH)
  HIGHEST WIND SPEED    25   HIGHEST WIND DIRECTION    NE (30)
  HIGHEST GUST SPEED    29   HIGHEST GUST DIRECTION    NE (40)
  AVERAGE WIND SPEED    14.6


SKY COVER
  AVERAGE SKY COVER 0.7


WEATHER CONDITIONS
 THE FOLLOWING WEATHER WAS RECORDED YESTERDAY.
  FOG


RELATIVE HUMIDITY (PERCENT)
 HIGHEST    96           300 AM
 LOWEST     78          1200 AM
 AVERAGE    87

..........................................................


THE JEROME ID CLIMATE NORMALS FOR TODAY
                         NORMAL    RECORD    YEAR
 MAXIMUM TEMPERATURE (F)   36        63      1963
 MINIMUM TEMPERATURE (F)   21       -13      1982


SUNRISE AND SUNSET
FEBRUARY  6 2016......SUNRISE   747 AM MST   SUNSET   557 PM MST
FEBRUARY  7 2016......SUNRISE   746 AM MST   SUNSET   559 PM MST


-  INDICATES NEGATIVE NUMBERS.
R  INDICATES RECORD WAS SET OR TIED.
MM INDICATES DATA IS MISSING.
T  INDICATES TRACE AMOUNT.




$$
