000
CDUS41 KOKX 312038
CLIJFK


CLIMATE REPORT
NATIONAL WEATHER SERVICE NEW YORK NY
437 PM EDT TUE MAY 31 2016


...................................

...THE KENNEDY NY CLIMATE SUMMARY FOR MAY 31 2016...
VALID TODAY AS OF 0400 PM LOCAL TIME.

CLIMATE NORMAL PERIOD 1981 TO 2010
CLIMATE RECORD PERIOD 1949 TO 2016


WEATHER ITEM   OBSERVED TIME   RECORD YEAR NORMAL DEPARTURE LAST
                VALUE   (LST)  VALUE       VALUE  FROM      YEAR
                                                  NORMAL
..................................................................
TEMPERATURE (F)
 TODAY
  MAXIMUM         79    108 PM  92    1988  73      6       79
  MINIMUM         66    612 AM  48    1977  58      8       63
                                      1966
  AVERAGE         73                        65      8       71

PRECIPITATION (IN)
  TODAY            0.00          1.37 1993   0.14  -0.14     0.02
  MONTH TO DATE    3.71                      3.94  -0.23     0.46
  SINCE MAR 1      6.34                     11.59  -5.25     6.95
  SINCE JAN 1     14.98                     17.34  -2.36    14.61

SNOWFALL (IN)
  TODAY            0.0          MM      MM   0.0    0.0      0.0
  MONTH TO DATE    0.0                       0.0    0.0      0.0
  SINCE OCT 1     41.4                      23.8   17.6     44.2
  SINCE JUL 1     41.4                      23.8   17.6     44.2
  SNOW DEPTH       0

DEGREE DAYS
 HEATING
  TODAY            0                         2     -2        0
  MONTH TO DATE  192                       167     25       77
  SINCE MAR 1   1136                      1307   -171     1279
  SINCE JUL 1   3890                      4818   -928     4971

 COOLING
  TODAY            8                         3      5        6
  MONTH TO DATE   51                        32     19       60
  SINCE MAR 1     51                        35     16       60
  SINCE JAN 1     51                        35     16       60
..................................................................


WIND (MPH)
  HIGHEST WIND SPEED    12   HIGHEST WIND DIRECTION     S (180)
  HIGHEST GUST SPEED    15   HIGHEST GUST DIRECTION     S (170)
  AVERAGE WIND SPEED     6.0


SKY COVER
  AVERAGE SKY COVER 0.8


WEATHER CONDITIONS
 THE FOLLOWING WEATHER WAS RECORDED TODAY.
  FOG


RELATIVE HUMIDITY (PERCENT)
 HIGHEST    93          1200 AM
 LOWEST     69           100 PM
 AVERAGE    81

..........................................................


THE KENNEDY NY CLIMATE NORMALS FOR TOMORROW
                         NORMAL    RECORD    YEAR
 MAXIMUM TEMPERATURE (F)   74        93      1989
 MINIMUM TEMPERATURE (F)   58        45      1967


SUNRISE AND SUNSET
MAY 31 2016...........SUNRISE   527 AM EDT   SUNSET   820 PM EDT
JUNE  1 2016..........SUNRISE   526 AM EDT   SUNSET   820 PM EDT


-  INDICATES NEGATIVE NUMBERS.
R  INDICATES RECORD WAS SET OR TIED.
MM INDICATES DATA IS MISSING.
T  INDICATES TRACE AMOUNT.




$$
