000
CDUS41 KOKX 250620
CLIJFK


CLIMATE REPORT
NATIONAL WEATHER SERVICE NEW YORK NY
117 AM EST SAT FEB 25 2017


...................................

...THE KENNEDY NY CLIMATE SUMMARY FOR FEBRUARY 24 2017...

CLIMATE NORMAL PERIOD 1981 TO 2010
CLIMATE RECORD PERIOD 1948 TO 2017


WEATHER ITEM   OBSERVED TIME   RECORD YEAR NORMAL DEPARTURE LAST
                VALUE   (LST)  VALUE       VALUE  FROM      YEAR
                                                  NORMAL
..................................................................
TEMPERATURE (F)
 YESTERDAY
  MAXIMUM         62R   154 PM  60    1984  44     18       58
                                      1961
  MINIMUM         45    654 AM   7    2015  30     15       38
  AVERAGE         54                        36     18       48

PRECIPITATION (IN)
  YESTERDAY        0.00          1.42 1975   0.10  -0.10     1.05
  MONTH TO DATE    1.24                      2.18  -0.94     3.95
  SINCE DEC 1      8.94                      8.73   0.21    13.33
  SINCE JAN 1      5.88                      5.34   0.54     8.54

SNOWFALL (IN)
  YESTERDAY        0.0           4.0  2005   0.3   -0.3     MM
  MONTH TO DATE    8.4                       7.3    1.1      8.1
  SINCE OCT 1     23.4                      18.5    4.9     39.5
  SINCE JUL 1     23.4                      18.5    4.9     39.5
  SNOW DEPTH       0

DEGREE DAYS
 HEATING
  YESTERDAY       11                        28    -17       17
  MONTH TO DATE  614                       730   -116      678
  SINCE DEC 1   2208                      2576   -368     2055
  SINCE JUL 1   2848                      3400   -552     2646

 COOLING
  YESTERDAY        0                         0      0        0
  MONTH TO DATE    0                         0      0        0
  SINCE DEC 1      0                         0      0        0
  SINCE JAN 1      0                         0      0        0
..................................................................


WIND (MPH)
  HIGHEST WIND SPEED    26   HIGHEST WIND DIRECTION     S (180)
  HIGHEST GUST SPEED    33   HIGHEST GUST DIRECTION     S (180)
  AVERAGE WIND SPEED    11.2


SKY COVER
  POSSIBLE SUNSHINE  MM
  AVERAGE SKY COVER 0.5


WEATHER CONDITIONS
 THE FOLLOWING WEATHER WAS RECORDED YESTERDAY.
  FOG
  FOG W/VISIBILITY <= 1/4 MILE


RELATIVE HUMIDITY (PERCENT)
 HIGHEST   100           100 AM
 LOWEST     67           200 PM
 AVERAGE    84

..........................................................


THE KENNEDY NY CLIMATE NORMALS FOR TODAY
                         NORMAL    RECORD    YEAR
 MAXIMUM TEMPERATURE (F)   44        65      1996
 MINIMUM TEMPERATURE (F)   30        12      1990
                                             1967


SUNRISE AND SUNSET
FEBRUARY 25 2017......SUNRISE   635 AM EST   SUNSET   542 PM EST
FEBRUARY 26 2017......SUNRISE   633 AM EST   SUNSET   543 PM EST


-  INDICATES NEGATIVE NUMBERS.
R  INDICATES RECORD WAS SET OR TIED.
MM INDICATES DATA IS MISSING.
T  INDICATES TRACE AMOUNT.




$$
