000
CDUS41 KOKX 180616
CLIJFK


CLIMATE REPORT
NATIONAL WEATHER SERVICE NEW YORK NY
215 AM EDT WED OCT 18 2017


...................................

...THE KENNEDY NY CLIMATE SUMMARY FOR OCTOBER 17 2017...

CLIMATE NORMAL PERIOD 1981 TO 2010
CLIMATE RECORD PERIOD 1948 TO 2017


WEATHER ITEM   OBSERVED TIME   RECORD YEAR NORMAL DEPARTURE LAST
                VALUE   (LST)  VALUE       VALUE  FROM      YEAR
                                                  NORMAL
..................................................................
TEMPERATURE (F)
 YESTERDAY
  MAXIMUM         60    200 PM  82    1963  64     -4       75
  MINIMUM         42    449 AM  38    1970  49     -7       61
  AVERAGE         51                        57     -6       68

PRECIPITATION (IN)
  YESTERDAY        0.00          1.03 2006   0.11  -0.11      T
  MONTH TO DATE    0.50                      2.06  -1.56     1.35
  SINCE SEP 1      2.70                      5.56  -2.86     4.22
  SINCE JAN 1     35.95                     34.52   1.43    27.49

SNOWFALL (IN)
  YESTERDAY        0.0          MM      MM   0.0    0.0      0.0
  MONTH TO DATE    0.0                       0.0    0.0      0.0
  SINCE OCT 1      0.0                       0.0    0.0      0.0
  SINCE JUL 1      0.0                       0.0    0.0      0.0
  SNOW DEPTH       0

DEGREE DAYS
 HEATING
  YESTERDAY       14                         9      5        0
  MONTH TO DATE   43                       108    -65       82
  SINCE SEP 1     55                       146    -91       95
  SINCE JUL 1     55                       147    -92       95

 COOLING
  YESTERDAY        0                         0      0        3
  MONTH TO DATE   60                        12     48        5
  SINCE SEP 1    244                       142    102      210
  SINCE JAN 1   1167                      1003    164     1347
..................................................................


WIND (MPH)
  HIGHEST WIND SPEED    18   HIGHEST WIND DIRECTION     N (360)
  HIGHEST GUST SPEED    23   HIGHEST GUST DIRECTION     N (360)
  AVERAGE WIND SPEED    10.5


SKY COVER
  POSSIBLE SUNSHINE  MM
  AVERAGE SKY COVER 0.1


WEATHER CONDITIONS
 THE FOLLOWING WEATHER WAS RECORDED YESTERDAY.
  NO SIGNIFICANT WEATHER WAS OBSERVED.


RELATIVE HUMIDITY (PERCENT)
 HIGHEST    76           600 AM
 LOWEST     31           200 PM
 AVERAGE    54

..........................................................


THE KENNEDY NY CLIMATE NORMALS FOR TODAY
                         NORMAL    RECORD    YEAR
 MAXIMUM TEMPERATURE (F)   64        77      1964
 MINIMUM TEMPERATURE (F)   49        37      1978
                                             1974


SUNRISE AND SUNSET
OCTOBER 18 2017.......SUNRISE   710 AM EDT   SUNSET   610 PM EDT
OCTOBER 19 2017.......SUNRISE   711 AM EDT   SUNSET   609 PM EDT


-  INDICATES NEGATIVE NUMBERS.
R  INDICATES RECORD WAS SET OR TIED.
MM INDICATES DATA IS MISSING.
T  INDICATES TRACE AMOUNT.




$$
