000
CDUS43 KJKL 202124
CLIJKL

CLIMATE REPORT
NATIONAL WEATHER SERVICE JACKSON KY
424 PM EST SAT DEC 20 2014

...................................

...THE JACKSON KY CLIMATE SUMMARY FOR DECEMBER 20 2014...
VALID TODAY AS OF 0400 PM LOCAL TIME.

CLIMATE NORMAL PERIOD 1981 TO 2010
CLIMATE RECORD PERIOD 1981 TO 2014

WEATHER ITEM   OBSERVED TIME   RECORD YEAR NORMAL DEPARTURE LAST
                VALUE   (LST)  VALUE       VALUE  FROM      YEAR
                                                  NORMAL
..................................................................
TEMPERATURE (F)
 TODAY
  MAXIMUM         38    356 PM  64    2013  45     -7       64
  MINIMUM         27    820 AM   3    2004  29     -2       49
  AVERAGE         33                        37     -4       57

PRECIPITATION (IN)
  TODAY            0.00          1.20 1992   0.13  -0.13      T
  MONTH TO DATE    1.63                      2.77  -1.14     4.71
  SINCE DEC 1      1.63                      2.77  -1.14     4.71
  SINCE JAN 1     53.02                     46.93   6.09    54.34

SNOWFALL (IN)
  TODAY            0.0                       0.2   -0.2      0.0
  MONTH TO DATE    T                         2.7   -2.7      1.2
  SINCE DEC 1      T                         2.7   -2.7      1.2
  SINCE JUL 1      1.2                       3.3   -2.1      4.1
  SNOW DEPTH       0

DEGREE DAYS
 HEATING
  TODAY           32                        28      4        8
  MONTH TO DATE  504                       514    -10      489
  SINCE DEC 1    504                       514    -10      489
  SINCE JUL 1   1494                      1314    180     1376

 COOLING
  TODAY            0                         0      0        0
  MONTH TO DATE    0                         0      0        0
  SINCE DEC 1      0                         0      0        0
  SINCE JAN 1   1165                      1154     11     1069
..................................................................

WIND (MPH)
  HIGHEST WIND SPEED     7   HIGHEST WIND DIRECTION    NE (50)
  HIGHEST GUST SPEED    10   HIGHEST GUST DIRECTION    NE (40)
  AVERAGE WIND SPEED     1.6

SKY COVER
  POSSIBLE SUNSHINE  MM
  AVERAGE SKY COVER 0.8

WEATHER CONDITIONS
 THE FOLLOWING WEATHER WAS RECORDED TODAY.
  NO SIGNIFICANT WEATHER WAS OBSERVED.

RELATIVE HUMIDITY (PERCENT)
 HIGHEST    81          1200 AM
 LOWEST     59           200 PM
 AVERAGE    70

..........................................................

THE JACKSON KY CLIMATE NORMALS FOR TOMORROW
                         NORMAL    RECORD    YEAR
 MAXIMUM TEMPERATURE (F)   45        73      2013
 MINIMUM TEMPERATURE (F)   29        -4      1989

SUNRISE AND SUNSET
DECEMBER 20 2014......SUNRISE   744 AM EST   SUNSET   518 PM EST
DECEMBER 21 2014......SUNRISE   744 AM EST   SUNSET   518 PM EST

-  INDICATES NEGATIVE NUMBERS.
R  INDICATES RECORD WAS SET OR TIED.
MM INDICATES DATA IS MISSING.
T  INDICATES TRACE AMOUNT.

$$

CARICO
