000
CDUS43 KJKL 230554
CLIJKL

CLIMATE REPORT
NATIONAL WEATHER SERVICE JACKSON KY
1253 AM EST SUN NOV 23 2014

...................................

...THE JACKSON KY CLIMATE SUMMARY FOR NOVEMBER 22 2014...

CLIMATE NORMAL PERIOD 1981 TO 2010
CLIMATE RECORD PERIOD 1981 TO 2014


WEATHER ITEM   OBSERVED TIME   RECORD YEAR NORMAL DEPARTURE LAST
                VALUE   (LST)  VALUE       VALUE  FROM      YEAR
                                                  NORMAL
..................................................................
TEMPERATURE (F)
 YESTERDAY
  MAXIMUM         63    233 PM  72    2010  55      8       59
                                      1999
                                      1983
  MINIMUM         29    140 AM  16    2008  37     -8       43
                                      2000
  AVERAGE         46                        46      0       51

PRECIPITATION (IN)
  YESTERDAY        0.00          2.99 1991   0.14  -0.14     0.43
  MONTH TO DATE    2.70                      2.85  -0.15     1.87
  SINCE SEP 1     12.82                      9.50   3.32     5.27
  SINCE JAN 1     51.12                     43.05   8.07    48.49

SNOWFALL (IN)
  YESTERDAY        0.0                       0.0    0.0      0.0
  MONTH TO DATE    1.0                       0.2    0.8      0.9
  SINCE SEP 1      1.0                       0.3    0.7      1.0
  SINCE JUL 1      1.0                       0.3    0.7      1.0
  SNOW DEPTH       0

DEGREE DAYS
 HEATING
  YESTERDAY       19                        19      0       14
  MONTH TO DATE  540                       336    204      351
  SINCE SEP 1    836                       631    205      619
  SINCE JUL 1    839                       633    206      621

 COOLING
  YESTERDAY        0                         0      0        0
  MONTH TO DATE    0                         0      0        0
  SINCE SEP 1    164                       172     -8      174
  SINCE JAN 1   1165                      1150     15     1069
..................................................................


WIND (MPH)
  HIGHEST WIND SPEED    10   HIGHEST WIND DIRECTION     S (190)
  HIGHEST GUST SPEED    18   HIGHEST GUST DIRECTION     S (190)
  AVERAGE WIND SPEED     4.6


SKY COVER
  POSSIBLE SUNSHINE  MM
  AVERAGE SKY COVER 0.3


WEATHER CONDITIONS
 THE FOLLOWING WEATHER WAS RECORDED YESTERDAY.
  NO SIGNIFICANT WEATHER WAS OBSERVED.


RELATIVE HUMIDITY (PERCENT)
 HIGHEST    43           100 AM
 LOWEST     24           300 PM
 AVERAGE    34

..........................................................


THE JACKSON KY CLIMATE NORMALS FOR TODAY
                         NORMAL    RECORD    YEAR
 MAXIMUM TEMPERATURE (F)   54        75      1999
 MINIMUM TEMPERATURE (F)   37        23      1994
                                             1984


SUNRISE AND SUNSET
NOVEMBER 23 2014......SUNRISE   721 AM EST   SUNSET   518 PM EST
NOVEMBER 24 2014......SUNRISE   722 AM EST   SUNSET   517 PM EST


-  INDICATES NEGATIVE NUMBERS.
R  INDICATES RECORD WAS SET OR TIED.
MM INDICATES DATA IS MISSING.
T  INDICATES TRACE AMOUNT.




$$
