000
CDUS43 KJKL 310612
CLIJKL

CLIMATE REPORT
NATIONAL WEATHER SERVICE JACKSON KY
212 AM EDT FRI OCT 31 2014


...................................

...THE JACKSON KY CLIMATE SUMMARY FOR OCTOBER 30 2014...

CLIMATE NORMAL PERIOD 1981 TO 2010
CLIMATE RECORD PERIOD 1981 TO 2014


WEATHER ITEM   OBSERVED TIME   RECORD YEAR NORMAL DEPARTURE LAST
                VALUE   (LST)  VALUE       VALUE  FROM      YEAR
                                                  NORMAL
..................................................................
TEMPERATURE (F)
 YESTERDAY
  MAXIMUM         56    245 PM  82    2009  64     -8       68
  MINIMUM         38    704 AM  30    2008  44     -6       55
  AVERAGE         47                        54     -7       62

PRECIPITATION (IN)
  YESTERDAY        0.00          0.76 2012   0.11  -0.11     0.47
  MONTH TO DATE    7.52                      3.08   4.44     2.12
  SINCE SEP 1      9.87                      6.54   3.33     3.39
  SINCE JAN 1     48.17                     40.09   8.08    46.61

SNOWFALL (IN)
  YESTERDAY        0.0                       0.0    0.0      0.0
  MONTH TO DATE    0.0                       0.1   -0.1      0.1
  SINCE SEP 1      0.0                       0.1   -0.1      0.1
  SINCE JUL 1      0.0                       0.1   -0.1      0.1
  SNOW DEPTH       0

DEGREE DAYS
 HEATING
  YESTERDAY       18                        11      7        3
  MONTH TO DATE  238                       233      5      240
  SINCE SEP 1    271                       283    -12      268
  SINCE JUL 1    274                       285    -11      270

COOLING
  YESTERDAY        0                         0      0        0
  MONTH TO DATE   19                        30    -11       42
  SINCE SEP 1    164                       173     -9      173
  SINCE JAN 1   1165                      1151     14     1068
..................................................................


WIND (MPH)
  HIGHEST WIND SPEED     7   HIGHEST WIND DIRECTION    NW (300)
  HIGHEST GUST SPEED    10   HIGHEST GUST DIRECTION    NW (330)
  AVERAGE WIND SPEED     0.7


SKY COVER
  POSSIBLE SUNSHINE  MM
  AVERAGE SKY COVER 0.1


WEATHER CONDITIONS
 THE FOLLOWING WEATHER WAS RECORDED YESTERDAY.
  NO SIGNIFICANT WEATHER WAS OBSERVED.


RELATIVE HUMIDITY (PERCENT)
 HIGHEST    85           700 AM
 LOWEST     46           300 PM
 AVERAGE    66

..........................................................


THE JACKSON KY CLIMATE NORMALS FOR TODAY
                         NORMAL    RECORD    YEAR
 MAXIMUM TEMPERATURE (F)   64        78      2003
                                             1987
                                             1984
 MINIMUM TEMPERATURE (F)   44        31      1993


SUNRISE AND SUNSET
OCTOBER 31 2014.......SUNRISE   757 AM EDT   SUNSET   636 PM EDT
NOVEMBER  1 2014......SUNRISE   758 AM EDT   SUNSET   635 PM EDT


-  INDICATES NEGATIVE NUMBERS.
R  INDICATES RECORD WAS SET OR TIED.
MM INDICATES DATA IS MISSING.
T  INDICATES TRACE AMOUNT.

$$
