000
CDUS43 KJKL 292019
CLIJKL

CLIMATE REPORT
NATIONAL WEATHER SERVICE JACKSON KY
419 PM EDT WED MAR 29 2017

...................................

...THE JACKSON KY CLIMATE SUMMARY FOR MARCH 29 2017...
VALID TODAY AS OF 0400 PM LOCAL TIME.

CLIMATE NORMAL PERIOD 1981 TO 2010
CLIMATE RECORD PERIOD 1981 TO 2017

WEATHER ITEM   OBSERVED TIME   RECORD YEAR NORMAL DEPARTURE LAST
                VALUE   (LST)  VALUE       VALUE  FROM      YEAR
                                                  NORMAL
..................................................................
TEMPERATURE (F)
 TODAY
  MAXIMUM         66    251 PM  84    1998  62      4       61
  MINIMUM         51    605 AM  23    2015  41     10       40
  AVERAGE         59                        52      7       51

PRECIPITATION (IN)
  TODAY            0.00          1.52 2014   0.14  -0.14     0.00
  MONTH TO DATE    3.78                      3.86  -0.08     2.01
  SINCE MAR 1      3.78                      3.86  -0.08     2.01
  SINCE JAN 1     11.35                     11.22   0.13    11.57

SNOWFALL (IN)
  TODAY            0.0           2.5  1991   0.0    0.0      0.0
  MONTH TO DATE    0.2                       2.8   -2.6      2.8
  SINCE MAR 1      0.2                       2.8   -2.6      2.8
  SINCE JUL 1      4.8                      22.4  -17.6     32.4
  SNOW DEPTH       0

DEGREE DAYS
 HEATING
  TODAY            6                        14     -8       14
  MONTH TO DATE  502                       527    -25      335
  SINCE MAR 1    502                       527    -25      335
  SINCE JUL 1   2994                      3827   -833     3089

 COOLING
  TODAY            0                         1     -1        0
  MONTH TO DATE    5                         1      4        7
  SINCE MAR 1      5                         1      4        7
  SINCE JAN 1      7                         1      6        7
..................................................................

WIND (MPH)
  HIGHEST WIND SPEED     7   HIGHEST WIND DIRECTION     E (90)
  HIGHEST GUST SPEED    12   HIGHEST GUST DIRECTION    NE (50)
  AVERAGE WIND SPEED     2.3

SKY COVER
  POSSIBLE SUNSHINE  MM
  AVERAGE SKY COVER 0.9

WEATHER CONDITIONS
 THE FOLLOWING WEATHER WAS RECORDED TODAY.
  NO SIGNIFICANT WEATHER WAS OBSERVED.

RELATIVE HUMIDITY (PERCENT)
 HIGHEST    93           300 AM
 LOWEST     56           300 PM
 AVERAGE    75
..........................................................

THE JACKSON KY CLIMATE NORMALS FOR TOMORROW
                         NORMAL    RECORD    YEAR
 MAXIMUM TEMPERATURE (F)   63        85      1998
 MINIMUM TEMPERATURE (F)   42        27      1991

SUNRISE AND SUNSET
MARCH 29 2017.........SUNRISE   723 AM EDT   SUNSET   754 PM EDT
MARCH 30 2017.........SUNRISE   721 AM EDT   SUNSET   755 PM EDT

-  INDICATES NEGATIVE NUMBERS.
R  INDICATES RECORD WAS SET OR TIED.
MM INDICATES DATA IS MISSING.
T  INDICATES TRACE AMOUNT.

$$

CARICO
