000
CDUS43 KJKL 010533
CLIJKL

CLIMATE REPORT
NATIONAL WEATHER SERVICE JACKSON KY
133 AM EDT WED OCT 1 2014

...................................

...THE JACKSON KY CLIMATE SUMMARY FOR SEPTEMBER 30 2014...

CLIMATE NORMAL PERIOD 1981 TO 2010
CLIMATE RECORD PERIOD 1981 TO 2014

WEATHER ITEM   OBSERVED TIME   RECORD YEAR NORMAL DEPARTURE LAST
                VALUE   (LST)  VALUE       VALUE  FROM      YEAR
                                                  NORMAL
..................................................................
TEMPERATURE (F)
 YESTERDAY
  MAXIMUM         80    413 PM  85    1986  73      7       75
  MINIMUM         57    719 AM  36    2003  53      4       56
  AVERAGE         69                        63      6       66

PRECIPITATION (IN)
  YESTERDAY        0.00          0.60 1989   0.12  -0.12     0.00
  MONTH TO DATE    2.35                      3.46  -1.11     1.27
  SINCE SEP 1      2.35                      3.46  -1.11     1.27
  SINCE JAN 1     40.65                     37.01   3.64    44.49

SNOWFALL (IN)
  YESTERDAY        0.0                       0.0    0.0      0.0
  MONTH TO DATE    0.0                       0.0    0.0      0.0
  SINCE SEP 1      0.0                       0.0    0.0      0.0
  SINCE JUL 1      0.0                       0.0    0.0      0.0
  SNOW DEPTH       0

DEGREE DAYS
 HEATING
  YESTERDAY        0                         4     -4        0
  MONTH TO DATE   33                        49    -16       28
  SINCE SEP 1     33                        50    -17       28
  SINCE JUL 1     36                        52    -16       30

 COOLING
  YESTERDAY        4                         2      2        1
  MONTH TO DATE  145                       143      2      131
  SINCE SEP 1    145                       143      2      131
  SINCE JAN 1   1146                      1121     25     1026
..................................................................

WIND (MPH)
  HIGHEST WIND SPEED     7   HIGHEST WIND DIRECTION    NW (320)
  HIGHEST GUST SPEED    10   HIGHEST GUST DIRECTION    NW (300)
  AVERAGE WIND SPEED     0.5

SKY COVER
  POSSIBLE SUNSHINE  MM
  AVERAGE SKY COVER 0.1

WEATHER CONDITIONS
 THE FOLLOWING WEATHER WAS RECORDED YESTERDAY.
  FOG

RELATIVE HUMIDITY (PERCENT)
 HIGHEST    93           100 AM
 LOWEST     43           100 PM
 AVERAGE    68

..........................................................

THE JACKSON KY CLIMATE NORMALS FOR TODAY
                         NORMAL    RECORD    YEAR
 MAXIMUM TEMPERATURE (F)   73        85      1994
 MINIMUM TEMPERATURE (F)   53        40      2011
                                             1993
                                             1992

SUNRISE AND SUNSET
OCTOBER  1 2014.......SUNRISE   729 AM EDT   SUNSET   716 PM EDT
OCTOBER  2 2014.......SUNRISE   730 AM EDT   SUNSET   715 PM EDT

-  INDICATES NEGATIVE NUMBERS.
R  INDICATES RECORD WAS SET OR TIED.
MM INDICATES DATA IS MISSING.
T  INDICATES TRACE AMOUNT.

$$

CARICO
