000
CDUS43 KJKL 140541
CLIJKL

CLIMATE REPORT
NATIONAL WEATHER SERVICE JACKSON KY
140 AM EDT MON JUL 14 2014


...................................

...THE JACKSON KY CLIMATE SUMMARY FOR JULY 13 2014...

CLIMATE NORMAL PERIOD 1981 TO 2010
CLIMATE RECORD PERIOD 1981 TO 2014


WEATHER ITEM   OBSERVED TIME   RECORD YEAR NORMAL DEPARTURE LAST
                VALUE   (LST)  VALUE       VALUE  FROM      YEAR
                                                  NORMAL
..................................................................
TEMPERATURE (F)
 YESTERDAY
  MAXIMUM         94    349 PM  95    1995  85      9       82
  MINIMUM         72    547 AM  59    2001  66      6       60
                                      1999
  AVERAGE         83                        76      7       71

PRECIPITATION (IN)
  YESTERDAY        T             2.38 1990   0.15  -0.15     0.61
  MONTH TO DATE    0.42                      1.89  -1.47     4.40
  SINCE JUN 1      3.54                      6.59  -3.05    10.76
  SINCE JAN 1     24.40                     27.10  -2.70    30.96

SNOWFALL (IN)
  YESTERDAY        0.0                       0.0    0.0      0.0
  MONTH TO DATE    0.0                       0.0    0.0      0.0
  SINCE JUN 1      0.0                       0.0    0.0      0.0
  SINCE JUL 1      0.0                       0.0    0.0      0.0
  SNOW DEPTH       0

DEGREE DAYS
 HEATING
  YESTERDAY        0                         0      0        0
  MONTH TO DATE    0                         0      0        0
  SINCE JUN 1      0                        12    -12        0
  SINCE JUL 1      0                         0      0        0

COOLING
  YESTERDAY       18                        11      7        6
  MONTH TO DATE  148                       133     15      108
  SINCE JUN 1    435                       356     79      332
  SINCE JAN 1    626                       492    134      480
..................................................................


WIND (MPH)
  HIGHEST WIND SPEED     9   HIGHEST WIND DIRECTION     S (170)
  HIGHEST GUST SPEED    16   HIGHEST GUST DIRECTION     S (190)
  AVERAGE WIND SPEED     3.0


SKY COVER
  POSSIBLE SUNSHINE  MM
  AVERAGE SKY COVER 0.2


WEATHER CONDITIONS
 THE FOLLOWING WEATHER WAS RECORDED YESTERDAY.
  NO SIGNIFICANT WEATHER WAS OBSERVED.


RELATIVE HUMIDITY (PERCENT)
 HIGHEST    74           800 AM
 LOWEST     39           400 PM
 AVERAGE    57

..........................................................


THE JACKSON KY CLIMATE NORMALS FOR TODAY
                         NORMAL    RECORD    YEAR
 MAXIMUM TEMPERATURE (F)   85        91      1993
 MINIMUM TEMPERATURE (F)   66        54      2001


SUNRISE AND SUNSET
JULY 14 2014..........SUNRISE   623 AM EDT   SUNSET   855 PM EDT
JULY 15 2014..........SUNRISE   624 AM EDT   SUNSET   854 PM EDT


-  INDICATES NEGATIVE NUMBERS.
R  INDICATES RECORD WAS SET OR TIED.
MM INDICATES DATA IS MISSING.
T  INDICATES TRACE AMOUNT.

$$
