000
CDUS43 KSGF 300632
CLIJLN


CLIMATE REPORT
NATIONAL WEATHER SERVICE SPRINGFIELD MO
131 AM CDT THU MAR 30 2017


...................................

...THE JOPLIN MO CLIMATE SUMMARY FOR MARCH 29 2017...

CLIMATE NORMAL PERIOD 1981 TO 2010
CLIMATE RECORD PERIOD 1902 TO 2017


WEATHER ITEM   OBSERVED TIME   RECORD YEAR NORMAL DEPARTURE LAST
                VALUE   (LST)  VALUE       VALUE  FROM      YEAR
                                                  NORMAL
..................................................................
TEMPERATURE (F)
 YESTERDAY
  MAXIMUM         77    406 PM  87    1967  64     13       71
  MINIMUM         51   1159 PM  20    1964  41     10       43
  AVERAGE         64                        53     11       57

PRECIPITATION (IN)
  YESTERDAY        0.28          0.99 1985   0.12   0.16     0.00
  MONTH TO DATE    2.51                      3.16  -0.65     1.57
  SINCE MAR 1      2.51                      3.16  -0.65     1.57
  SINCE JAN 1      6.50                      7.51  -1.01     2.24

DEGREE DAYS
 HEATING
  YESTERDAY        1                        13    -12        8
  MONTH TO DATE  351                       484   -133      352
  SINCE MAR 1    351                       484   -133      352
  SINCE JUL 1   2903                      3738   -835     3102

 COOLING
  YESTERDAY        0                         1     -1        0
  MONTH TO DATE   17                         3     14        3
  SINCE MAR 1     17                         3     14        3
  SINCE JAN 1     27                         4     23        4
..................................................................


WIND (MPH)
  HIGHEST WIND SPEED    32   HIGHEST WIND DIRECTION     S (200)
  HIGHEST GUST SPEED    40   HIGHEST GUST DIRECTION    SW (210)
  AVERAGE WIND SPEED    16.6


SKY COVER
  AVERAGE SKY COVER 0.4


WEATHER CONDITIONS
 THE FOLLOWING WEATHER WAS RECORDED YESTERDAY.
  THUNDERSTORM
  HEAVY RAIN
  RAIN
  LIGHT RAIN
  FOG


RELATIVE HUMIDITY (PERCENT)
 HIGHEST    93           400 AM
 LOWEST     41           400 PM
 AVERAGE    67

..........................................................


THE JOPLIN MO CLIMATE NORMALS FOR TODAY
                         NORMAL    RECORD    YEAR
 MAXIMUM TEMPERATURE (F)   65        84      1904
 MINIMUM TEMPERATURE (F)   42        17      1964


SUNRISE AND SUNSET
MARCH 30 2017.........SUNRISE   706 AM CDT   SUNSET   739 PM CDT
MARCH 31 2017.........SUNRISE   705 AM CDT   SUNSET   740 PM CDT


-  INDICATES NEGATIVE NUMBERS.
R  INDICATES RECORD WAS SET OR TIED.
MM INDICATES DATA IS MISSING.
T  INDICATES TRACE AMOUNT.




$$
