462
CDUS43 KSGF 130627
CLIJLN


CLIMATE REPORT
NATIONAL WEATHER SERVICE SPRINGFIELD MO
1226 AM CST SAT FEB 13 2016


...................................

...THE JOPLIN MO CLIMATE SUMMARY FOR FEBRUARY 12 2016...

CLIMATE NORMAL PERIOD 1981 TO 2010
CLIMATE RECORD PERIOD 1902 TO 2016


WEATHER ITEM   OBSERVED TIME   RECORD YEAR NORMAL DEPARTURE LAST
                VALUE   (LST)  VALUE       VALUE  FROM      YEAR
                                                  NORMAL
..................................................................
TEMPERATURE (F)
 YESTERDAY
  MAXIMUM         46    348 PM  82    1962  50     -4       31
  MINIMUM         24    703 AM   3    1988  28     -4       20
  AVERAGE         35                        39     -4       26

PRECIPITATION (IN)
  YESTERDAY        0.00          0.93 2007   0.08  -0.08     0.00
  MONTH TO DATE    0.11                      0.89  -0.78     0.39
  SINCE DEC 1     10.18                      5.74   4.44     2.93
  SINCE JAN 1      0.41                      2.92  -2.51     1.09

DEGREE DAYS
 HEATING
  YESTERDAY       30                        26      4       39
  MONTH TO DATE  324                       329     -5      326
  SINCE DEC 1   1841                      2121   -280     2012
  SINCE JUL 1   2459                      2878   -419     2925

 COOLING
  YESTERDAY        0                         0      0        0
  MONTH TO DATE    0                         0      0        0
  SINCE DEC 1      3                         0      3        0
  SINCE JAN 1      0                         0      0        0
..................................................................


WIND (MPH)
  HIGHEST WIND SPEED    MM   HIGHEST WIND DIRECTION    MM
  HIGHEST GUST SPEED    MM   HIGHEST GUST DIRECTION    MM
  AVERAGE WIND SPEED    MM


SKY COVER
  AVERAGE SKY COVER 0.1


WEATHER CONDITIONS
 THE FOLLOWING WEATHER WAS RECORDED YESTERDAY.
  NO SIGNIFICANT WEATHER WAS OBSERVED.


RELATIVE HUMIDITY (PERCENT)
 HIGHEST    88           700 AM
 LOWEST     45           200 PM
 AVERAGE    67

..........................................................


THE JOPLIN MO CLIMATE NORMALS FOR TODAY
                         NORMAL    RECORD    YEAR
 MAXIMUM TEMPERATURE (F)   50        78      1962
 MINIMUM TEMPERATURE (F)   29        11      1958


SUNRISE AND SUNSET
FEBRUARY 13 2016......SUNRISE   710 AM CST   SUNSET   555 PM CST
FEBRUARY 14 2016......SUNRISE   708 AM CST   SUNSET   556 PM CST


-  INDICATES NEGATIVE NUMBERS.
R  INDICATES RECORD WAS SET OR TIED.
MM INDICATES DATA IS MISSING.
T  INDICATES TRACE AMOUNT.




$$
