000
CDUS43 KSGF 300627
CLIJLN


CLIMATE REPORT
NATIONAL WEATHER SERVICE SPRINGFIELD MO
126 AM CDT MON MAY 30 2016


...................................

...THE JOPLIN MO CLIMATE SUMMARY FOR MAY 29 2016...

CLIMATE NORMAL PERIOD 1981 TO 2010
CLIMATE RECORD PERIOD 1902 TO 2016


WEATHER ITEM   OBSERVED TIME   RECORD YEAR NORMAL DEPARTURE LAST
                VALUE   (LST)  VALUE       VALUE  FROM      YEAR
                                                  NORMAL
..................................................................
TEMPERATURE (F)
 YESTERDAY
  MAXIMUM         87    216 PM  94    1982  81      6       73
  MINIMUM         62    432 AM  40    1984  60      2       63
  AVERAGE         75                        70      5       68

PRECIPITATION (IN)
  YESTERDAY        0.00          1.35 1960   0.18  -0.18     1.13
  MONTH TO DATE    5.48                      5.34   0.14    10.35
  SINCE MAR 1     12.60                     13.23  -0.63    16.13
  SINCE JAN 1     13.27                     17.58  -4.31    17.65

DEGREE DAYS
 HEATING
  YESTERDAY        0                         1     -1        0
  MONTH TO DATE  123                        64     59       63
  SINCE MAR 1    639                       813   -174      750
  SINCE JUL 1   3389                      4067   -678     4286

 COOLING
  YESTERDAY       10                         6      4        3
  MONTH TO DATE   79                       113    -34      109
  SINCE MAR 1    101                       166    -65      144
  SINCE JAN 1    102                       167    -65      144
..................................................................


WIND (MPH)
  HIGHEST WIND SPEED    12   HIGHEST WIND DIRECTION     W (280)
  HIGHEST GUST SPEED    26   HIGHEST GUST DIRECTION    NW (330)
  AVERAGE WIND SPEED     4.3


SKY COVER
  AVERAGE SKY COVER 0.1


WEATHER CONDITIONS
 THE FOLLOWING WEATHER WAS RECORDED YESTERDAY.
  FOG


RELATIVE HUMIDITY (PERCENT)
 HIGHEST   100           400 AM
 LOWEST     48           200 PM
 AVERAGE    74

..........................................................


THE JOPLIN MO CLIMATE NORMALS FOR TODAY
                         NORMAL    RECORD    YEAR
 MAXIMUM TEMPERATURE (F)   81        94      1982
 MINIMUM TEMPERATURE (F)   60        41      1984


SUNRISE AND SUNSET
MAY 30 2016...........SUNRISE   600 AM CDT   SUNSET   832 PM CDT
MAY 31 2016...........SUNRISE   600 AM CDT   SUNSET   832 PM CDT


-  INDICATES NEGATIVE NUMBERS.
R  INDICATES RECORD WAS SET OR TIED.
MM INDICATES DATA IS MISSING.
T  INDICATES TRACE AMOUNT.




$$
