000
CDUS43 KBIS 230717
CLIJMS


CLIMATE REPORT
NATIONAL WEATHER SERVICE BISMARCK ND
217 AM CDT THU OCT 23 2014


...................................

...THE JAMESTOWN ND CLIMATE SUMMARY FOR OCTOBER 22 2014...

CLIMATE NORMAL PERIOD 1981 TO 2010
CLIMATE RECORD PERIOD 1891 TO 2014


WEATHER ITEM   OBSERVED TIME   RECORD YEAR NORMAL DEPARTURE LAST
                VALUE   (LST)  VALUE       VALUE  FROM      YEAR
                                                  NORMAL
..................................................................
TEMPERATURE (F)
 YESTERDAY
  MAXIMUM         61    204 AM  85    1915  53      8       37
  MINIMUM         40   1110 PM   2    1936  30     10       30
  AVERAGE         51                        42      9       34

PRECIPITATION (IN)
  YESTERDAY        0.09          0.34 1958   0.04   0.05     0.00
  MONTH TO DATE    0.42                      1.18  -0.76     4.49
  SINCE SEP 1      2.01                      3.18  -1.17     6.66
  SINCE JAN 1     20.69                     17.37   3.32    15.86

DEGREE DAYS
 HEATING
  YESTERDAY       14                        24    -10       31
  MONTH TO DATE  370                       415    -45      434
  SINCE SEP 1    589                       667    -78      553
  SINCE JUL 1    644                       733    -89      597

 COOLING
  YESTERDAY        0                         0      0        0
  MONTH TO DATE    0                         0      0        0
  SINCE SEP 1     29                        30     -1       55
  SINCE JAN 1    367                       445    -78      521
..................................................................


WIND (MPH)
  HIGHEST WIND SPEED    23   HIGHEST WIND DIRECTION     S (180)
  HIGHEST GUST SPEED    29   HIGHEST GUST DIRECTION     S (170)
  AVERAGE WIND SPEED    11.2


SKY COVER
  POSSIBLE SUNSHINE  MM
  AVERAGE SKY COVER 0.3


WEATHER CONDITIONS
 THE FOLLOWING WEATHER WAS RECORDED YESTERDAY.
  LIGHT RAIN
  FOG


RELATIVE HUMIDITY (PERCENT)
 HIGHEST    89           200 PM
 LOWEST     51           200 AM
 AVERAGE    70

..........................................................


THE JAMESTOWN ND CLIMATE NORMALS FOR TODAY
                         NORMAL    RECORD    YEAR
 MAXIMUM TEMPERATURE (F)   52        83      1918
 MINIMUM TEMPERATURE (F)   30         2      1936


SUNRISE AND SUNSET
OCTOBER 23 2014.......SUNRISE   804 AM CDT   SUNSET   633 PM CDT
OCTOBER 24 2014.......SUNRISE   806 AM CDT   SUNSET   631 PM CDT


-  INDICATES NEGATIVE NUMBERS.
R  INDICATES RECORD WAS SET OR TIED.
MM INDICATES DATA IS MISSING.
T  INDICATES TRACE AMOUNT.




$$
