000
CDUS43 KBIS 240729
CLIJMS


CLIMATE REPORT
NATIONAL WEATHER SERVICE BISMARCK ND
228 AM CDT SUN SEP 24 2017


...................................

...THE JAMESTOWN ND CLIMATE SUMMARY FOR SEPTEMBER 23 2017...

CLIMATE NORMAL PERIOD 1981 TO 2010
CLIMATE RECORD PERIOD 1891 TO 2017


WEATHER ITEM   OBSERVED TIME   RECORD YEAR NORMAL DEPARTURE LAST
                VALUE   (LST)  VALUE       VALUE  FROM      YEAR
                                                  NORMAL
..................................................................
TEMPERATURE (F)
 YESTERDAY
  MAXIMUM         60    404 PM  92    1958  67     -7       64
  MINIMUM         49    722 AM  23    1928  42      7       55
  AVERAGE         55                        54      1       60

PRECIPITATION (IN)
  YESTERDAY        0.25          1.35 1977   0.06   0.19     0.38
  MONTH TO DATE    1.72                      1.61   0.11     3.91
  SINCE SEP 1      1.72                      1.61   0.11     3.91
  SINCE JAN 1     11.03                     15.80  -4.77    22.66

DEGREE DAYS
 HEATING
  YESTERDAY       10                        11     -1        5
  MONTH TO DATE  112                       164    -52      121
  SINCE SEP 1    112                       164    -52      121
  SINCE JUL 1    146                       230    -84      154

 COOLING
  YESTERDAY        0                         0      0        0
  MONTH TO DATE   35                        28      7       20
  SINCE SEP 1     35                        28      7       20
  SINCE JAN 1    397                       443    -46      413
..................................................................


WIND (MPH)
  HIGHEST WIND SPEED    22   HIGHEST WIND DIRECTION     N (340)
  HIGHEST GUST SPEED    28   HIGHEST GUST DIRECTION    NW (330)
  AVERAGE WIND SPEED    10.3


SKY COVER
  POSSIBLE SUNSHINE  MM
  AVERAGE SKY COVER 1.0


WEATHER CONDITIONS
 THE FOLLOWING WEATHER WAS RECORDED YESTERDAY.
  RAIN
  LIGHT RAIN
  FOG


RELATIVE HUMIDITY (PERCENT)
 HIGHEST   100           900 PM
 LOWEST     62           200 PM
 AVERAGE    81

..........................................................


THE JAMESTOWN ND CLIMATE NORMALS FOR TODAY
                         NORMAL    RECORD    YEAR
 MAXIMUM TEMPERATURE (F)   66        85      1992
                                             1897
 MINIMUM TEMPERATURE (F)   41        23      1951
                                             1928


SUNRISE AND SUNSET
SEPTEMBER 24 2017.....SUNRISE   724 AM CDT   SUNSET   728 PM CDT
SEPTEMBER 25 2017.....SUNRISE   726 AM CDT   SUNSET   726 PM CDT


-  INDICATES NEGATIVE NUMBERS.
R  INDICATES RECORD WAS SET OR TIED.
MM INDICATES DATA IS MISSING.
T  INDICATES TRACE AMOUNT.




$$
