000
CDUS43 KBIS 011237
CLIJMS


CLIMATE REPORT
NATIONAL WEATHER SERVICE BISMARCK ND
726 AM CDT TUE SEP 1 2015


...................................

...THE JAMESTOWN ND CLIMATE SUMMARY FOR AUGUST 31 2015...

CLIMATE NORMAL PERIOD 1981 TO 2010
CLIMATE RECORD PERIOD 1891 TO 2015


WEATHER ITEM   OBSERVED TIME   RECORD YEAR NORMAL DEPARTURE LAST
                VALUE   (LST)  VALUE       VALUE  FROM      YEAR
                                                  NORMAL
..................................................................
TEMPERATURE (F)
 YESTERDAY
  MAXIMUM         78    356 PM 100    1953  77      1       73
                                      1921
  MINIMUM         57   1159 PM  36    1909  51      6       56
                                      1900
  AVERAGE         68                        64      4       65

PRECIPITATION (IN)
  YESTERDAY        T             3.97 1997   0.07  -0.07     0.34
  MONTH TO DATE    1.21                      2.10  -0.89     3.06
  SINCE JUN 1      9.83                      8.64   1.19    10.24
  SINCE JAN 1     19.99                     14.19   5.80    18.68

DEGREE DAYS
 HEATING
  YESTERDAY        0                         3     -3        0
  MONTH TO DATE   47                        46      1       27
  SINCE JUN 1     98                       163    -65      114
  SINCE JUL 1     56                        66    -10       55

 COOLING
  YESTERDAY        3                         3      0        0
  MONTH TO DATE  128                       143    -15      111
  SINCE JUN 1    424                       395     29      284
  SINCE JAN 1    432                       415     17      338
..................................................................


WIND (MPH)
  HIGHEST WIND SPEED    24   HIGHEST WIND DIRECTION    NW (330)
  HIGHEST GUST SPEED    32   HIGHEST GUST DIRECTION    NW (320)
  AVERAGE WIND SPEED     9.2


SKY COVER
  POSSIBLE SUNSHINE  MM
  AVERAGE SKY COVER 0.0


WEATHER CONDITIONS
 THE FOLLOWING WEATHER WAS RECORDED YESTERDAY.
  HAZE


RELATIVE HUMIDITY (PERCENT)
 HIGHEST    93           300 AM
 LOWEST     42           400 PM
 AVERAGE    68

..........................................................


THE JAMESTOWN ND CLIMATE NORMALS FOR TODAY
                         NORMAL    RECORD    YEAR
 MAXIMUM TEMPERATURE (F)   77       101      1983
 MINIMUM TEMPERATURE (F)   51        32      1917


SUNRISE AND SUNSET
SEPTEMBER  1 2015.....SUNRISE   654 AM CDT   SUNSET   815 PM CDT
SEPTEMBER  2 2015.....SUNRISE   655 AM CDT   SUNSET   813 PM CDT


-  INDICATES NEGATIVE NUMBERS.
R  INDICATES RECORD WAS SET OR TIED.
MM INDICATES DATA IS MISSING.
T  INDICATES TRACE AMOUNT.




$$
