000
CDUS43 KBIS 250027
CLIJMS


CLIMATE REPORT
NATIONAL WEATHER SERVICE BISMARCK ND
726 PM CDT THU JUL 24 2014


...................................

...THE JAMESTOWN ND CLIMATE SUMMARY FOR JULY 24 2014...
VALID TODAY AS OF 0700 PM LOCAL TIME.

CLIMATE NORMAL PERIOD 1981 TO 2010
CLIMATE RECORD PERIOD 1891 TO 2014


WEATHER ITEM   OBSERVED TIME   RECORD YEAR NORMAL DEPARTURE LAST
                VALUE   (LST)  VALUE       VALUE  FROM      YEAR
                                                  NORMAL
..................................................................
TEMPERATURE (F)
 TODAY
  MAXIMUM         79    355 PM 109    1931  83     -4       84
  MINIMUM         61    507 AM  37    1916  58      3       52
  AVERAGE         70                        70      0       68

PRECIPITATION (IN)
  TODAY            0.11          1.05 1960   0.09   0.02     0.00
  MONTH TO DATE    0.82                      2.76  -1.94     0.35
  SINCE JUN 1      7.18                      5.95   1.23     2.08
  SINCE JAN 1     15.62                     11.50   4.12     7.67

DEGREE DAYS
 HEATING
  TODAY            0                         0      0        0
  MONTH TO DATE   24                        19      5        7
  SINCE JUN 1     83                       116    -33       92
  SINCE JUL 1     24                        19      5        7

 COOLING
  TODAY            5                         6     -1        3
  MONTH TO DATE  105                       133    -28      176
  SINCE JUN 1    161                       213    -52      276
  SINCE JAN 1    215                       233    -18      287
..................................................................


WIND (MPH)
  RESULTANT WIND SPEED  12   RESULTANT WIND DIRECTION  SE (140)
  HIGHEST WIND SPEED    30   HIGHEST WIND DIRECTION    NW (320)
  HIGHEST GUST SPEED    36   HIGHEST GUST DIRECTION    NW (330)
  AVERAGE WIND SPEED    12.5


SKY COVER
  POSSIBLE SUNSHINE  MM
  AVERAGE SKY COVER 0.3


WEATHER CONDITIONS
 THE FOLLOWING WEATHER WAS RECORDED TODAY.
  THUNDERSTORM
  HEAVY RAIN
  LIGHT RAIN
  FOG


RELATIVE HUMIDITY (PERCENT)
 HIGHEST    90           500 AM
 LOWEST     58           300 PM
 AVERAGE    74

..........................................................


THE JAMESTOWN ND CLIMATE NORMALS FOR TOMORROW
                         NORMAL    RECORD    YEAR
 MAXIMUM TEMPERATURE (F)   83       102      1941
 MINIMUM TEMPERATURE (F)   58        41      1924


SUNRISE AND SUNSET
JULY 24 2014..........SUNRISE   605 AM CDT   SUNSET   917 PM CDT
JULY 25 2014..........SUNRISE   606 AM CDT   SUNSET   916 PM CDT


-  INDICATES NEGATIVE NUMBERS.
R  INDICATES RECORD WAS SET OR TIED.
MM INDICATES DATA IS MISSING.
T  INDICATES TRACE AMOUNT.




$$
