000
CDUS43 KBIS 300040
CLIJMS


CLIMATE REPORT
NATIONAL WEATHER SERVICE BISMARCK ND
739 PM CDT MON JUN 29 2015


...................................

...THE JAMESTOWN ND CLIMATE SUMMARY FOR JUNE 29 2015...
VALID TODAY AS OF 0700 PM LOCAL TIME.

CLIMATE NORMAL PERIOD 1981 TO 2010
CLIMATE RECORD PERIOD 1891 TO 2015


WEATHER ITEM   OBSERVED TIME   RECORD YEAR NORMAL DEPARTURE LAST
                VALUE   (LST)  VALUE       VALUE  FROM      YEAR
                                                  NORMAL
..................................................................
TEMPERATURE (F)
 TODAY
  MAXIMUM         82    433 PM 100    1931  80      2       79
  MINIMUM         63    528 AM  37    1900  56      7       61
  AVERAGE         73                        68      5       70

PRECIPITATION (IN)
  TODAY            0.00          1.75 1993   0.10  -0.10      T
  MONTH TO DATE    5.60                      3.08   2.52     6.32
  SINCE JUN 1      5.60                      3.08   2.52     6.32
  SINCE JAN 1     15.76                      8.63   7.13    14.76

DEGREE DAYS
 HEATING
  TODAY            0                         1     -1        0
  MONTH TO DATE   42                        95    -53       59
  SINCE JUN 1     42                        95    -53       59
  SINCE JUL 1   8737                      9011   -274     9733

 COOLING
  TODAY            8                         4      4        5
  MONTH TO DATE  100                        75     25       56
  SINCE JUN 1    100                        75     25       56
  SINCE JAN 1    108                        95     13      110
..................................................................


WIND (MPH)
  RESULTANT WIND SPEED   7   RESULTANT WIND DIRECTION  NW (320)
  HIGHEST WIND SPEED    18   HIGHEST WIND DIRECTION    NW (310)
  HIGHEST GUST SPEED    23   HIGHEST GUST DIRECTION    NW (310)
  AVERAGE WIND SPEED     8.5


SKY COVER
  POSSIBLE SUNSHINE  MM
  AVERAGE SKY COVER 0.2


WEATHER CONDITIONS
 THE FOLLOWING WEATHER WAS RECORDED TODAY.
  HAZE


RELATIVE HUMIDITY (PERCENT)
 HIGHEST    90           500 AM
 LOWEST     51          1200 PM
 AVERAGE    71

..........................................................


THE JAMESTOWN ND CLIMATE NORMALS FOR TOMORROW
                         NORMAL    RECORD    YEAR
 MAXIMUM TEMPERATURE (F)   80        98      1921
 MINIMUM TEMPERATURE (F)   56        38      1918


SUNRISE AND SUNSET
JUNE 29 2015..........SUNRISE   543 AM CDT   SUNSET   933 PM CDT
JUNE 30 2015..........SUNRISE   543 AM CDT   SUNSET   933 PM CDT


-  INDICATES NEGATIVE NUMBERS.
R  INDICATES RECORD WAS SET OR TIED.
MM INDICATES DATA IS MISSING.
T  INDICATES TRACE AMOUNT.




$$
