000
CDUS43 KBIS 180029
CLIJMS


CLIMATE REPORT
NATIONAL WEATHER SERVICE BISMARCK ND
628 PM CST WED DEC 17 2014


...................................

...THE JAMESTOWN ND CLIMATE SUMMARY FOR DECEMBER 17 2014...
VALID TODAY AS OF 0600 PM LOCAL TIME.

CLIMATE NORMAL PERIOD 1981 TO 2010
CLIMATE RECORD PERIOD 1891 TO 2014


WEATHER ITEM   OBSERVED TIME   RECORD YEAR NORMAL DEPARTURE LAST
                VALUE   (LST)  VALUE       VALUE  FROM      YEAR
                                                  NORMAL
..................................................................
TEMPERATURE (F)
 TODAY
  MAXIMUM         18    354 PM  55    1923  22     -4       30
  MINIMUM         -3    834 AM -27    1901   5     -8        9
  AVERAGE          8                        13     -5       20

PRECIPITATION (IN)
  TODAY            0.00          0.41 1993   0.01  -0.01     0.00
  MONTH TO DATE    T                         0.21  -0.21     0.20
  SINCE DEC 1      T                         0.21  -0.21     0.20
  SINCE JAN 1     21.00                     18.58   2.42    16.07

DEGREE DAYS
 HEATING
  TODAY           57                        52      5       45
  MONTH TO DATE  792                       832    -40     1021
  SINCE DEC 1    792                       832    -40     1021
  SINCE JUL 1   2955                      2916     39     3029

 COOLING
  TODAY            0                         0      0        0
  MONTH TO DATE    0                         0      0        0
  SINCE DEC 1      0                         0      0        0
  SINCE JAN 1    367                       446    -79      521
..................................................................


WIND (MPH)
  RESULTANT WIND SPEED   1   RESULTANT WIND DIRECTION   N (340)
  HIGHEST WIND SPEED     8   HIGHEST WIND DIRECTION     E (90)
  HIGHEST GUST SPEED     9   HIGHEST GUST DIRECTION     E (100)
  AVERAGE WIND SPEED     3.5


SKY COVER
  POSSIBLE SUNSHINE  MM
  AVERAGE SKY COVER 0.0


WEATHER CONDITIONS
 THE FOLLOWING WEATHER WAS RECORDED TODAY.
  NO SIGNIFICANT WEATHER WAS OBSERVED.


RELATIVE HUMIDITY (PERCENT)
 HIGHEST    91          1100 AM
 LOWEST     73           100 PM
 AVERAGE    82

..........................................................


THE JAMESTOWN ND CLIMATE NORMALS FOR TOMORROW
                         NORMAL    RECORD    YEAR
 MAXIMUM TEMPERATURE (F)   22        54      2011
 MINIMUM TEMPERATURE (F)    4       -27      1951


SUNRISE AND SUNSET
DECEMBER 17 2014......SUNRISE   815 AM CST   SUNSET   447 PM CST
DECEMBER 18 2014......SUNRISE   816 AM CST   SUNSET   447 PM CST


-  INDICATES NEGATIVE NUMBERS.
R  INDICATES RECORD WAS SET OR TIED.
MM INDICATES DATA IS MISSING.
T  INDICATES TRACE AMOUNT.




$$
