000
CDUS43 KBIS 210731
CLIJMS


CLIMATE REPORT
NATIONAL WEATHER SERVICE BISMARCK ND
130 AM CST WED FEB 21 2018


...................................

...THE JAMESTOWN ND CLIMATE SUMMARY FOR FEBRUARY 20 2018...

CLIMATE NORMAL PERIOD 1981 TO 2010
CLIMATE RECORD PERIOD 1891 TO 2018


WEATHER ITEM   OBSERVED TIME   RECORD YEAR NORMAL DEPARTURE LAST
                VALUE   (LST)  VALUE       VALUE  FROM      YEAR
                                                  NORMAL
..................................................................
TEMPERATURE (F)
 YESTERDAY
  MAXIMUM         11    435 PM  55    1981  26    -15       45
  MINIMUM          1   1128 PM -35    1929   7     -6       29
  AVERAGE          6                        17    -11       37

PRECIPITATION (IN)
  YESTERDAY        T             0.56 1955   0.02  -0.02     0.09
  MONTH TO DATE    T                         0.25  -0.25     0.09
  SINCE DEC 1      0.13                      1.10  -0.97     1.60
  SINCE JAN 1      0.01                      0.70  -0.69     0.31

DEGREE DAYS
 HEATING
  YESTERDAY       59                        48     11       28
  MONTH TO DATE 1194                      1026    168      875
  SINCE DEC 1   4340                      4304     36     4126
  SINCE JUL 1   6310                      6388    -78     5687

 COOLING
  YESTERDAY        0                         0      0        0
  MONTH TO DATE    0                         0      0        0
  SINCE DEC 1      0                         0      0        0
  SINCE JAN 1      0                         0      0        0
..................................................................


WIND (MPH)
  HIGHEST WIND SPEED    21   HIGHEST WIND DIRECTION    NW (300)
  HIGHEST GUST SPEED    26   HIGHEST GUST DIRECTION     W (290)
  AVERAGE WIND SPEED    14.3


SKY COVER
  POSSIBLE SUNSHINE  MM
  AVERAGE SKY COVER 0.6


WEATHER CONDITIONS
 THE FOLLOWING WEATHER WAS RECORDED YESTERDAY.
  LIGHT SNOW
  FOG
  HAZE


RELATIVE HUMIDITY (PERCENT)
 HIGHEST    86          1200 AM
 LOWEST     63           200 PM
 AVERAGE    75

..........................................................


THE JAMESTOWN ND CLIMATE NORMALS FOR TODAY
                         NORMAL    RECORD    YEAR
 MAXIMUM TEMPERATURE (F)   27        50      1982
 MINIMUM TEMPERATURE (F)    8       -30      1918


SUNRISE AND SUNSET
FEBRUARY 21 2018......SUNRISE   729 AM CST   SUNSET   608 PM CST
FEBRUARY 22 2018......SUNRISE   727 AM CST   SUNSET   610 PM CST


-  INDICATES NEGATIVE NUMBERS.
R  INDICATES RECORD WAS SET OR TIED.
MM INDICATES DATA IS MISSING.
T  INDICATES TRACE AMOUNT.




$$
