000
CDAK47 PAJK 201128
CLIJNU
AKZ025-202300-
CLIMATE REPORT
NATIONAL WEATHER SERVICE JUNEAU, AK
325 AM AKDT WED AUG 20 2014


...................................

...THE JUNEAU CLIMATE SUMMARY FOR AUGUST 19 2014...

CLIMATE NORMAL PERIOD 1981 TO 2010
CLIMATE RECORD PERIOD 1943 TO 2014


WEATHER ITEM   OBSERVED TIME   RECORD YEAR NORMAL DEPARTURE LAST
                VALUE   (LST)  VALUE       VALUE  FROM      YEAR
                                                  NORMAL
..................................................................
TEMPERATURE (F)
 YESTERDAY
  MAXIMUM         64    355 PM  80    1977  63      1       60
  MINIMUM         52   1159 PM  34    1947  49      3       49
  AVERAGE         58                        56      2       55

PRECIPITATION (IN)
  YESTERDAY        0.00          1.50 1991   0.18  -0.18     0.11
  MONTH TO DATE    6.69                      3.18   3.51     3.06
  SINCE JUN 1     22.34                     11.02  11.32    10.70
  SINCE JAN 1     42.26                     30.62  11.64    39.07

DEGREE DAYS
 HEATING
  YESTERDAY        7                         9     -2       10
  MONTH TO DATE  128                       156    -28       98
  SINCE JUN 1    708                       722    -14      534
  SINCE JUL 1    358                       407    -49      320

 COOLING
  YESTERDAY        0                         0      0        0
  MONTH TO DATE    0                         0      0        0
  SINCE JUN 1      0                         2     -2        9
  SINCE JAN 1      0                         2     -2        9
..................................................................


WIND (MPH)
  HIGHEST WIND SPEED     9   HIGHEST WIND DIRECTION    SW (240)
  HIGHEST GUST SPEED    10   HIGHEST GUST DIRECTION    SW (240)
  AVERAGE WIND SPEED     3.3


SKY COVER
  POSSIBLE SUNSHINE  MM
  AVERAGE SKY COVER 0.8


WEATHER CONDITIONS
 THE FOLLOWING WEATHER WAS RECORDED YESTERDAY.
  FOG


RELATIVE HUMIDITY (PERCENT)
 HIGHEST   100          1200 AM
 LOWEST     63           400 PM
 AVERAGE    82

..........................................................


THE JUNEAU CLIMATE NORMALS FOR TODAY
                         NORMAL    RECORD    YEAR
 MAXIMUM TEMPERATURE (F)   62        83      1977
 MINIMUM TEMPERATURE (F)   49        39      1973


SUNRISE AND SUNSET
AUGUST 20 2014........SUNRISE   531 AM AKDT  SUNSET   830 PM AKDT
AUGUST 21 2014........SUNRISE   534 AM AKDT  SUNSET   828 PM AKDT


-  INDICATES NEGATIVE NUMBERS.
R  INDICATES RECORD WAS SET OR TIED.
MM INDICATES DATA IS MISSING.
T  INDICATES TRACE AMOUNT.




$$


&&
----------------------------
AMOUNT OF DAYLIGHT TODAY  (HOUR:MIN)........14:59
GAIN/LOSS SINCE YESTERDAY (HOUR:MIN:SEC)....-0:04:53
