000
CDAK47 PAJK 201305
CLIJNU
AKZ025-210100-
CLIMATE REPORT
NATIONAL WEATHER SERVICE JUNEAU, AK
459 AM AKDT SAT SEP 20 2014


...................................

...THE JUNEAU CLIMATE SUMMARY FOR SEPTEMBER 19 2014...

CLIMATE NORMAL PERIOD 1981 TO 2010
CLIMATE RECORD PERIOD 1943 TO 2014


WEATHER ITEM   OBSERVED TIME   RECORD YEAR NORMAL DEPARTURE LAST
                VALUE   (LST)  VALUE       VALUE  FROM      YEAR
                                                  NORMAL
..................................................................
TEMPERATURE (F)
 YESTERDAY
  MAXIMUM         58    143 PM  63    1982  55      3       50
  MINIMUM         52    831 AM  31    1954  44      8       46
  AVERAGE         55                        49      6       48

PRECIPITATION (IN)
  YESTERDAY        0.62          1.73 1948   0.29   0.33     0.91
  MONTH TO DATE    4.41                      5.27  -0.86     5.35
  SINCE SEP 1      4.41                      5.27  -0.86     5.35
  SINCE JAN 1     48.51                     38.44  10.07    46.26

DEGREE DAYS
 HEATING
  YESTERDAY       10                        16     -6       17
  MONTH TO DATE  235                       263    -28      199
  SINCE SEP 1    235                       263    -28      199
  SINCE JUL 1    711                       798    -87      634

 COOLING
  YESTERDAY        0                         0      0        0
  MONTH TO DATE    0                         0      0        0
  SINCE SEP 1      0                         0      0        0
  SINCE JAN 1      0                         2     -2        9
..................................................................


WIND (MPH)
  HIGHEST WIND SPEED    33   HIGHEST WIND DIRECTION    SE (120)
  HIGHEST GUST SPEED    43   HIGHEST GUST DIRECTION    SE (120)
  AVERAGE WIND SPEED    13.2


SKY COVER
  POSSIBLE SUNSHINE  MM
  AVERAGE SKY COVER 1.0


WEATHER CONDITIONS
 THE FOLLOWING WEATHER WAS RECORDED YESTERDAY.
  HEAVY RAIN
  RAIN
  LIGHT RAIN
  FOG


RELATIVE HUMIDITY (PERCENT)
 HIGHEST    96           600 AM
 LOWEST     89          1200 AM
 AVERAGE    93

..........................................................


THE JUNEAU CLIMATE NORMALS FOR TODAY
                         NORMAL    RECORD    YEAR
 MAXIMUM TEMPERATURE (F)   55        68      1995
 MINIMUM TEMPERATURE (F)   44        28      1955


SUNRISE AND SUNSET
SEPTEMBER 20 2014.....SUNRISE   639 AM AKDT  SUNSET   703 PM AKDT
SEPTEMBER 21 2014.....SUNRISE   641 AM AKDT  SUNSET   700 PM AKDT


-  INDICATES NEGATIVE NUMBERS.
R  INDICATES RECORD WAS SET OR TIED.
MM INDICATES DATA IS MISSING.
T  INDICATES TRACE AMOUNT.




$$


&&
----------------------------
AMOUNT OF DAYLIGHT TODAY  (HOUR:MIN)........12:24
GAIN/LOSS SINCE YESTERDAY (HOUR:MIN:SEC)....-0:05:03
