000
CDAK47 PAJK 290031
CLIJNU
AKZ025-291200-
CLIMATE REPORT
NATIONAL WEATHER SERVICE JUNEAU, AK
331 PM AKST FRI NOV 28 2014


...................................

...THE JUNEAU CLIMATE SUMMARY FOR NOVEMBER 28 2014...
VALID TODAY AS OF 0300 PM LOCAL TIME.

CLIMATE NORMAL PERIOD 1981 TO 2010
CLIMATE RECORD PERIOD 1943 TO 2014


WEATHER ITEM   OBSERVED TIME   RECORD YEAR NORMAL DEPARTURE LAST
                VALUE   (LST)  VALUE       VALUE  FROM      YEAR
                                                  NORMAL
..................................................................
TEMPERATURE (F)
 TODAY
  MAXIMUM         26   1203 PM  49    1969  36    -10       42
  MINIMUM         18    829 AM  -5    2006  27     -9       34
  AVERAGE         22                        31     -9       38

PRECIPITATION (IN)
  TODAY            0.00          1.85 1969   0.20  -0.20     0.04
  MONTH TO DATE    3.77                      5.59  -1.82     6.14
  SINCE SEP 1     20.54                     22.86  -2.32    23.86
  SINCE JAN 1     64.73                     56.03   8.70    64.77

SNOWFALL (IN)
  TODAY            0.0          10.8  1994   0.6   -0.6      0.0
  MONTH TO DATE    T                        12.0  -12.0     14.1
  SINCE SEP 1      T                        12.8  -12.8     14.1
  SINCE JUL 1      T                        12.8  -12.8     14.1

DEGREE DAYS
 HEATING
  TODAY           43                        34      9       27
  MONTH TO DATE  806                       879    -73      960
  SINCE SEP 1   1844                      2029   -185     1968
  SINCE JUL 1   2320                      2564   -244     2403
..................................................................


WIND (MPH)
  HIGHEST WIND SPEED    21   HIGHEST WIND DIRECTION    SE (140)
  HIGHEST GUST SPEED    25   HIGHEST GUST DIRECTION    SE (150)
  AVERAGE WIND SPEED     8.4


SKY COVER
  POSSIBLE SUNSHINE  MM
  AVERAGE SKY COVER 0.1


WEATHER CONDITIONS
 THE FOLLOWING WEATHER WAS RECORDED TODAY.
  NO SIGNIFICANT WEATHER WAS OBSERVED.


RELATIVE HUMIDITY (PERCENT)
 HIGHEST    49           900 AM
 LOWEST     36           500 AM
 AVERAGE    43

..........................................................


THE JUNEAU CLIMATE NORMALS FOR TOMORROW
                         NORMAL    RECORD    YEAR
 MAXIMUM TEMPERATURE (F)   36        52      2002
 MINIMUM TEMPERATURE (F)   27         1      1964


SUNRISE AND SUNSET
NOVEMBER 28 2014......SUNRISE   815 AM AKST  SUNSET   317 PM AKST
NOVEMBER 29 2014......SUNRISE   817 AM AKST  SUNSET   316 PM AKST


-  INDICATES NEGATIVE NUMBERS.
R  INDICATES RECORD WAS SET OR TIED.
MM INDICATES DATA IS MISSING.
T  INDICATES TRACE AMOUNT.




$$


&&
----------------------------
AMOUNT OF DAYLIGHT TODAY  (HOUR:MIN)........ 7:02
GAIN/LOSS SINCE YESTERDAY (HOUR:MIN:SEC)....-0:03:16
