000
CDAK47 PAJK 271143
CLIJNU
AKZ025-272300-
NATIONAL WEATHER SERVICE JUNEAU, AK
339 AM AKDT THU AUG 27 2015


...................................

...THE JUNEAU CLIMATE SUMMARY FOR AUGUST 26 2015...

CLIMATE NORMAL PERIOD 1981 TO 2010
CLIMATE RECORD PERIOD 1936 TO 2015


WEATHER ITEM   OBSERVED TIME   RECORD YEAR NORMAL DEPARTURE LAST
                VALUE   (LST)  VALUE       VALUE  FROM      YEAR
                                                  NORMAL
..................................................................
TEMPERATURE (F)
 YESTERDAY
  MAXIMUM         71    337 PM  76    1941  61     10       55
  MINIMUM         41    549 AM  29    1948  47     -6       48
  AVERAGE         56                        54      2       52

PRECIPITATION (IN)
  YESTERDAY        0.05          2.30 1947   0.21  -0.16     0.61
  MONTH TO DATE    5.56                      4.59   0.97     7.62
  SINCE JUN 1     20.62                     12.43   8.19    23.36
  SINCE JAN 1     48.44                     32.03  16.41    43.28

DEGREE DAYS
 HEATING
  YESTERDAY        9                        11     -2       13
  MONTH TO DATE  178                       228    -50      187
  SINCE JUN 1    640                       794   -154      771
  SINCE JUL 1    406                       479    -73      417

 COOLING
  YESTERDAY        0                         0      0        0
  MONTH TO DATE    1                         0      1        0
  SINCE JUN 1      8                         2      6        0
  SINCE JAN 1      8                         2      6        0
..................................................................


WIND (MPH)
  HIGHEST WIND SPEED    12   HIGHEST WIND DIRECTION    NW (310)
  HIGHEST GUST SPEED    14   HIGHEST GUST DIRECTION    NW (320)
  AVERAGE WIND SPEED     2.4


SKY COVER
  AVERAGE SKY COVER 0.5


WEATHER CONDITIONS
 THE FOLLOWING WEATHER WAS RECORDED YESTERDAY.
  RAIN
  LIGHT RAIN
  FOG
  FOG W/VISIBILITY <= 1/4 MILE


RELATIVE HUMIDITY (PERCENT)
 HIGHEST   100           500 AM
 LOWEST     47           200 PM
 AVERAGE    74

..........................................................


THE JUNEAU CLIMATE NORMALS FOR TODAY
                         NORMAL    RECORD    YEAR
 MAXIMUM TEMPERATURE (F)   61        75      1941
 MINIMUM TEMPERATURE (F)   47        37      1970


SUNRISE AND SUNSET
AUGUST 27 2015........SUNRISE   546 AM AKDT  SUNSET   812 PM AKDT
AUGUST 28 2015........SUNRISE   548 AM AKDT  SUNSET   809 PM AKDT


-  INDICATES NEGATIVE NUMBERS.
R  INDICATES RECORD WAS SET OR TIED.
MM INDICATES DATA IS MISSING.
T  INDICATES TRACE AMOUNT.




$$

&&
----------------------------
AMOUNT OF DAYLIGHT TODAY  (HOUR:MIN)........14:26
GAIN/LOSS SINCE YESTERDAY (HOUR:MIN:SEC)....-0:04:57
