000
CDAK47 PAJK 291233
CLIJNU
AKZ025-300000-
CLIMATE REPORT
NATIONAL WEATHER SERVICE JUNEAU, AK
423 AM AKDT SUN MAR 29 2015


...................................

...THE JUNEAU CLIMATE SUMMARY FOR MARCH 28 2015...

CLIMATE NORMAL PERIOD 1981 TO 2010
CLIMATE RECORD PERIOD 1943 TO 2015


WEATHER ITEM   OBSERVED TIME   RECORD YEAR NORMAL DEPARTURE LAST
                VALUE   (LST)  VALUE       VALUE  FROM      YEAR
                                                  NORMAL
..................................................................
TEMPERATURE (F)
 YESTERDAY
  MAXIMUM         47    246 PM  52    2011  43      4       42
  MINIMUM         33    625 AM  19    2014  30      3       19
                                      1967
  AVERAGE         40                        36      4       31

PRECIPITATION (IN)
  YESTERDAY        0.04          1.58 1944   0.11  -0.07     0.00
  MONTH TO DATE    4.20                      3.46   0.74     3.45
  SINCE MAR 1      4.20                      3.46   0.74     3.45
  SINCE JAN 1     19.80                     12.94   6.86    15.58

SNOWFALL (IN)
  YESTERDAY        0.0           3.3  1989   0.2   -0.2      0.0
  MONTH TO DATE    9.9                      11.0   -1.1      6.0
  SINCE MAR 1      9.9                      11.0   -1.1      6.0
  SINCE JUL 1     48.6                      85.0  -36.4     96.8
  SNOW DEPTH       0

DEGREE DAYS
 HEATING
  YESTERDAY       25                        29     -4       34
  MONTH TO DATE  790                       881    -91      944
  SINCE MAR 1    790                       881    -91      944
  SINCE JUL 1   6011                      6718   -707     6585

 COOLING
  YESTERDAY        0                         0      0        0
  MONTH TO DATE    0                         0      0        0
  SINCE MAR 1      0                         0      0        0
  SINCE JAN 1      0                         0      0        0
..................................................................


WIND (MPH)
  HIGHEST WIND SPEED    21   HIGHEST WIND DIRECTION     E (80)
  HIGHEST GUST SPEED    27   HIGHEST GUST DIRECTION     E (80)
  AVERAGE WIND SPEED     8.1


SKY COVER
  POSSIBLE SUNSHINE  MM
  AVERAGE SKY COVER 0.9


WEATHER CONDITIONS
 THE FOLLOWING WEATHER WAS RECORDED YESTERDAY.
  LIGHT RAIN


RELATIVE HUMIDITY (PERCENT)
 HIGHEST   100           500 AM
 LOWEST     45           200 PM
 AVERAGE    73

..........................................................


THE JUNEAU CLIMATE NORMALS FOR TODAY
                         NORMAL    RECORD    YEAR
 MAXIMUM TEMPERATURE (F)   43        51      1994
 MINIMUM TEMPERATURE (F)   30        16      1963


SUNRISE AND SUNSET
MARCH 29 2015.........SUNRISE   635 AM AKDT  SUNSET   733 PM AKDT
MARCH 30 2015.........SUNRISE   632 AM AKDT  SUNSET   735 PM AKDT


-  INDICATES NEGATIVE NUMBERS.
R  INDICATES RECORD WAS SET OR TIED.
MM INDICATES DATA IS MISSING.
T  INDICATES TRACE AMOUNT.




$$


&&
----------------------------
AMOUNT OF DAYLIGHT TODAY  (HOUR:MIN)........12:58
GAIN/LOSS SINCE YESTERDAY (HOUR:MIN:SEC)....+0:05:07
