000
CDAK47 PAJK 261126
CLIJNU
AKZ025-262300-
CLIMATE REPORT
NATIONAL WEATHER SERVICE JUNEAU, AK
225 AM AKST MON JAN 26 2015

...................................

...THE JUNEAU CLIMATE SUMMARY FOR JANUARY 25 2015...

CLIMATE NORMAL PERIOD 1981 TO 2010
CLIMATE RECORD PERIOD 1943 TO 2015


WEATHER ITEM   OBSERVED TIME   RECORD YEAR NORMAL DEPARTURE LAST
                VALUE   (LST)  VALUE       VALUE  FROM      YEAR
                                                  NORMAL
..................................................................
TEMPERATURE (F)
 YESTERDAY
  MAXIMUM         44R  1041 AM  44    1983  33     11       36
  MINIMUM         35   1159 PM -14    1971  24     11       29
  AVERAGE         40                        28     12       33

PRECIPITATION (IN)
  YESTERDAY        0.50          1.88 1986   0.18   0.32     0.00
  MONTH TO DATE   11.34                      4.34   7.00     9.74
  SINCE DEC 1     14.63                     10.18   4.45    18.26
  SINCE JAN 1     11.34                      4.34   7.00     9.74

SNOWFALL (IN)
  YESTERDAY        0.0           8.0  2002   1.0   -1.0      0.0
  MONTH TO DATE    9.1                      22.3  -13.2      4.7
  SINCE DEC 1     12.6                      37.9  -25.3     44.8
  SINCE JUL 1     22.4                      51.8  -29.4     64.0
  SNOW DEPTH       0

DEGREE DAYS
 HEATING
  YESTERDAY       25                        37    -12       32
  MONTH TO DATE  715                       925   -210      680
  SINCE DEC 1   1687                      2015   -328     1832
  SINCE JUL 1   4096                      4646   -550     4305
..................................................................

WIND (MPH)
  HIGHEST WIND SPEED    21   HIGHEST WIND DIRECTION     W (270)
  HIGHEST GUST SPEED    25   HIGHEST GUST DIRECTION    SE (130)
  AVERAGE WIND SPEED     6.8

SKY COVER
  POSSIBLE SUNSHINE  MM
  AVERAGE SKY COVER 0.9

WEATHER CONDITIONS
 THE FOLLOWING WEATHER WAS RECORDED YESTERDAY.
  RAIN
  LIGHT RAIN
  FOG

RELATIVE HUMIDITY (PERCENT)
 HIGHEST   100           900 PM
 LOWEST     76           300 PM
 AVERAGE    88
..........................................................

THE JUNEAU CLIMATE NORMALS FOR TODAY
                         NORMAL    RECORD    YEAR
 MAXIMUM TEMPERATURE (F)   33        43      2011
 MINIMUM TEMPERATURE (F)   24        -6      1982

SUNRISE AND SUNSET
JANUARY 26 2015.......SUNRISE   816 AM AKST  SUNSET   406 PM AKST
JANUARY 27 2015.......SUNRISE   814 AM AKST  SUNSET   409 PM AKST

-  INDICATES NEGATIVE NUMBERS.
R  INDICATES RECORD WAS SET OR TIED.
MM INDICATES DATA IS MISSING.
T  INDICATES TRACE AMOUNT.

$$
&&
----------------------------
AMOUNT OF DAYLIGHT TODAY  (HOUR:MIN)........ 7:51
GAIN/LOSS SINCE YESTERDAY (HOUR:MIN:SEC)....+0:04:14
