000
CDAK47 PAJK 241316
CLIJNU
CLIMATE REPORT
NATIONAL WEATHER SERVICE JUNEAU, AK
414 AM AKST FRI NOV 44 2017


...................................

...THE JUNEAU CLIMATE SUMMARY FOR NOVEMBER 23 2017...

CLIMATE NORMAL PERIOD 1981 TO 2010
CLIMATE RECORD PERIOD 1936 TO 2017


WEATHER ITEM   OBSERVED RECORD YEAR NORMAL DEPARTURE LAST
                VALUE   VALUE       VALUE  FROM      YEAR
                                           NORMAL
...........................................................
TEMPERATURE (F)
 YESTERDAY
  MAXIMUM         31     53    2005  36     -5       34
                               1936
  MINIMUM         18     -2    2006  28    -10       25
  AVERAGE         25                 32     -7       30

PRECIPITATION (IN)
  YESTERDAY        0.22   1.25 1997   0.21   0.01      T
  MONTH TO DATE    1.22               4.59  -3.37     4.86
  SINCE JAN 1     60.38              55.03   5.35    55.61

SNOWFALL (IN)
  YESTERDAY        3.5   17.1  1994   0.5    3.0      0.1
  MONTH TO DATE   21.6                9.0   12.6      1.3
  SINCE JUL 1     21.6                9.8   11.8      7.0
  SNOW DEPTH       9

DEGREE DAYS
 HEATING
  YESTERDAY       40                 33      7       35
  MONTH TO DATE  873                712    161      624
...........................................................


WIND (MPH)
  HIGHEST WIND SPEED    17   HIGHEST WIND DIRECTION     E (80)
  HIGHEST GUST SPEED    22   HIGHEST GUST DIRECTION     E (90)
  AVERAGE WIND SPEED     4.9


SKY COVER
  AVERAGE SKY COVER 1.0


WEATHER CONDITIONS
 THE FOLLOWING WEATHER WAS RECORDED YESTERDAY.
  LIGHT SNOW
  FOG


..........................................................


THE JUNEAU CLIMATE NORMALS FOR TODAY
                         NORMAL    RECORD    YEAR
 MAXIMUM TEMPERATURE (F)   36        52      1992
 MINIMUM TEMPERATURE (F)   28        -1      2006


SUNRISE AND SUNSET
NOVEMBER 24 2017......SUNRISE   808 AM AKST  SUNSET   322 PM AKST
NOVEMBER 25 2017......SUNRISE   810 AM AKST  SUNSET   321 PM AKST


-  INDICATES NEGATIVE NUMBERS.
R  INDICATES RECORD WAS SET OR TIED.
MM INDICATES DATA IS MISSING.
T  INDICATES TRACE AMOUNT.




$$
--------------------------------------------------------------

AMOUNT OF DAYLIGHT TODAY (HOUR:MIN)......... 7 HOURS 14 MINUTES
GAIN/LOSS SINCE YESTERDAY (HOUR:MIN:SEC).... -0:03:37

$$
