000
CDAK47 PAJK 070039
CLIJNU
AKZ025-071200-
CLIMATE REPORT
NATIONAL WEATHER SERVICE JUNEAU, AK
338 PM AKST FRI MAR 6 2015


...................................

...THE JUNEAU CLIMATE SUMMARY FOR MARCH 6 2015...
VALID TODAY AS OF 0300 PM LOCAL TIME.

CLIMATE NORMAL PERIOD 1981 TO 2010
CLIMATE RECORD PERIOD 1943 TO 2015


WEATHER ITEM   OBSERVED TIME   RECORD YEAR NORMAL DEPARTURE LAST
                VALUE   (LST)  VALUE       VALUE  FROM      YEAR
                                                  NORMAL
..................................................................
TEMPERATURE (F)
 TODAY
  MAXIMUM         44R  1242 PM  43    2005  37      7       32
                                      2000
  MINIMUM         35    608 AM -12    1974  27      8        6
  AVERAGE         40                        32      8       19

PRECIPITATION (IN)
  TODAY            0.01          1.09 1971   0.13  -0.12     0.00
  MONTH TO DATE    0.78                      0.82  -0.04     0.00
  SINCE MAR 1      0.78                      0.82  -0.04     0.00
  SINCE JAN 1     16.38                     10.30   6.08    12.13

SNOWFALL (IN)
  TODAY            0.0          15.7  1971   0.4   -0.4      0.0
  MONTH TO DATE    T                         3.0   -3.0      0.0
  SINCE MAR 1      T                         3.0   -3.0      0.0
  SINCE JUL 1     38.7                      77.0  -38.3     90.8

DEGREE DAYS
 HEATING
  TODAY           25                        33     -8       46
  MONTH TO DATE  168                       199    -31      259
  SINCE MAR 1    168                       199    -31      259
  SINCE JUL 1   5389                      6036   -647     5900

 COOLING
  TODAY            0                         0      0        0
  MONTH TO DATE    0                         0      0        0
  SINCE MAR 1      0                         0      0        0
  SINCE JAN 1      0                         0      0        0
..................................................................


WIND (MPH)
  HIGHEST WIND SPEED    14   HIGHEST WIND DIRECTION    SE (120)
  HIGHEST GUST SPEED    16   HIGHEST GUST DIRECTION    SE (120)
  AVERAGE WIND SPEED     6.7


SKY COVER
  POSSIBLE SUNSHINE  MM
  AVERAGE SKY COVER 1.0


WEATHER CONDITIONS
 THE FOLLOWING WEATHER WAS RECORDED TODAY.
  LIGHT RAIN
  FOG
  HAZE


RELATIVE HUMIDITY (PERCENT)
 HIGHEST   100           100 AM
 LOWEST     82          1100 AM
 AVERAGE    91

..........................................................


THE JUNEAU CLIMATE NORMALS FOR TOMORROW
                         NORMAL    RECORD    YEAR
 MAXIMUM TEMPERATURE (F)   38        50      1965
 MINIMUM TEMPERATURE (F)   27       -15      1972


SUNRISE AND SUNSET
MARCH  6 2015.........SUNRISE   640 AM AKST  SUNSET   540 PM AKST
MARCH  7 2015.........SUNRISE   637 AM AKST  SUNSET   543 PM AKST


-  INDICATES NEGATIVE NUMBERS.
R  INDICATES RECORD WAS SET OR TIED.
MM INDICATES DATA IS MISSING.
T  INDICATES TRACE AMOUNT.




$$


&&
----------------------------
AMOUNT OF DAYLIGHT TODAY  (HOUR:MIN)........11:00
GAIN/LOSS SINCE YESTERDAY (HOUR:MIN:SEC)....+0:05:06
