000
CDUS41 KCTP 260614
CLIJST


CLIMATE REPORT
NATIONAL WEATHER SERVICE STATE COLLEGE PA
214 AM EDT FRI MAY 26 2017


...................................

...THE JOHNSTOWN CLIMATE SUMMARY FOR MAY 25 2017...

CLIMATE NORMAL PERIOD 1981 TO 2010
CLIMATE RECORD PERIOD 1892 TO 2017


WEATHER ITEM   OBSERVED TIME   RECORD YEAR NORMAL DEPARTURE LAST
                VALUE   (LST)  VALUE       VALUE  FROM      YEAR
                                                  NORMAL
..................................................................
TEMPERATURE (F)
 YESTERDAY
  MAXIMUM         65    537 PM  95    1904  68     -3       78
  MINIMUM         51    646 AM  31    1956  50      1       55
  AVERAGE         58                        59     -1       67

PRECIPITATION (IN)
  YESTERDAY        0.64          1.17 1952   0.16   0.48     0.00
  MONTH TO DATE    5.13                      3.58   1.55     3.91
  SINCE MAR 1     12.81                     10.46   2.35     7.71
  SINCE JAN 1     18.47                     15.69   2.78    10.56

DEGREE DAYS
 HEATING
  YESTERDAY        7                         7      0        0
  MONTH TO DATE  273                       240     33      278
  SINCE MAR 1   1521                      1691   -170     1424
  SINCE JUL 1   5441                      6571  -1130     5487

 COOLING
  YESTERDAY        0                         1     -1        2
  MONTH TO DATE   26                        12     14        2
  SINCE MAR 1     29                        17     12        2
  SINCE JAN 1     29                        17     12        2
..................................................................


WIND (MPH)
  HIGHEST WIND SPEED    16   HIGHEST WIND DIRECTION     W (270)
  HIGHEST GUST SPEED    22   HIGHEST GUST DIRECTION     E (70)
  AVERAGE WIND SPEED     7.5


SKY COVER
  POSSIBLE SUNSHINE  MM
  AVERAGE SKY COVER 0.9


WEATHER CONDITIONS
 THE FOLLOWING WEATHER WAS RECORDED YESTERDAY.
  THUNDERSTORM
  HEAVY RAIN
  RAIN
  LIGHT RAIN
  FOG


RELATIVE HUMIDITY (PERCENT)
 HIGHEST   100           400 AM
 LOWEST     67           500 PM
 AVERAGE    84

..........................................................


THE JOHNSTOWN CLIMATE NORMALS FOR TODAY
                         NORMAL    RECORD    YEAR
 MAXIMUM TEMPERATURE (F)   68        94      1914
 MINIMUM TEMPERATURE (F)   50        33      1917


SUNRISE AND SUNSET
MAY 26 2017...........SUNRISE   551 AM EDT   SUNSET   835 PM EDT
MAY 27 2017...........SUNRISE   550 AM EDT   SUNSET   835 PM EDT


-  INDICATES NEGATIVE NUMBERS.
R  INDICATES RECORD WAS SET OR TIED.
MM INDICATES DATA IS MISSING.
T  INDICATES TRACE AMOUNT.




$$
