000
CDUS41 KCTP 240626
CLIJST


CLIMATE REPORT
NATIONAL WEATHER SERVICE STATE COLLEGE PA
225 AM EDT TUE MAY 24 2016


...................................

...THE JOHNSTOWN CLIMATE SUMMARY FOR MAY 23 2016...

CLIMATE NORMAL PERIOD 1981 TO 2010
CLIMATE RECORD PERIOD 1892 TO 2016


WEATHER ITEM   OBSERVED TIME   RECORD YEAR NORMAL DEPARTURE LAST
                VALUE   (LST)  VALUE       VALUE  FROM      YEAR
                                                  NORMAL
..................................................................
TEMPERATURE (F)
 YESTERDAY
  MAXIMUM         70    232 PM  93    1925  68      2       66
  MINIMUM         47    511 AM  32    2006  49     -2       35
  AVERAGE         59                        59      0       51

PRECIPITATION (IN)
  YESTERDAY        0.02          1.22 1941   0.18  -0.16     0.00
  MONTH TO DATE    3.91                      3.25   0.66     2.00
  SINCE MAR 1      7.71                     10.13  -2.42    10.46
  SINCE JAN 1     10.56                     15.36  -4.80    13.86

DEGREE DAYS
 HEATING
  YESTERDAY        6                         7     -1       14
  MONTH TO DATE  275                       226     49      129
  SINCE MAR 1   1421                      1677   -256     1585
  SINCE JUL 1   5484                      6557  -1073     6774

 COOLING
  YESTERDAY        0                         1     -1        0
  MONTH TO DATE    0                        10    -10       43
  SINCE MAR 1      0                        15    -15       43
  SINCE JAN 1      0                        15    -15       43
..................................................................


WIND (MPH)
  HIGHEST WIND SPEED    14   HIGHEST WIND DIRECTION    NE (30)
  HIGHEST GUST SPEED    19   HIGHEST GUST DIRECTION    NE (30)
  AVERAGE WIND SPEED     6.0


SKY COVER
  POSSIBLE SUNSHINE  MM
  AVERAGE SKY COVER 0.6


WEATHER CONDITIONS
 THE FOLLOWING WEATHER WAS RECORDED YESTERDAY.
  THUNDERSTORM
  FOG
  FOG W/VISIBILITY <= 1/4 MILE
  HAZE


RELATIVE HUMIDITY (PERCENT)
 HIGHEST    93           500 AM
 LOWEST     42          1200 PM
 AVERAGE    68

..........................................................


THE JOHNSTOWN CLIMATE NORMALS FOR TODAY
                         NORMAL    RECORD    YEAR
 MAXIMUM TEMPERATURE (F)   68        93      1908
 MINIMUM TEMPERATURE (F)   50        31      1963


SUNRISE AND SUNSET
MAY 24 2016...........SUNRISE   552 AM EDT   SUNSET   833 PM EDT
MAY 25 2016...........SUNRISE   551 AM EDT   SUNSET   834 PM EDT


-  INDICATES NEGATIVE NUMBERS.
R  INDICATES RECORD WAS SET OR TIED.
MM INDICATES DATA IS MISSING.
T  INDICATES TRACE AMOUNT.




$$
