000
CDUS41 KCTP 060642
CLIJST


CLIMATE REPORT
NATIONAL WEATHER SERVICE STATE COLLEGE PA
142 AM EST FRI MAR 6 2015


...................................

...THE JOHNSTOWN CLIMATE SUMMARY FOR MARCH 5 2015...

CLIMATE NORMAL PERIOD 1981 TO 2010
CLIMATE RECORD PERIOD 2000 TO 2015


WEATHER ITEM   OBSERVED TIME   RECORD YEAR NORMAL DEPARTURE LAST
                VALUE   (LST)  VALUE       VALUE  FROM      YEAR
                                                  NORMAL
..................................................................
TEMPERATURE (F)
 YESTERDAY
  MAXIMUM         27    130 AM  78    1992  39    -12       29
  MINIMUM          3R  1159 PM   7    1926  24    -21       16
  AVERAGE         15                        32    -17       23

PRECIPITATION (IN)
  YESTERDAY        0.07          2.50 1967   0.08  -0.01     0.00
  MONTH TO DATE    2.36                      0.37   1.99     0.07
  SINCE MAR 1      2.36                      0.37   1.99     0.07
  SINCE JAN 1      5.76                      5.60   0.16     4.11

DEGREE DAYS
 HEATING
  YESTERDAY       50                        33     17       42
  MONTH TO DATE  192                       170     22      223
  SINCE MAR 1    192                       170     22      223
  SINCE JUL 1   5381                      5049    332     5551

 COOLING
  YESTERDAY        0                         0      0        0
  MONTH TO DATE    0                         0      0        0
  SINCE MAR 1      0                         0      0        0
  SINCE JAN 1      0                         0      0        0
..................................................................


WIND (MPH)
  HIGHEST WIND SPEED    22   HIGHEST WIND DIRECTION    NW (300)
  HIGHEST GUST SPEED    26   HIGHEST GUST DIRECTION    NW (300)
  AVERAGE WIND SPEED    12.7


SKY COVER
  POSSIBLE SUNSHINE  MM
  AVERAGE SKY COVER 0.8


WEATHER CONDITIONS
 THE FOLLOWING WEATHER WAS RECORDED YESTERDAY.
  SNOW
  LIGHT SNOW
  FOG
  FOG W/VISIBILITY <= 1/4 MILE
  HAZE


RELATIVE HUMIDITY (PERCENT)
 HIGHEST    92          1200 AM
 LOWEST     63           700 PM
 AVERAGE    78

..........................................................


THE JOHNSTOWN CLIMATE NORMALS FOR TODAY
                         NORMAL    RECORD    YEAR
 MAXIMUM TEMPERATURE (F)   40        75      1946
 MINIMUM TEMPERATURE (F)   24         0      1901


SUNRISE AND SUNSET
MARCH  6 2015.........SUNRISE   642 AM EST   SUNSET   612 PM EST
MARCH  7 2015.........SUNRISE   640 AM EST   SUNSET   613 PM EST


-  INDICATES NEGATIVE NUMBERS.
R  INDICATES RECORD WAS SET OR TIED.
MM INDICATES DATA IS MISSING.
T  INDICATES TRACE AMOUNT.




$$
