000
CDUS41 KCTP 290620
CLIJST


CLIMATE REPORT
NATIONAL WEATHER SERVICE STATE COLLEGE PA
219 AM EDT FRI APR 29 2016


...................................

...THE JOHNSTOWN CLIMATE SUMMARY FOR APRIL 28 2016...

CLIMATE NORMAL PERIOD 1981 TO 2010
CLIMATE RECORD PERIOD 1892 TO 2016


WEATHER ITEM   OBSERVED TIME   RECORD YEAR NORMAL DEPARTURE LAST
                VALUE   (LST)  VALUE       VALUE  FROM      YEAR
                                                  NORMAL
..................................................................
TEMPERATURE (F)
 YESTERDAY
  MAXIMUM         53   1212 AM  92    1990  62     -9       60
  MINIMUM         42   1159 PM  25    1934  42      0       36
  AVERAGE         48                        52     -4       48

PRECIPITATION (IN)
  YESTERDAY        0.54          1.39 1948   0.11   0.43     0.00
  MONTH TO DATE    2.09                      3.37  -1.28     3.32
  SINCE MAR 1      3.69                      6.66  -2.97     7.37
  SINCE JAN 1      6.54                     11.89  -5.35    10.77

DEGREE DAYS
 HEATING
  YESTERDAY       17                        14      3       17
  MONTH TO DATE  493                       513    -20      451
  SINCE MAR 1   1115                      1426   -311     1432
  SINCE JUL 1   5178                      6305  -1127     6621

 COOLING
  YESTERDAY        0                         0      0        0
  MONTH TO DATE    0                         0      0        0
  SINCE MAR 1      0                         0      0        0
  SINCE JAN 1      0                         0      0        0
..................................................................


WIND (MPH)
  HIGHEST WIND SPEED    12   HIGHEST WIND DIRECTION    SE (150)
  HIGHEST GUST SPEED    18   HIGHEST GUST DIRECTION     S (160)
  AVERAGE WIND SPEED     6.3


SKY COVER
  POSSIBLE SUNSHINE  MM
  AVERAGE SKY COVER 0.8


WEATHER CONDITIONS
 THE FOLLOWING WEATHER WAS RECORDED YESTERDAY.
  HEAVY RAIN
  RAIN
  LIGHT RAIN
  FOG
  FOG W/VISIBILITY <= 1/4 MILE
  HAZE


RELATIVE HUMIDITY (PERCENT)
 HIGHEST    89           500 PM
 LOWEST     71           300 AM
 AVERAGE    80

..........................................................


THE JOHNSTOWN CLIMATE NORMALS FOR TODAY
                         NORMAL    RECORD    YEAR
 MAXIMUM TEMPERATURE (F)   62        88      1899
 MINIMUM TEMPERATURE (F)   42        28      1944


SUNRISE AND SUNSET
APRIL 29 2016.........SUNRISE   617 AM EDT   SUNSET   809 PM EDT
APRIL 30 2016.........SUNRISE   615 AM EDT   SUNSET   810 PM EDT


-  INDICATES NEGATIVE NUMBERS.
R  INDICATES RECORD WAS SET OR TIED.
MM INDICATES DATA IS MISSING.
T  INDICATES TRACE AMOUNT.




$$
