000
CDUS41 KCTP 071319
CLIJST


CLIMATE REPORT
NATIONAL WEATHER SERVICE STATE COLLEGE PA
819 AM EST WED DEC 7 2016


...................................

...THE JOHNSTOWN CLIMATE SUMMARY FOR DECEMBER 6 2016...

CLIMATE NORMAL PERIOD 1981 TO 2010
CLIMATE RECORD PERIOD 1892 TO 2016


WEATHER ITEM   OBSERVED TIME   RECORD YEAR NORMAL DEPARTURE LAST
                VALUE   (LST)  VALUE       VALUE  FROM      YEAR
                                                  NORMAL
..................................................................
TEMPERATURE (F)
 YESTERDAY
  MAXIMUM         35   1159 PM  67    1960  37     -2       52
  MINIMUM         28    209 AM   8    2000  25      3       30
  AVERAGE         32                        31      1       41

PRECIPITATION (IN)
  YESTERDAY        0.64          1.29 1971   0.09   0.55     0.00
  MONTH TO DATE    0.99                      0.55   0.44     1.17
  SINCE DEC 1      0.99                      0.55   0.44     1.17
  SINCE JAN 1     33.81                     31.60   2.21    42.56

DEGREE DAYS
 HEATING
  YESTERDAY       33                        34     -1       24
  MONTH TO DATE  185                       198    -13      153
  SINCE DEC 1    185                       198    -13      153
  SINCE JUL 1   1254                      1655   -401     1271

 COOLING
  YESTERDAY        0                         0      0        0
  MONTH TO DATE    0                         0      0        0
  SINCE DEC 1      0                         0      0        0
  SINCE JAN 1    705                       382    323      556
..................................................................


WIND (MPH)
  HIGHEST WIND SPEED    21   HIGHEST WIND DIRECTION    SE (150)
  HIGHEST GUST SPEED    32   HIGHEST GUST DIRECTION    SE (140)
  AVERAGE WIND SPEED    10.8


SKY COVER
  POSSIBLE SUNSHINE  MM
  AVERAGE SKY COVER 0.6


WEATHER CONDITIONS
 THE FOLLOWING WEATHER WAS RECORDED YESTERDAY.
  RAIN
  LIGHT RAIN
  FREEZING RAIN
  LT FREEZING RAIN
  FOG


RELATIVE HUMIDITY (PERCENT)
 HIGHEST   100           700 PM
 LOWEST     78           500 AM
 AVERAGE    89

..........................................................


THE JOHNSTOWN CLIMATE NORMALS FOR TODAY
                         NORMAL    RECORD    YEAR
 MAXIMUM TEMPERATURE (F)   37        68      1951
 MINIMUM TEMPERATURE (F)   25         4      1926


SUNRISE AND SUNSET
DECEMBER  7 2016......SUNRISE   725 AM EST   SUNSET   449 PM EST
DECEMBER  8 2016......SUNRISE   726 AM EST   SUNSET   449 PM EST


-  INDICATES NEGATIVE NUMBERS.
R  INDICATES RECORD WAS SET OR TIED.
MM INDICATES DATA IS MISSING.
T  INDICATES TRACE AMOUNT.




$$
