228
CDUS41 KCTP 112220
CLIJST


CLIMATE REPORT
NATIONAL WEATHER SERVICE STATE COLLEGE PA
520 PM EST THU FEB 11 2016


...................................

...THE JOHNSTOWN CLIMATE SUMMARY FOR FEBRUARY 11 2016...
VALID TODAY AS OF 0500 PM LOCAL TIME.

CLIMATE NORMAL PERIOD 1981 TO 2010
CLIMATE RECORD PERIOD 2000 TO 2016


WEATHER ITEM   OBSERVED TIME   RECORD YEAR NORMAL DEPARTURE LAST
                VALUE   (LST)  VALUE       VALUE  FROM      YEAR
                                                  NORMAL
..................................................................
TEMPERATURE (F)
 TODAY
  MAXIMUM         14    243 PM  77    1932  33    -19       33
  MINIMUM          8    952 AM -14    1899  19    -11       21
  AVERAGE         11                        26    -15       27

PRECIPITATION (IN)
  TODAY            T             2.14 1983   0.08  -0.08      T
  MONTH TO DATE    0.60                      0.93  -0.33     1.20
  SINCE DEC 1      5.20                      6.38  -1.18     5.45
  SINCE JAN 1      1.47                      3.81  -2.34     3.12

DEGREE DAYS
 HEATING
  TODAY           54                        39     15       38
  MONTH TO DATE  374                       434    -60      428
  SINCE DEC 1   2308                      2793   -485     2747
  SINCE JUL 1   3426                      4251   -825     4258

 COOLING
  TODAY            0                         0      0        0
  MONTH TO DATE    0                         0      0        0
  SINCE DEC 1      0                         0      0        0
  SINCE JAN 1      0                         0      0        0
..................................................................


WIND (MPH)
  HIGHEST WIND SPEED    30   HIGHEST WIND DIRECTION     W (270)
  HIGHEST GUST SPEED    42   HIGHEST GUST DIRECTION     W (260)
  AVERAGE WIND SPEED    19.6


SKY COVER
  POSSIBLE SUNSHINE  MM
  AVERAGE SKY COVER 1.0


WEATHER CONDITIONS
 THE FOLLOWING WEATHER WAS RECORDED TODAY.
  HEAVY SNOW
  SNOW
  LIGHT SNOW
  HAZE
  BLOWING SNOW


RELATIVE HUMIDITY (PERCENT)
 HIGHEST    73           100 AM
 LOWEST     53           300 PM
 AVERAGE    63

..........................................................


THE JOHNSTOWN CLIMATE NORMALS FOR TOMORROW
                         NORMAL    RECORD    YEAR
 MAXIMUM TEMPERATURE (F)   33        66      1984
 MINIMUM TEMPERATURE (F)   20        -4      1917


SUNRISE AND SUNSET
FEBRUARY 11 2016......SUNRISE   714 AM EST   SUNSET   545 PM EST
FEBRUARY 12 2016......SUNRISE   713 AM EST   SUNSET   547 PM EST


-  INDICATES NEGATIVE NUMBERS.
R  INDICATES RECORD WAS SET OR TIED.
MM INDICATES DATA IS MISSING.
T  INDICATES TRACE AMOUNT.




$$
