000
CDUS41 KCTP 300623
CLIJST


CLIMATE REPORT
NATIONAL WEATHER SERVICE STATE COLLEGE PA
223 AM EDT THU MAR 30 2017


...................................

...THE JOHNSTOWN CLIMATE SUMMARY FOR MARCH 29 2017...

CLIMATE NORMAL PERIOD 1981 TO 2010
CLIMATE RECORD PERIOD 1892 TO 2017


WEATHER ITEM   OBSERVED TIME   RECORD YEAR NORMAL DEPARTURE LAST
                VALUE   (LST)  VALUE       VALUE  FROM      YEAR
                                                  NORMAL
..................................................................
TEMPERATURE (F)
 YESTERDAY
  MAXIMUM         56    408 PM  85    1907  49      7       48
  MINIMUM         40    735 AM  12    2015  32      8       32
                                      1923
  AVERAGE         48                        40      8       40

PRECIPITATION (IN)
  YESTERDAY        0.01          1.60 1898   0.13  -0.12      T
  MONTH TO DATE    3.18                      3.01   0.17     1.59
  SINCE MAR 1      3.18                      3.01   0.17     1.59
  SINCE JAN 1      8.84                      8.24   0.60     4.44

DEGREE DAYS
 HEATING
  YESTERDAY       17                        25     -8       25
  MONTH TO DATE  885                       865     20      597
  SINCE MAR 1    885                       865     20      597
  SINCE JUL 1   4805                      5744   -939     4660

 COOLING
  YESTERDAY        0                         0      0        0
  MONTH TO DATE    0                         0      0        0
  SINCE MAR 1      0                         0      0        0
  SINCE JAN 1      0                         0      0        0
..................................................................


WIND (MPH)
  HIGHEST WIND SPEED    16   HIGHEST WIND DIRECTION    NW (320)
  HIGHEST GUST SPEED    20   HIGHEST GUST DIRECTION    NW (310)
  AVERAGE WIND SPEED     8.7


SKY COVER
  POSSIBLE SUNSHINE  MM
  AVERAGE SKY COVER 0.4


WEATHER CONDITIONS
 THE FOLLOWING WEATHER WAS RECORDED YESTERDAY.
  LIGHT RAIN
  FOG


RELATIVE HUMIDITY (PERCENT)
 HIGHEST   100           100 AM
 LOWEST     35           500 PM
 AVERAGE    68

..........................................................


THE JOHNSTOWN CLIMATE NORMALS FOR TODAY
                         NORMAL    RECORD    YEAR
 MAXIMUM TEMPERATURE (F)   49        85      1986
 MINIMUM TEMPERATURE (F)   32        11      1970


SUNRISE AND SUNSET
MARCH 30 2017.........SUNRISE   702 AM EDT   SUNSET   738 PM EDT
MARCH 31 2017.........SUNRISE   700 AM EDT   SUNSET   739 PM EDT


-  INDICATES NEGATIVE NUMBERS.
R  INDICATES RECORD WAS SET OR TIED.
MM INDICATES DATA IS MISSING.
T  INDICATES TRACE AMOUNT.




$$
