000
CDUS41 KCTP 120606
CLIJST


CLIMATE REPORT
NATIONAL WEATHER SERVICE STATE COLLEGE PA
206 AM EDT SAT JUL 12 2014


...................................

...THE JOHNSTOWN CLIMATE SUMMARY FOR JULY 11 2014...

CLIMATE NORMAL PERIOD 1981 TO 2010
CLIMATE RECORD PERIOD 2000 TO 2014


WEATHER ITEM   OBSERVED TIME   RECORD YEAR NORMAL DEPARTURE LAST
                VALUE   (LST)  VALUE       VALUE  FROM      YEAR
                                                  NORMAL
..................................................................
TEMPERATURE (F)
 YESTERDAY
  MAXIMUM         77    314 PM  98    1922  79     -2       73
  MINIMUM         57    531 AM  42    1898  60     -3       60
  AVERAGE         67                        69     -2       67

PRECIPITATION (IN)
  YESTERDAY        0.00          2.40 1976   0.11  -0.11     0.01
  MONTH TO DATE    0.49                      1.27  -0.78     1.94
  SINCE JUN 1      5.33                      1.27   4.06     7.79
  SINCE JAN 1     18.89                     17.91   0.98    18.71

DEGREE DAYS
 HEATING
  YESTERDAY        0                         0      0        0
  MONTH TO DATE    7                         8     -1        0
  SINCE JUN 1     47                        87    -40       63
  SINCE JUL 1      7                         8     -1        0

 COOLING
  YESTERDAY        2                         5     -3        2
  MONTH TO DATE   56                        50      6       68
  SINCE JUN 1    140                       125     15      137
  SINCE JAN 1    166                       143     23      178
..................................................................


WIND (MPH)
  HIGHEST WIND SPEED    12   HIGHEST WIND DIRECTION     S (160)
  HIGHEST GUST SPEED    14   HIGHEST GUST DIRECTION     S (160)
  AVERAGE WIND SPEED     3.7


SKY COVER
  POSSIBLE SUNSHINE  MM
  AVERAGE SKY COVER 0.3


WEATHER CONDITIONS
 THE FOLLOWING WEATHER WAS RECORDED YESTERDAY.
  FOG


RELATIVE HUMIDITY (PERCENT)
 HIGHEST    93           500 AM
 LOWEST     47           300 PM
 AVERAGE    70

..........................................................


THE JOHNSTOWN CLIMATE NORMALS FOR TODAY
                         NORMAL    RECORD    YEAR
 MAXIMUM TEMPERATURE (F)   79       100      1936
 MINIMUM TEMPERATURE (F)   60        44      1898


SUNRISE AND SUNSET
JULY 12 2014..........SUNRISE   556 AM EDT   SUNSET   846 PM EDT
JULY 13 2014..........SUNRISE   557 AM EDT   SUNSET   845 PM EDT


-  INDICATES NEGATIVE NUMBERS.
R  INDICATES RECORD WAS SET OR TIED.
MM INDICATES DATA IS MISSING.
T  INDICATES TRACE AMOUNT.




$$
