000
CDUS41 KCTP 250613
CLIJST


CLIMATE REPORT
NATIONAL WEATHER SERVICE STATE COLLEGE PA
213 AM EDT SAT OCT 25 2014


...................................

...THE JOHNSTOWN CLIMATE SUMMARY FOR OCTOBER 24 2014...

CLIMATE NORMAL PERIOD 1981 TO 2010
CLIMATE RECORD PERIOD 2000 TO 2014


WEATHER ITEM   OBSERVED TIME   RECORD YEAR NORMAL DEPARTURE LAST
                VALUE   (LST)  VALUE       VALUE  FROM      YEAR
                                                  NORMAL
..................................................................
TEMPERATURE (F)
 YESTERDAY
  MAXIMUM         53    356 PM  82    1963  56     -3       38
  MINIMUM         42    818 AM  20    1969  40      2       30
  AVERAGE         48                        48      0       34

PRECIPITATION (IN)
  YESTERDAY        0.00          2.11 1917   0.09  -0.09     0.01
  MONTH TO DATE    2.64                      2.42   0.22     2.35
  SINCE SEP 1      3.84                      2.42   1.42     6.42
  SINCE JAN 1     29.74                     26.71   3.03    31.37

DEGREE DAYS
 HEATING
  YESTERDAY       17                        17      0       31
  MONTH TO DATE  301                       346    -45      276
  SINCE SEP 1    451                       526    -75      493
  SINCE JUL 1    534                       564    -30      564

 COOLING
  YESTERDAY        0                         0      0        0
  MONTH TO DATE    0                         0      0       16
  SINCE SEP 1     46                        22     24       47
  SINCE JAN 1    341                       382    -41      393
..................................................................


WIND (MPH)
  HIGHEST WIND SPEED    22   HIGHEST WIND DIRECTION    NW (310)
  HIGHEST GUST SPEED    27   HIGHEST GUST DIRECTION    NW (320)
  AVERAGE WIND SPEED    11.8


SKY COVER
  POSSIBLE SUNSHINE  MM
  AVERAGE SKY COVER 0.4


WEATHER CONDITIONS
 THE FOLLOWING WEATHER WAS RECORDED YESTERDAY.
  FOG


RELATIVE HUMIDITY (PERCENT)
 HIGHEST    96           500 AM
 LOWEST     54          1200 PM
 AVERAGE    75

..........................................................


THE JOHNSTOWN CLIMATE NORMALS FOR TODAY
                         NORMAL    RECORD    YEAR
 MAXIMUM TEMPERATURE (F)   55        86      1963
 MINIMUM TEMPERATURE (F)   40        23      1969


SUNRISE AND SUNSET
OCTOBER 25 2014.......SUNRISE   737 AM EDT   SUNSET   621 PM EDT
OCTOBER 26 2014.......SUNRISE   738 AM EDT   SUNSET   620 PM EDT


-  INDICATES NEGATIVE NUMBERS.
R  INDICATES RECORD WAS SET OR TIED.
MM INDICATES DATA IS MISSING.
T  INDICATES TRACE AMOUNT.




$$
