412
CDUS41 KCTP 192216
CLIJST


CLIMATE REPORT
NATIONAL WEATHER SERVICE STATE COLLEGE PA
516 PM EST THU JAN 19 2017


...................................

...THE JOHNSTOWN CLIMATE SUMMARY FOR JANUARY 19 2017...
VALID TODAY AS OF 0500 PM LOCAL TIME.

CLIMATE NORMAL PERIOD 1981 TO 2010
CLIMATE RECORD PERIOD 1892 TO 2017


WEATHER ITEM   OBSERVED TIME   RECORD YEAR NORMAL DEPARTURE LAST
                VALUE   (LST)  VALUE       VALUE  FROM      YEAR
                                                  NORMAL
..................................................................
TEMPERATURE (F)
 TODAY
  MAXIMUM         42    436 PM  66    1973  32     10       11
  MINIMUM         33    932 AM -12    1904  18     15        1
  AVERAGE         38                        25     13        6

PRECIPITATION (IN)
  TODAY            T             1.21 1936   0.07  -0.07      T
  MONTH TO DATE    2.11                      1.96   0.15     0.72
  SINCE DEC 1      6.29                      4.53   1.76     4.45
  SINCE JAN 1      2.11                      1.96   0.15     0.72

DEGREE DAYS
 HEATING
  TODAY           27                        40    -13       59
  MONTH TO DATE  657                       753    -96      779
  SINCE DEC 1   1730                      1880   -150     1453
  SINCE JUL 1   2799                      3337   -538     2571

 COOLING
  TODAY            0                         0      0        0
  MONTH TO DATE    0                         0      0        0
  SINCE DEC 1      0                         0      0        0
  SINCE JAN 1      0                         0      0        0
..................................................................


WIND (MPH)
  HIGHEST WIND SPEED    17   HIGHEST WIND DIRECTION     W (270)
  HIGHEST GUST SPEED    21   HIGHEST GUST DIRECTION     W (270)
  AVERAGE WIND SPEED     9.5


SKY COVER
  POSSIBLE SUNSHINE  MM
  AVERAGE SKY COVER 0.8


WEATHER CONDITIONS
 THE FOLLOWING WEATHER WAS RECORDED TODAY.
  LIGHT RAIN
  FOG
  FOG W/VISIBILITY <= 1/4 MILE


RELATIVE HUMIDITY (PERCENT)
 HIGHEST   100           100 AM
 LOWEST     70           400 PM
 AVERAGE    85

..........................................................


THE JOHNSTOWN CLIMATE NORMALS FOR TOMORROW
                         NORMAL    RECORD    YEAR
 MAXIMUM TEMPERATURE (F)   32        67      1965
 MINIMUM TEMPERATURE (F)   18       -12      1985


SUNRISE AND SUNSET
JANUARY 19 2017.......SUNRISE   734 AM EST   SUNSET   519 PM EST
JANUARY 20 2017.......SUNRISE   733 AM EST   SUNSET   520 PM EST


-  INDICATES NEGATIVE NUMBERS.
R  INDICATES RECORD WAS SET OR TIED.
MM INDICATES DATA IS MISSING.
T  INDICATES TRACE AMOUNT.




$$
