000
CDUS43 KGRR 241335
CLIJXN


CLIMATE REPORT
NATIONAL WEATHER SERVICE GRAND RAPIDS, MI
932 AM EDT WED AUG 24 2016


...................................

...THE JACKSON MI CLIMATE SUMMARY FOR AUGUST 24 2016...
VALID AS OF 0900 AM LOCAL TIME.

CLIMATE NORMAL PERIOD 1981 TO 2010
CLIMATE RECORD PERIOD 1944 TO 9999


WEATHER ITEM   OBSERVED TIME   NORMAL DEPARTURE LAST
                VALUE   (LST)  VALUE  FROM      YEAR
                                      NORMAL
......................................................
TEMPERATURE (F)
 TODAY
  MAXIMUM         70    759 AM  80    -10       72
  MINIMUM         61    227 AM  58      3       54
  AVERAGE         66            69     -3       63

PRECIPITATION (IN)
  TODAY            0.00          0.11  -0.11     0.00
  MONTH TO DATE    8.25          2.71   5.54     3.11
  SINCE JUN 1     15.55          9.56   5.99    12.94
  SINCE JAN 1     25.05         20.16   4.89    23.57

DEGREE DAYS
 HEATING
  TODAY            0             1     -1        2
  MONTH TO DATE    0            20    -20        4
  SINCE JUN 1     34            86    -52       49
  SINCE JUL 1      4            31    -27       17

 COOLING
  TODAY            1             5     -4        0
  MONTH TO DATE  206           135     71      118
  SINCE JUN 1    615           463    152      357
  SINCE JAN 1    668           500    168      412
......................................................


WIND (MPH)
  RESULTANT WIND SPEED   7   RESULTANT WIND DIRECTION   S (170)
  HIGHEST WIND SPEED    12   HIGHEST WIND DIRECTION     S (190)
  HIGHEST GUST SPEED    14   HIGHEST GUST DIRECTION     S (170)
  AVERAGE WIND SPEED     7.3


SKY COVER
  AVERAGE SKY COVER 0.0


WEATHER CONDITIONS
 THE FOLLOWING WEATHER WAS RECORDED TODAY.
  NO SIGNIFICANT WEATHER WAS OBSERVED.


RELATIVE HUMIDITY (PERCENT)
 HIGHEST    93           200 AM
 LOWEST     78           800 AM
 AVERAGE    86

..........................................................


THE JACKSON MI CLIMATE NORMALS FOR TOMORROW
                         NORMAL
 MAXIMUM TEMPERATURE (F)   79
 MINIMUM TEMPERATURE (F)   58


SUNRISE AND SUNSET
AUGUST 24 2016........SUNRISE   655 AM EDT   SUNSET   824 PM EDT
AUGUST 25 2016........SUNRISE   656 AM EDT   SUNSET   822 PM EDT


-  INDICATES NEGATIVE NUMBERS.
R  INDICATES RECORD WAS SET OR TIED.
MM INDICATES DATA IS MISSING.
T  INDICATES TRACE AMOUNT.




$$

63
