000
CDUS43 KGRR 300519
CLIJXN


CLIMATE REPORT
NATIONAL WEATHER SERVICE GRAND RAPIDS, MI
1217 AM EST FRI JAN 30 2015


...................................

...THE JACKSON MI CLIMATE SUMMARY FOR JANUARY 29 2015...

CLIMATE NORMAL PERIOD 1981 TO 2010
CLIMATE RECORD PERIOD 1944 TO 9999


WEATHER ITEM   OBSERVED TIME   NORMAL DEPARTURE LAST
                VALUE   (LST)  VALUE  FROM      YEAR
                                      NORMAL
......................................................
TEMPERATURE (F)
 YESTERDAY
  MAXIMUM         34    128 PM  31      3       15
  MINIMUM         25   1232 AM  16      9       -3
  AVERAGE         30            24      6        6

PRECIPITATION (IN)
  YESTERDAY        0.09          0.03   0.06     0.00
  MONTH TO DATE    1.07          1.41  -0.34     1.89
  SINCE DEC 1      2.47          3.28  -0.81     3.81
  SINCE JAN 1      1.07          1.41  -0.34     1.89

DEGREE DAYS
 HEATING
  YESTERDAY       35            41     -6       59
  MONTH TO DATE 1284          1204     80     1465
  SINCE DEC 1   2303          2348    -45     2674
  SINCE JUL 1   3914          3752    162     4145

 COOLING
  YESTERDAY        0             0      0        0
  MONTH TO DATE    0             0      0        0
  SINCE DEC 1      0             0      0        0
  SINCE JAN 1      0             0      0        0
......................................................


WIND (MPH)
  RESULTANT WIND SPEED   3   RESULTANT WIND DIRECTION   S (200)
  HIGHEST WIND SPEED    23   HIGHEST WIND DIRECTION     N (350)
  HIGHEST GUST SPEED    37   HIGHEST GUST DIRECTION     N (350)
  AVERAGE WIND SPEED     9.8


SKY COVER
  AVERAGE SKY COVER 0.9


WEATHER CONDITIONS
 THE FOLLOWING WEATHER WAS RECORDED YESTERDAY.
  SNOW
  LIGHT SNOW
  FOG
  FOG W/VISIBILITY <= 1/4 MILE
  HAZE


RELATIVE HUMIDITY (PERCENT)
 HIGHEST    92           200 PM
 LOWEST     58           200 AM
 AVERAGE    75

..........................................................


THE JACKSON MI CLIMATE NORMALS FOR TODAY
                         NORMAL
 MAXIMUM TEMPERATURE (F)   31
 MINIMUM TEMPERATURE (F)   16


SUNRISE AND SUNSET
JANUARY 30 2015.......SUNRISE   753 AM EST   SUNSET   549 PM EST
JANUARY 31 2015.......SUNRISE   752 AM EST   SUNSET   551 PM EST


-  INDICATES NEGATIVE NUMBERS.
R  INDICATES RECORD WAS SET OR TIED.
MM INDICATES DATA IS MISSING.
T  INDICATES TRACE AMOUNT.




$$

63
