000
CDUS43 KGRR 300522
CLIJXN


CLIMATE REPORT
NATIONAL WEATHER SERVICE GRAND RAPIDS, MI
122 AM EDT FRI SEP 30 2016


...................................

...THE JACKSON MI CLIMATE SUMMARY FOR SEPTEMBER 29 2016...

CLIMATE NORMAL PERIOD 1981 TO 2010
CLIMATE RECORD PERIOD 1944 TO 9999


WEATHER ITEM   OBSERVED TIME   NORMAL DEPARTURE LAST
                VALUE   (LST)  VALUE  FROM      YEAR
                                      NORMAL
......................................................
TEMPERATURE (F)
 YESTERDAY
  MAXIMUM         63   1239 PM  67     -4       72
  MINIMUM         57    349 AM  45     12       52
  AVERAGE         60            56      4       62

PRECIPITATION (IN)
  YESTERDAY        1.10          0.11   0.99     0.01
  MONTH TO DATE    3.29          3.37  -0.08     0.84
  SINCE SEP 1      3.29          3.37  -0.08     0.84
  SINCE JAN 1     29.60         24.29   5.31    24.53

DEGREE DAYS
 HEATING
  YESTERDAY        5            10     -5        3
  MONTH TO DATE   39           145   -106       71
  SINCE SEP 1     39           145   -106       71
  SINCE JUL 1     43           180   -137      109

 COOLING
  YESTERDAY        0             1     -1        0
  MONTH TO DATE   87            58     29      113
  SINCE SEP 1     87            58     29      113
  SINCE JAN 1    815           587    228      539
......................................................


WIND (MPH)
  RESULTANT WIND SPEED   9   RESULTANT WIND DIRECTION  NE (50)
  HIGHEST WIND SPEED    16   HIGHEST WIND DIRECTION    NE (40)
  HIGHEST GUST SPEED    22   HIGHEST GUST DIRECTION    NE (30)
  AVERAGE WIND SPEED     9.7


SKY COVER
  AVERAGE SKY COVER 1.0


WEATHER CONDITIONS
 THE FOLLOWING WEATHER WAS RECORDED YESTERDAY.
  HEAVY RAIN
  RAIN
  LIGHT RAIN
  FOG


RELATIVE HUMIDITY (PERCENT)
 HIGHEST   100           100 AM
 LOWEST     93          1200 PM
 AVERAGE    97

..........................................................


THE JACKSON MI CLIMATE NORMALS FOR TODAY
                         NORMAL
 MAXIMUM TEMPERATURE (F)   67
 MINIMUM TEMPERATURE (F)   45


SUNRISE AND SUNSET
SEPTEMBER 30 2016.....SUNRISE   734 AM EDT   SUNSET   720 PM EDT
OCTOBER  1 2016.......SUNRISE   735 AM EDT   SUNSET   718 PM EDT


-  INDICATES NEGATIVE NUMBERS.
R  INDICATES RECORD WAS SET OR TIED.
MM INDICATES DATA IS MISSING.
T  INDICATES TRACE AMOUNT.




$$
