573
CDUS43 KGRR 280516
CLIJXN


CLIMATE REPORT
NATIONAL WEATHER SERVICE GRAND RAPIDS, MI
116 AM EDT FRI APR 28 2017


...................................

...THE JACKSON MI CLIMATE SUMMARY FOR APRIL 27 2017...

CLIMATE NORMAL PERIOD 1981 TO 2010
CLIMATE RECORD PERIOD 1944 TO 9999


WEATHER ITEM   OBSERVED TIME   NORMAL DEPARTURE LAST
                VALUE   (LST)  VALUE  FROM      YEAR
                                      NORMAL
......................................................
TEMPERATURE (F)
 YESTERDAY
  MAXIMUM         68    909 AM  63      5       61
  MINIMUM         48   1053 PM  41      7       40
  AVERAGE         58            52      6       51

PRECIPITATION (IN)
  YESTERDAY        0.26          0.09   0.17     0.00
  MONTH TO DATE    3.91          2.34   1.57     2.14
  SINCE MAR 1      7.80          4.24   3.56     4.79
  SINCE JAN 1     12.74          7.02   5.72     6.66

DEGREE DAYS
 HEATING
  YESTERDAY        7            13     -6       14
  MONTH TO DATE  310           483   -173      504
  SINCE MAR 1   1226          1393   -167     1213
  SINCE JUL 1   5234          6307  -1073     5335

 COOLING
  YESTERDAY        0             0      0        0
  MONTH TO DATE    7             0      7        0
  SINCE MAR 1      7             0      7        0
  SINCE JAN 1      7             0      7        0
......................................................


WIND (MPH)
  RESULTANT WIND SPEED  13   RESULTANT WIND DIRECTION  SW (220)
  HIGHEST WIND SPEED    31   HIGHEST WIND DIRECTION    SW (220)
  HIGHEST GUST SPEED    45   HIGHEST GUST DIRECTION     S (200)
  AVERAGE WIND SPEED    16.1


SKY COVER
  AVERAGE SKY COVER 0.6


WEATHER CONDITIONS
 THE FOLLOWING WEATHER WAS RECORDED YESTERDAY.
  HEAVY RAIN
  FOG


RELATIVE HUMIDITY (PERCENT)
 HIGHEST    90          1200 AM
 LOWEST     56           100 PM
 AVERAGE    73

..........................................................


THE JACKSON MI CLIMATE NORMALS FOR TODAY
                         NORMAL
 MAXIMUM TEMPERATURE (F)   64
 MINIMUM TEMPERATURE (F)   41


SUNRISE AND SUNSET
APRIL 28 2017.........SUNRISE   637 AM EDT   SUNSET   834 PM EDT
APRIL 29 2017.........SUNRISE   636 AM EDT   SUNSET   835 PM EDT


-  INDICATES NEGATIVE NUMBERS.
R  INDICATES RECORD WAS SET OR TIED.
MM INDICATES DATA IS MISSING.
T  INDICATES TRACE AMOUNT.




$$
