000
CDUS43 KGRR 200516
CLIJXN


CLIMATE REPORT
NATIONAL WEATHER SERVICE GRAND RAPIDS, MI
115 AM EDT FRI OCT 20 2017


...................................

...THE JACKSON MI CLIMATE SUMMARY FOR OCTOBER 19 2017...

CLIMATE NORMAL PERIOD 1981 TO 2010
CLIMATE RECORD PERIOD 1944 TO 9999


WEATHER ITEM   OBSERVED TIME   NORMAL DEPARTURE LAST
                VALUE   (LST)  VALUE  FROM      YEAR
                                      NORMAL
......................................................
TEMPERATURE (F)
 YESTERDAY
  MAXIMUM         68    302 PM  59      9       70
  MINIMUM         42   1140 PM  39      3       47
  AVERAGE         55            49      6       59

PRECIPITATION (IN)
  YESTERDAY        0.00          0.08  -0.08     0.07
  MONTH TO DATE    6.05          1.70   4.35     2.26
  SINCE SEP 1      6.78          5.18   1.60     5.80
  SINCE JAN 1     29.84         26.10   3.74    32.11

DEGREE DAYS
 HEATING
  YESTERDAY       10            16     -6        6
  MONTH TO DATE  109           249   -140      128
  SINCE SEP 1    218           402   -184      172
  SINCE JUL 1    245           437   -192      176

 COOLING
  YESTERDAY        0             0      0        0
  MONTH TO DATE   15             3     12       14
  SINCE SEP 1    128            60     68      101
  SINCE JAN 1    655           589     66      829
......................................................


WIND (MPH)
  RESULTANT WIND SPEED   9   RESULTANT WIND DIRECTION  SW (230)
  HIGHEST WIND SPEED    17   HIGHEST WIND DIRECTION    SW (220)
  HIGHEST GUST SPEED    24   HIGHEST GUST DIRECTION    SW (210)
  AVERAGE WIND SPEED     9.6


SKY COVER
  AVERAGE SKY COVER 0.0


WEATHER CONDITIONS
 THE FOLLOWING WEATHER WAS RECORDED YESTERDAY.
  NO SIGNIFICANT WEATHER WAS OBSERVED.


RELATIVE HUMIDITY (PERCENT)
 HIGHEST    77           800 AM
 LOWEST     24           400 PM
 AVERAGE    51

..........................................................


THE JACKSON MI CLIMATE NORMALS FOR TODAY
                         NORMAL
 MAXIMUM TEMPERATURE (F)   59
 MINIMUM TEMPERATURE (F)   39


SUNRISE AND SUNSET
OCTOBER 20 2017.......SUNRISE   757 AM EDT   SUNSET   648 PM EDT
OCTOBER 21 2017.......SUNRISE   758 AM EDT   SUNSET   646 PM EDT


-  INDICATES NEGATIVE NUMBERS.
R  INDICATES RECORD WAS SET OR TIED.
MM INDICATES DATA IS MISSING.
T  INDICATES TRACE AMOUNT.




$$
