000
CDUS43 KGRR 292142
CLIJXN


CLIMATE REPORT
NATIONAL WEATHER SERVICE GRAND RAPIDS, MI
541 PM EDT MON JUN 29 2015


...................................

...THE JACKSON MI CLIMATE SUMMARY FOR JUNE 29 2015...
VALID TODAY AS OF 0500 PM LOCAL TIME.

CLIMATE NORMAL PERIOD 1981 TO 2010
CLIMATE RECORD PERIOD 1944 TO 9999


WEATHER ITEM   OBSERVED TIME   NORMAL DEPARTURE LAST
                VALUE   (LST)  VALUE  FROM      YEAR
                                      NORMAL
......................................................
TEMPERATURE (F)
 TODAY
  MAXIMUM         72    228 PM  82    -10       85
  MINIMUM         58    504 AM  59     -1       70
  AVERAGE         65            71     -6       78

PRECIPITATION (IN)
  TODAY            0.00          0.10  -0.10     0.00
  MONTH TO DATE    6.93          3.16   3.77     4.76
  SINCE JUN 1      6.93          3.16   3.77     4.76
  SINCE JAN 1     17.56         13.76   3.80    17.09

DEGREE DAYS
 HEATING
  TODAY            0             1     -1        0
  MONTH TO DATE   32            55    -23       31
  SINCE JUN 1     32            55    -23       31
  SINCE JUL 1   7196          6657    539     7533

 COOLING
  TODAY            0             6     -6       13
  MONTH TO DATE   85           120    -35      128
  SINCE JUN 1     85           120    -35      128
  SINCE JAN 1    140           157    -17      162
......................................................


WIND (MPH)
  RESULTANT WIND SPEED   5   RESULTANT WIND DIRECTION   S (170)
  HIGHEST WIND SPEED    16   HIGHEST WIND DIRECTION     S (170)
  HIGHEST GUST SPEED    21   HIGHEST GUST DIRECTION     S (170)
  AVERAGE WIND SPEED     5.4


SKY COVER
  AVERAGE SKY COVER 0.4


WEATHER CONDITIONS
 THE FOLLOWING WEATHER WAS RECORDED TODAY.
  NO SIGNIFICANT WEATHER WAS OBSERVED.


RELATIVE HUMIDITY (PERCENT)
 HIGHEST    93           500 AM
 LOWEST     66          1200 PM
 AVERAGE    80

..........................................................


THE JACKSON MI CLIMATE NORMALS FOR TOMORROW
                         NORMAL
 MAXIMUM TEMPERATURE (F)   82
 MINIMUM TEMPERATURE (F)   60


SUNRISE AND SUNSET
JUNE 29 2015..........SUNRISE   604 AM EDT   SUNSET   918 PM EDT
JUNE 30 2015..........SUNRISE   605 AM EDT   SUNSET   918 PM EDT


-  INDICATES NEGATIVE NUMBERS.
R  INDICATES RECORD WAS SET OR TIED.
MM INDICATES DATA IS MISSING.
T  INDICATES TRACE AMOUNT.




$$

JAM
