000
CDUS43 KGRR 230521
CLIJXN


CLIMATE REPORT
NATIONAL WEATHER SERVICE GRAND RAPIDS, MI
1220 AM EST TUE JAN 23 2018


...................................

...THE JACKSON MI CLIMATE SUMMARY FOR JANUARY 22 2018...

CLIMATE NORMAL PERIOD 1981 TO 2010
CLIMATE RECORD PERIOD 1944 TO 9999


WEATHER ITEM   OBSERVED TIME   NORMAL DEPARTURE LAST
                VALUE   (LST)  VALUE  FROM      YEAR
                                      NORMAL
......................................................
TEMPERATURE (F)
 YESTERDAY
  MAXIMUM         53    138 PM  31     22       50
  MINIMUM         38    204 AM  16     22       40
  AVERAGE         46            23     23       45

PRECIPITATION (IN)
  YESTERDAY        0.23          0.05   0.18      T
  MONTH TO DATE    0.64          1.14  -0.50     2.30
  SINCE DEC 1      1.32          3.01  -1.69     3.18
  SINCE JAN 1      0.64          1.14  -0.50     2.30

DEGREE DAYS
 HEATING
  YESTERDAY       19            42    -23       20
  MONTH TO DATE  963           913     50      781
  SINCE DEC 1   2185          2057    128     1946
  SINCE JUL 1   3427          3461    -34     2916

 COOLING
  YESTERDAY        0             0      0        0
  MONTH TO DATE    0             0      0        0
  SINCE DEC 1      0             0      0        0
  SINCE JAN 1      0             0      0        0
......................................................


WIND (MPH)
  RESULTANT WIND SPEED   8   RESULTANT WIND DIRECTION  SE (150)
  HIGHEST WIND SPEED    22   HIGHEST WIND DIRECTION     S (180)
  HIGHEST GUST SPEED    29   HIGHEST GUST DIRECTION     S (190)
  AVERAGE WIND SPEED     9.7


SKY COVER
  AVERAGE SKY COVER 0.9


WEATHER CONDITIONS
 THE FOLLOWING WEATHER WAS RECORDED YESTERDAY.
  RAIN
  LIGHT RAIN
  FOG
  FOG W/VISIBILITY <= 1/4 MILE


RELATIVE HUMIDITY (PERCENT)
 HIGHEST   100          1200 AM
 LOWEST     83          1200 PM
 AVERAGE    92

..........................................................


THE JACKSON MI CLIMATE NORMALS FOR TODAY
                         NORMAL
 MAXIMUM TEMPERATURE (F)   31
 MINIMUM TEMPERATURE (F)   16


SUNRISE AND SUNSET
JANUARY 23 2018.......SUNRISE   759 AM EST   SUNSET   541 PM EST
JANUARY 24 2018.......SUNRISE   758 AM EST   SUNSET   542 PM EST


-  INDICATES NEGATIVE NUMBERS.
R  INDICATES RECORD WAS SET OR TIED.
MM INDICATES DATA IS MISSING.
T  INDICATES TRACE AMOUNT.




$$
