000
CDUS43 KGRR 200525
CLIJXN


CLIMATE REPORT
NATIONAL WEATHER SERVICE GRAND RAPIDS, MI
125 AM EDT SUN AUG 20 2017


...................................

...THE JACKSON MI CLIMATE SUMMARY FOR AUGUST 19 2017...

CLIMATE NORMAL PERIOD 1981 TO 2010
CLIMATE RECORD PERIOD 1944 TO 9999


WEATHER ITEM   OBSERVED TIME   NORMAL DEPARTURE LAST
                VALUE   (LST)  VALUE  FROM      YEAR
                                      NORMAL
......................................................
TEMPERATURE (F)
 YESTERDAY
  MAXIMUM         79    557 PM  80     -1       83
  MINIMUM         59   1144 PM  59      0       67
  AVERAGE         69            70     -1       75

PRECIPITATION (IN)
  YESTERDAY        0.00          0.11  -0.11     0.00
  MONTH TO DATE    1.38          2.17  -0.79     8.11
  SINCE JUN 1      4.86          9.02  -4.16    15.41
  SINCE JAN 1     22.83         19.62   3.21    24.91

DEGREE DAYS
 HEATING
  YESTERDAY        0             1     -1        0
  MONTH TO DATE    2            15    -13        0
  SINCE JUN 1     33            81    -48       34
  SINCE JUL 1      2            26    -24        4

 COOLING
  YESTERDAY        4             5     -1       10
  MONTH TO DATE   76           110    -34      191
  SINCE JUN 1    462           438     24      600
  SINCE JAN 1    498           475     23      653
......................................................


WIND (MPH)
  RESULTANT WIND SPEED   2   RESULTANT WIND DIRECTION   W (270)
  HIGHEST WIND SPEED    13   HIGHEST WIND DIRECTION     W (290)
  HIGHEST GUST SPEED    18   HIGHEST GUST DIRECTION     W (260)
  AVERAGE WIND SPEED     4.4


SKY COVER
  AVERAGE SKY COVER 0.3


WEATHER CONDITIONS
 THE FOLLOWING WEATHER WAS RECORDED YESTERDAY.
  FOG


RELATIVE HUMIDITY (PERCENT)
 HIGHEST    97           400 AM
 LOWEST     42           300 PM
 AVERAGE    70

..........................................................


THE JACKSON MI CLIMATE NORMALS FOR TODAY
                         NORMAL
 MAXIMUM TEMPERATURE (F)   80
 MINIMUM TEMPERATURE (F)   59


SUNRISE AND SUNSET
AUGUST 20 2017........SUNRISE   651 AM EDT   SUNSET   831 PM EDT
AUGUST 21 2017........SUNRISE   652 AM EDT   SUNSET   829 PM EDT


-  INDICATES NEGATIVE NUMBERS.
R  INDICATES RECORD WAS SET OR TIED.
MM INDICATES DATA IS MISSING.
T  INDICATES TRACE AMOUNT.




$$
