000
CDUS43 KGRR 240535
CLIJXN


CLIMATE REPORT
NATIONAL WEATHER SERVICE GRAND RAPIDS, MI
1234 AM EST TUE JAN 24 2017


...................................

...THE JACKSON MI CLIMATE SUMMARY FOR JANUARY 23 2017...

CLIMATE NORMAL PERIOD 1981 TO 2010
CLIMATE RECORD PERIOD 1944 TO 9999


WEATHER ITEM   OBSERVED TIME   NORMAL DEPARTURE LAST
                VALUE   (LST)  VALUE  FROM      YEAR
                                      NORMAL
......................................................
TEMPERATURE (F)
 YESTERDAY
  MAXIMUM         43    319 PM  31     12       30
  MINIMUM         38   1159 PM  16     22       16
  AVERAGE         41            23     18       23

PRECIPITATION (IN)
  YESTERDAY        T             0.04  -0.04      T
  MONTH TO DATE    2.30          1.18   1.12     0.65
  SINCE DEC 1      3.18          3.05   0.13     2.96
  SINCE JAN 1      2.30          1.18   1.12     0.65

DEGREE DAYS
 HEATING
  YESTERDAY       24            42    -18       42
  MONTH TO DATE  805           955   -150      942
  SINCE DEC 1   1970          2099   -129     1714
  SINCE JUL 1   2940          3503   -563     2835

 COOLING
  YESTERDAY        0             0      0        0
  MONTH TO DATE    0             0      0        0
  SINCE DEC 1      0             0      0        0
  SINCE JAN 1      0             0      0        0
......................................................


WIND (MPH)
  RESULTANT WIND SPEED   5   RESULTANT WIND DIRECTION   N (0)
  HIGHEST WIND SPEED    10   HIGHEST WIND DIRECTION    NW (310)
  HIGHEST GUST SPEED    13   HIGHEST GUST DIRECTION    NW (330)
  AVERAGE WIND SPEED     5.5


SKY COVER
  AVERAGE SKY COVER 1.0


WEATHER CONDITIONS
 THE FOLLOWING WEATHER WAS RECORDED YESTERDAY.
  LIGHT RAIN
  FOG
  FOG W/VISIBILITY <= 1/4 MILE


RELATIVE HUMIDITY (PERCENT)
 HIGHEST   100          1200 AM
 LOWEST     89           200 AM
 AVERAGE    95

..........................................................


THE JACKSON MI CLIMATE NORMALS FOR TODAY
                         NORMAL
 MAXIMUM TEMPERATURE (F)   31
 MINIMUM TEMPERATURE (F)   16


SUNRISE AND SUNSET
JANUARY 24 2017.......SUNRISE   758 AM EST   SUNSET   542 PM EST
JANUARY 25 2017.......SUNRISE   757 AM EST   SUNSET   543 PM EST


-  INDICATES NEGATIVE NUMBERS.
R  INDICATES RECORD WAS SET OR TIED.
MM INDICATES DATA IS MISSING.
T  INDICATES TRACE AMOUNT.




$$
